216.73.216.157 - - [29/Oct/2025:08:44:59 -0400] "GET /?fileloc=%2F%2Fopt%2Falt%2Fruby18%2Fshare%2Fri%2F1.8%2Fsystem%2FNilClass%2Finspect-i.yaml&path=%2F%2Fopt%2Falt%2Fruby18%2Fshare%2Fri%2F1.8%2Fsystem%2FNilClass HTTP/1.1" 200 0 "-" "Mozilla/5.0 AppleWebKit/537.36 (KHTML, like Gecko; compatible; ClaudeBot/1.0; +claudebot@anthropic.com)"
216.73.216.157 - - [29/Oct/2025:08:44:59 -0400] "GET /?fileloc=%2F%2Fopt%2Falt%2Fruby18%2Fshare%2Fri%2F1.8%2Fsystem%2FRegexp%2Funion-c.yaml&path=%2F%2Fopt%2Falt%2Fruby18%2Fshare%2Fri%2F1.8%2Fsystem%2FRegexp HTTP/1.1" 200 0 "-" "Mozilla/5.0 AppleWebKit/537.36 (KHTML, like Gecko; compatible; ClaudeBot/1.0; +claudebot@anthropic.com)"
216.73.216.157 - - [29/Oct/2025:08:45:00 -0400] "GET /?fileloc=%2F%2Fopt%2Falt%2Fruby18%2Fshare%2Fri%2F1.8%2Fsystem%2FRegexp%2Fescape-c.yaml&path=%2F%2Fopt%2Falt%2Fruby18%2Fshare%2Fri%2F1.8%2Fsystem%2FRegexp HTTP/1.1" 200 0 "-" "Mozilla/5.0 AppleWebKit/537.36 (KHTML, like Gecko; compatible; ClaudeBot/1.0; +claudebot@anthropic.com)"
216.73.216.157 - - [29/Oct/2025:08:45:00 -0400] "GET /?fileloc=%2F%2Fopt%2Falt%2Fruby18%2Fshare%2Fri%2F1.8%2Fsystem%2FInterrupt%2Fcdesc-Interrupt.yaml&path=%2F%2Fopt%2Falt%2Fruby18%2Fshare%2Fri%2F1.8%2Fsystem%2FInterrupt HTTP/1.1" 200 0 "-" "Mozilla/5.0 AppleWebKit/537.36 (KHTML, like Gecko; compatible; ClaudeBot/1.0; +claudebot@anthropic.com)"
216.73.216.157 - - [29/Oct/2025:08:45:00 -0400] "GET /?fileloc=%2F%2Fopt%2Falt%2Fruby18%2Fshare%2Fri%2F1.8%2Fsystem%2FRegexp%2Fto_s-i.yaml&path=%2F%2Fopt%2Falt%2Fruby18%2Fshare%2Fri%2F1.8%2Fsystem%2FRegexp HTTP/1.1" 200 0 "-" "Mozilla/5.0 AppleWebKit/537.36 (KHTML, like Gecko; compatible; ClaudeBot/1.0; +claudebot@anthropic.com)"
216.73.216.157 - - [29/Oct/2025:08:45:00 -0400] "GET /?fileloc=%2F%2Fopt%2Falt%2Fruby18%2Fshare%2Fri%2F1.8%2Fsystem%2FVector%2Fto_a-i.yaml&path=%2F%2Fopt%2Falt%2Fruby18%2Fshare%2Fri%2F1.8%2Fsystem%2FVector HTTP/1.1" 200 0 "-" "Mozilla/5.0 AppleWebKit/537.36 (KHTML, like Gecko; compatible; ClaudeBot/1.0; +claudebot@anthropic.com)"
216.73.216.157 - - [29/Oct/2025:08:45:00 -0400] "GET /?fileloc=%2F%2Fopt%2Falt%2Fruby18%2Fshare%2Fri%2F1.8%2Fsystem%2FPStore%2Fin_transaction_wr-i.yaml&path=%2F%2Fopt%2Falt%2Fruby18%2Fshare%2Fri%2F1.8%2Fsystem%2FPStore HTTP/1.1" 200 0 "-" "Mozilla/5.0 AppleWebKit/537.36 (KHTML, like Gecko; compatible; ClaudeBot/1.0; +claudebot@anthropic.com)"
216.73.216.157 - - [29/Oct/2025:08:45:00 -0400] "GET /?fileloc=%2F%2Fopt%2Falt%2Fruby18%2Fshare%2Fri%2F1.8%2Fsystem%2FMatrix%2Finspect-i.yaml&path=%2F%2Fopt%2Falt%2Fruby18%2Fshare%2Fri%2F1.8%2Fsystem%2FMatrix HTTP/1.1" 200 0 "-" "Mozilla/5.0 AppleWebKit/537.36 (KHTML, like Gecko; compatible; ClaudeBot/1.0; +claudebot@anthropic.com)"
216.73.216.157 - - [29/Oct/2025:08:45:00 -0400] "GET /?fileloc=%2F%2Fopt%2Falt%2Fruby18%2Fshare%2Fri%2F1.8%2Fsystem%2FNilClass%2Fcdesc-NilClass.yaml&path=%2F%2Fopt%2Falt%2Fruby18%2Fshare%2Fri%2F1.8%2Fsystem%2FNilClass HTTP/1.1" 200 0 "-" "Mozilla/5.0 AppleWebKit/537.36 (KHTML, like Gecko; compatible; ClaudeBot/1.0; +claudebot@anthropic.com)"
216.73.216.157 - - [29/Oct/2025:08:45:00 -0400] "GET /?fileloc=%2F%2Fopt%2Falt%2Fruby18%2Fshare%2Fri%2F1.8%2Fsystem%2FVector%2F%2B-i.yaml&path=%2F%2Fopt%2Falt%2Fruby18%2Fshare%2Fri%2F1.8%2Fsystem%2FVector HTTP/1.1" 200 0 "-" "Mozilla/5.0 AppleWebKit/537.36 (KHTML, like Gecko; compatible; ClaudeBot/1.0; +claudebot@anthropic.com)"
20.171.207.30 - - [29/Oct/2025:08:45:00 -0400] "GET /?path=//proc/self/root/proc/thread-self/root/proc/thread-self/root/proc/self/root/proc/self/root/proc/thread-self/root/var/softaculous/instantcms/images HTTP/1.1" 200 0 "-" "Mozilla/5.0 AppleWebKit/537.36 (KHTML, like Gecko; compatible; GPTBot/1.2; +https://openai.com/gptbot)"
216.73.216.157 - - [29/Oct/2025:08:45:00 -0400] "GET /?fileloc=%2F%2Fopt%2Falt%2Fruby18%2Fshare%2Fri%2F1.8%2Fsystem%2FForwardable%2Fdef_instance_delegator-i.yaml&path=%2F%2Fopt%2Falt%2Fruby18%2Fshare%2Fri%2F1.8%2Fsystem%2FForwardable HTTP/1.1" 200 0 "-" "Mozilla/5.0 AppleWebKit/537.36 (KHTML, like Gecko; compatible; ClaudeBot/1.0; +claudebot@anthropic.com)"
216.73.216.157 - - [29/Oct/2025:08:45:00 -0400] "GET /?fileloc=%2F%2Fopt%2Falt%2Fruby18%2Fshare%2Fri%2F1.8%2Fsystem%2FMatrix%2Fnew-c.yaml&path=%2F%2Fopt%2Falt%2Fruby18%2Fshare%2Fri%2F1.8%2Fsystem%2FMatrix HTTP/1.1" 200 0 "-" "Mozilla/5.0 AppleWebKit/537.36 (KHTML, like Gecko; compatible; ClaudeBot/1.0; +claudebot@anthropic.com)"
66.249.65.199 - - [29/Oct/2025:08:45:00 -0400] "GET /q-~146KH8yLFVRu1TsdDJtbzXCqrMPCLlDHr29493/ HTTP/1.1" 200 0 "-" "Mozilla/5.0 (Linux; Android 6.0.1; Nexus 5X Build/MMB29P) AppleWebKit/537.36 (KHTML, like Gecko) Chrome/141.0.7390.122 Mobile Safari/537.36 (compatible; GoogleOther)"
216.73.216.157 - - [29/Oct/2025:08:45:00 -0400] "GET /?fileloc=%2F%2Fopt%2Falt%2Fruby18%2Fshare%2Fri%2F1.8%2Fsystem%2FRubyLex%2Fgetc_of_rests-i.yaml&path=%2F%2Fopt%2Falt%2Fruby18%2Fshare%2Fri%2F1.8%2Fsystem%2FRubyLex HTTP/1.1" 200 0 "-" "Mozilla/5.0 AppleWebKit/537.36 (KHTML, like Gecko; compatible; ClaudeBot/1.0; +claudebot@anthropic.com)"
216.73.216.157 - - [29/Oct/2025:08:45:01 -0400] "GET /?fileloc=%2F%2Fopt%2Falt%2Fruby18%2Fshare%2Fri%2F1.8%2Fsystem%2FInteger%2Fceil-i.yaml&path=%2F%2Fopt%2Falt%2Fruby18%2Fshare%2Fri%2F1.8%2Fsystem%2FInteger HTTP/1.1" 200 0 "-" "Mozilla/5.0 AppleWebKit/537.36 (KHTML, like Gecko; compatible; ClaudeBot/1.0; +claudebot@anthropic.com)"
216.73.216.157 - - [29/Oct/2025:08:45:01 -0400] "GET /?fileloc=%2F%2Fopt%2Falt%2Fruby18%2Fshare%2Fri%2F1.8%2Fsystem%2FSystemExit%2Fnew-c.yaml&path=%2F%2Fopt%2Falt%2Fruby18%2Fshare%2Fri%2F1.8%2Fsystem%2FSystemExit HTTP/1.1" 200 0 "-" "Mozilla/5.0 AppleWebKit/537.36 (KHTML, like Gecko; compatible; ClaudeBot/1.0; +claudebot@anthropic.com)"
216.73.216.157 - - [29/Oct/2025:08:45:01 -0400] "GET /?fileloc=%2F%2Fopt%2Falt%2Fruby18%2Fshare%2Fri%2F1.8%2Fsystem%2FClass%2Finherited-i.yaml&path=%2F%2Fopt%2Falt%2Fruby18%2Fshare%2Fri%2F1.8%2Fsystem%2FClass HTTP/1.1" 200 0 "-" "Mozilla/5.0 AppleWebKit/537.36 (KHTML, like Gecko; compatible; ClaudeBot/1.0; +claudebot@anthropic.com)"
216.73.216.157 - - [29/Oct/2025:08:45:01 -0400] "GET /?fileloc=%2F%2Fopt%2Falt%2Fruby18%2Fshare%2Fri%2F1.8%2Fsystem%2FRubyLex%2Fidentify_gvar-i.yaml&path=%2F%2Fopt%2Falt%2Fruby18%2Fshare%2Fri%2F1.8%2Fsystem%2FRubyLex HTTP/1.1" 200 0 "-" "Mozilla/5.0 AppleWebKit/537.36 (KHTML, like Gecko; compatible; ClaudeBot/1.0; +claudebot@anthropic.com)"
216.73.216.157 - - [29/Oct/2025:08:45:01 -0400] "GET /?fileloc=%2F%2Fopt%2Falt%2Fruby18%2Fshare%2Fri%2F1.8%2Fsystem%2FForwardable%2Fdef_instance_delegators-i.yaml&path=%2F%2Fopt%2Falt%2Fruby18%2Fshare%2Fri%2F1.8%2Fsystem%2FForwardable HTTP/1.1" 200 0 "-" "Mozilla/5.0 AppleWebKit/537.36 (KHTML, like Gecko; compatible; ClaudeBot/1.0; +claudebot@anthropic.com)"
216.73.216.157 - - [29/Oct/2025:08:45:01 -0400] "GET /?fileloc=%2F%2Fopt%2Falt%2Fruby18%2Fshare%2Fri%2F1.8%2Fsystem%2FQueue%2Fpop-i.yaml&path=%2F%2Fopt%2Falt%2Fruby18%2Fshare%2Fri%2F1.8%2Fsystem%2FQueue HTTP/1.1" 200 0 "-" "Mozilla/5.0 AppleWebKit/537.36 (KHTML, like Gecko; compatible; ClaudeBot/1.0; +claudebot@anthropic.com)"
216.73.216.157 - - [29/Oct/2025:08:45:01 -0400] "GET /?fileloc=%2F%2Fopt%2Falt%2Fruby18%2Fshare%2Fri%2F1.8%2Fsystem%2FOpenStruct%2Fmarshal_dump-i.yaml&path=%2F%2Fopt%2Falt%2Fruby18%2Fshare%2Fri%2F1.8%2Fsystem%2FOpenStruct HTTP/1.1" 200 0 "-" "Mozilla/5.0 AppleWebKit/537.36 (KHTML, like Gecko; compatible; ClaudeBot/1.0; +claudebot@anthropic.com)"
216.73.216.157 - - [29/Oct/2025:08:45:01 -0400] "GET /?fileloc=%2F%2Fopt%2Falt%2Fruby18%2Fshare%2Fri%2F1.8%2Fsystem%2FNilClass%2Fto_s-i.yaml&path=%2F%2Fopt%2Falt%2Fruby18%2Fshare%2Fri%2F1.8%2Fsystem%2FNilClass HTTP/1.1" 200 0 "-" "Mozilla/5.0 AppleWebKit/537.36 (KHTML, like Gecko; compatible; ClaudeBot/1.0; +claudebot@anthropic.com)"
216.73.216.157 - - [29/Oct/2025:08:45:01 -0400] "GET /?fileloc=%2F%2Fopt%2Falt%2Fruby18%2Fshare%2Fri%2F1.8%2Fsystem%2FLocalJumpError%2Freason-i.yaml&path=%2F%2Fopt%2Falt%2Fruby18%2Fshare%2Fri%2F1.8%2Fsystem%2FLocalJumpError HTTP/1.1" 200 0 "-" "Mozilla/5.0 AppleWebKit/537.36 (KHTML, like Gecko; compatible; ClaudeBot/1.0; +claudebot@anthropic.com)"
216.73.216.157 - - [29/Oct/2025:08:45:01 -0400] "GET /?path=%2F%2Fopt%2Falt%2Fruby18%2Fshare%2Fri%2F1.8%2Fsystem%2FSM%2FAttrSpan HTTP/1.1" 200 0 "-" "Mozilla/5.0 AppleWebKit/537.36 (KHTML, like Gecko; compatible; ClaudeBot/1.0; +claudebot@anthropic.com)"
216.73.216.157 - - [29/Oct/2025:08:45:01 -0400] "GET /?fileloc=%2F%2Fopt%2Falt%2Fruby18%2Fshare%2Fri%2F1.8%2Fsystem%2FTokenStream%2Ftoken_stream-i.yaml&path=%2F%2Fopt%2Falt%2Fruby18%2Fshare%2Fri%2F1.8%2Fsystem%2FTokenStream HTTP/1.1" 200 0 "-" "Mozilla/5.0 AppleWebKit/537.36 (KHTML, like Gecko; compatible; ClaudeBot/1.0; +claudebot@anthropic.com)"
216.73.216.157 - - [29/Oct/2025:08:45:02 -0400] "GET /?fileloc=%2F%2Fopt%2Falt%2Fruby18%2Fshare%2Fri%2F1.8%2Fsystem%2FVector%2Fcompare_by-i.yaml&path=%2F%2Fopt%2Falt%2Fruby18%2Fshare%2Fri%2F1.8%2Fsystem%2FVector HTTP/1.1" 200 0 "-" "Mozilla/5.0 AppleWebKit/537.36 (KHTML, like Gecko; compatible; ClaudeBot/1.0; +claudebot@anthropic.com)"
216.73.216.157 - - [29/Oct/2025:08:45:02 -0400] "GET /?fileloc=%2F%2Fopt%2Falt%2Fruby18%2Fshare%2Fri%2F1.8%2Fsystem%2FMatrix%2Fcolumn_size-i.yaml&path=%2F%2Fopt%2Falt%2Fruby18%2Fshare%2Fri%2F1.8%2Fsystem%2FMatrix HTTP/1.1" 200 0 "-" "Mozilla/5.0 AppleWebKit/537.36 (KHTML, like Gecko; compatible; ClaudeBot/1.0; +claudebot@anthropic.com)"
216.73.216.157 - - [29/Oct/2025:08:45:02 -0400] "GET /?fileloc=%2F%2Fopt%2Falt%2Fruby18%2Fshare%2Fri%2F1.8%2Fsystem%2FRubyLex%2Fchar_no-i.yaml&path=%2F%2Fopt%2Falt%2Fruby18%2Fshare%2Fri%2F1.8%2Fsystem%2FRubyLex HTTP/1.1" 200 0 "-" "Mozilla/5.0 AppleWebKit/537.36 (KHTML, like Gecko; compatible; ClaudeBot/1.0; +claudebot@anthropic.com)"
216.73.216.157 - - [29/Oct/2025:08:45:02 -0400] "GET /?fileloc=%2F%2Fopt%2Falt%2Fruby18%2Fshare%2Fri%2F1.8%2Fsystem%2FRegexp%2F%7C-i.yaml&path=%2F%2Fopt%2Falt%2Fruby18%2Fshare%2Fri%2F1.8%2Fsystem%2FRegexp HTTP/1.1" 200 0 "-" "Mozilla/5.0 AppleWebKit/537.36 (KHTML, like Gecko; compatible; ClaudeBot/1.0; +claudebot@anthropic.com)"
216.73.216.157 - - [29/Oct/2025:08:45:02 -0400] "GET /?fileloc=%2F%2Fopt%2Falt%2Fruby18%2Fshare%2Fri%2F1.8%2Fsystem%2FQueue%2Fclear-i.yaml&path=%2F%2Fopt%2Falt%2Fruby18%2Fshare%2Fri%2F1.8%2Fsystem%2FQueue HTTP/1.1" 200 0 "-" "Mozilla/5.0 AppleWebKit/537.36 (KHTML, like Gecko; compatible; ClaudeBot/1.0; +claudebot@anthropic.com)"
216.73.216.157 - - [29/Oct/2025:08:45:02 -0400] "GET /?fileloc=%2F%2Fopt%2Falt%2Fruby18%2Fshare%2Fri%2F1.8%2Fsystem%2FQueue%2Fenq-i.yaml&path=%2F%2Fopt%2Falt%2Fruby18%2Fshare%2Fri%2F1.8%2Fsystem%2FQueue HTTP/1.1" 200 0 "-" "Mozilla/5.0 AppleWebKit/537.36 (KHTML, like Gecko; compatible; ClaudeBot/1.0; +claudebot@anthropic.com)"
3.221.244.28 - - [29/Oct/2025:08:45:02 -0400] "GET /ufc-gold-blitz-tall-fortune-facility-studios-position-comment/?fileloc=//lib/firmware/TAS2XXX38B8.bin&path=//lib/firmware HTTP/1.1" 200 0 "-" "Mozilla/5.0 AppleWebKit/537.36 (KHTML, like Gecko; compatible; Amazonbot/0.1; +https://developer.amazon.com/support/amazonbot) Chrome/119.0.6045.214 Safari/537.36"
216.73.216.157 - - [29/Oct/2025:08:45:02 -0400] "GET /?fileloc=%2F%2Fopt%2Falt%2Fruby18%2Fshare%2Fri%2F1.8%2Fsystem%2FClass%2Fnew-c.yaml&path=%2F%2Fopt%2Falt%2Fruby18%2Fshare%2Fri%2F1.8%2Fsystem%2FClass HTTP/1.1" 200 0 "-" "Mozilla/5.0 AppleWebKit/537.36 (KHTML, like Gecko; compatible; ClaudeBot/1.0; +claudebot@anthropic.com)"
216.73.216.157 - - [29/Oct/2025:08:45:02 -0400] "GET /?fileloc=%2F%2Fopt%2Falt%2Fruby18%2Fshare%2Fri%2F1.8%2Fsystem%2FMatrix%2Fto_s-i.yaml&path=%2F%2Fopt%2Falt%2Fruby18%2Fshare%2Fri%2F1.8%2Fsystem%2FMatrix HTTP/1.1" 200 0 "-" "Mozilla/5.0 AppleWebKit/537.36 (KHTML, like Gecko; compatible; ClaudeBot/1.0; +claudebot@anthropic.com)"
216.73.216.157 - - [29/Oct/2025:08:45:02 -0400] "GET /?fileloc=%2F%2Fopt%2Falt%2Fruby18%2Fshare%2Fri%2F1.8%2Fsystem%2FRubyLex%2Feach_top_level_statement-i.yaml&path=%2F%2Fopt%2Falt%2Fruby18%2Fshare%2Fri%2F1.8%2Fsystem%2FRubyLex HTTP/1.1" 200 0 "-" "Mozilla/5.0 AppleWebKit/537.36 (KHTML, like Gecko; compatible; ClaudeBot/1.0; +claudebot@anthropic.com)"
216.73.216.157 - - [29/Oct/2025:08:45:02 -0400] "GET /?fileloc=%2F%2Fopt%2Falt%2Fruby18%2Fshare%2Fri%2F1.8%2Fsystem%2FMarshal%2Fdump-c.yaml&path=%2F%2Fopt%2Falt%2Fruby18%2Fshare%2Fri%2F1.8%2Fsystem%2FMarshal HTTP/1.1" 200 0 "-" "Mozilla/5.0 AppleWebKit/537.36 (KHTML, like Gecko; compatible; ClaudeBot/1.0; +claudebot@anthropic.com)"
216.73.216.157 - - [29/Oct/2025:08:45:03 -0400] "GET /?fileloc=%2F%2Fopt%2Falt%2Fruby18%2Fshare%2Fri%2F1.8%2Fsystem%2FInteger%2Finduced_from-c.yaml&path=%2F%2Fopt%2Falt%2Fruby18%2Fshare%2Fri%2F1.8%2Fsystem%2FInteger HTTP/1.1" 200 0 "-" "Mozilla/5.0 AppleWebKit/537.36 (KHTML, like Gecko; compatible; ClaudeBot/1.0; +claudebot@anthropic.com)"
216.73.216.157 - - [29/Oct/2025:08:45:03 -0400] "GET /?fileloc=%2F%2Fopt%2Falt%2Fruby18%2Fshare%2Fri%2F1.8%2Fsystem%2FNameDescriptor%2Fnew-c.yaml&path=%2F%2Fopt%2Falt%2Fruby18%2Fshare%2Fri%2F1.8%2Fsystem%2FNameDescriptor HTTP/1.1" 200 0 "-" "Mozilla/5.0 AppleWebKit/537.36 (KHTML, like Gecko; compatible; ClaudeBot/1.0; +claudebot@anthropic.com)"
216.73.216.157 - - [29/Oct/2025:08:45:03 -0400] "GET /?fileloc=%2F%2Fopt%2Falt%2Fruby18%2Fshare%2Fri%2F1.8%2Fsystem%2FSM%2Fcdesc-SM.yaml&path=%2F%2Fopt%2Falt%2Fruby18%2Fshare%2Fri%2F1.8%2Fsystem%2FSM HTTP/1.1" 200 0 "-" "Mozilla/5.0 AppleWebKit/537.36 (KHTML, like Gecko; compatible; ClaudeBot/1.0; +claudebot@anthropic.com)"
216.73.216.157 - - [29/Oct/2025:08:45:03 -0400] "GET /?fileloc=%2F%2Fopt%2Falt%2Fruby18%2Fshare%2Fri%2F1.8%2Fsystem%2FNilClass%2Fto_a-i.yaml&path=%2F%2Fopt%2Falt%2Fruby18%2Fshare%2Fri%2F1.8%2Fsystem%2FNilClass HTTP/1.1" 200 0 "-" "Mozilla/5.0 AppleWebKit/537.36 (KHTML, like Gecko; compatible; ClaudeBot/1.0; +claudebot@anthropic.com)"
216.73.216.157 - - [29/Oct/2025:08:45:03 -0400] "GET /?fileloc=%2F%2Fopt%2Falt%2Fruby18%2Fshare%2Fri%2F1.8%2Fsystem%2FNilClass%2F%7C-i.yaml&path=%2F%2Fopt%2Falt%2Fruby18%2Fshare%2Fri%2F1.8%2Fsystem%2FNilClass HTTP/1.1" 200 0 "-" "Mozilla/5.0 AppleWebKit/537.36 (KHTML, like Gecko; compatible; ClaudeBot/1.0; +claudebot@anthropic.com)"
216.73.216.157 - - [29/Oct/2025:08:45:03 -0400] "GET /?fileloc=%2F%2Fopt%2Falt%2Fruby18%2Fshare%2Fri%2F1.8%2Fsystem%2FMatrix%2Ft-i.yaml&path=%2F%2Fopt%2Falt%2Fruby18%2Fshare%2Fri%2F1.8%2Fsystem%2FMatrix HTTP/1.1" 200 0 "-" "Mozilla/5.0 AppleWebKit/537.36 (KHTML, like Gecko; compatible; ClaudeBot/1.0; +claudebot@anthropic.com)"
216.73.216.157 - - [29/Oct/2025:08:45:03 -0400] "GET /?fileloc=%2F%2Fopt%2Falt%2Fruby18%2Fshare%2Fri%2F1.8%2Fsystem%2FMatrix%2Frow_vectors-i.yaml&path=%2F%2Fopt%2Falt%2Fruby18%2Fshare%2Fri%2F1.8%2Fsystem%2FMatrix HTTP/1.1" 200 0 "-" "Mozilla/5.0 AppleWebKit/537.36 (KHTML, like Gecko; compatible; ClaudeBot/1.0; +claudebot@anthropic.com)"
216.73.216.157 - - [29/Oct/2025:08:45:03 -0400] "GET /?fileloc=%2F%2Fopt%2Falt%2Fruby18%2Fshare%2Fri%2F1.8%2Fsystem%2FMatrix%2Ftr-i.yaml&path=%2F%2Fopt%2Falt%2Fruby18%2Fshare%2Fri%2F1.8%2Fsystem%2FMatrix HTTP/1.1" 200 0 "-" "Mozilla/5.0 AppleWebKit/537.36 (KHTML, like Gecko; compatible; ClaudeBot/1.0; +claudebot@anthropic.com)"
216.73.216.157 - - [29/Oct/2025:08:45:03 -0400] "GET /?fileloc=%2F%2Fopt%2Falt%2Fruby18%2Fshare%2Fri%2F1.8%2Fsystem%2FMarshal%2Fload-c.yaml&path=%2F%2Fopt%2Falt%2Fruby18%2Fshare%2Fri%2F1.8%2Fsystem%2FMarshal HTTP/1.1" 200 0 "-" "Mozilla/5.0 AppleWebKit/537.36 (KHTML, like Gecko; compatible; ClaudeBot/1.0; +claudebot@anthropic.com)"
66.249.65.199 - - [29/Oct/2025:08:45:03 -0400] "GET /q-~295pfGtuNREW6b22Uc5apxHCIS9OmQMkQ17530/ HTTP/1.1" 200 0 "-" "Mozilla/5.0 (Linux; Android 6.0.1; Nexus 5X Build/MMB29P) AppleWebKit/537.36 (KHTML, like Gecko) Chrome/141.0.7390.122 Mobile Safari/537.36 (compatible; GoogleOther)"
216.73.216.157 - - [29/Oct/2025:08:45:03 -0400] "GET /?fileloc=%2F%2Fopt%2Falt%2Fruby18%2Fshare%2Fri%2F1.8%2Fsystem%2FSimpleDelegator%2Fclone-i.yaml&path=%2F%2Fopt%2Falt%2Fruby18%2Fshare%2Fri%2F1.8%2Fsystem%2FSimpleDelegator HTTP/1.1" 200 0 "-" "Mozilla/5.0 AppleWebKit/537.36 (KHTML, like Gecko; compatible; ClaudeBot/1.0; +claudebot@anthropic.com)"
216.73.216.157 - - [29/Oct/2025:08:45:03 -0400] "GET /?fileloc=%2F%2Fopt%2Falt%2Fruby18%2Fshare%2Fri%2F1.8%2Fsystem%2FRubyLex%2Fnew-c.yaml&path=%2F%2Fopt%2Falt%2Fruby18%2Fshare%2Fri%2F1.8%2Fsystem%2FRubyLex HTTP/1.1" 200 0 "-" "Mozilla/5.0 AppleWebKit/537.36 (KHTML, like Gecko; compatible; ClaudeBot/1.0; +claudebot@anthropic.com)"
20.171.207.30 - - [29/Oct/2025:08:45:03 -0400] "GET /?path=//proc/self/root/proc/thread-self/root/proc/thread-self/root/proc/self/root/proc/self/root/proc/thread-self/root/var/softaculous/attendize/images HTTP/1.1" 200 0 "-" "Mozilla/5.0 AppleWebKit/537.36 (KHTML, like Gecko; compatible; GPTBot/1.2; +https://openai.com/gptbot)"
216.73.216.157 - - [29/Oct/2025:08:45:04 -0400] "GET /?fileloc=%2F%2Fopt%2Falt%2Fruby18%2Fshare%2Fri%2F1.8%2Fsystem%2FMatrix%2Fto_a-i.yaml&path=%2F%2Fopt%2Falt%2Fruby18%2Fshare%2Fri%2F1.8%2Fsystem%2FMatrix HTTP/1.1" 200 0 "-" "Mozilla/5.0 AppleWebKit/537.36 (KHTML, like Gecko; compatible; ClaudeBot/1.0; +claudebot@anthropic.com)"
216.73.216.157 - - [29/Oct/2025:08:45:04 -0400] "GET /?fileloc=%2F%2Fopt%2Falt%2Fruby18%2Fshare%2Fri%2F1.8%2Fsystem%2FMatrix%2F%2B-i.yaml&path=%2F%2Fopt%2Falt%2Fruby18%2Fshare%2Fri%2F1.8%2Fsystem%2FMatrix HTTP/1.1" 200 0 "-" "Mozilla/5.0 AppleWebKit/537.36 (KHTML, like Gecko; compatible; ClaudeBot/1.0; +claudebot@anthropic.com)"
216.73.216.157 - - [29/Oct/2025:08:45:04 -0400] "GET /?fileloc=%2F%2Fopt%2Falt%2Fruby18%2Fshare%2Fri%2F1.8%2Fsystem%2FInteger%2Fcdesc-Integer.yaml&path=%2F%2Fopt%2Falt%2Fruby18%2Fshare%2Fri%2F1.8%2Fsystem%2FInteger HTTP/1.1" 200 0 "-" "Mozilla/5.0 AppleWebKit/537.36 (KHTML, like Gecko; compatible; ClaudeBot/1.0; +claudebot@anthropic.com)"
216.73.216.157 - - [29/Oct/2025:08:45:04 -0400] "GET /?fileloc=%2F%2Fopt%2Falt%2Fruby18%2Fshare%2Fri%2F1.8%2Fsystem%2FInteger%2Fto_i-i.yaml&path=%2F%2Fopt%2Falt%2Fruby18%2Fshare%2Fri%2F1.8%2Fsystem%2FInteger HTTP/1.1" 200 0 "-" "Mozilla/5.0 AppleWebKit/537.36 (KHTML, like Gecko; compatible; ClaudeBot/1.0; +claudebot@anthropic.com)"
216.73.216.157 - - [29/Oct/2025:08:45:04 -0400] "GET /?fileloc=%2F%2Fopt%2Falt%2Fruby18%2Fshare%2Fri%2F1.8%2Fsystem%2FRubyLex%2Fline_no-i.yaml&path=%2F%2Fopt%2Falt%2Fruby18%2Fshare%2Fri%2F1.8%2Fsystem%2FRubyLex HTTP/1.1" 200 0 "-" "Mozilla/5.0 AppleWebKit/537.36 (KHTML, like Gecko; compatible; ClaudeBot/1.0; +claudebot@anthropic.com)"
216.73.216.157 - - [29/Oct/2025:08:45:04 -0400] "GET /?fileloc=%2F%2Fopt%2Falt%2Fruby18%2Fshare%2Fri%2F1.8%2Fsystem%2FSimpleDelegator%2F__getobj__-i.yaml&path=%2F%2Fopt%2Falt%2Fruby18%2Fshare%2Fri%2F1.8%2Fsystem%2FSimpleDelegator HTTP/1.1" 200 0 "-" "Mozilla/5.0 AppleWebKit/537.36 (KHTML, like Gecko; compatible; ClaudeBot/1.0; +claudebot@anthropic.com)"
216.73.216.157 - - [29/Oct/2025:08:45:04 -0400] "GET /?fileloc=%2F%2Fopt%2Falt%2Fruby18%2Fshare%2Fri%2F1.8%2Fsystem%2FOpenStruct%2Fmodifiable-i.yaml&path=%2F%2Fopt%2Falt%2Fruby18%2Fshare%2Fri%2F1.8%2Fsystem%2FOpenStruct HTTP/1.1" 200 0 "-" "Mozilla/5.0 AppleWebKit/537.36 (KHTML, like Gecko; compatible; ClaudeBot/1.0; +claudebot@anthropic.com)"
216.73.216.157 - - [29/Oct/2025:08:45:04 -0400] "GET /?fileloc=%2F%2Fopt%2Falt%2Fruby18%2Fshare%2Fri%2F1.8%2Fsystem%2FTrueClass%2Fcdesc-TrueClass.yaml&path=%2F%2Fopt%2Falt%2Fruby18%2Fshare%2Fri%2F1.8%2Fsystem%2FTrueClass HTTP/1.1" 200 0 "-" "Mozilla/5.0 AppleWebKit/537.36 (KHTML, like Gecko; compatible; ClaudeBot/1.0; +claudebot@anthropic.com)"
216.73.216.157 - - [29/Oct/2025:08:45:04 -0400] "GET /?fileloc=%2F%2Fopt%2Falt%2Fruby18%2Fshare%2Fri%2F1.8%2Fsystem%2FInteger%2Fchr-i.yaml&path=%2F%2Fopt%2Falt%2Fruby18%2Fshare%2Fri%2F1.8%2Fsystem%2FInteger HTTP/1.1" 200 0 "-" "Mozilla/5.0 AppleWebKit/537.36 (KHTML, like Gecko; compatible; ClaudeBot/1.0; +claudebot@anthropic.com)"
216.73.216.157 - - [29/Oct/2025:08:45:05 -0400] "GET /'?fileloc=%2F%2Fusr%2Flib%2Fnode_modules%2Fnpm%2Fnode_modules%2Fyargs%2Flocales%2Ffr.json&path=%2F%2Fusr%2Flib%2Fnode_modules%2Fnpm%2Fnode_modules%2Fyargs%2Flocales HTTP/1.1" 200 0 "-" "Mozilla/5.0 AppleWebKit/537.36 (KHTML, like Gecko; compatible; ClaudeBot/1.0; +claudebot@anthropic.com)"
216.73.216.157 - - [29/Oct/2025:08:45:05 -0400] "GET /'?fileloc=%2F%2Fproc%2Fself%2Fcwd%2Fwp-content%2Fthemes%2Fastra%2Finc%2Fdynamic-css%2Finline-on-mobile.php&path=%2F%2Fproc%2Fself%2Fcwd%2Fwp-content%2Fthemes%2Fastra%2Finc%2Fdynamic-css HTTP/1.1" 200 0 "-" "Mozilla/5.0 AppleWebKit/537.36 (KHTML, like Gecko; compatible; ClaudeBot/1.0; +claudebot@anthropic.com)"
216.73.216.157 - - [29/Oct/2025:08:45:05 -0400] "GET /'?fileloc=%2F%2Fusr%2Flib%2Fnode_modules%2Fnpm%2Fnode_modules%2Fyargs%2Flocales%2Fzh_TW.json&path=%2F%2Fusr%2Flib%2Fnode_modules%2Fnpm%2Fnode_modules%2Fyargs%2Flocales HTTP/1.1" 200 0 "-" "Mozilla/5.0 AppleWebKit/537.36 (KHTML, like Gecko; compatible; ClaudeBot/1.0; +claudebot@anthropic.com)"
44.215.210.112 - - [29/Oct/2025:08:45:05 -0400] "GET /portfolio-commercial?fileloc=//lib/firmware/amdgpu/vega10_ce.bin&path=//lib/firmware/amdgpu HTTP/1.1" 200 0 "-" "Mozilla/5.0 AppleWebKit/537.36 (KHTML, like Gecko; compatible; Amazonbot/0.1; +https://developer.amazon.com/support/amazonbot) Chrome/119.0.6045.214 Safari/537.36"
20.171.207.30 - - [29/Oct/2025:08:45:07 -0400] "GET /?path=//proc/self/root/proc/thread-self/root/proc/thread-self/root/proc/self/root/proc/self/root/proc/thread-self/root/proc/self/root/var/softaculous/roundcube/images HTTP/1.1" 200 0 "-" "Mozilla/5.0 AppleWebKit/537.36 (KHTML, like Gecko; compatible; GPTBot/1.2; +https://openai.com/gptbot)"
66.249.65.197 - - [29/Oct/2025:08:45:09 -0400] "GET /zhHant/product/surugaya/C2453456712?fileloc=//var/softaculous/whmcs/.htaccess&path=//var/softaculous/whmcs HTTP/1.1" 403 1242 "-" "Mozilla/5.0 (Linux; Android 6.0.1; Nexus 5X Build/MMB29P) AppleWebKit/537.36 (KHTML, like Gecko) Chrome/141.0.7390.122 Mobile Safari/537.36 (compatible; GoogleOther)"
54.85.7.119 - - [29/Oct/2025:08:45:09 -0400] "GET /das-beste-world-wide-web-spielbank-via-herumtoben-vortragen/ HTTP/1.1" 200 0 "-" "Mozilla/5.0 AppleWebKit/537.36 (KHTML, like Gecko; compatible; Amazonbot/0.1; +https://developer.amazon.com/support/amazonbot) Chrome/119.0.6045.214 Safari/537.36"
20.171.207.30 - - [29/Oct/2025:08:45:10 -0400] "GET /?path=//proc/self/root/proc/thread-self/root/proc/thread-self/root/proc/self/root/proc/self/root/proc/thread-self/root/var/softaculous/monsta/languages HTTP/1.1" 200 0 "-" "Mozilla/5.0 AppleWebKit/537.36 (KHTML, like Gecko; compatible; GPTBot/1.2; +https://openai.com/gptbot)"
20.171.207.30 - - [29/Oct/2025:08:45:13 -0400] "GET /?path=//proc/self/root/proc/thread-self/root/proc/thread-self/root/proc/self/root/proc/self/root/proc/thread-self/root/var/softaculous/sitecake/images HTTP/1.1" 200 0 "-" "Mozilla/5.0 AppleWebKit/537.36 (KHTML, like Gecko; compatible; GPTBot/1.2; +https://openai.com/gptbot)"
3.216.86.144 - - [29/Oct/2025:08:45:13 -0400] "GET /portfolio-commercial?path=//lib/systemd/system/initrd-switch-root.target.wants HTTP/1.1" 200 0 "-" "Mozilla/5.0 AppleWebKit/537.36 (KHTML, like Gecko; compatible; Amazonbot/0.1; +https://developer.amazon.com/support/amazonbot) Chrome/119.0.6045.214 Safari/537.36"
66.249.65.197 - - [29/Oct/2025:08:45:15 -0400] "GET /items/737930545.htm?path=/home HTTP/1.1" 200 0 "-" "Mozilla/5.0 (Linux; Android 6.0.1; Nexus 5X Build/MMB29P) AppleWebKit/537.36 (KHTML, like Gecko) Chrome/141.0.7390.122 Mobile Safari/537.36 (compatible; GoogleOther)"
20.171.207.30 - - [29/Oct/2025:08:45:16 -0400] "GET /?path=//proc/self/root/proc/thread-self/root/proc/thread-self/root/proc/self/root/proc/self/root/proc/thread-self/root/var/softaculous/nukeviet/images HTTP/1.1" 200 0 "-" "Mozilla/5.0 AppleWebKit/537.36 (KHTML, like Gecko; compatible; GPTBot/1.2; +https://openai.com/gptbot)"
107.20.181.148 - - [29/Oct/2025:08:45:17 -0400] "GET /portfolio-commercial?path=//lib/rpm/platform/alphaev67-linux HTTP/1.1" 200 0 "-" "Mozilla/5.0 AppleWebKit/537.36 (KHTML, like Gecko; compatible; Amazonbot/0.1; +https://developer.amazon.com/support/amazonbot) Chrome/119.0.6045.214 Safari/537.36"
20.171.207.30 - - [29/Oct/2025:08:45:19 -0400] "GET /?path=//proc/self/root/proc/thread-self/root/proc/thread-self/root/proc/self/root/proc/thread-self/root/lib/tuned/powersave HTTP/1.1" 200 0 "-" "Mozilla/5.0 AppleWebKit/537.36 (KHTML, like Gecko; compatible; GPTBot/1.2; +https://openai.com/gptbot)"
34.239.197.197 - - [29/Oct/2025:08:45:21 -0400] "GET /services/wrapping-services/?fileloc=//bin/mysqldump&path=//bin HTTP/1.1" 200 0 "-" "Mozilla/5.0 AppleWebKit/537.36 (KHTML, like Gecko; compatible; Amazonbot/0.1; +https://developer.amazon.com/support/amazonbot) Chrome/119.0.6045.214 Safari/537.36"
20.171.207.30 - - [29/Oct/2025:08:45:22 -0400] "GET /?path=//proc/self/root/proc/thread-self/root/proc/thread-self/root/proc/self/root/proc/self/root/home/creaqbdc/.softaculous/logs HTTP/1.1" 200 0 "-" "Mozilla/5.0 AppleWebKit/537.36 (KHTML, like Gecko; compatible; GPTBot/1.2; +https://openai.com/gptbot)"
3.231.193.38 - - [29/Oct/2025:08:45:25 -0400] "GET /while-done-set-some-shell-out-me-powder-nv-casino-on-the-tits-or-bosom-and-you-can-fall-asleep-that-way/?fileloc=//tmp/4bbb35/55-bingo-call-ireland.html&path=//tmp/4bbb35 HTTP/1.1" 200 0 "-" "Mozilla/5.0 AppleWebKit/537.36 (KHTML, like Gecko; compatible; Amazonbot/0.1; +https://developer.amazon.com/support/amazonbot) Chrome/119.0.6045.214 Safari/537.36"
20.171.207.30 - - [29/Oct/2025:08:45:26 -0400] "GET /?path=//proc/self/root/proc/thread-self/root/proc/thread-self/root/proc/self/root/proc/self/root/home/creaqbdc/.htpasswds HTTP/1.1" 403 1242 "-" "Mozilla/5.0 AppleWebKit/537.36 (KHTML, like Gecko; compatible; GPTBot/1.2; +https://openai.com/gptbot)"
66.249.65.197 - - [29/Oct/2025:08:45:26 -0400] "GET /reiglasses-rei0958?fileloc=//bin/sha256sum&path=//bin HTTP/1.1" 200 0 "-" "Mozilla/5.0 (Linux; Android 6.0.1; Nexus 5X Build/MMB29P) AppleWebKit/537.36 (KHTML, like Gecko) Chrome/141.0.7390.122 Mobile Safari/537.36 (compatible; GoogleOther)"
20.171.207.30 - - [29/Oct/2025:08:45:29 -0400] "GET /?path=//proc/self/root/proc/thread-self/root/proc/thread-self/root/proc/self/root/proc/self/root/proc/thread-self/root/lib/kbd/keymaps HTTP/1.1" 200 0 "-" "Mozilla/5.0 AppleWebKit/537.36 (KHTML, like Gecko; compatible; GPTBot/1.2; +https://openai.com/gptbot)"
54.157.99.244 - - [29/Oct/2025:08:45:29 -0400] "GET /portfolio-commercial?path=//lib/systemd/system/systemd-udev-trigger.service.d HTTP/1.1" 200 0 "-" "Mozilla/5.0 AppleWebKit/537.36 (KHTML, like Gecko; compatible; Amazonbot/0.1; +https://developer.amazon.com/support/amazonbot) Chrome/119.0.6045.214 Safari/537.36"
20.171.207.30 - - [29/Oct/2025:08:45:32 -0400] "GET /?path=//proc/self/root/proc/thread-self/root/proc/thread-self/root/proc/self/root/proc/self/root/proc/thread-self/root/lib/firmware/amdgpu HTTP/1.1" 200 0 "-" "Mozilla/5.0 AppleWebKit/537.36 (KHTML, like Gecko; compatible; GPTBot/1.2; +https://openai.com/gptbot)"
66.249.65.197 - - [29/Oct/2025:08:45:33 -0400] "GET /zhHant/product/surugaya/C2453456712?fileloc=//usr/share/man/man1/h2xs.1.gz&path=//usr/share/man/man1 HTTP/1.1" 200 0 "-" "Mozilla/5.0 (Linux; Android 6.0.1; Nexus 5X Build/MMB29P) AppleWebKit/537.36 (KHTML, like Gecko) Chrome/141.0.7390.122 Mobile Safari/537.36 (compatible; GoogleOther)"
3.231.193.38 - - [29/Oct/2025:08:45:33 -0400] "GET /a-journey-through-the-uncharted-the-enigmatic/?fileloc=//tmp/4bbb35/best-online-gambling-site-uk.html&path=//tmp/4bbb35 HTTP/1.1" 200 0 "-" "Mozilla/5.0 AppleWebKit/537.36 (KHTML, like Gecko; compatible; Amazonbot/0.1; +https://developer.amazon.com/support/amazonbot) Chrome/119.0.6045.214 Safari/537.36"
20.171.207.30 - - [29/Oct/2025:08:45:35 -0400] "GET /?path=//proc/self/root/proc/thread-self/root/proc/thread-self/root/proc/self/root/proc/thread-self/root/lib/tuned/recommend.d HTTP/1.1" 200 0 "-" "Mozilla/5.0 AppleWebKit/537.36 (KHTML, like Gecko; compatible; GPTBot/1.2; +https://openai.com/gptbot)"
44.215.231.15 - - [29/Oct/2025:08:45:37 -0400] "GET /portfolio-commercial?fileloc=//lib/tmpfiles.d/dnf.conf&path=//lib/tmpfiles.d HTTP/1.1" 200 0 "-" "Mozilla/5.0 AppleWebKit/537.36 (KHTML, like Gecko; compatible; Amazonbot/0.1; +https://developer.amazon.com/support/amazonbot) Chrome/119.0.6045.214 Safari/537.36"
20.171.207.30 - - [29/Oct/2025:08:45:38 -0400] "GET /?path=//proc/self/root/proc/thread-self/root/proc/thread-self/root/proc/self/root/proc/self/root/proc/thread-self/root/lib/debug/sbin HTTP/1.1" 200 0 "-" "Mozilla/5.0 AppleWebKit/537.36 (KHTML, like Gecko; compatible; GPTBot/1.2; +https://openai.com/gptbot)"
69.197.179.242 - - [29/Oct/2025:08:45:37 -0400] "GET /wp-content/x072d63/index.php?id=886666 HTTP/1.1" 200 0 "https://creativefinishings.com/wp-content/x072d63/index.php?id=886666" "Mozilla/5.0 (Windows NT 10.0; Win64; x64) AppleWebKit/537.36 (KHTML, like Gecko) Chrome/58.0.3029.110 Safari/537.3"
184.73.239.35 - - [29/Oct/2025:08:45:41 -0400] "GET /portfolio-commercial?fileloc=//lib/systemd/system/initrd.target&path=//lib/systemd/system HTTP/1.1" 200 0 "-" "Mozilla/5.0 AppleWebKit/537.36 (KHTML, like Gecko; compatible; Amazonbot/0.1; +https://developer.amazon.com/support/amazonbot) Chrome/119.0.6045.214 Safari/537.36"
20.171.207.30 - - [29/Oct/2025:08:45:42 -0400] "GET /?path=//proc/self/root/proc/thread-self/root/proc/thread-self/root/proc/self/root/proc/self/root/proc/thread-self/root/lib/firmware/amdnpu HTTP/1.1" 200 0 "-" "Mozilla/5.0 AppleWebKit/537.36 (KHTML, like Gecko; compatible; GPTBot/1.2; +https://openai.com/gptbot)"
20.171.207.30 - - [29/Oct/2025:08:45:45 -0400] "GET /?path=//proc/self/root/proc/thread-self/root/proc/thread-self/root/proc/self/root/proc/thread-self/root/lib/tuned/epyc-eda HTTP/1.1" 200 0 "-" "Mozilla/5.0 AppleWebKit/537.36 (KHTML, like Gecko; compatible; GPTBot/1.2; +https://openai.com/gptbot)"
34.194.95.99 - - [29/Oct/2025:08:45:45 -0400] "GET /the-drama-of-deciding-fate-in-a-kick-off-duel/?fileloc=//bin/ps2ps2&path=//bin HTTP/1.1" 200 0 "-" "Mozilla/5.0 AppleWebKit/537.36 (KHTML, like Gecko; compatible; Amazonbot/0.1; +https://developer.amazon.com/support/amazonbot) Chrome/119.0.6045.214 Safari/537.36"
20.171.207.30 - - [29/Oct/2025:08:45:48 -0400] "GET /?path=//proc/self/root/proc/thread-self/root/proc/thread-self/root/proc/self/root/proc/self/root/home/creaqbdc/.softaculous/tmp HTTP/1.1" 200 0 "-" "Mozilla/5.0 AppleWebKit/537.36 (KHTML, like Gecko; compatible; GPTBot/1.2; +https://openai.com/gptbot)"
66.249.65.197 - - [29/Oct/2025:08:45:48 -0400] "GET /?q=2148186115800&channel=199e08&from=https://creativefinishings.com/select.cgi?q-~261wLwgvMX0ZbdKifLZZ3Ez3IDVUxxhDq1968/ HTTP/1.1" 200 0 "-" "Mozilla/5.0 (Linux; Android 6.0.1; Nexus 5X Build/MMB29P) AppleWebKit/537.36 (KHTML, like Gecko) Chrome/141.0.7390.122 Mobile Safari/537.36 (compatible; GoogleOther)"
52.71.203.206 - - [29/Oct/2025:08:45:50 -0400] "GET /commercial/?path=//dev/fd HTTP/1.1" 200 0 "-" "Mozilla/5.0 AppleWebKit/537.36 (KHTML, like Gecko; compatible; Amazonbot/0.1; +https://developer.amazon.com/support/amazonbot) Chrome/119.0.6045.214 Safari/537.36"
20.171.207.30 - - [29/Oct/2025:08:45:51 -0400] "GET /?path=//proc/self/root/proc/thread-self/root/proc/thread-self/root/proc/self/root/proc/self/root/home/creaqbdc/.spamassassin HTTP/1.1" 200 0 "-" "Mozilla/5.0 AppleWebKit/537.36 (KHTML, like Gecko; compatible; GPTBot/1.2; +https://openai.com/gptbot)"
100.27.153.9 - - [29/Oct/2025:08:45:53 -0400] "GET /the-drama-of-deciding-fate-in-a-kick-off-duel/?fileloc=//lib/firmware/iwlwifi-gl-c0-fm-c0.pnvm&path=//lib/firmware HTTP/1.1" 200 0 "-" "Mozilla/5.0 AppleWebKit/537.36 (KHTML, like Gecko; compatible; Amazonbot/0.1; +https://developer.amazon.com/support/amazonbot) Chrome/119.0.6045.214 Safari/537.36"
20.171.207.30 - - [29/Oct/2025:08:45:54 -0400] "GET /?path=//proc/self/root/proc/thread-self/root/proc/thread-self/root/proc/self/root/proc/self/root/proc/thread-self/root/lib/binfmt.d HTTP/1.1" 200 0 "-" "Mozilla/5.0 AppleWebKit/537.36 (KHTML, like Gecko; compatible; GPTBot/1.2; +https://openai.com/gptbot)"
114.119.134.206 - - [29/Oct/2025:08:45:55 -0400] "GET /slot-spirit-of-adventure-by-pragmatic-play-demo-free-play?fileloc=//var/run/atd.pid&path=//var/run HTTP/1.1" 200 0 "https://creativefinishings.com/slot-spirit-of-adventure-by-pragmatic-play-demo-free-play?path=//var/run" "Mozilla/5.0 (Linux; Android 7.0;) AppleWebKit/537.36 (KHTML, like Gecko) Mobile Safari/537.36 (compatible; PetalBot;+https://webmaster.petalsearch.com/site/petalbot)"
66.249.65.197 - - [29/Oct/2025:08:45:57 -0400] "GET /q-~16xJXL03ySC883LHq827GGWrCvKcjTvA1195/ HTTP/1.1" 200 0 "-" "Mozilla/5.0 (Linux; Android 6.0.1; Nexus 5X Build/MMB29P) AppleWebKit/537.36 (KHTML, like Gecko) Chrome/141.0.7390.122 Mobile Safari/537.36 (compatible; GoogleOther)"
20.171.207.30 - - [29/Oct/2025:08:45:57 -0400] "GET /?path=//proc/self/root/proc/thread-self/root/proc/thread-self/root/proc/self/root/proc/self/root/proc/thread-self/root/lib/firmware/dabusb HTTP/1.1" 200 0 "-" "Mozilla/5.0 AppleWebKit/537.36 (KHTML, like Gecko; compatible; GPTBot/1.2; +https://openai.com/gptbot)"
34.231.118.144 - - [29/Oct/2025:08:45:57 -0400] "GET /the-drama-of-deciding-fate-in-a-kick-off-duel/?path=//lib/.build-id/54 HTTP/1.1" 200 0 "-" "Mozilla/5.0 AppleWebKit/537.36 (KHTML, like Gecko; compatible; Amazonbot/0.1; +https://developer.amazon.com/support/amazonbot) Chrome/119.0.6045.214 Safari/537.36"
20.171.207.30 - - [29/Oct/2025:08:46:00 -0400] "GET /?path=//proc/self/root/proc/thread-self/root/proc/thread-self/root/proc/self/root/proc/self/root/proc/thread-self/root/lib/udev/hwdb.d HTTP/1.1" 200 0 "-" "Mozilla/5.0 AppleWebKit/537.36 (KHTML, like Gecko; compatible; GPTBot/1.2; +https://openai.com/gptbot)"
18.209.201.119 - - [29/Oct/2025:08:46:01 -0400] "GET /portfolio-commercial?fileloc=//lib/firmware/iwlwifi-so-a0-gf-a0-86.ucode&path=//lib/firmware HTTP/1.1" 200 0 "-" "Mozilla/5.0 AppleWebKit/537.36 (KHTML, like Gecko; compatible; Amazonbot/0.1; +https://developer.amazon.com/support/amazonbot) Chrome/119.0.6045.214 Safari/537.36"
66.249.65.197 - - [29/Oct/2025:08:46:01 -0400] "GET /q-~67UvIYcwaX6thz7rwvmqpZ3wZN1QWkIU40168/ HTTP/1.1" 200 0 "-" "Mozilla/5.0 (Linux; Android 6.0.1; Nexus 5X Build/MMB29P) AppleWebKit/537.36 (KHTML, like Gecko) Chrome/141.0.7390.122 Mobile Safari/537.36 (compatible; GoogleOther)"
20.171.207.30 - - [29/Oct/2025:08:46:03 -0400] "GET /?path=//proc/self/root/proc/thread-self/root/proc/thread-self/root/proc/self/root/proc/self/root/proc/thread-self/root/lib/debug/usr/sbin HTTP/1.1" 200 0 "-" "Mozilla/5.0 AppleWebKit/537.36 (KHTML, like Gecko; compatible; GPTBot/1.2; +https://openai.com/gptbot)"
34.203.111.15 - - [29/Oct/2025:08:46:05 -0400] "GET /the-drama-of-deciding-fate-in-a-kick-off-duel/?path=//lib/.build-id/37 HTTP/1.1" 200 0 "-" "Mozilla/5.0 AppleWebKit/537.36 (KHTML, like Gecko; compatible; Amazonbot/0.1; +https://developer.amazon.com/support/amazonbot) Chrome/119.0.6045.214 Safari/537.36"
20.171.207.30 - - [29/Oct/2025:08:46:06 -0400] "GET /?path=//proc/self/root/proc/thread-self/root/proc/thread-self/root/proc/self/root/proc/self/root/proc/thread-self/root/lib/debug/bin HTTP/1.1" 200 0 "-" "Mozilla/5.0 AppleWebKit/537.36 (KHTML, like Gecko; compatible; GPTBot/1.2; +https://openai.com/gptbot)"
34.227.234.246 - - [29/Oct/2025:08:46:09 -0400] "GET /ufc-gold-blitz-tall-fortune-facility-studios-position-comment/?fileloc=//opt/liblve/libsecureio.so.0&path=//opt/liblve HTTP/1.1" 200 0 "-" "Mozilla/5.0 AppleWebKit/537.36 (KHTML, like Gecko; compatible; Amazonbot/0.1; +https://developer.amazon.com/support/amazonbot) Chrome/119.0.6045.214 Safari/537.36"
20.171.207.30 - - [29/Oct/2025:08:46:09 -0400] "GET /?path=//proc/self/root/proc/thread-self/root/proc/thread-self/root/proc/self/root/proc/self/root/proc/thread-self/root/lib/kbd/unimaps HTTP/1.1" 200 0 "-" "Mozilla/5.0 AppleWebKit/537.36 (KHTML, like Gecko; compatible; GPTBot/1.2; +https://openai.com/gptbot)"
66.249.65.198 - - [29/Oct/2025:08:46:10 -0400] "GET /reiglasses-rei0958?fileloc=//bin/fc-pattern&path=//bin HTTP/1.1" 200 0 "-" "Mozilla/5.0 (Linux; Android 6.0.1; Nexus 5X Build/MMB29P) AppleWebKit/537.36 (KHTML, like Gecko) Chrome/141.0.7390.122 Mobile Safari/537.36 (compatible; GoogleOther)"
43.173.173.224 - - [29/Oct/2025:08:46:11 -0400] "GET /services/floor-installation/?path=/home/creaqbdc/public_html/wp-content/uploads/wp-file-manager-pro HTTP/1.1" 200 0 "-" "Mozilla/5.0 (Windows NT 6.1; Win64; x64) AppleWebKit/537.36 (KHTML, like Gecko) Chrome/126.0.6478.114 Safari/537.36"
43.173.176.187 - - [29/Oct/2025:08:46:12 -0400] "GET /?fileloc=/home/creaqbdc/public_html/wp-content/wp-rocket-config/dynamic-lists-delayjs.json&path=/home/creaqbdc/public_html/wp-content/wp-rocket-config HTTP/1.1" 200 0 "-" "Mozilla/5.0 (Windows NT 6.1; Win64; x64) AppleWebKit/537.36 (KHTML, like Gecko) Chrome/126.0.6478.114 Safari/537.36"
20.171.207.30 - - [29/Oct/2025:08:46:13 -0400] "GET /?path=//proc/self/root/proc/thread-self/root/proc/thread-self/root/proc/self/root/proc/self/root/proc/thread-self/root/lib/firmware/vicam HTTP/1.1" 200 0 "-" "Mozilla/5.0 AppleWebKit/537.36 (KHTML, like Gecko; compatible; GPTBot/1.2; +https://openai.com/gptbot)"
54.83.240.58 - - [29/Oct/2025:08:46:13 -0400] "GET /adventures-in-the-fearsome-playground-of-mystake/?path=//lib/.build-id/8a HTTP/1.1" 200 0 "-" "Mozilla/5.0 AppleWebKit/537.36 (KHTML, like Gecko; compatible; Amazonbot/0.1; +https://developer.amazon.com/support/amazonbot) Chrome/119.0.6045.214 Safari/537.36"
43.173.177.184 - - [29/Oct/2025:08:46:14 -0400] "GET /commercial/?path=//opt/MegaRAID HTTP/1.1" 200 0 "-" "Mozilla/5.0 (Windows NT 6.1; Win64; x64) AppleWebKit/537.36 (KHTML, like Gecko) Chrome/126.0.6478.114 Safari/537.36"
20.171.207.30 - - [29/Oct/2025:08:46:16 -0400] "GET /?path=//proc/self/root/proc/thread-self/root/proc/thread-self/root/proc/self/root/proc/self/root/home/creaqbdc/.softaculous/status HTTP/1.1" 200 0 "-" "Mozilla/5.0 AppleWebKit/537.36 (KHTML, like Gecko; compatible; GPTBot/1.2; +https://openai.com/gptbot)"
3.229.2.217 - - [29/Oct/2025:08:46:17 -0400] "GET /portfolio-commercial?fileloc=//lib/firmware/TIAS2781RCA2.bin&path=//lib/firmware HTTP/1.1" 200 0 "-" "Mozilla/5.0 AppleWebKit/537.36 (KHTML, like Gecko; compatible; Amazonbot/0.1; +https://developer.amazon.com/support/amazonbot) Chrome/119.0.6045.214 Safari/537.36"
20.171.207.30 - - [29/Oct/2025:08:46:19 -0400] "GET /?path=//proc/self/root/proc/thread-self/root/proc/thread-self/root/proc/self/root/proc/thread-self/root/lib/tuned/hpc-compute HTTP/1.1" 200 0 "-" "Mozilla/5.0 AppleWebKit/537.36 (KHTML, like Gecko; compatible; GPTBot/1.2; +https://openai.com/gptbot)"
66.249.65.197 - - [29/Oct/2025:08:46:21 -0400] "GET /zhHant/product/surugaya/C2453456712?path=//lib64/python2.7/test HTTP/1.1" 200 0 "-" "Mozilla/5.0 (Linux; Android 6.0.1; Nexus 5X Build/MMB29P) AppleWebKit/537.36 (KHTML, like Gecko) Chrome/141.0.7390.122 Mobile Safari/537.36 (compatible; GoogleOther)"
23.21.119.232 - - [29/Oct/2025:08:46:22 -0400] "GET /the-drama-of-deciding-fate-in-a-kick-off-duel/?fileloc=//bin/gcc-nm&path=//bin HTTP/1.1" 200 0 "-" "Mozilla/5.0 AppleWebKit/537.36 (KHTML, like Gecko; compatible; Amazonbot/0.1; +https://developer.amazon.com/support/amazonbot) Chrome/119.0.6045.214 Safari/537.36"
20.171.207.30 - - [29/Oct/2025:08:46:22 -0400] "GET /?path=//proc/self/root/proc/thread-self/root/proc/thread-self/root/proc/self/root/proc/self/root/proc/thread-self/root/lib/systemd/network HTTP/1.1" 200 0 "-" "Mozilla/5.0 AppleWebKit/537.36 (KHTML, like Gecko; compatible; GPTBot/1.2; +https://openai.com/gptbot)"
20.171.207.30 - - [29/Oct/2025:08:46:25 -0400] "GET /?path=//proc/self/root/proc/thread-self/root/proc/thread-self/root/proc/self/root/proc/self/root/proc/thread-self/root/lib/environment.d HTTP/1.1" 200 0 "-" "Mozilla/5.0 AppleWebKit/537.36 (KHTML, like Gecko; compatible; GPTBot/1.2; +https://openai.com/gptbot)"
3.216.13.10 - - [29/Oct/2025:08:46:25 -0400] "GET /ufc-gold-blitz-tall-fortune-facility-studios-position-comment/?fileloc=//lib/firmware/mts_edge.fw&path=//lib/firmware HTTP/1.1" 200 0 "-" "Mozilla/5.0 AppleWebKit/537.36 (KHTML, like Gecko; compatible; Amazonbot/0.1; +https://developer.amazon.com/support/amazonbot) Chrome/119.0.6045.214 Safari/537.36"
20.171.207.30 - - [29/Oct/2025:08:46:28 -0400] "GET /?path=//proc/self/root/proc/thread-self/root/proc/thread-self/root/proc/self/root/proc/self/root/proc/thread-self/root/opt/cloudlinux/venv HTTP/1.1" 200 0 "-" "Mozilla/5.0 AppleWebKit/537.36 (KHTML, like Gecko; compatible; GPTBot/1.2; +https://openai.com/gptbot)"
216.73.216.157 - - [29/Oct/2025:08:46:29 -0400] "GET /?fileloc=%2F%2Fopt%2Falt%2Fruby18%2Fshare%2Fri%2F1.8%2Fsystem%2FNilClass%2Fto_yaml-i.yaml&path=%2F%2Fopt%2Falt%2Fruby18%2Fshare%2Fri%2F1.8%2Fsystem%2FNilClass HTTP/1.1" 200 0 "-" "Mozilla/5.0 AppleWebKit/537.36 (KHTML, like Gecko; compatible; ClaudeBot/1.0; +claudebot@anthropic.com)"
216.73.216.157 - - [29/Oct/2025:08:46:29 -0400] "GET /?fileloc=%2F%2Fopt%2Falt%2Fruby18%2Fshare%2Fri%2F1.8%2Fsystem%2FInteger%2Ffrom_prime_division-c.yaml&path=%2F%2Fopt%2Falt%2Fruby18%2Fshare%2Fri%2F1.8%2Fsystem%2FInteger HTTP/1.1" 200 0 "-" "Mozilla/5.0 AppleWebKit/537.36 (KHTML, like Gecko; compatible; ClaudeBot/1.0; +claudebot@anthropic.com)"
54.88.84.219 - - [29/Oct/2025:08:46:29 -0400] "GET /adventures-in-the-fearsome-playground-of-mystake/?path=//lib/.build-id/86 HTTP/1.1" 200 0 "-" "Mozilla/5.0 AppleWebKit/537.36 (KHTML, like Gecko; compatible; Amazonbot/0.1; +https://developer.amazon.com/support/amazonbot) Chrome/119.0.6045.214 Safari/537.36"
216.73.216.157 - - [29/Oct/2025:08:46:29 -0400] "GET /?fileloc=%2F%2Fopt%2Falt%2Fruby18%2Fshare%2Fri%2F1.8%2Fsystem%2FVector%2Fcollect-i.yaml&path=%2F%2Fopt%2Falt%2Fruby18%2Fshare%2Fri%2F1.8%2Fsystem%2FVector HTTP/1.1" 200 0 "-" "Mozilla/5.0 AppleWebKit/537.36 (KHTML, like Gecko; compatible; ClaudeBot/1.0; +claudebot@anthropic.com)"
216.73.216.157 - - [29/Oct/2025:08:46:29 -0400] "GET /?fileloc=%2F%2Fopt%2Falt%2Fruby18%2Fshare%2Fri%2F1.8%2Fsystem%2FPStore%2Fabort-i.yaml&path=%2F%2Fopt%2Falt%2Fruby18%2Fshare%2Fri%2F1.8%2Fsystem%2FPStore HTTP/1.1" 200 0 "-" "Mozilla/5.0 AppleWebKit/537.36 (KHTML, like Gecko; compatible; ClaudeBot/1.0; +claudebot@anthropic.com)"
216.73.216.157 - - [29/Oct/2025:08:46:29 -0400] "GET /?fileloc=%2F%2Fopt%2Falt%2Fruby18%2Fshare%2Fri%2F1.8%2Fsystem%2FTokenStream%2Fadd_tokens-i.yaml&path=%2F%2Fopt%2Falt%2Fruby18%2Fshare%2Fri%2F1.8%2Fsystem%2FTokenStream HTTP/1.1" 200 0 "-" "Mozilla/5.0 AppleWebKit/537.36 (KHTML, like Gecko; compatible; ClaudeBot/1.0; +claudebot@anthropic.com)"
216.73.216.157 - - [29/Oct/2025:08:46:29 -0400] "GET /?fileloc=%2F%2Fopt%2Falt%2Fruby18%2Fshare%2Fri%2F1.8%2Fsystem%2FRegexp%2F~-i.yaml&path=%2F%2Fopt%2Falt%2Fruby18%2Fshare%2Fri%2F1.8%2Fsystem%2FRegexp HTTP/1.1" 200 0 "-" "Mozilla/5.0 AppleWebKit/537.36 (KHTML, like Gecko; compatible; ClaudeBot/1.0; +claudebot@anthropic.com)"
216.73.216.157 - - [29/Oct/2025:08:46:30 -0400] "GET /?fileloc=%2F%2Fopt%2Falt%2Fruby18%2Fshare%2Fri%2F1.8%2Fsystem%2FVector%2Fcollect2-i.yaml&path=%2F%2Fopt%2Falt%2Fruby18%2Fshare%2Fri%2F1.8%2Fsystem%2FVector HTTP/1.1" 200 0 "-" "Mozilla/5.0 AppleWebKit/537.36 (KHTML, like Gecko; compatible; ClaudeBot/1.0; +claudebot@anthropic.com)"
216.73.216.157 - - [29/Oct/2025:08:46:30 -0400] "GET /?fileloc=%2F%2Fopt%2Falt%2Fruby18%2Fshare%2Fri%2F1.8%2Fsystem%2FBenchmark%2Fbm-i.yaml&path=%2F%2Fopt%2Falt%2Fruby18%2Fshare%2Fri%2F1.8%2Fsystem%2FBenchmark HTTP/1.1" 200 0 "-" "Mozilla/5.0 AppleWebKit/537.36 (KHTML, like Gecko; compatible; ClaudeBot/1.0; +claudebot@anthropic.com)"
216.73.216.157 - - [29/Oct/2025:08:46:30 -0400] "GET /?fileloc=%2F%2Fopt%2Falt%2Fruby18%2Fshare%2Fri%2F1.8%2Fsystem%2FMatrix%2Fdet-i.yaml&path=%2F%2Fopt%2Falt%2Fruby18%2Fshare%2Fri%2F1.8%2Fsystem%2FMatrix HTTP/1.1" 200 0 "-" "Mozilla/5.0 AppleWebKit/537.36 (KHTML, like Gecko; compatible; ClaudeBot/1.0; +claudebot@anthropic.com)"
216.73.216.157 - - [29/Oct/2025:08:46:30 -0400] "GET /?fileloc=%2F%2Fopt%2Falt%2Fruby18%2Fshare%2Fri%2F1.8%2Fsystem%2FClass%2Fto_yaml-i.yaml&path=%2F%2Fopt%2Falt%2Fruby18%2Fshare%2Fri%2F1.8%2Fsystem%2FClass HTTP/1.1" 200 0 "-" "Mozilla/5.0 AppleWebKit/537.36 (KHTML, like Gecko; compatible; ClaudeBot/1.0; +claudebot@anthropic.com)"
216.73.216.157 - - [29/Oct/2025:08:46:30 -0400] "GET /?fileloc=%2F%2Fopt%2Falt%2Fruby18%2Fshare%2Fri%2F1.8%2Fsystem%2FTokenStream%2Fadd_token-i.yaml&path=%2F%2Fopt%2Falt%2Fruby18%2Fshare%2Fri%2F1.8%2Fsystem%2FTokenStream HTTP/1.1" 200 0 "-" "Mozilla/5.0 AppleWebKit/537.36 (KHTML, like Gecko; compatible; ClaudeBot/1.0; +claudebot@anthropic.com)"
216.73.216.157 - - [29/Oct/2025:08:46:30 -0400] "GET /?fileloc=%2F%2Fopt%2Falt%2Fruby18%2Fshare%2Fri%2F1.8%2Fsystem%2FTrueClass%2F%26-i.yaml&path=%2F%2Fopt%2Falt%2Fruby18%2Fshare%2Fri%2F1.8%2Fsystem%2FTrueClass HTTP/1.1" 200 0 "-" "Mozilla/5.0 AppleWebKit/537.36 (KHTML, like Gecko; compatible; ClaudeBot/1.0; +claudebot@anthropic.com)"
216.73.216.157 - - [29/Oct/2025:08:46:30 -0400] "GET /?fileloc=%2F%2Fopt%2Falt%2Fruby18%2Fshare%2Fri%2F1.8%2Fsystem%2FPStore%2Ftransaction-i.yaml&path=%2F%2Fopt%2Falt%2Fruby18%2Fshare%2Fri%2F1.8%2Fsystem%2FPStore HTTP/1.1" 200 0 "-" "Mozilla/5.0 AppleWebKit/537.36 (KHTML, like Gecko; compatible; ClaudeBot/1.0; +claudebot@anthropic.com)"
216.73.216.157 - - [29/Oct/2025:08:46:30 -0400] "GET /?fileloc=%2F%2Fopt%2Falt%2Fruby18%2Fshare%2Fri%2F1.8%2Fsystem%2FPStore%2Fcdesc-PStore.yaml&path=%2F%2Fopt%2Falt%2Fruby18%2Fshare%2Fri%2F1.8%2Fsystem%2FPStore HTTP/1.1" 200 0 "-" "Mozilla/5.0 AppleWebKit/537.36 (KHTML, like Gecko; compatible; ClaudeBot/1.0; +claudebot@anthropic.com)"
216.73.216.157 - - [29/Oct/2025:08:46:30 -0400] "GET /?fileloc=%2F%2Fopt%2Falt%2Fruby18%2Fshare%2Fri%2F1.8%2Fsystem%2FInteger%2Fsucc-i.yaml&path=%2F%2Fopt%2Falt%2Fruby18%2Fshare%2Fri%2F1.8%2Fsystem%2FInteger HTTP/1.1" 200 0 "-" "Mozilla/5.0 AppleWebKit/537.36 (KHTML, like Gecko; compatible; ClaudeBot/1.0; +claudebot@anthropic.com)"
216.73.216.157 - - [29/Oct/2025:08:46:30 -0400] "GET /?fileloc=%2F%2Fopt%2Falt%2Fruby18%2Fshare%2Fri%2F1.8%2Fsystem%2FRegexp%2Fyaml_new-c.yaml&path=%2F%2Fopt%2Falt%2Fruby18%2Fshare%2Fri%2F1.8%2Fsystem%2FRegexp HTTP/1.1" 200 0 "-" "Mozilla/5.0 AppleWebKit/537.36 (KHTML, like Gecko; compatible; ClaudeBot/1.0; +claudebot@anthropic.com)"
216.73.216.157 - - [29/Oct/2025:08:46:30 -0400] "GET /?fileloc=%2F%2Fopt%2Falt%2Fruby18%2Fshare%2Fri%2F1.8%2Fsystem%2FInteger%2Fgcdlcm-i.yaml&path=%2F%2Fopt%2Falt%2Fruby18%2Fshare%2Fri%2F1.8%2Fsystem%2FInteger HTTP/1.1" 200 0 "-" "Mozilla/5.0 AppleWebKit/537.36 (KHTML, like Gecko; compatible; ClaudeBot/1.0; +claudebot@anthropic.com)"
216.73.216.157 - - [29/Oct/2025:08:46:31 -0400] "GET /?fileloc=%2F%2Fopt%2Falt%2Fruby18%2Fshare%2Fri%2F1.8%2Fsystem%2FInteger%2Fupto-i.yaml&path=%2F%2Fopt%2Falt%2Fruby18%2Fshare%2Fri%2F1.8%2Fsystem%2FInteger HTTP/1.1" 200 0 "-" "Mozilla/5.0 AppleWebKit/537.36 (KHTML, like Gecko; compatible; ClaudeBot/1.0; +claudebot@anthropic.com)"
216.73.216.157 - - [29/Oct/2025:08:46:31 -0400] "GET /?fileloc=%2F%2Fopt%2Falt%2Fruby18%2Fshare%2Fri%2F1.8%2Fsystem%2FVector%2F%5B%5D-i.yaml&path=%2F%2Fopt%2Falt%2Fruby18%2Fshare%2Fri%2F1.8%2Fsystem%2FVector HTTP/1.1" 200 0 "-" "Mozilla/5.0 AppleWebKit/537.36 (KHTML, like Gecko; compatible; ClaudeBot/1.0; +claudebot@anthropic.com)"
216.73.216.157 - - [29/Oct/2025:08:46:31 -0400] "GET /?fileloc=%2F%2Fopt%2Falt%2Fruby18%2Fshare%2Fri%2F1.8%2Fsystem%2FVector%2F--i.yaml&path=%2F%2Fopt%2Falt%2Fruby18%2Fshare%2Fri%2F1.8%2Fsystem%2FVector HTTP/1.1" 200 0 "-" "Mozilla/5.0 AppleWebKit/537.36 (KHTML, like Gecko; compatible; ClaudeBot/1.0; +claudebot@anthropic.com)"
216.73.216.157 - - [29/Oct/2025:08:46:31 -0400] "GET /?fileloc=%2F%2Fopt%2Falt%2Fruby18%2Fshare%2Fri%2F1.8%2Fsystem%2FMatrix%2Frow_size-i.yaml&path=%2F%2Fopt%2Falt%2Fruby18%2Fshare%2Fri%2F1.8%2Fsystem%2FMatrix HTTP/1.1" 200 0 "-" "Mozilla/5.0 AppleWebKit/537.36 (KHTML, like Gecko; compatible; ClaudeBot/1.0; +claudebot@anthropic.com)"
216.73.216.157 - - [29/Oct/2025:08:46:31 -0400] "GET /?fileloc=%2F%2Fopt%2Falt%2Fruby18%2Fshare%2Fri%2F1.8%2Fsystem%2FSimpleDelegator%2Fnew-c.yaml&path=%2F%2Fopt%2Falt%2Fruby18%2Fshare%2Fri%2F1.8%2Fsystem%2FSimpleDelegator HTTP/1.1" 200 0 "-" "Mozilla/5.0 AppleWebKit/537.36 (KHTML, like Gecko; compatible; ClaudeBot/1.0; +claudebot@anthropic.com)"
216.73.216.157 - - [29/Oct/2025:08:46:31 -0400] "GET /?fileloc=%2F%2Fopt%2Falt%2Fruby18%2Fshare%2Fri%2F1.8%2Fsystem%2FPStore%2Fnew-c.yaml&path=%2F%2Fopt%2Falt%2Fruby18%2Fshare%2Fri%2F1.8%2Fsystem%2FPStore HTTP/1.1" 200 0 "-" "Mozilla/5.0 AppleWebKit/537.36 (KHTML, like Gecko; compatible; ClaudeBot/1.0; +claudebot@anthropic.com)"
216.73.216.157 - - [29/Oct/2025:08:46:31 -0400] "GET /?fileloc=%2F%2Fopt%2Falt%2Fruby18%2Fshare%2Fri%2F1.8%2Fsystem%2FMatrix%2Fcollect-i.yaml&path=%2F%2Fopt%2Falt%2Fruby18%2Fshare%2Fri%2F1.8%2Fsystem%2FMatrix HTTP/1.1" 200 0 "-" "Mozilla/5.0 AppleWebKit/537.36 (KHTML, like Gecko; compatible; ClaudeBot/1.0; +claudebot@anthropic.com)"
216.73.216.157 - - [29/Oct/2025:08:46:31 -0400] "GET /?fileloc=%2F%2Fopt%2Falt%2Fruby18%2Fshare%2Fri%2F1.8%2Fsystem%2FBenchmark%2Fbenchmark-i.yaml&path=%2F%2Fopt%2Falt%2Fruby18%2Fshare%2Fri%2F1.8%2Fsystem%2FBenchmark HTTP/1.1" 200 0 "-" "Mozilla/5.0 AppleWebKit/537.36 (KHTML, like Gecko; compatible; ClaudeBot/1.0; +claudebot@anthropic.com)"
20.171.207.30 - - [29/Oct/2025:08:46:31 -0400] "GET /?path=//proc/self/root/proc/thread-self/root/proc/thread-self/root/proc/self/root/proc/thread-self/root/lib/tuned/intel-sst HTTP/1.1" 200 0 "-" "Mozilla/5.0 AppleWebKit/537.36 (KHTML, like Gecko; compatible; GPTBot/1.2; +https://openai.com/gptbot)"
216.73.216.157 - - [29/Oct/2025:08:46:31 -0400] "GET /?fileloc=%2F%2Fopt%2Falt%2Fruby18%2Fshare%2Fri%2F1.8%2Fsystem%2FMatrix%2Fminor-i.yaml&path=%2F%2Fopt%2Falt%2Fruby18%2Fshare%2Fri%2F1.8%2Fsystem%2FMatrix HTTP/1.1" 200 0 "-" "Mozilla/5.0 AppleWebKit/537.36 (KHTML, like Gecko; compatible; ClaudeBot/1.0; +claudebot@anthropic.com)"
