216.73.216.157 - - [29/Oct/2025:08:33:34 -0400] "GET /?fileloc=%2F%2Fopt%2Falt%2Fruby18%2Fshare%2Fri%2F1.8%2Fsystem%2FBase64%2Fencode64-i.yaml&path=%2F%2Fopt%2Falt%2Fruby18%2Fshare%2Fri%2F1.8%2Fsystem%2FBase64 HTTP/1.1" 200 0 "-" "Mozilla/5.0 AppleWebKit/537.36 (KHTML, like Gecko; compatible; ClaudeBot/1.0; +claudebot@anthropic.com)"
216.73.216.157 - - [29/Oct/2025:08:33:34 -0400] "GET /?fileloc=%2F%2Fopt%2Falt%2Fruby18%2Fshare%2Fri%2F1.8%2Fsystem%2FObjectSpace%2Ffinalizers-c.yaml&path=%2F%2Fopt%2Falt%2Fruby18%2Fshare%2Fri%2F1.8%2Fsystem%2FObjectSpace HTTP/1.1" 200 0 "-" "Mozilla/5.0 AppleWebKit/537.36 (KHTML, like Gecko; compatible; ClaudeBot/1.0; +claudebot@anthropic.com)"
216.73.216.157 - - [29/Oct/2025:08:33:34 -0400] "GET /?fileloc=%2F%2Fopt%2Falt%2Fruby18%2Fshare%2Fri%2F1.8%2Fsystem%2FCGI%2Ferror-c.yaml&path=%2F%2Fopt%2Falt%2Fruby18%2Fshare%2Fri%2F1.8%2Fsystem%2FCGI HTTP/1.1" 200 0 "-" "Mozilla/5.0 AppleWebKit/537.36 (KHTML, like Gecko; compatible; ClaudeBot/1.0; +claudebot@anthropic.com)"
216.73.216.157 - - [29/Oct/2025:08:33:34 -0400] "GET /?fileloc=%2F%2Fopt%2Falt%2Fruby18%2Fshare%2Fri%2F1.8%2Fsystem%2FPathname%2Fchmod-i.yaml&path=%2F%2Fopt%2Falt%2Fruby18%2Fshare%2Fri%2F1.8%2Fsystem%2FPathname HTTP/1.1" 200 0 "-" "Mozilla/5.0 AppleWebKit/537.36 (KHTML, like Gecko; compatible; ClaudeBot/1.0; +claudebot@anthropic.com)"
216.73.216.157 - - [29/Oct/2025:08:33:34 -0400] "GET /?path=%2F%2Fopt%2Falt%2Fruby18%2Fshare%2Fri%2F1.8%2Fsystem%2FYAML%2FMapping HTTP/1.1" 200 0 "-" "Mozilla/5.0 AppleWebKit/537.36 (KHTML, like Gecko; compatible; ClaudeBot/1.0; +claudebot@anthropic.com)"
216.73.216.157 - - [29/Oct/2025:08:33:34 -0400] "GET /?fileloc=%2F%2Fopt%2Falt%2Fruby18%2Fshare%2Fri%2F1.8%2Fsystem%2FKernel%2Fproc-i.yaml&path=%2F%2Fopt%2Falt%2Fruby18%2Fshare%2Fri%2F1.8%2Fsystem%2FKernel HTTP/1.1" 200 0 "-" "Mozilla/5.0 AppleWebKit/537.36 (KHTML, like Gecko; compatible; ClaudeBot/1.0; +claudebot@anthropic.com)"
216.73.216.157 - - [29/Oct/2025:08:33:34 -0400] "GET /?fileloc=%2F%2Fopt%2Falt%2Fruby18%2Fshare%2Fri%2F1.8%2Fsystem%2FIRB%2Frc_file_generators-c.yaml&path=%2F%2Fopt%2Falt%2Fruby18%2Fshare%2Fri%2F1.8%2Fsystem%2FIRB HTTP/1.1" 200 0 "-" "Mozilla/5.0 AppleWebKit/537.36 (KHTML, like Gecko; compatible; ClaudeBot/1.0; +claudebot@anthropic.com)"
216.73.216.157 - - [29/Oct/2025:08:33:34 -0400] "GET /?path=%2F%2Fopt%2Falt%2Fruby18%2Fshare%2Fri%2F1.8%2Fsystem%2FRSS%2FConverter HTTP/1.1" 200 0 "-" "Mozilla/5.0 AppleWebKit/537.36 (KHTML, like Gecko; compatible; ClaudeBot/1.0; +claudebot@anthropic.com)"
66.249.65.197 - - [29/Oct/2025:08:33:35 -0400] "GET /?q=2148186115800&channel=199e08&from=https://creativefinishings.com/select.cgi?q-~141XIhZfIHBa728agZfF5ZPXfreMkI2KE46930/ HTTP/1.1" 200 0 "-" "Mozilla/5.0 (Linux; Android 6.0.1; Nexus 5X Build/MMB29P) AppleWebKit/537.36 (KHTML, like Gecko) Chrome/141.0.7390.122 Mobile Safari/537.36 (compatible; GoogleOther)"
216.73.216.157 - - [29/Oct/2025:08:33:35 -0400] "GET /?fileloc=%2F%2Fopt%2Falt%2Fruby18%2Fshare%2Fri%2F1.8%2Fsystem%2FDefaultDisplay%2Fdisplay_usage-i.yaml&path=%2F%2Fopt%2Falt%2Fruby18%2Fshare%2Fri%2F1.8%2Fsystem%2FDefaultDisplay HTTP/1.1" 200 0 "-" "Mozilla/5.0 AppleWebKit/537.36 (KHTML, like Gecko; compatible; ClaudeBot/1.0; +claudebot@anthropic.com)"
216.73.216.157 - - [29/Oct/2025:08:33:35 -0400] "GET /?fileloc=%2F%2Fopt%2Falt%2Fruby18%2Fshare%2Fri%2F1.8%2Fsystem%2FPathname%2Ftruncate-i.yaml&path=%2F%2Fopt%2Falt%2Fruby18%2Fshare%2Fri%2F1.8%2Fsystem%2FPathname HTTP/1.1" 200 0 "-" "Mozilla/5.0 AppleWebKit/537.36 (KHTML, like Gecko; compatible; ClaudeBot/1.0; +claudebot@anthropic.com)"
216.73.216.157 - - [29/Oct/2025:08:33:35 -0400] "GET /?path=%2F%2Fopt%2Falt%2Fruby18%2Fshare%2Fri%2F1.8%2Fsystem%2FSOAP%2FWSDLDriver HTTP/1.1" 200 0 "-" "Mozilla/5.0 AppleWebKit/537.36 (KHTML, like Gecko; compatible; ClaudeBot/1.0; +claudebot@anthropic.com)"
20.171.207.30 - - [29/Oct/2025:08:33:35 -0400] "GET /?path=//proc/self/root/proc/thread-self/root/proc/thread-self/root/proc/self/root/proc/self/root/proc/thread-self/root/proc/thread-self/root/proc/thread-self/root/proc/self/root/var/softaculous/tiki HTTP/1.1" 200 0 "-" "Mozilla/5.0 AppleWebKit/537.36 (KHTML, like Gecko; compatible; GPTBot/1.2; +https://openai.com/gptbot)"
44.208.223.68 - - [29/Oct/2025:08:33:38 -0400] "GET /portfolio-commercial/?path=//usr/lib/.build-id/10 HTTP/1.1" 200 0 "-" "Mozilla/5.0 AppleWebKit/537.36 (KHTML, like Gecko; compatible; Amazonbot/0.1; +https://developer.amazon.com/support/amazonbot) Chrome/119.0.6045.214 Safari/537.36"
3.230.69.161 - - [29/Oct/2025:08:33:38 -0400] "GET /beste-versorger-provision/?path=//proc/self/root/usr/share/myspell HTTP/1.1" 200 0 "-" "Mozilla/5.0 AppleWebKit/537.36 (KHTML, like Gecko; compatible; Amazonbot/0.1; +https://developer.amazon.com/support/amazonbot) Chrome/119.0.6045.214 Safari/537.36"
43.173.175.101 - - [29/Oct/2025:08:33:39 -0400] "GET /?fileloc=/home/creaqbdc/public_html/wp-content/wp-rocket-config/dynamic-lists-incompatible-plugins.json&path=/home/creaqbdc/public_html/wp-content/wp-rocket-config HTTP/1.1" 200 0 "http://creativefinishings.com/?fileloc=/home/creaqbdc/public_html/wp-content/wp-rocket-config/dynamic-lists-incompatible-plugins.json&path=/home/creaqbdc/public_html/wp-content/wp-rocket-config" "Mozilla/5.0 (Windows NT 6.1; Win64; x64) AppleWebKit/537.36 (KHTML, like Gecko) Chrome/126.0.6478.114 Safari/537.36"
20.171.207.30 - - [29/Oct/2025:08:33:39 -0400] "GET /?path=//proc/self/root/proc/thread-self/root/proc/thread-self/root/proc/self/root/proc/self/root/proc/thread-self/root/proc/thread-self/root/proc/thread-self/root/proc/self/root/var/softaculous/tangobb HTTP/1.1" 200 0 "-" "Mozilla/5.0 AppleWebKit/537.36 (KHTML, like Gecko; compatible; GPTBot/1.2; +https://openai.com/gptbot)"
66.249.65.197 - - [29/Oct/2025:08:33:39 -0400] "GET /q-~280fu7jszecIcrLK43wKfPdnKCDhzrF1v9387/?path=/ HTTP/1.1" 200 0 "-" "Mozilla/5.0 (Linux; Android 6.0.1; Nexus 5X Build/MMB29P) AppleWebKit/537.36 (KHTML, like Gecko) Chrome/141.0.7390.122 Mobile Safari/537.36 (compatible; GoogleOther)"
43.173.177.204 - - [29/Oct/2025:08:33:40 -0400] "GET /privacy?path=//var/www HTTP/1.1" 200 0 "-" "Mozilla/5.0 (Windows NT 6.1; Win64; x64) AppleWebKit/537.36 (KHTML, like Gecko) Chrome/126.0.6478.114 Safari/537.36"
43.173.181.195 - - [29/Oct/2025:08:33:41 -0400] "GET /services/?fileloc=/home/creaqbdc/lscmData/readme&path=/home/creaqbdc/lscmData HTTP/1.1" 200 0 "-" "Mozilla/5.0 (Windows NT 6.1; Win64; x64) AppleWebKit/537.36 (KHTML, like Gecko) Chrome/126.0.6478.114 Safari/537.36"
20.171.207.30 - - [29/Oct/2025:08:33:42 -0400] "GET /?path=//proc/self/root/proc/thread-self/root/proc/thread-self/root/proc/self/root/proc/self/root/proc/thread-self/root/proc/thread-self/root/proc/thread-self/root/proc/self/root/var/softaculous/phpjs HTTP/1.1" 200 0 "-" "Mozilla/5.0 AppleWebKit/537.36 (KHTML, like Gecko; compatible; GPTBot/1.2; +https://openai.com/gptbot)"
20.171.207.30 - - [29/Oct/2025:08:33:45 -0400] "GET /?path=//proc/self/root/proc/thread-self/root/proc/thread-self/root/proc/self/root/proc/self/root/proc/thread-self/root/proc/thread-self/root/proc/thread-self/root/proc/self/root/var/softaculous/hotaru/images HTTP/1.1" 200 0 "-" "Mozilla/5.0 AppleWebKit/537.36 (KHTML, like Gecko; compatible; GPTBot/1.2; +https://openai.com/gptbot)"
52.5.232.250 - - [29/Oct/2025:08:33:45 -0400] "GET /book-of-ra-magic-kostenlos-spielen-ohne-anmeldung/?path=//home/creaqbdc/lscache/a/3/0 HTTP/1.1" 200 0 "-" "Mozilla/5.0 AppleWebKit/537.36 (KHTML, like Gecko; compatible; Amazonbot/0.1; +https://developer.amazon.com/support/amazonbot) Chrome/119.0.6045.214 Safari/537.36"
3.219.80.71 - - [29/Oct/2025:08:33:46 -0400] "GET /beste-versorger-provision/?path=//opt/alt/alt-nodejs10/root/var/nis HTTP/1.1" 200 0 "-" "Mozilla/5.0 AppleWebKit/537.36 (KHTML, like Gecko; compatible; Amazonbot/0.1; +https://developer.amazon.com/support/amazonbot) Chrome/119.0.6045.214 Safari/537.36"
20.171.207.30 - - [29/Oct/2025:08:33:48 -0400] "GET /?path=//proc/self/root/proc/thread-self/root/proc/thread-self/root/proc/self/root/proc/self/root/proc/thread-self/root/proc/thread-self/root/proc/thread-self/root/proc/self/root/var/softaculous/eventum HTTP/1.1" 200 0 "-" "Mozilla/5.0 AppleWebKit/537.36 (KHTML, like Gecko; compatible; GPTBot/1.2; +https://openai.com/gptbot)"
3.229.95.193 - - [29/Oct/2025:08:33:50 -0400] "GET /beste-versorger-provision/?path=//opt/alt/alt-nodejs12/root/var/db HTTP/1.1" 200 0 "-" "Mozilla/5.0 AppleWebKit/537.36 (KHTML, like Gecko; compatible; Amazonbot/0.1; +https://developer.amazon.com/support/amazonbot) Chrome/119.0.6045.214 Safari/537.36"
20.171.207.30 - - [29/Oct/2025:08:33:51 -0400] "GET /?path=//proc/self/root/proc/thread-self/root/proc/thread-self/root/proc/self/root/proc/self/root/proc/thread-self/root/proc/thread-self/root/proc/thread-self/root/proc/self/root/var/softaculous/collab HTTP/1.1" 200 0 "-" "Mozilla/5.0 AppleWebKit/537.36 (KHTML, like Gecko; compatible; GPTBot/1.2; +https://openai.com/gptbot)"
20.171.207.30 - - [29/Oct/2025:08:33:54 -0400] "GET /?path=//proc/self/root/proc/thread-self/root/proc/thread-self/root/proc/self/root/proc/self/root/proc/thread-self/root/proc/thread-self/root/proc/thread-self/root/proc/self/root/var/softaculous/mantis HTTP/1.1" 200 0 "-" "Mozilla/5.0 AppleWebKit/537.36 (KHTML, like Gecko; compatible; GPTBot/1.2; +https://openai.com/gptbot)"
44.218.170.184 - - [29/Oct/2025:08:33:55 -0400] "GET /portfolio-residential/?path=//proc/self/root/var/php HTTP/1.1" 200 0 "-" "Mozilla/5.0 AppleWebKit/537.36 (KHTML, like Gecko; compatible; Amazonbot/0.1; +https://developer.amazon.com/support/amazonbot) Chrome/119.0.6045.214 Safari/537.36"
40.77.167.41 - - [29/Oct/2025:08:33:55 -0400] "GET /items/649203453.htm HTTP/1.1" 200 0 "-" "Mozilla/5.0 AppleWebKit/537.36 (KHTML, like Gecko; compatible; bingbot/2.0; +http://www.bing.com/bingbot.htm) Chrome/116.0.1938.76 Safari/537.36"
66.249.65.197 - - [29/Oct/2025:08:33:57 -0400] "GET /?q=2148186115800&channel=199e08&from=https://creativefinishings.com/select.cgi?q-~200uoOD9kvOqNK90SdkqXfELjrapFt7VW24933/ HTTP/1.1" 200 0 "-" "Mozilla/5.0 (Linux; Android 6.0.1; Nexus 5X Build/MMB29P) AppleWebKit/537.36 (KHTML, like Gecko) Chrome/141.0.7390.122 Mobile Safari/537.36 (compatible; GoogleOther)"
20.171.207.30 - - [29/Oct/2025:08:33:57 -0400] "GET /?path=//proc/self/root/proc/thread-self/root/proc/thread-self/root/proc/self/root/proc/self/root/proc/thread-self/root/proc/thread-self/root/proc/thread-self/root/proc/self/root/var/softaculous/yourls HTTP/1.1" 200 0 "-" "Mozilla/5.0 AppleWebKit/537.36 (KHTML, like Gecko; compatible; GPTBot/1.2; +https://openai.com/gptbot)"
44.221.180.179 - - [29/Oct/2025:08:33:58 -0400] "GET /beste-versorger-provision/?path=//proc/self/root/lib/.build-id/80 HTTP/1.1" 200 0 "-" "Mozilla/5.0 AppleWebKit/537.36 (KHTML, like Gecko; compatible; Amazonbot/0.1; +https://developer.amazon.com/support/amazonbot) Chrome/119.0.6045.214 Safari/537.36"
66.249.65.197 - - [29/Oct/2025:08:33:58 -0400] "GET /zhHant/product/surugaya/C2453456712?path=//var/softaculous/ninja4/php53 HTTP/1.1" 200 0 "-" "Mozilla/5.0 (Linux; Android 6.0.1; Nexus 5X Build/MMB29P) AppleWebKit/537.36 (KHTML, like Gecko) Chrome/141.0.7390.122 Mobile Safari/537.36 (compatible; GoogleOther)"
20.171.207.30 - - [29/Oct/2025:08:34:01 -0400] "GET /?path=//proc/self/root/proc/thread-self/root/proc/thread-self/root/proc/self/root/proc/self/root/proc/thread-self/root/proc/thread-self/root/proc/thread-self/root/proc/self/root/var/softaculous/zikula HTTP/1.1" 200 0 "-" "Mozilla/5.0 AppleWebKit/537.36 (KHTML, like Gecko; compatible; GPTBot/1.2; +https://openai.com/gptbot)"
44.212.131.50 - - [29/Oct/2025:08:34:03 -0400] "GET /beste-versorger-provision/?path=//proc/self/root/usr/share/GeoIP HTTP/1.1" 200 0 "-" "Mozilla/5.0 AppleWebKit/537.36 (KHTML, like Gecko; compatible; Amazonbot/0.1; +https://developer.amazon.com/support/amazonbot) Chrome/119.0.6045.214 Safari/537.36"
66.249.65.198 - - [29/Oct/2025:08:34:03 -0400] "GET /e-cle-3310270100-000014305813100 HTTP/1.1" 200 0 "-" "Mozilla/5.0 (Linux; Android 6.0.1; Nexus 5X Build/MMB29P) AppleWebKit/537.36 (KHTML, like Gecko) Chrome/141.0.7390.122 Mobile Safari/537.36 (compatible; GoogleOther)"
20.171.207.30 - - [29/Oct/2025:08:34:04 -0400] "GET /?path=//proc/self/root/proc/thread-self/root/proc/thread-self/root/proc/self/root/proc/self/root/proc/thread-self/root/proc/thread-self/root/proc/thread-self/root/proc/self/root/opt/cpanel/libmcrypt/man HTTP/1.1" 200 0 "-" "Mozilla/5.0 AppleWebKit/537.36 (KHTML, like Gecko; compatible; GPTBot/1.2; +https://openai.com/gptbot)"
20.171.207.30 - - [29/Oct/2025:08:34:07 -0400] "GET /?path=//proc/self/root/proc/thread-self/root/proc/thread-self/root/proc/self/root/proc/self/root/proc/thread-self/root/proc/thread-self/root/proc/thread-self/root/proc/self/root/var/softaculous/cftp/images HTTP/1.1" 200 0 "-" "Mozilla/5.0 AppleWebKit/537.36 (KHTML, like Gecko; compatible; GPTBot/1.2; +https://openai.com/gptbot)"
40.77.167.121 - - [29/Oct/2025:08:34:08 -0400] "GET /items/401793754.htm HTTP/1.1" 200 0 "-" "Mozilla/5.0 AppleWebKit/537.36 (KHTML, like Gecko; compatible; bingbot/2.0; +http://www.bing.com/bingbot.htm) Chrome/116.0.1938.76 Safari/537.36"
54.225.81.20 - - [29/Oct/2025:08:34:08 -0400] "GET /portfolio-commercial/?path=//usr/lib/.build-id/ae HTTP/1.1" 200 0 "-" "Mozilla/5.0 AppleWebKit/537.36 (KHTML, like Gecko; compatible; Amazonbot/0.1; +https://developer.amazon.com/support/amazonbot) Chrome/119.0.6045.214 Safari/537.36"
20.171.207.30 - - [29/Oct/2025:08:34:10 -0400] "GET /?path=//proc/self/root/proc/thread-self/root/proc/thread-self/root/proc/self/root/proc/self/root/proc/thread-self/root/proc/thread-self/root/proc/thread-self/root/proc/self/root/var/cpanel/userdata/creaqbdc HTTP/1.1" 200 0 "-" "Mozilla/5.0 AppleWebKit/537.36 (KHTML, like Gecko; compatible; GPTBot/1.2; +https://openai.com/gptbot)"
20.171.207.30 - - [29/Oct/2025:08:34:13 -0400] "GET /?path=//proc/self/root/proc/thread-self/root/proc/thread-self/root/proc/self/root/proc/self/root/proc/thread-self/root/proc/thread-self/root/proc/thread-self/root/proc/self/root/var/softaculous/ninja HTTP/1.1" 200 0 "-" "Mozilla/5.0 AppleWebKit/537.36 (KHTML, like Gecko; compatible; GPTBot/1.2; +https://openai.com/gptbot)"
98.83.8.142 - - [29/Oct/2025:08:34:13 -0400] "GET /the-internet-games-are-available-towards-a-professional-internet-casino/?path=//opt/plesk/php/8.3/lib64/php/modules HTTP/1.1" 200 0 "-" "Mozilla/5.0 AppleWebKit/537.36 (KHTML, like Gecko; compatible; Amazonbot/0.1; +https://developer.amazon.com/support/amazonbot) Chrome/119.0.6045.214 Safari/537.36"
43.173.181.180 - - [29/Oct/2025:08:34:15 -0400] "GET /to-your-an-attractive-move-idioms-by-100-percent-free-dictionary/feed/?path=/home/creaqbdc/public_html/wp-content HTTP/1.1" 200 0 "-" "Mozilla/5.0 (Windows NT 6.1; Win64; x64) AppleWebKit/537.36 (KHTML, like Gecko) Chrome/126.0.6478.114 Safari/537.36"
43.173.178.138 - - [29/Oct/2025:08:34:16 -0400] "GET /portfolio-residential/?fileloc=/home/creaqbdc/mail/mailbox_format.cpanel&path=/home/creaqbdc/mail HTTP/1.1" 200 0 "-" "Mozilla/5.0 (Windows NT 6.1; Win64; x64) AppleWebKit/537.36 (KHTML, like Gecko) Chrome/126.0.6478.114 Safari/537.36"
20.171.207.30 - - [29/Oct/2025:08:34:16 -0400] "GET /?path=//proc/self/root/proc/thread-self/root/proc/thread-self/root/proc/self/root/proc/self/root/proc/thread-self/root/proc/thread-self/root/proc/thread-self/root/proc/self/root/var/softaculous/oscom/images HTTP/1.1" 200 0 "-" "Mozilla/5.0 AppleWebKit/537.36 (KHTML, like Gecko; compatible; GPTBot/1.2; +https://openai.com/gptbot)"
54.84.93.8 - - [29/Oct/2025:08:34:17 -0400] "GET /portfolio-commercial?path=//opt/alt/php71/usr/include/php/main/streams HTTP/1.1" 200 0 "-" "Mozilla/5.0 AppleWebKit/537.36 (KHTML, like Gecko; compatible; Amazonbot/0.1; +https://developer.amazon.com/support/amazonbot) Chrome/119.0.6045.214 Safari/537.36"
43.173.180.25 - - [29/Oct/2025:08:34:18 -0400] "GET /commercial/?path=/home/creaqbdc/public_html/wp-content/plugins/wp-cybertechnology-information HTTP/1.1" 200 0 "-" "Mozilla/5.0 (Windows NT 6.1; Win64; x64) AppleWebKit/537.36 (KHTML, like Gecko) Chrome/126.0.6478.114 Safari/537.36"
69.197.179.242 - - [29/Oct/2025:08:34:17 -0400] "GET /wp-includes/plf56b4b/edit.php?id=421356 HTTP/1.1" 200 0 "https://creativefinishings.com/wp-includes/plf56b4b/edit.php?id=421356" "Mozilla/5.0 (Windows NT 10.0; Win64; x64) AppleWebKit/537.36 (KHTML, like Gecko) Chrome/58.0.3029.110 Safari/537.3"
43.173.181.162 - - [29/Oct/2025:08:34:20 -0400] "GET /kitchen-wrapping-dubai-cost/?fileloc=/home/creaqbdc/.cpanel/email_accounts.json&path=/home/creaqbdc/.cpanel HTTP/1.1" 200 0 "-" "Mozilla/5.0 (Windows NT 6.1; Win64; x64) AppleWebKit/537.36 (KHTML, like Gecko) Chrome/126.0.6478.114 Safari/537.36"
23.22.105.143 - - [29/Oct/2025:08:34:20 -0400] "GET /beste-versorger-provision/?path=//proc/self/root/usr/share/modulefiles HTTP/1.1" 200 0 "-" "Mozilla/5.0 AppleWebKit/537.36 (KHTML, like Gecko; compatible; Amazonbot/0.1; +https://developer.amazon.com/support/amazonbot) Chrome/119.0.6045.214 Safari/537.36"
20.171.207.30 - - [29/Oct/2025:08:34:20 -0400] "GET /?path=//proc/self/root/proc/thread-self/root/proc/thread-self/root/proc/self/root/proc/self/root/proc/thread-self/root/proc/thread-self/root/proc/thread-self/root/proc/self/root/var/softaculous/dhtmlx/images HTTP/1.1" 200 0 "-" "Mozilla/5.0 AppleWebKit/537.36 (KHTML, like Gecko; compatible; GPTBot/1.2; +https://openai.com/gptbot)"
66.249.65.197 - - [29/Oct/2025:08:34:21 -0400] "GET /zhHant/product/surugaya/C2453456712?fileloc=//usr/share/man/man5/e2fsck.conf.5.gz&path=//usr/share/man/man5 HTTP/1.1" 200 0 "-" "Mozilla/5.0 (Linux; Android 6.0.1; Nexus 5X Build/MMB29P) AppleWebKit/537.36 (KHTML, like Gecko) Chrome/141.0.7390.122 Mobile Safari/537.36 (compatible; GoogleOther)"
43.173.178.2 - - [29/Oct/2025:08:34:22 -0400] "GET /brown-to-white-kitchen-vinyl-wrap-creative-finishings/?fileloc=/home/creaqbdc/www/.htaccess&path=/home/creaqbdc/www HTTP/1.1" 403 1242 "-" "Mozilla/5.0 (Windows NT 6.1; Win64; x64) AppleWebKit/537.36 (KHTML, like Gecko) Chrome/126.0.6478.114 Safari/537.36"
54.157.84.74 - - [29/Oct/2025:08:34:22 -0400] "GET /portfolio-commercial/?path=//lib64/python2.7/distutils/command HTTP/1.1" 200 0 "-" "Mozilla/5.0 AppleWebKit/537.36 (KHTML, like Gecko; compatible; Amazonbot/0.1; +https://developer.amazon.com/support/amazonbot) Chrome/119.0.6045.214 Safari/537.36"
20.171.207.30 - - [29/Oct/2025:08:34:23 -0400] "GET /?path=//proc/self/root/proc/thread-self/root/proc/thread-self/root/proc/self/root/proc/self/root/proc/thread-self/root/proc/thread-self/root/proc/thread-self/root/proc/self/root/var/softaculous/impleo/images HTTP/1.1" 200 0 "-" "Mozilla/5.0 AppleWebKit/537.36 (KHTML, like Gecko; compatible; GPTBot/1.2; +https://openai.com/gptbot)"
66.249.65.197 - - [29/Oct/2025:08:34:25 -0400] "GET /q-~282aSTeddDCcRhkn9z6GLg3uYLZHjHDRe34315/?path=/home/creaqbdc/public_html/tmp HTTP/1.1" 200 0 "-" "Mozilla/5.0 (Linux; Android 6.0.1; Nexus 5X Build/MMB29P) AppleWebKit/537.36 (KHTML, like Gecko) Chrome/141.0.7390.122 Mobile Safari/537.36 (compatible; GoogleOther)"
20.171.207.30 - - [29/Oct/2025:08:34:26 -0400] "GET /?path=//proc/self/root/proc/thread-self/root/proc/thread-self/root/proc/self/root/proc/self/root/proc/thread-self/root/proc/thread-self/root/proc/thread-self/root/proc/self/root/var/softaculous/faveo/images HTTP/1.1" 200 0 "-" "Mozilla/5.0 AppleWebKit/537.36 (KHTML, like Gecko; compatible; GPTBot/1.2; +https://openai.com/gptbot)"
43.166.247.82 - - [29/Oct/2025:08:34:27 -0400] "GET /?fileloc=/home/creaqbdc/public_html/wp-settings.php&path=/home/creaqbdc/public_html HTTP/1.1" 200 0 "-" "Mozilla/5.0 (iPhone; CPU iPhone OS 13_2_3 like Mac OS X) AppleWebKit/605.1.15 (KHTML, like Gecko) Version/13.0.3 Mobile/15E148 Safari/604.1"
52.71.216.196 - - [29/Oct/2025:08:34:28 -0400] "GET /freispiele-blos-einzahlung2025-beste-freespins-kostenfrei/?path=//opt/alt/alt-nodejs19/root/var/spool HTTP/1.1" 200 0 "-" "Mozilla/5.0 AppleWebKit/537.36 (KHTML, like Gecko; compatible; Amazonbot/0.1; +https://developer.amazon.com/support/amazonbot) Chrome/119.0.6045.214 Safari/537.36"
20.171.207.30 - - [29/Oct/2025:08:34:29 -0400] "GET /?path=//proc/self/root/proc/thread-self/root/proc/thread-self/root/proc/self/root/proc/self/root/proc/thread-self/root/proc/thread-self/root/proc/thread-self/root/proc/self/root/var/softaculous/nuked HTTP/1.1" 200 0 "-" "Mozilla/5.0 AppleWebKit/537.36 (KHTML, like Gecko; compatible; GPTBot/1.2; +https://openai.com/gptbot)"
20.171.207.30 - - [29/Oct/2025:08:34:32 -0400] "GET /?path=//proc/self/root/proc/thread-self/root/proc/thread-self/root/proc/self/root/proc/self/root/proc/thread-self/root/proc/thread-self/root/proc/thread-self/root/proc/self/root/var/softaculous/schlix HTTP/1.1" 200 0 "-" "Mozilla/5.0 AppleWebKit/537.36 (KHTML, like Gecko; compatible; GPTBot/1.2; +https://openai.com/gptbot)"
54.80.73.122 - - [29/Oct/2025:08:34:33 -0400] "GET /portfolio-commercial?path=//home/creaqbdc/.cagefs/var/cpanel/php/sessions/ea-php74 HTTP/1.1" 200 0 "-" "Mozilla/5.0 AppleWebKit/537.36 (KHTML, like Gecko; compatible; Amazonbot/0.1; +https://developer.amazon.com/support/amazonbot) Chrome/119.0.6045.214 Safari/537.36"
20.171.207.30 - - [29/Oct/2025:08:34:35 -0400] "GET /?path=//proc/self/root/proc/thread-self/root/proc/thread-self/root/proc/self/root/proc/self/root/proc/thread-self/root/proc/thread-self/root/proc/thread-self/root/proc/self/root/var/softaculous/jszip HTTP/1.1" 200 0 "-" "Mozilla/5.0 AppleWebKit/537.36 (KHTML, like Gecko; compatible; GPTBot/1.2; +https://openai.com/gptbot)"
54.88.84.219 - - [29/Oct/2025:08:34:36 -0400] "GET /freispiele-blos-einzahlung2025-beste-freespins-kostenfrei/?path=//opt/cpanel/ea-php71/root/dev HTTP/1.1" 200 0 "-" "Mozilla/5.0 AppleWebKit/537.36 (KHTML, like Gecko; compatible; Amazonbot/0.1; +https://developer.amazon.com/support/amazonbot) Chrome/119.0.6045.214 Safari/537.36"
20.171.207.30 - - [29/Oct/2025:08:34:38 -0400] "GET /?path=//proc/self/root/proc/thread-self/root/proc/thread-self/root/proc/self/root/proc/self/root/proc/thread-self/root/proc/thread-self/root/proc/thread-self/root/proc/self/root/var/softaculous/blesta HTTP/1.1" 200 0 "-" "Mozilla/5.0 AppleWebKit/537.36 (KHTML, like Gecko; compatible; GPTBot/1.2; +https://openai.com/gptbot)"
66.249.65.197 - - [29/Oct/2025:08:34:41 -0400] "GET /q-~108ZMtcSH59UqdM1RiXnm0Uwtgv4fh1TQ8021/ HTTP/1.1" 200 0 "-" "Mozilla/5.0 (Linux; Android 6.0.1; Nexus 5X Build/MMB29P) AppleWebKit/537.36 (KHTML, like Gecko) Chrome/141.0.7390.122 Mobile Safari/537.36 (compatible; GoogleOther)"
20.171.207.30 - - [29/Oct/2025:08:34:41 -0400] "GET /?path=//proc/self/root/proc/thread-self/root/proc/thread-self/root/proc/self/root/proc/self/root/proc/thread-self/root/proc/thread-self/root/proc/thread-self/root/proc/self/root/proc/self/root/usr/include/fontconfig HTTP/1.1" 200 0 "-" "Mozilla/5.0 AppleWebKit/537.36 (KHTML, like Gecko; compatible; GPTBot/1.2; +https://openai.com/gptbot)"
98.84.131.195 - - [29/Oct/2025:08:34:41 -0400] "GET /freispiele-blos-einzahlung2025-beste-freespins-kostenfrei/?path=//opt/alt/alt-nodejs19/root/var/gopher HTTP/1.1" 200 0 "-" "Mozilla/5.0 AppleWebKit/537.36 (KHTML, like Gecko; compatible; Amazonbot/0.1; +https://developer.amazon.com/support/amazonbot) Chrome/119.0.6045.214 Safari/537.36"
100.24.149.244 - - [29/Oct/2025:08:34:43 -0400] "GET /main/?path=//opt/cloudlinux/venv/lib/python3.11/site-packages/PyJWT-2.8.0.dist-info HTTP/1.1" 200 0 "-" "Mozilla/5.0 AppleWebKit/537.36 (KHTML, like Gecko; compatible; Amazonbot/0.1; +https://developer.amazon.com/support/amazonbot) Chrome/119.0.6045.214 Safari/537.36"
66.249.65.197 - - [29/Oct/2025:08:34:45 -0400] "GET /zhHant/product/surugaya/C2453456712?fileloc=//usr/share/man/man5/sysctl.conf.5.gz&path=//usr/share/man/man5 HTTP/1.1" 200 0 "-" "Mozilla/5.0 (Linux; Android 6.0.1; Nexus 5X Build/MMB29P) AppleWebKit/537.36 (KHTML, like Gecko) Chrome/141.0.7390.122 Mobile Safari/537.36 (compatible; GoogleOther)"
20.171.207.30 - - [29/Oct/2025:08:34:45 -0400] "GET /?path=//proc/self/root/proc/thread-self/root/proc/thread-self/root/proc/self/root/proc/self/root/proc/thread-self/root/proc/thread-self/root/proc/thread-self/root/proc/self/root/var/softaculous/wonder HTTP/1.1" 200 0 "-" "Mozilla/5.0 AppleWebKit/537.36 (KHTML, like Gecko; compatible; GPTBot/1.2; +https://openai.com/gptbot)"
50.17.193.48 - - [29/Oct/2025:08:34:46 -0400] "GET /a-cosmic-journey-through-the-realm-of-space-xy/?path=//opt/cloudlinux/venv/lib/python3.11/site-packages/flake8-5.0.4.dist-info HTTP/1.1" 200 0 "-" "Mozilla/5.0 AppleWebKit/537.36 (KHTML, like Gecko; compatible; Amazonbot/0.1; +https://developer.amazon.com/support/amazonbot) Chrome/119.0.6045.214 Safari/537.36"
114.119.158.128 - - [29/Oct/2025:08:34:47 -0400] "GET /slot-spirit-of-adventure-by-pragmatic-play-demo-free-play?fileloc=/home/creaqbdc/public_html/wp-admin/theme-editor.php&path=/home/creaqbdc/public_html/wp-admin HTTP/1.1" 200 0 "-" "Mozilla/5.0 (Linux; Android 7.0;) AppleWebKit/537.36 (KHTML, like Gecko) Mobile Safari/537.36 (compatible; PetalBot;+https://webmaster.petalsearch.com/site/petalbot)"
20.171.207.30 - - [29/Oct/2025:08:34:48 -0400] "GET /?path=//proc/self/root/proc/thread-self/root/proc/thread-self/root/proc/self/root/proc/self/root/proc/thread-self/root/proc/thread-self/root/proc/thread-self/root/proc/self/root/var/softaculous/kimai HTTP/1.1" 200 0 "-" "Mozilla/5.0 AppleWebKit/537.36 (KHTML, like Gecko; compatible; GPTBot/1.2; +https://openai.com/gptbot)"
20.171.207.30 - - [29/Oct/2025:08:34:51 -0400] "GET /?path=//proc/self/root/proc/thread-self/root/proc/thread-self/root/proc/self/root/proc/self/root/proc/thread-self/root/proc/thread-self/root/proc/thread-self/root/proc/self/root/var/softaculous/icehrm/images HTTP/1.1" 200 0 "-" "Mozilla/5.0 AppleWebKit/537.36 (KHTML, like Gecko; compatible; GPTBot/1.2; +https://openai.com/gptbot)"
3.209.174.110 - - [29/Oct/2025:08:34:52 -0400] "GET /spielbank-pramie-ohne-einzahlung-beste-no-vorleistung-boni-2025/?path=//opt/cloudlinux/alt-php72/root/etc/php.d.all.def HTTP/1.1" 403 1242 "-" "Mozilla/5.0 AppleWebKit/537.36 (KHTML, like Gecko; compatible; Amazonbot/0.1; +https://developer.amazon.com/support/amazonbot) Chrome/119.0.6045.214 Safari/537.36"
20.171.207.30 - - [29/Oct/2025:08:34:54 -0400] "GET /?path=//proc/self/root/proc/thread-self/root/proc/thread-self/root/proc/self/root/proc/self/root/proc/thread-self/root/proc/thread-self/root/proc/thread-self/root/proc/self/root/var/softaculous/feng/images HTTP/1.1" 200 0 "-" "Mozilla/5.0 AppleWebKit/537.36 (KHTML, like Gecko; compatible; GPTBot/1.2; +https://openai.com/gptbot)"
3.232.39.98 - - [29/Oct/2025:08:34:55 -0400] "GET /beste-versorger-provision/?path=//opt/alt/alt-nodejs16/root/var/games HTTP/1.1" 200 0 "-" "Mozilla/5.0 AppleWebKit/537.36 (KHTML, like Gecko; compatible; Amazonbot/0.1; +https://developer.amazon.com/support/amazonbot) Chrome/119.0.6045.214 Safari/537.36"
3.226.34.98 - - [29/Oct/2025:08:34:57 -0400] "GET /beste-versorger-provision/?path=//proc/self/root/lib/.build-id/f9 HTTP/1.1" 200 0 "-" "Mozilla/5.0 AppleWebKit/537.36 (KHTML, like Gecko; compatible; Amazonbot/0.1; +https://developer.amazon.com/support/amazonbot) Chrome/119.0.6045.214 Safari/537.36"
20.171.207.30 - - [29/Oct/2025:08:34:57 -0400] "GET /?path=//proc/self/root/proc/thread-self/root/proc/thread-self/root/proc/self/root/proc/self/root/proc/thread-self/root/proc/thread-self/root/proc/thread-self/root/proc/self/root/var/softaculous/beehive HTTP/1.1" 200 0 "-" "Mozilla/5.0 AppleWebKit/537.36 (KHTML, like Gecko; compatible; GPTBot/1.2; +https://openai.com/gptbot)"
20.171.207.30 - - [29/Oct/2025:08:35:01 -0400] "GET /?path=//proc/self/root/proc/thread-self/root/proc/thread-self/root/proc/self/root/proc/self/root/proc/thread-self/root/proc/thread-self/root/proc/thread-self/root/proc/self/root/var/softaculous/claro/images HTTP/1.1" 200 0 "-" "Mozilla/5.0 AppleWebKit/537.36 (KHTML, like Gecko; compatible; GPTBot/1.2; +https://openai.com/gptbot)"
44.215.61.66 - - [29/Oct/2025:08:35:01 -0400] "GET /beste-versorger-provision/?path=//proc/self/root/lib/.build-id/b4 HTTP/1.1" 200 0 "-" "Mozilla/5.0 AppleWebKit/537.36 (KHTML, like Gecko; compatible; Amazonbot/0.1; +https://developer.amazon.com/support/amazonbot) Chrome/119.0.6045.214 Safari/537.36"
66.249.65.197 - - [29/Oct/2025:08:35:03 -0400] "GET /q-~190gJxZdr1FgOeKiKScxNSJrO9vASoizY40251/ HTTP/1.1" 200 0 "-" "Mozilla/5.0 (Linux; Android 6.0.1; Nexus 5X Build/MMB29P) AppleWebKit/537.36 (KHTML, like Gecko) Chrome/141.0.7390.122 Mobile Safari/537.36 (compatible; GoogleOther)"
20.171.207.30 - - [29/Oct/2025:08:35:04 -0400] "GET /?path=//proc/self/root/proc/thread-self/root/proc/thread-self/root/proc/self/root/proc/self/root/proc/thread-self/root/proc/thread-self/root/proc/thread-self/root/proc/self/root/var/softaculous/mautic/images HTTP/1.1" 200 0 "-" "Mozilla/5.0 AppleWebKit/537.36 (KHTML, like Gecko; compatible; GPTBot/1.2; +https://openai.com/gptbot)"
20.171.207.30 - - [29/Oct/2025:08:35:07 -0400] "GET /?path=//proc/self/root/proc/thread-self/root/proc/thread-self/root/proc/self/root/proc/self/root/proc/thread-self/root/proc/thread-self/root/proc/thread-self/root/proc/self/root/var/softaculous/vtiger HTTP/1.1" 200 0 "-" "Mozilla/5.0 AppleWebKit/537.36 (KHTML, like Gecko; compatible; GPTBot/1.2; +https://openai.com/gptbot)"
18.211.39.188 - - [29/Oct/2025:08:35:08 -0400] "GET /beste-versorger-provision/?path=//opt/alt/php84/usr/share HTTP/1.1" 200 0 "-" "Mozilla/5.0 AppleWebKit/537.36 (KHTML, like Gecko; compatible; Amazonbot/0.1; +https://developer.amazon.com/support/amazonbot) Chrome/119.0.6045.214 Safari/537.36"
66.249.65.197 - - [29/Oct/2025:08:35:09 -0400] "GET /zhHant/product/surugaya/C2453456712?fileloc=//lib64/xtables/libipt_SNAT.so&path=//lib64/xtables HTTP/1.1" 200 0 "-" "Mozilla/5.0 (Linux; Android 6.0.1; Nexus 5X Build/MMB29P) AppleWebKit/537.36 (KHTML, like Gecko) Chrome/141.0.7390.122 Mobile Safari/537.36 (compatible; GoogleOther)"
20.171.207.30 - - [29/Oct/2025:08:35:10 -0400] "GET /?path=//proc/self/root/proc/thread-self/root/proc/thread-self/root/proc/self/root/proc/self/root/proc/thread-self/root/proc/thread-self/root/proc/thread-self/root/proc/self/root/var/softaculous/zend HTTP/1.1" 200 0 "-" "Mozilla/5.0 AppleWebKit/537.36 (KHTML, like Gecko; compatible; GPTBot/1.2; +https://openai.com/gptbot)"
66.249.65.198 - - [29/Oct/2025:08:35:12 -0400] "GET /q-~262vDESz9b6eA6BsHjT2MYy9N5ucDH2rU28419/ HTTP/1.1" 200 0 "-" "Mozilla/5.0 (Linux; Android 6.0.1; Nexus 5X Build/MMB29P) AppleWebKit/537.36 (KHTML, like Gecko) Chrome/141.0.7390.122 Mobile Safari/537.36 (compatible; GoogleOther)"
54.84.102.81 - - [29/Oct/2025:08:35:13 -0400] "GET /beste-versorger-provision/?path=//proc/self/root/lib/.build-id/19 HTTP/1.1" 200 0 "-" "Mozilla/5.0 AppleWebKit/537.36 (KHTML, like Gecko; compatible; Amazonbot/0.1; +https://developer.amazon.com/support/amazonbot) Chrome/119.0.6045.214 Safari/537.36"
20.171.207.30 - - [29/Oct/2025:08:35:13 -0400] "GET /?path=//proc/self/root/proc/thread-self/root/proc/thread-self/root/proc/self/root/proc/self/root/proc/thread-self/root/proc/thread-self/root/proc/thread-self/root/proc/self/root/var/softaculous/logic HTTP/1.1" 200 0 "-" "Mozilla/5.0 AppleWebKit/537.36 (KHTML, like Gecko; compatible; GPTBot/1.2; +https://openai.com/gptbot)"
34.231.45.47 - - [29/Oct/2025:08:35:14 -0400] "GET /a-journey-through-timeless-realms-in-crash-x-game/?path=//opt/cloudlinux/venv/lib/python3.11/site-packages/pip-25.0.1.dist-info HTTP/1.1" 200 0 "-" "Mozilla/5.0 AppleWebKit/537.36 (KHTML, like Gecko; compatible; Amazonbot/0.1; +https://developer.amazon.com/support/amazonbot) Chrome/119.0.6045.214 Safari/537.36"
20.171.207.30 - - [29/Oct/2025:08:35:16 -0400] "GET /?path=//proc/self/root/proc/thread-self/root/proc/thread-self/root/proc/self/root/proc/self/root/proc/thread-self/root/proc/thread-self/root/proc/thread-self/root/proc/self/root/var/softaculous/whmcs HTTP/1.1" 200 0 "-" "Mozilla/5.0 AppleWebKit/537.36 (KHTML, like Gecko; compatible; GPTBot/1.2; +https://openai.com/gptbot)"
20.171.207.30 - - [29/Oct/2025:08:35:20 -0400] "GET /?path=//proc/self/root/proc/thread-self/root/proc/thread-self/root/proc/self/root/proc/self/root/proc/thread-self/root/proc/thread-self/root/proc/thread-self/root/proc/self/root/var/softaculous/jquery HTTP/1.1" 200 0 "-" "Mozilla/5.0 AppleWebKit/537.36 (KHTML, like Gecko; compatible; GPTBot/1.2; +https://openai.com/gptbot)"
18.232.12.157 - - [29/Oct/2025:08:35:21 -0400] "GET /a-journey-through-timeless-realms-in-crash-x-game/?path=//opt/cloudlinux/venv/lib/python3.11/site-packages/pytest_snapshot HTTP/1.1" 200 0 "-" "Mozilla/5.0 AppleWebKit/537.36 (KHTML, like Gecko; compatible; Amazonbot/0.1; +https://developer.amazon.com/support/amazonbot) Chrome/119.0.6045.214 Safari/537.36"
20.171.207.30 - - [29/Oct/2025:08:35:23 -0400] "GET /?path=//proc/self/root/proc/thread-self/root/proc/thread-self/root/proc/self/root/proc/self/root/proc/thread-self/root/proc/thread-self/root/proc/thread-self/root/proc/self/root/var/softaculous/zen/images HTTP/1.1" 200 0 "-" "Mozilla/5.0 AppleWebKit/537.36 (KHTML, like Gecko; compatible; GPTBot/1.2; +https://openai.com/gptbot)"
184.73.239.35 - - [29/Oct/2025:08:35:24 -0400] "GET /portfolio-commercial/?path=//proc/self/net/stat HTTP/1.1" 200 0 "-" "Mozilla/5.0 AppleWebKit/537.36 (KHTML, like Gecko; compatible; Amazonbot/0.1; +https://developer.amazon.com/support/amazonbot) Chrome/119.0.6045.214 Safari/537.36"
216.73.216.157 - - [29/Oct/2025:08:35:25 -0400] "GET /?path=%2F%2Fopt%2Falt%2Fruby18%2Fshare%2Fri%2F1.8%2Fsystem%2FIconv%2FIllegalSequence HTTP/1.1" 200 0 "-" "Mozilla/5.0 AppleWebKit/537.36 (KHTML, like Gecko; compatible; ClaudeBot/1.0; +claudebot@anthropic.com)"
216.73.216.157 - - [29/Oct/2025:08:35:25 -0400] "GET /?fileloc=%2F%2Fopt%2Falt%2Fruby18%2Fshare%2Fri%2F1.8%2Fsystem%2FRinda%2Fcdesc-Rinda.yaml&path=%2F%2Fopt%2Falt%2Fruby18%2Fshare%2Fri%2F1.8%2Fsystem%2FRinda HTTP/1.1" 200 0 "-" "Mozilla/5.0 AppleWebKit/537.36 (KHTML, like Gecko; compatible; ClaudeBot/1.0; +claudebot@anthropic.com)"
216.73.216.157 - - [29/Oct/2025:08:35:25 -0400] "GET /?fileloc=%2F%2Fopt%2Falt%2Fruby18%2Fshare%2Fri%2F1.8%2Fsystem%2FBignum%2F%3D%3D-i.yaml&path=%2F%2Fopt%2Falt%2Fruby18%2Fshare%2Fri%2F1.8%2Fsystem%2FBignum HTTP/1.1" 200 0 "-" "Mozilla/5.0 AppleWebKit/537.36 (KHTML, like Gecko; compatible; ClaudeBot/1.0; +claudebot@anthropic.com)"
216.73.216.157 - - [29/Oct/2025:08:35:25 -0400] "GET /?fileloc=%2F%2Fopt%2Falt%2Fruby18%2Fshare%2Fri%2F1.8%2Fsystem%2FBignum%2Fremainder-i.yaml&path=%2F%2Fopt%2Falt%2Fruby18%2Fshare%2Fri%2F1.8%2Fsystem%2FBignum HTTP/1.1" 200 0 "-" "Mozilla/5.0 AppleWebKit/537.36 (KHTML, like Gecko; compatible; ClaudeBot/1.0; +claudebot@anthropic.com)"
216.73.216.157 - - [29/Oct/2025:08:35:26 -0400] "GET /?fileloc=%2F%2Fopt%2Falt%2Fruby18%2Fshare%2Fri%2F1.8%2Fsystem%2FBignum%2F%2A%2A-i.yaml&path=%2F%2Fopt%2Falt%2Fruby18%2Fshare%2Fri%2F1.8%2Fsystem%2FBignum HTTP/1.1" 200 0 "-" "Mozilla/5.0 AppleWebKit/537.36 (KHTML, like Gecko; compatible; ClaudeBot/1.0; +claudebot@anthropic.com)"
216.73.216.157 - - [29/Oct/2025:08:35:26 -0400] "GET /?fileloc=%2F%2Fopt%2Falt%2Fruby33%2Fshare%2Fgems%2Fgems%2Fbundler-2.5.22%2Fexe%2Fbundler&path=%2F%2Fopt%2Falt%2Fruby33%2Fshare%2Fgems%2Fgems%2Fbundler-2.5.22%2Fexe HTTP/1.1" 200 0 "-" "Mozilla/5.0 AppleWebKit/537.36 (KHTML, like Gecko; compatible; ClaudeBot/1.0; +claudebot@anthropic.com)"
66.249.65.197 - - [29/Oct/2025:08:35:26 -0400] "GET /q-~73XXm2pUg0GEjLkHyjFYKZpAYL247liX10692/ HTTP/1.1" 200 0 "-" "Mozilla/5.0 (Linux; Android 6.0.1; Nexus 5X Build/MMB29P) AppleWebKit/537.36 (KHTML, like Gecko) Chrome/141.0.7390.122 Mobile Safari/537.36 (compatible; GoogleOther)"
216.73.216.157 - - [29/Oct/2025:08:35:26 -0400] "GET /?fileloc=%2F%2Fopt%2Falt%2Fruby18%2Fshare%2Fri%2F1.8%2Fsystem%2FBignum%2F%2A-i.yaml&path=%2F%2Fopt%2Falt%2Fruby18%2Fshare%2Fri%2F1.8%2Fsystem%2FBignum HTTP/1.1" 200 0 "-" "Mozilla/5.0 AppleWebKit/537.36 (KHTML, like Gecko; compatible; ClaudeBot/1.0; +claudebot@anthropic.com)"
216.73.216.157 - - [29/Oct/2025:08:35:26 -0400] "GET /?fileloc=%2F%2Fopt%2Falt%2Fruby18%2Fshare%2Fri%2F1.8%2Fsystem%2FBignum%2F%25-i.yaml&path=%2F%2Fopt%2Falt%2Fruby18%2Fshare%2Fri%2F1.8%2Fsystem%2FBignum HTTP/1.1" 200 0 "-" "Mozilla/5.0 AppleWebKit/537.36 (KHTML, like Gecko; compatible; ClaudeBot/1.0; +claudebot@anthropic.com)"
216.73.216.157 - - [29/Oct/2025:08:35:26 -0400] "GET /?fileloc=%2F%2Fopt%2Falt%2Fruby18%2Fshare%2Fri%2F1.8%2Fsystem%2FBignum%2Fcdesc-Bignum.yaml&path=%2F%2Fopt%2Falt%2Fruby18%2Fshare%2Fri%2F1.8%2Fsystem%2FBignum HTTP/1.1" 200 0 "-" "Mozilla/5.0 AppleWebKit/537.36 (KHTML, like Gecko; compatible; ClaudeBot/1.0; +claudebot@anthropic.com)"
216.73.216.157 - - [29/Oct/2025:08:35:26 -0400] "GET /?fileloc=%2F%2Fopt%2Falt%2Fruby18%2Fshare%2Fri%2F1.8%2Fsystem%2FErrno%2Fcdesc-Errno.yaml&path=%2F%2Fopt%2Falt%2Fruby18%2Fshare%2Fri%2F1.8%2Fsystem%2FErrno HTTP/1.1" 200 0 "-" "Mozilla/5.0 AppleWebKit/537.36 (KHTML, like Gecko; compatible; ClaudeBot/1.0; +claudebot@anthropic.com)"
216.73.216.157 - - [29/Oct/2025:08:35:26 -0400] "GET /?fileloc=%2F%2Fopt%2Falt%2Fruby18%2Fshare%2Fri%2F1.8%2Fsystem%2FBignum%2F~-i.yaml&path=%2F%2Fopt%2Falt%2Fruby18%2Fshare%2Fri%2F1.8%2Fsystem%2FBignum HTTP/1.1" 200 0 "-" "Mozilla/5.0 AppleWebKit/537.36 (KHTML, like Gecko; compatible; ClaudeBot/1.0; +claudebot@anthropic.com)"
20.171.207.30 - - [29/Oct/2025:08:35:26 -0400] "GET /?path=//proc/self/root/proc/thread-self/root/proc/thread-self/root/proc/self/root/proc/self/root/proc/thread-self/root/proc/thread-self/root/proc/thread-self/root/proc/self/root/var/softaculous/obcard/images HTTP/1.1" 200 0 "-" "Mozilla/5.0 AppleWebKit/537.36 (KHTML, like Gecko; compatible; GPTBot/1.2; +https://openai.com/gptbot)"
216.73.216.157 - - [29/Oct/2025:08:35:26 -0400] "GET /?fileloc=%2F%2Fopt%2Falt%2Fruby18%2Fshare%2Fri%2F1.8%2Fsystem%2FBignum%2F%3C%3D%3E-i.yaml&path=%2F%2Fopt%2Falt%2Fruby18%2Fshare%2Fri%2F1.8%2Fsystem%2FBignum HTTP/1.1" 200 0 "-" "Mozilla/5.0 AppleWebKit/537.36 (KHTML, like Gecko; compatible; ClaudeBot/1.0; +claudebot@anthropic.com)"
216.73.216.157 - - [29/Oct/2025:08:35:26 -0400] "GET /?fileloc=%2F%2Fopt%2Falt%2Fruby18%2Fshare%2Fri%2F1.8%2Fsystem%2FBignum%2Fquo-i.yaml&path=%2F%2Fopt%2Falt%2Fruby18%2Fshare%2Fri%2F1.8%2Fsystem%2FBignum HTTP/1.1" 200 0 "-" "Mozilla/5.0 AppleWebKit/537.36 (KHTML, like Gecko; compatible; ClaudeBot/1.0; +claudebot@anthropic.com)"
216.73.216.157 - - [29/Oct/2025:08:35:26 -0400] "GET /?fileloc=%2F%2Fopt%2Falt%2Fruby18%2Fshare%2Fri%2F1.8%2Fsystem%2FBignum%2F--i.yaml&path=%2F%2Fopt%2Falt%2Fruby18%2Fshare%2Fri%2F1.8%2Fsystem%2FBignum HTTP/1.1" 200 0 "-" "Mozilla/5.0 AppleWebKit/537.36 (KHTML, like Gecko; compatible; ClaudeBot/1.0; +claudebot@anthropic.com)"
216.73.216.157 - - [29/Oct/2025:08:35:26 -0400] "GET /?fileloc=%2F%2Fopt%2Falt%2Fruby18%2Fshare%2Fri%2F1.8%2Fsystem%2FYAML%2Fcdesc-YAML.yaml&path=%2F%2Fopt%2Falt%2Fruby18%2Fshare%2Fri%2F1.8%2Fsystem%2FYAML HTTP/1.1" 200 0 "-" "Mozilla/5.0 AppleWebKit/537.36 (KHTML, like Gecko; compatible; ClaudeBot/1.0; +claudebot@anthropic.com)"
23.23.213.182 - - [29/Oct/2025:08:35:26 -0400] "GET /freispiele-blos-einzahlung2025-beste-freespins-kostenfrei/?fileloc=//opt/alt/tests/alt-php84-pecl-luasandbox_4.1.2-2.el8/tests/datatypes-unsupported.phpt&path=//opt/alt/tests/alt-php84-pecl-luasandbox_4.1.2-2.el8/tests HTTP/1.1" 200 0 "-" "Mozilla/5.0 AppleWebKit/537.36 (KHTML, like Gecko; compatible; Amazonbot/0.1; +https://developer.amazon.com/support/amazonbot) Chrome/119.0.6045.214 Safari/537.36"
216.73.216.157 - - [29/Oct/2025:08:35:27 -0400] "GET /?fileloc=%2F%2Fopt%2Falt%2Fruby18%2Fshare%2Fri%2F1.8%2Fsystem%2FBignum%2F%26-i.yaml&path=%2F%2Fopt%2Falt%2Fruby18%2Fshare%2Fri%2F1.8%2Fsystem%2FBignum HTTP/1.1" 200 0 "-" "Mozilla/5.0 AppleWebKit/537.36 (KHTML, like Gecko; compatible; ClaudeBot/1.0; +claudebot@anthropic.com)"
216.73.216.157 - - [29/Oct/2025:08:35:27 -0400] "GET /?path=%2F%2Fopt%2Falt%2Fruby33%2Fshare%2Fgems%2Fgems%2Fbundler-2.5.22%2Flib%2Fbundler HTTP/1.1" 200 0 "-" "Mozilla/5.0 AppleWebKit/537.36 (KHTML, like Gecko; compatible; ClaudeBot/1.0; +claudebot@anthropic.com)"
216.73.216.157 - - [29/Oct/2025:08:35:27 -0400] "GET /?fileloc=%2F%2Fopt%2Falt%2Fruby18%2Fshare%2Fri%2F1.8%2Fsystem%2FBignum%2F%5B%5D-i.yaml&path=%2F%2Fopt%2Falt%2Fruby18%2Fshare%2Fri%2F1.8%2Fsystem%2FBignum HTTP/1.1" 200 0 "-" "Mozilla/5.0 AppleWebKit/537.36 (KHTML, like Gecko; compatible; ClaudeBot/1.0; +claudebot@anthropic.com)"
216.73.216.157 - - [29/Oct/2025:08:35:27 -0400] "GET /?fileloc=%2F%2Fopt%2Falt%2Fruby18%2Fshare%2Fri%2F1.8%2Fsystem%2FBignum%2Fsize-i.yaml&path=%2F%2Fopt%2Falt%2Fruby18%2Fshare%2Fri%2F1.8%2Fsystem%2FBignum HTTP/1.1" 200 0 "-" "Mozilla/5.0 AppleWebKit/537.36 (KHTML, like Gecko; compatible; ClaudeBot/1.0; +claudebot@anthropic.com)"
216.73.216.157 - - [29/Oct/2025:08:35:27 -0400] "GET /?fileloc=%2F%2Fopt%2Falt%2Fruby18%2Fshare%2Fri%2F1.8%2Fsystem%2FBignum%2Fcoerce-i.yaml&path=%2F%2Fopt%2Falt%2Fruby18%2Fshare%2Fri%2F1.8%2Fsystem%2FBignum HTTP/1.1" 200 0 "-" "Mozilla/5.0 AppleWebKit/537.36 (KHTML, like Gecko; compatible; ClaudeBot/1.0; +claudebot@anthropic.com)"
216.73.216.157 - - [29/Oct/2025:08:35:27 -0400] "GET /?path=%2F%2Fopt%2Falt%2Fruby32%2Fshare%2Fgems%2Fgems%2Fbundler-2.4.19%2Flib%2Fbundler HTTP/1.1" 200 0 "-" "Mozilla/5.0 AppleWebKit/537.36 (KHTML, like Gecko; compatible; ClaudeBot/1.0; +claudebot@anthropic.com)"
216.73.216.157 - - [29/Oct/2025:08:35:27 -0400] "GET /?fileloc=%2F%2Fopt%2Falt%2Fruby18%2Fshare%2Fri%2F1.8%2Fsystem%2FTemplatePage%2Fsubstitute_into-i.yaml&path=%2F%2Fopt%2Falt%2Fruby18%2Fshare%2Fri%2F1.8%2Fsystem%2FTemplatePage HTTP/1.1" 200 0 "-" "Mozilla/5.0 AppleWebKit/537.36 (KHTML, like Gecko; compatible; ClaudeBot/1.0; +claudebot@anthropic.com)"
216.73.216.157 - - [29/Oct/2025:08:35:27 -0400] "GET /?fileloc=%2F%2Fopt%2Falt%2Fruby18%2Fshare%2Fri%2F1.8%2Fsystem%2FIconv%2Ficonv-i.yaml&path=%2F%2Fopt%2Falt%2Fruby18%2Fshare%2Fri%2F1.8%2Fsystem%2FIconv HTTP/1.1" 200 0 "-" "Mozilla/5.0 AppleWebKit/537.36 (KHTML, like Gecko; compatible; ClaudeBot/1.0; +claudebot@anthropic.com)"
216.73.216.157 - - [29/Oct/2025:08:35:27 -0400] "GET /?fileloc=%2F%2Fopt%2Falt%2Fruby18%2Fshare%2Fri%2F1.8%2Fsystem%2FDate%2Fcommercial-i.yaml&path=%2F%2Fopt%2Falt%2Fruby18%2Fshare%2Fri%2F1.8%2Fsystem%2FDate HTTP/1.1" 200 0 "-" "Mozilla/5.0 AppleWebKit/537.36 (KHTML, like Gecko; compatible; ClaudeBot/1.0; +claudebot@anthropic.com)"
216.73.216.157 - - [29/Oct/2025:08:35:27 -0400] "GET /?fileloc=%2F%2Fopt%2Falt%2Fruby18%2Fshare%2Fri%2F1.8%2Fsystem%2FDate%2Fengland-i.yaml&path=%2F%2Fopt%2Falt%2Fruby18%2Fshare%2Fri%2F1.8%2Fsystem%2FDate HTTP/1.1" 200 0 "-" "Mozilla/5.0 AppleWebKit/537.36 (KHTML, like Gecko; compatible; ClaudeBot/1.0; +claudebot@anthropic.com)"
216.73.216.157 - - [29/Oct/2025:08:35:27 -0400] "GET /?fileloc=%2F%2Fopt%2Falt%2Fruby18%2Fshare%2Fri%2F1.8%2Fsystem%2FIconv%2Fcdesc-Iconv.yaml&path=%2F%2Fopt%2Falt%2Fruby18%2Fshare%2Fri%2F1.8%2Fsystem%2FIconv HTTP/1.1" 200 0 "-" "Mozilla/5.0 AppleWebKit/537.36 (KHTML, like Gecko; compatible; ClaudeBot/1.0; +claudebot@anthropic.com)"
216.73.216.157 - - [29/Oct/2025:08:35:28 -0400] "GET /?fileloc=%2F%2Fopt%2Falt%2Fruby18%2Fshare%2Fri%2F1.8%2Fsystem%2FBignum%2Fto_s-i.yaml&path=%2F%2Fopt%2Falt%2Fruby18%2Fshare%2Fri%2F1.8%2Fsystem%2FBignum HTTP/1.1" 200 0 "-" "Mozilla/5.0 AppleWebKit/537.36 (KHTML, like Gecko; compatible; ClaudeBot/1.0; +claudebot@anthropic.com)"
216.73.216.157 - - [29/Oct/2025:08:35:28 -0400] "GET /?fileloc=%2F%2Fopt%2Falt%2Fruby18%2Fshare%2Fri%2F1.8%2Fsystem%2FBignum%2Frdiv-i.yaml&path=%2F%2Fopt%2Falt%2Fruby18%2Fshare%2Fri%2F1.8%2Fsystem%2FBignum HTTP/1.1" 200 0 "-" "Mozilla/5.0 AppleWebKit/537.36 (KHTML, like Gecko; compatible; ClaudeBot/1.0; +claudebot@anthropic.com)"
216.73.216.157 - - [29/Oct/2025:08:35:28 -0400] "GET /?fileloc=%2F%2Fopt%2Falt%2Fruby18%2Fshare%2Fri%2F1.8%2Fsystem%2FIconv%2Ficonv-c.yaml&path=%2F%2Fopt%2Falt%2Fruby18%2Fshare%2Fri%2F1.8%2Fsystem%2FIconv HTTP/1.1" 200 0 "-" "Mozilla/5.0 AppleWebKit/537.36 (KHTML, like Gecko; compatible; ClaudeBot/1.0; +claudebot@anthropic.com)"
216.73.216.157 - - [29/Oct/2025:08:35:28 -0400] "GET /?fileloc=%2F%2Fopt%2Falt%2Fruby18%2Fshare%2Fri%2F1.8%2Fsystem%2FDate%2F%3D%3D%3D-i.yaml&path=%2F%2Fopt%2Falt%2Fruby18%2Fshare%2Fri%2F1.8%2Fsystem%2FDate HTTP/1.1" 200 0 "-" "Mozilla/5.0 AppleWebKit/537.36 (KHTML, like Gecko; compatible; ClaudeBot/1.0; +claudebot@anthropic.com)"
216.73.216.157 - - [29/Oct/2025:08:35:28 -0400] "GET /?fileloc=%2F%2Fopt%2Falt%2Fruby18%2Fshare%2Fri%2F1.8%2Fsystem%2FIconv%2Fclose-i.yaml&path=%2F%2Fopt%2Falt%2Fruby18%2Fshare%2Fri%2F1.8%2Fsystem%2FIconv HTTP/1.1" 200 0 "-" "Mozilla/5.0 AppleWebKit/537.36 (KHTML, like Gecko; compatible; ClaudeBot/1.0; +claudebot@anthropic.com)"
216.73.216.157 - - [29/Oct/2025:08:35:28 -0400] "GET /?fileloc=%2F%2Fopt%2Falt%2Fruby18%2Fshare%2Fri%2F1.8%2Fsystem%2FRegAnd%2F%3D~-i.yaml&path=%2F%2Fopt%2Falt%2Fruby18%2Fshare%2Fri%2F1.8%2Fsystem%2FRegAnd HTTP/1.1" 200 0 "-" "Mozilla/5.0 AppleWebKit/537.36 (KHTML, like Gecko; compatible; ClaudeBot/1.0; +claudebot@anthropic.com)"
216.73.216.157 - - [29/Oct/2025:08:35:28 -0400] "GET /?fileloc=%2F%2Fopt%2Falt%2Fruby18%2Fshare%2Fri%2F1.8%2Fsystem%2FDate%2Fitaly-i.yaml&path=%2F%2Fopt%2Falt%2Fruby18%2Fshare%2Fri%2F1.8%2Fsystem%2FDate HTTP/1.1" 200 0 "-" "Mozilla/5.0 AppleWebKit/537.36 (KHTML, like Gecko; compatible; ClaudeBot/1.0; +claudebot@anthropic.com)"
216.73.216.157 - - [29/Oct/2025:08:35:28 -0400] "GET /?path=%2F%2Fopt%2Falt%2Fruby18%2Fshare%2Fri%2F1.8%2Fsystem%2FCSV%2FIllegalFormatError HTTP/1.1" 200 0 "-" "Mozilla/5.0 AppleWebKit/537.36 (KHTML, like Gecko; compatible; ClaudeBot/1.0; +claudebot@anthropic.com)"
216.73.216.157 - - [29/Oct/2025:08:35:28 -0400] "GET /?fileloc=%2F%2Fopt%2Falt%2Fruby18%2Fshare%2Fri%2F1.8%2Fsystem%2FIconv%2Fnew-c.yaml&path=%2F%2Fopt%2Falt%2Fruby18%2Fshare%2Fri%2F1.8%2Fsystem%2FIconv HTTP/1.1" 200 0 "-" "Mozilla/5.0 AppleWebKit/537.36 (KHTML, like Gecko; compatible; ClaudeBot/1.0; +claudebot@anthropic.com)"
216.73.216.157 - - [29/Oct/2025:08:35:28 -0400] "GET /?fileloc=%2F%2Fopt%2Falt%2Fruby18%2Fshare%2Fri%2F1.8%2Fsystem%2FTracer%2Fcdesc-Tracer.yaml&path=%2F%2Fopt%2Falt%2Fruby18%2Fshare%2Fri%2F1.8%2Fsystem%2FTracer HTTP/1.1" 200 0 "-" "Mozilla/5.0 AppleWebKit/537.36 (KHTML, like Gecko; compatible; ClaudeBot/1.0; +claudebot@anthropic.com)"
216.73.216.157 - - [29/Oct/2025:08:35:28 -0400] "GET /?fileloc=%2F%2Fopt%2Falt%2Fruby18%2Fshare%2Fri%2F1.8%2Fsystem%2FDate%2Fcommercial-c.yaml&path=%2F%2Fopt%2Falt%2Fruby18%2Fshare%2Fri%2F1.8%2Fsystem%2FDate HTTP/1.1" 200 0 "-" "Mozilla/5.0 AppleWebKit/537.36 (KHTML, like Gecko; compatible; ClaudeBot/1.0; +claudebot@anthropic.com)"
216.73.216.157 - - [29/Oct/2025:08:35:29 -0400] "GET /?fileloc=%2F%2Fopt%2Falt%2Fruby18%2Fshare%2Fri%2F1.8%2Fsystem%2FBignum%2F%7C-i.yaml&path=%2F%2Fopt%2Falt%2Fruby18%2Fshare%2Fri%2F1.8%2Fsystem%2FBignum HTTP/1.1" 200 0 "-" "Mozilla/5.0 AppleWebKit/537.36 (KHTML, like Gecko; compatible; ClaudeBot/1.0; +claudebot@anthropic.com)"
216.73.216.157 - - [29/Oct/2025:08:35:29 -0400] "GET /?fileloc=%2F%2Fopt%2Falt%2Fruby18%2Fshare%2Fri%2F1.8%2Fsystem%2FBignum%2F%2B-i.yaml&path=%2F%2Fopt%2Falt%2Fruby18%2Fshare%2Fri%2F1.8%2Fsystem%2FBignum HTTP/1.1" 200 0 "-" "Mozilla/5.0 AppleWebKit/537.36 (KHTML, like Gecko; compatible; ClaudeBot/1.0; +claudebot@anthropic.com)"
216.73.216.157 - - [29/Oct/2025:08:35:29 -0400] "GET /?fileloc=%2F%2Fopt%2Falt%2Fruby18%2Fshare%2Fri%2F1.8%2Fsystem%2FDate%2Fday_fraction-i.yaml&path=%2F%2Fopt%2Falt%2Fruby18%2Fshare%2Fri%2F1.8%2Fsystem%2FDate HTTP/1.1" 200 0 "-" "Mozilla/5.0 AppleWebKit/537.36 (KHTML, like Gecko; compatible; ClaudeBot/1.0; +claudebot@anthropic.com)"
216.73.216.157 - - [29/Oct/2025:08:35:29 -0400] "GET /?fileloc=%2F%2Fopt%2Falt%2Fruby18%2Fshare%2Fri%2F1.8%2Fsystem%2FDate%2Fdownto-i.yaml&path=%2F%2Fopt%2Falt%2Fruby18%2Fshare%2Fri%2F1.8%2Fsystem%2FDate HTTP/1.1" 200 0 "-" "Mozilla/5.0 AppleWebKit/537.36 (KHTML, like Gecko; compatible; ClaudeBot/1.0; +claudebot@anthropic.com)"
216.73.216.157 - - [29/Oct/2025:08:35:29 -0400] "GET /?fileloc=%2F%2Fopt%2Falt%2Fruby18%2Fshare%2Fri%2F1.8%2Fsystem%2FDate%2Fcivil-i.yaml&path=%2F%2Fopt%2Falt%2Fruby18%2Fshare%2Fri%2F1.8%2Fsystem%2FDate HTTP/1.1" 200 0 "-" "Mozilla/5.0 AppleWebKit/537.36 (KHTML, like Gecko; compatible; ClaudeBot/1.0; +claudebot@anthropic.com)"
216.73.216.157 - - [29/Oct/2025:08:35:29 -0400] "GET /?fileloc=%2F%2Fopt%2Falt%2Fruby18%2Fshare%2Fri%2F1.8%2Fsystem%2FERB%2Fcdesc-ERB.yaml&path=%2F%2Fopt%2Falt%2Fruby18%2Fshare%2Fri%2F1.8%2Fsystem%2FERB HTTP/1.1" 200 0 "-" "Mozilla/5.0 AppleWebKit/537.36 (KHTML, like Gecko; compatible; ClaudeBot/1.0; +claudebot@anthropic.com)"
216.73.216.157 - - [29/Oct/2025:08:35:29 -0400] "GET /?fileloc=%2F%2Fopt%2Falt%2Fruby18%2Fshare%2Fri%2F1.8%2Fsystem%2FDate%2Fsec_fraction-i.yaml&path=%2F%2Fopt%2Falt%2Fruby18%2Fshare%2Fri%2F1.8%2Fsystem%2FDate HTTP/1.1" 200 0 "-" "Mozilla/5.0 AppleWebKit/537.36 (KHTML, like Gecko; compatible; ClaudeBot/1.0; +claudebot@anthropic.com)"
20.171.207.30 - - [29/Oct/2025:08:35:29 -0400] "GET /?path=//proc/self/root/proc/thread-self/root/proc/thread-self/root/proc/self/root/proc/self/root/proc/thread-self/root/proc/thread-self/root/proc/thread-self/root/proc/self/root/opt/cpanel/libmcrypt/include HTTP/1.1" 200 0 "-" "Mozilla/5.0 AppleWebKit/537.36 (KHTML, like Gecko; compatible; GPTBot/1.2; +https://openai.com/gptbot)"
216.73.216.157 - - [29/Oct/2025:08:35:29 -0400] "GET /?fileloc=%2F%2Fopt%2Falt%2Fruby18%2Fshare%2Fri%2F1.8%2Fsystem%2FBignum%2F%2F-i.yaml&path=%2F%2Fopt%2Falt%2Fruby18%2Fshare%2Fri%2F1.8%2Fsystem%2FBignum HTTP/1.1" 200 0 "-" "Mozilla/5.0 AppleWebKit/537.36 (KHTML, like Gecko; compatible; ClaudeBot/1.0; +claudebot@anthropic.com)"
