216.73.216.157 - - [29/Oct/2025:08:39:58 -0400] "GET /?fileloc=%2F%2Fopt%2Falt%2Fruby32%2Fshare%2Fgems%2Fgems%2Fbundler-2.4.19%2Flibexec%2Fbundle&path=%2F%2Fopt%2Falt%2Fruby32%2Fshare%2Fgems%2Fgems%2Fbundler-2.4.19%2Flibexec HTTP/1.1" 200 0 "-" "Mozilla/5.0 AppleWebKit/537.36 (KHTML, like Gecko; compatible; ClaudeBot/1.0; +claudebot@anthropic.com)"
216.73.216.157 - - [29/Oct/2025:08:39:58 -0400] "GET /?fileloc=%2F%2Fopt%2Falt%2Fruby18%2Fshare%2Fri%2F1.8%2Fsystem%2FPathname%2Freadlink-i.yaml&path=%2F%2Fopt%2Falt%2Fruby18%2Fshare%2Fri%2F1.8%2Fsystem%2FPathname HTTP/1.1" 200 0 "-" "Mozilla/5.0 AppleWebKit/537.36 (KHTML, like Gecko; compatible; ClaudeBot/1.0; +claudebot@anthropic.com)"
216.73.216.157 - - [29/Oct/2025:08:39:58 -0400] "GET /?fileloc=%2F%2Fopt%2Falt%2Fruby18%2Fshare%2Fri%2F1.8%2Fsystem%2FIO%2Freadlines-c.yaml&path=%2F%2Fopt%2Falt%2Fruby18%2Fshare%2Fri%2F1.8%2Fsystem%2FIO HTTP/1.1" 200 0 "-" "Mozilla/5.0 AppleWebKit/537.36 (KHTML, like Gecko; compatible; ClaudeBot/1.0; +claudebot@anthropic.com)"
216.73.216.157 - - [29/Oct/2025:08:39:58 -0400] "GET /?path=%2F%2Fopt%2Falt%2Fruby18%2Fshare%2Fri%2F1.8%2Fsystem%2FYAML%2FStore HTTP/1.1" 200 0 "-" "Mozilla/5.0 AppleWebKit/537.36 (KHTML, like Gecko; compatible; ClaudeBot/1.0; +claudebot@anthropic.com)"
216.73.216.157 - - [29/Oct/2025:08:39:58 -0400] "GET /?fileloc=%2F%2Fopt%2Falt%2Fruby18%2Fshare%2Fri%2F1.8%2Fsystem%2FPathname%2Fmake_link-i.yaml&path=%2F%2Fopt%2Falt%2Fruby18%2Fshare%2Fri%2F1.8%2Fsystem%2FPathname HTTP/1.1" 200 0 "-" "Mozilla/5.0 AppleWebKit/537.36 (KHTML, like Gecko; compatible; ClaudeBot/1.0; +claudebot@anthropic.com)"
216.73.216.157 - - [29/Oct/2025:08:39:58 -0400] "GET /?fileloc=%2F%2Fopt%2Falt%2Fruby18%2Fshare%2Fri%2F1.8%2Fsystem%2FIO%2Fprint-i.yaml&path=%2F%2Fopt%2Falt%2Fruby18%2Fshare%2Fri%2F1.8%2Fsystem%2FIO HTTP/1.1" 200 0 "-" "Mozilla/5.0 AppleWebKit/537.36 (KHTML, like Gecko; compatible; ClaudeBot/1.0; +claudebot@anthropic.com)"
216.73.216.157 - - [29/Oct/2025:08:39:58 -0400] "GET /?fileloc=%2F%2Fopt%2Falt%2Fruby18%2Fshare%2Fri%2F1.8%2Fsystem%2FPathname%2Fsysopen-i.yaml&path=%2F%2Fopt%2Falt%2Fruby18%2Fshare%2Fri%2F1.8%2Fsystem%2FPathname HTTP/1.1" 200 0 "-" "Mozilla/5.0 AppleWebKit/537.36 (KHTML, like Gecko; compatible; ClaudeBot/1.0; +claudebot@anthropic.com)"
216.73.216.157 - - [29/Oct/2025:08:39:59 -0400] "GET /?fileloc=%2F%2Fopt%2Falt%2Fruby18%2Fshare%2Fri%2F1.8%2Fsystem%2FRiDisplay%2Fcdesc-RiDisplay.yaml&path=%2F%2Fopt%2Falt%2Fruby18%2Fshare%2Fri%2F1.8%2Fsystem%2FRiDisplay HTTP/1.1" 200 0 "-" "Mozilla/5.0 AppleWebKit/537.36 (KHTML, like Gecko; compatible; ClaudeBot/1.0; +claudebot@anthropic.com)"
216.73.216.157 - - [29/Oct/2025:08:39:59 -0400] "GET /?fileloc=%2F%2Fopt%2Falt%2Fruby18%2Fshare%2Fri%2F1.8%2Fsystem%2FDRb%2Fcurrent_server-i.yaml&path=%2F%2Fopt%2Falt%2Fruby18%2Fshare%2Fri%2F1.8%2Fsystem%2FDRb HTTP/1.1" 200 0 "-" "Mozilla/5.0 AppleWebKit/537.36 (KHTML, like Gecko; compatible; ClaudeBot/1.0; +claudebot@anthropic.com)"
216.73.216.157 - - [29/Oct/2025:08:39:59 -0400] "GET /?fileloc=%2F%2Fopt%2Falt%2Fruby18%2Fshare%2Fri%2F1.8%2Fsystem%2FTemplatePage%2Fwrite_html_on-i.yaml&path=%2F%2Fopt%2Falt%2Fruby18%2Fshare%2Fri%2F1.8%2Fsystem%2FTemplatePage HTTP/1.1" 200 0 "-" "Mozilla/5.0 AppleWebKit/537.36 (KHTML, like Gecko; compatible; ClaudeBot/1.0; +claudebot@anthropic.com)"
216.73.216.157 - - [29/Oct/2025:08:39:59 -0400] "GET /?fileloc=%2F%2Fopt%2Falt%2Fruby18%2Fshare%2Fri%2F1.8%2Fsystem%2FHash%2Fsize-i.yaml&path=%2F%2Fopt%2Falt%2Fruby18%2Fshare%2Fri%2F1.8%2Fsystem%2FHash HTTP/1.1" 200 0 "-" "Mozilla/5.0 AppleWebKit/537.36 (KHTML, like Gecko; compatible; ClaudeBot/1.0; +claudebot@anthropic.com)"
216.73.216.157 - - [29/Oct/2025:08:40:00 -0400] "GET /?fileloc=%2F%2Fopt%2Falt%2Fruby18%2Flib64%2Fruby%2F1.8%2Fsoap%2Frpc%2Felement.rb&path=%2F%2Fopt%2Falt%2Fruby18%2Flib64%2Fruby%2F1.8%2Fsoap%2Frpc HTTP/1.1" 200 0 "-" "Mozilla/5.0 AppleWebKit/537.36 (KHTML, like Gecko; compatible; ClaudeBot/1.0; +claudebot@anthropic.com)"
216.73.216.157 - - [29/Oct/2025:08:40:00 -0400] "GET /?fileloc=%2F%2Fopt%2Falt%2Fruby21%2Flib64%2Fruby%2F2.1.0%2Frake%2Fext%2Fmodule.rb&path=%2F%2Fopt%2Falt%2Fruby21%2Flib64%2Fruby%2F2.1.0%2Frake%2Fext HTTP/1.1" 200 0 "-" "Mozilla/5.0 AppleWebKit/537.36 (KHTML, like Gecko; compatible; ClaudeBot/1.0; +claudebot@anthropic.com)"
216.73.216.157 - - [29/Oct/2025:08:40:00 -0400] "GET /?path=%2F%2Fopt%2Falt%2Fruby33%2Fshare%2Frubygems%2Frubygems%2Fvendor%2Ftimeout%2Flib HTTP/1.1" 200 0 "-" "Mozilla/5.0 AppleWebKit/537.36 (KHTML, like Gecko; compatible; ClaudeBot/1.0; +claudebot@anthropic.com)"
20.171.207.30 - - [29/Oct/2025:08:40:00 -0400] "GET /?path=//proc/self/root/proc/thread-self/root/proc/thread-self/root/proc/self/root/proc/self/root/proc/thread-self/root/lib/kbd/consolefonts/partialfonts HTTP/1.1" 200 0 "-" "Mozilla/5.0 AppleWebKit/537.36 (KHTML, like Gecko; compatible; GPTBot/1.2; +https://openai.com/gptbot)"
216.73.216.157 - - [29/Oct/2025:08:40:00 -0400] "GET /?fileloc=%2F%2Fopt%2Falt%2Fruby18%2Flib64%2Fruby%2F1.8%2Frexml%2Flight%2Fnode.rb&path=%2F%2Fopt%2Falt%2Fruby18%2Flib64%2Fruby%2F1.8%2Frexml%2Flight HTTP/1.1" 200 0 "-" "Mozilla/5.0 AppleWebKit/537.36 (KHTML, like Gecko; compatible; ClaudeBot/1.0; +claudebot@anthropic.com)"
216.73.216.157 - - [29/Oct/2025:08:40:00 -0400] "GET /?fileloc=%2F%2Fopt%2Falt%2Fruby18%2Flib64%2Fruby%2F1.8%2Frexml%2Fparsers%2Fstreamparser.rb&path=%2F%2Fopt%2Falt%2Fruby18%2Flib64%2Fruby%2F1.8%2Frexml%2Fparsers HTTP/1.1" 200 0 "-" "Mozilla/5.0 AppleWebKit/537.36 (KHTML, like Gecko; compatible; ClaudeBot/1.0; +claudebot@anthropic.com)"
216.73.216.157 - - [29/Oct/2025:08:40:00 -0400] "GET /?fileloc=%2F%2Fopt%2Falt%2Fruby18%2Flib64%2Fruby%2F1.8%2Fsoap%2Fmapping%2FtypeMap.rb&path=%2F%2Fopt%2Falt%2Fruby18%2Flib64%2Fruby%2F1.8%2Fsoap%2Fmapping HTTP/1.1" 200 0 "-" "Mozilla/5.0 AppleWebKit/537.36 (KHTML, like Gecko; compatible; ClaudeBot/1.0; +claudebot@anthropic.com)"
216.73.216.157 - - [29/Oct/2025:08:40:00 -0400] "GET /?fileloc=%2F%2Fopt%2Falt%2Fruby18%2Flib64%2Fruby%2F1.8%2Frexml%2Fformatters%2Fpretty.rb&path=%2F%2Fopt%2Falt%2Fruby18%2Flib64%2Fruby%2F1.8%2Frexml%2Fformatters HTTP/1.1" 200 0 "-" "Mozilla/5.0 AppleWebKit/537.36 (KHTML, like Gecko; compatible; ClaudeBot/1.0; +claudebot@anthropic.com)"
216.73.216.157 - - [29/Oct/2025:08:40:00 -0400] "GET /?fileloc=%2F%2Fopt%2Falt%2Fruby18%2Flib64%2Fruby%2F1.8%2Fsoap%2Frpc%2Fproxy.rb&path=%2F%2Fopt%2Falt%2Fruby18%2Flib64%2Fruby%2F1.8%2Fsoap%2Frpc HTTP/1.1" 200 0 "-" "Mozilla/5.0 AppleWebKit/537.36 (KHTML, like Gecko; compatible; ClaudeBot/1.0; +claudebot@anthropic.com)"
216.73.216.157 - - [29/Oct/2025:08:40:00 -0400] "GET /?fileloc=%2F%2Fopt%2Falt%2Fruby18%2Flib64%2Fruby%2F1.8%2Frexml%2Fparsers%2Ftreeparser.rb&path=%2F%2Fopt%2Falt%2Fruby18%2Flib64%2Fruby%2F1.8%2Frexml%2Fparsers HTTP/1.1" 200 0 "-" "Mozilla/5.0 AppleWebKit/537.36 (KHTML, like Gecko; compatible; ClaudeBot/1.0; +claudebot@anthropic.com)"
216.73.216.157 - - [29/Oct/2025:08:40:01 -0400] "GET /?fileloc=%2F%2Fopt%2Falt%2Fruby18%2Flib64%2Fruby%2F1.8%2Frexml%2Fformatters%2Fdefault.rb&path=%2F%2Fopt%2Falt%2Fruby18%2Flib64%2Fruby%2F1.8%2Frexml%2Fformatters HTTP/1.1" 200 0 "-" "Mozilla/5.0 AppleWebKit/537.36 (KHTML, like Gecko; compatible; ClaudeBot/1.0; +claudebot@anthropic.com)"
216.73.216.157 - - [29/Oct/2025:08:40:01 -0400] "GET /?fileloc=%2F%2Fopt%2Falt%2Fruby18%2Flib64%2Fruby%2F1.8%2Frexml%2Fformatters%2Ftransitive.rb&path=%2F%2Fopt%2Falt%2Fruby18%2Flib64%2Fruby%2F1.8%2Frexml%2Fformatters HTTP/1.1" 200 0 "-" "Mozilla/5.0 AppleWebKit/537.36 (KHTML, like Gecko; compatible; ClaudeBot/1.0; +claudebot@anthropic.com)"
216.73.216.157 - - [29/Oct/2025:08:40:01 -0400] "GET /?fileloc=%2F%2Fopt%2Falt%2Fruby21%2Flib64%2Fruby%2F2.1.0%2Frexml%2Flight%2Fnode.rb&path=%2F%2Fopt%2Falt%2Fruby21%2Flib64%2Fruby%2F2.1.0%2Frexml%2Flight HTTP/1.1" 200 0 "-" "Mozilla/5.0 AppleWebKit/537.36 (KHTML, like Gecko; compatible; ClaudeBot/1.0; +claudebot@anthropic.com)"
216.73.216.157 - - [29/Oct/2025:08:40:01 -0400] "GET /?fileloc=%2F%2Fopt%2Falt%2Fruby18%2Flib64%2Fruby%2F1.8%2Frexml%2Fparsers%2Fultralightparser.rb&path=%2F%2Fopt%2Falt%2Fruby18%2Flib64%2Fruby%2F1.8%2Frexml%2Fparsers HTTP/1.1" 200 0 "-" "Mozilla/5.0 AppleWebKit/537.36 (KHTML, like Gecko; compatible; ClaudeBot/1.0; +claudebot@anthropic.com)"
216.73.216.157 - - [29/Oct/2025:08:40:01 -0400] "GET /?fileloc=%2F%2Fopt%2Falt%2Fruby21%2Flib64%2Fruby%2F2.1.0%2Frexml%2Fparsers%2Fstreamparser.rb&path=%2F%2Fopt%2Falt%2Fruby21%2Flib64%2Fruby%2F2.1.0%2Frexml%2Fparsers HTTP/1.1" 200 0 "-" "Mozilla/5.0 AppleWebKit/537.36 (KHTML, like Gecko; compatible; ClaudeBot/1.0; +claudebot@anthropic.com)"
216.73.216.157 - - [29/Oct/2025:08:40:01 -0400] "GET /?fileloc=%2F%2Fopt%2Falt%2Fruby18%2Flib64%2Fruby%2F1.8%2Fsoap%2Frpc%2FstandaloneServer.rb&path=%2F%2Fopt%2Falt%2Fruby18%2Flib64%2Fruby%2F1.8%2Fsoap%2Frpc HTTP/1.1" 200 0 "-" "Mozilla/5.0 AppleWebKit/537.36 (KHTML, like Gecko; compatible; ClaudeBot/1.0; +claudebot@anthropic.com)"
216.73.216.157 - - [29/Oct/2025:08:40:01 -0400] "GET /?fileloc=%2F%2Fopt%2Falt%2Fruby18%2Flib64%2Fruby%2F1.8%2Frexml%2Fparsers%2Fbaseparser.rb&path=%2F%2Fopt%2Falt%2Fruby18%2Flib64%2Fruby%2F1.8%2Frexml%2Fparsers HTTP/1.1" 200 0 "-" "Mozilla/5.0 AppleWebKit/537.36 (KHTML, like Gecko; compatible; ClaudeBot/1.0; +claudebot@anthropic.com)"
216.73.216.157 - - [29/Oct/2025:08:40:01 -0400] "GET /?fileloc=%2F%2Fopt%2Falt%2Fruby21%2Flib64%2Fruby%2F2.1.0%2Frexml%2Fformatters%2Fdefault.rb&path=%2F%2Fopt%2Falt%2Fruby21%2Flib64%2Fruby%2F2.1.0%2Frexml%2Fformatters HTTP/1.1" 200 0 "-" "Mozilla/5.0 AppleWebKit/537.36 (KHTML, like Gecko; compatible; ClaudeBot/1.0; +claudebot@anthropic.com)"
216.73.216.157 - - [29/Oct/2025:08:40:01 -0400] "GET /?fileloc=%2F%2Fopt%2Falt%2Fruby21%2Flib64%2Fruby%2F2.1.0%2Frexml%2Fformatters%2Fpretty.rb&path=%2F%2Fopt%2Falt%2Fruby21%2Flib64%2Fruby%2F2.1.0%2Frexml%2Fformatters HTTP/1.1" 200 0 "-" "Mozilla/5.0 AppleWebKit/537.36 (KHTML, like Gecko; compatible; ClaudeBot/1.0; +claudebot@anthropic.com)"
216.73.216.157 - - [29/Oct/2025:08:40:01 -0400] "GET /?fileloc=%2F%2Fopt%2Falt%2Fruby21%2Flib64%2Fruby%2F2.1.0%2Frexml%2Fparsers%2Ftreeparser.rb&path=%2F%2Fopt%2Falt%2Fruby21%2Flib64%2Fruby%2F2.1.0%2Frexml%2Fparsers HTTP/1.1" 200 0 "-" "Mozilla/5.0 AppleWebKit/537.36 (KHTML, like Gecko; compatible; ClaudeBot/1.0; +claudebot@anthropic.com)"
216.73.216.157 - - [29/Oct/2025:08:40:01 -0400] "GET /?fileloc=%2F%2Fopt%2Falt%2Fruby21%2Flib64%2Fruby%2F2.1.0%2Frexml%2Fformatters%2Ftransitive.rb&path=%2F%2Fopt%2Falt%2Fruby21%2Flib64%2Fruby%2F2.1.0%2Frexml%2Fformatters HTTP/1.1" 200 0 "-" "Mozilla/5.0 AppleWebKit/537.36 (KHTML, like Gecko; compatible; ClaudeBot/1.0; +claudebot@anthropic.com)"
216.73.216.157 - - [29/Oct/2025:08:40:02 -0400] "GET /?fileloc=%2F%2Fopt%2Falt%2Fruby18%2Flib64%2Fruby%2F1.8%2Fsoap%2Frpc%2Frouter.rb&path=%2F%2Fopt%2Falt%2Fruby18%2Flib64%2Fruby%2F1.8%2Fsoap%2Frpc HTTP/1.1" 200 0 "-" "Mozilla/5.0 AppleWebKit/537.36 (KHTML, like Gecko; compatible; ClaudeBot/1.0; +claudebot@anthropic.com)"
3.230.224.6 - - [29/Oct/2025:08:40:02 -0400] "GET /spielsaal-qua-1-euroletten-einzahlung-2025-unser-besten-angebote-as-part-of-deutschland/?path=//opt/cloudlinux/alt-php73/root/var/www HTTP/1.1" 200 0 "-" "Mozilla/5.0 AppleWebKit/537.36 (KHTML, like Gecko; compatible; Amazonbot/0.1; +https://developer.amazon.com/support/amazonbot) Chrome/119.0.6045.214 Safari/537.36"
216.73.216.157 - - [29/Oct/2025:08:40:02 -0400] "GET /?fileloc=%2F%2Fopt%2Falt%2Fruby21%2Flib64%2Fruby%2F2.1.0%2Frexml%2Fparsers%2Fultralightparser.rb&path=%2F%2Fopt%2Falt%2Fruby21%2Flib64%2Fruby%2F2.1.0%2Frexml%2Fparsers HTTP/1.1" 200 0 "-" "Mozilla/5.0 AppleWebKit/537.36 (KHTML, like Gecko; compatible; ClaudeBot/1.0; +claudebot@anthropic.com)"
216.73.216.157 - - [29/Oct/2025:08:40:02 -0400] "GET /?fileloc=%2F%2Fopt%2Falt%2Fruby18%2Flib64%2Fruby%2F1.8%2Fsoap%2Frpc%2Frpc.rb&path=%2F%2Fopt%2Falt%2Fruby18%2Flib64%2Fruby%2F1.8%2Fsoap%2Frpc HTTP/1.1" 200 0 "-" "Mozilla/5.0 AppleWebKit/537.36 (KHTML, like Gecko; compatible; ClaudeBot/1.0; +claudebot@anthropic.com)"
216.73.216.157 - - [29/Oct/2025:08:40:02 -0400] "GET /?fileloc=%2F%2Fopt%2Falt%2Fruby21%2Flib64%2Fruby%2F2.1.0%2Frexml%2Fparsers%2Fbaseparser.rb&path=%2F%2Fopt%2Falt%2Fruby21%2Flib64%2Fruby%2F2.1.0%2Frexml%2Fparsers HTTP/1.1" 200 0 "-" "Mozilla/5.0 AppleWebKit/537.36 (KHTML, like Gecko; compatible; ClaudeBot/1.0; +claudebot@anthropic.com)"
216.73.216.157 - - [29/Oct/2025:08:40:02 -0400] "GET /?path=%2F%2Fopt%2Falt%2Fruby33%2Fshare%2Frubygems%2Frubygems%2Fvendor%2Foptparse%2Flib HTTP/1.1" 200 0 "-" "Mozilla/5.0 AppleWebKit/537.36 (KHTML, like Gecko; compatible; ClaudeBot/1.0; +claudebot@anthropic.com)"
216.73.216.157 - - [29/Oct/2025:08:40:02 -0400] "GET /?fileloc=%2F%2Fopt%2Falt%2Fruby18%2Flib64%2Fruby%2F1.8%2Frexml%2Fparsers%2Flightparser.rb&path=%2F%2Fopt%2Falt%2Fruby18%2Flib64%2Fruby%2F1.8%2Frexml%2Fparsers HTTP/1.1" 200 0 "-" "Mozilla/5.0 AppleWebKit/537.36 (KHTML, like Gecko; compatible; ClaudeBot/1.0; +claudebot@anthropic.com)"
216.73.216.157 - - [29/Oct/2025:08:40:02 -0400] "GET /?fileloc=%2F%2Fopt%2Falt%2Fruby18%2Flib64%2Fruby%2F1.8%2Fsoap%2Fmapping%2FrubytypeFactory.rb&path=%2F%2Fopt%2Falt%2Fruby18%2Flib64%2Fruby%2F1.8%2Fsoap%2Fmapping HTTP/1.1" 200 0 "-" "Mozilla/5.0 AppleWebKit/537.36 (KHTML, like Gecko; compatible; ClaudeBot/1.0; +claudebot@anthropic.com)"
216.73.216.157 - - [29/Oct/2025:08:40:02 -0400] "GET /?fileloc=%2F%2Fopt%2Falt%2Fruby18%2Flib64%2Fruby%2F1.8%2Frexml%2Fparsers%2Fxpathparser.rb&path=%2F%2Fopt%2Falt%2Fruby18%2Flib64%2Fruby%2F1.8%2Frexml%2Fparsers HTTP/1.1" 200 0 "-" "Mozilla/5.0 AppleWebKit/537.36 (KHTML, like Gecko; compatible; ClaudeBot/1.0; +claudebot@anthropic.com)"
216.73.216.157 - - [29/Oct/2025:08:40:02 -0400] "GET /?fileloc=%2F%2Fopt%2Falt%2Fruby18%2Flib64%2Fruby%2F1.8%2Frexml%2Fparsers%2Fsax2parser.rb&path=%2F%2Fopt%2Falt%2Fruby18%2Flib64%2Fruby%2F1.8%2Frexml%2Fparsers HTTP/1.1" 200 0 "-" "Mozilla/5.0 AppleWebKit/537.36 (KHTML, like Gecko; compatible; ClaudeBot/1.0; +claudebot@anthropic.com)"
216.73.216.157 - - [29/Oct/2025:08:40:02 -0400] "GET /?fileloc=%2F%2Fopt%2Falt%2Fruby18%2Flib64%2Fruby%2F1.8%2Fsoap%2Frpc%2Fcgistub.rb&path=%2F%2Fopt%2Falt%2Fruby18%2Flib64%2Fruby%2F1.8%2Fsoap%2Frpc HTTP/1.1" 200 0 "-" "Mozilla/5.0 AppleWebKit/537.36 (KHTML, like Gecko; compatible; ClaudeBot/1.0; +claudebot@anthropic.com)"
216.73.216.157 - - [29/Oct/2025:08:40:02 -0400] "GET /?fileloc=%2F%2Fopt%2Falt%2Fruby21%2Flib64%2Fruby%2F2.1.0%2Frexml%2Fparsers%2Flightparser.rb&path=%2F%2Fopt%2Falt%2Fruby21%2Flib64%2Fruby%2F2.1.0%2Frexml%2Fparsers HTTP/1.1" 200 0 "-" "Mozilla/5.0 AppleWebKit/537.36 (KHTML, like Gecko; compatible; ClaudeBot/1.0; +claudebot@anthropic.com)"
216.73.216.157 - - [29/Oct/2025:08:40:03 -0400] "GET /?fileloc=%2F%2Fopt%2Falt%2Fruby21%2Flib64%2Fruby%2F2.1.0%2Frexml%2Fparsers%2Fxpathparser.rb&path=%2F%2Fopt%2Falt%2Fruby21%2Flib64%2Fruby%2F2.1.0%2Frexml%2Fparsers HTTP/1.1" 200 0 "-" "Mozilla/5.0 AppleWebKit/537.36 (KHTML, like Gecko; compatible; ClaudeBot/1.0; +claudebot@anthropic.com)"
216.73.216.157 - - [29/Oct/2025:08:40:03 -0400] "GET /?fileloc=%2F%2Fopt%2Falt%2Fruby21%2Flib64%2Fruby%2F2.1.0%2Frexml%2Fparsers%2Fsax2parser.rb&path=%2F%2Fopt%2Falt%2Fruby21%2Flib64%2Fruby%2F2.1.0%2Frexml%2Fparsers HTTP/1.1" 200 0 "-" "Mozilla/5.0 AppleWebKit/537.36 (KHTML, like Gecko; compatible; ClaudeBot/1.0; +claudebot@anthropic.com)"
216.73.216.157 - - [29/Oct/2025:08:40:03 -0400] "GET /?fileloc=%2F%2Fopt%2Falt%2Fruby18%2Flib64%2Fruby%2F1.8%2Fsoap%2Frpc%2Fhttpserver.rb&path=%2F%2Fopt%2Falt%2Fruby18%2Flib64%2Fruby%2F1.8%2Fsoap%2Frpc HTTP/1.1" 200 0 "-" "Mozilla/5.0 AppleWebKit/537.36 (KHTML, like Gecko; compatible; ClaudeBot/1.0; +claudebot@anthropic.com)"
216.73.216.157 - - [29/Oct/2025:08:40:03 -0400] "GET /?fileloc=%2F%2Fopt%2Falt%2Fruby18%2Flib64%2Fruby%2F1.8%2Frexml%2Fparsers%2Fpullparser.rb&path=%2F%2Fopt%2Falt%2Fruby18%2Flib64%2Fruby%2F1.8%2Frexml%2Fparsers HTTP/1.1" 200 0 "-" "Mozilla/5.0 AppleWebKit/537.36 (KHTML, like Gecko; compatible; ClaudeBot/1.0; +claudebot@anthropic.com)"
216.73.216.157 - - [29/Oct/2025:08:40:03 -0400] "GET /?fileloc=%2F%2Fopt%2Falt%2Fruby21%2Flib64%2Fruby%2F2.1.0%2Frexml%2Fparsers%2Fpullparser.rb&path=%2F%2Fopt%2Falt%2Fruby21%2Flib64%2Fruby%2F2.1.0%2Frexml%2Fparsers HTTP/1.1" 200 0 "-" "Mozilla/5.0 AppleWebKit/537.36 (KHTML, like Gecko; compatible; ClaudeBot/1.0; +claudebot@anthropic.com)"
216.73.216.157 - - [29/Oct/2025:08:40:03 -0400] "GET /robots.txt HTTP/1.1" 200 109 "-" "Mozilla/5.0 AppleWebKit/537.36 (KHTML, like Gecko; compatible; ClaudeBot/1.0; +claudebot@anthropic.com)"
20.171.207.30 - - [29/Oct/2025:08:40:03 -0400] "GET /?path=//proc/self/root/proc/thread-self/root/proc/thread-self/root/proc/self/root/proc/self/root/proc/thread-self/root/proc/self/root/var/softaculous/paintbrushjs HTTP/1.1" 200 0 "-" "Mozilla/5.0 AppleWebKit/537.36 (KHTML, like Gecko; compatible; GPTBot/1.2; +https://openai.com/gptbot)"
216.73.216.157 - - [29/Oct/2025:08:40:04 -0400] "GET /'?path=%2F%2Fusr%2Flib%2Fnode_modules%2Fnpm%2Fnode_modules%2Fcacache%2Flib%2Futil HTTP/1.1" 200 0 "-" "Mozilla/5.0 AppleWebKit/537.36 (KHTML, like Gecko; compatible; ClaudeBot/1.0; +claudebot@anthropic.com)"
216.73.216.157 - - [29/Oct/2025:08:40:04 -0400] "GET /'?path=%2F%2Fusr%2Flib%2Fnode_modules%2Fnpm%2Fnode_modules%2Ffrom2%2Fnode_modules%2Freadable-stream HTTP/1.1" 200 0 "-" "Mozilla/5.0 AppleWebKit/537.36 (KHTML, like Gecko; compatible; ClaudeBot/1.0; +claudebot@anthropic.com)"
216.73.216.157 - - [29/Oct/2025:08:40:04 -0400] "GET /'?path=%2F%2Fusr%2Flib%2Fnode_modules%2Fnpm%2Fnode_modules%2Fthrough2%2Fnode_modules%2Freadable-stream HTTP/1.1" 200 0 "-" "Mozilla/5.0 AppleWebKit/537.36 (KHTML, like Gecko; compatible; ClaudeBot/1.0; +claudebot@anthropic.com)"
216.73.216.157 - - [29/Oct/2025:08:40:04 -0400] "GET /'?path=%2F%2Fusr%2Flib%2Fnode_modules%2Fnpm%2Fnode_modules%2Ffrom2%2Fnode_modules%2Fstring_decoder HTTP/1.1" 200 0 "-" "Mozilla/5.0 AppleWebKit/537.36 (KHTML, like Gecko; compatible; ClaudeBot/1.0; +claudebot@anthropic.com)"
216.73.216.157 - - [29/Oct/2025:08:40:04 -0400] "GET /'?path=%2F%2Fusr%2Flib%2Fnode_modules%2Fnpm%2Fnode_modules%2Fthrough2%2Fnode_modules%2Fstring_decoder HTTP/1.1" 200 0 "-" "Mozilla/5.0 AppleWebKit/537.36 (KHTML, like Gecko; compatible; ClaudeBot/1.0; +claudebot@anthropic.com)"
216.73.216.157 - - [29/Oct/2025:08:40:04 -0400] "GET /'?path=%2F%2Fusr%2Flib%2Fnode_modules%2Fnpm%2Fnode_modules%2Fcacache%2Flib%2Fcontent HTTP/1.1" 200 0 "-" "Mozilla/5.0 AppleWebKit/537.36 (KHTML, like Gecko; compatible; ClaudeBot/1.0; +claudebot@anthropic.com)"
216.73.216.157 - - [29/Oct/2025:08:40:04 -0400] "GET /'?fileloc=%2F%2Fusr%2Flib%2Fnode_modules%2Fnpm%2Fnode_modules%2Fsocks%2Fbuild%2Findex.js.map&path=%2F%2Fusr%2Flib%2Fnode_modules%2Fnpm%2Fnode_modules%2Fsocks%2Fbuild HTTP/1.1" 200 0 "-" "Mozilla/5.0 AppleWebKit/537.36 (KHTML, like Gecko; compatible; ClaudeBot/1.0; +claudebot@anthropic.com)"
216.73.216.157 - - [29/Oct/2025:08:40:04 -0400] "GET /'?path=%2F%2Fusr%2Flib%2Fnode_modules%2Fnpm%2Fnode_modules%2Fgauge%2Fnode_modules%2Fstring-width HTTP/1.1" 200 0 "-" "Mozilla/5.0 AppleWebKit/537.36 (KHTML, like Gecko; compatible; ClaudeBot/1.0; +claudebot@anthropic.com)"
216.73.216.157 - - [29/Oct/2025:08:40:04 -0400] "GET /'?fileloc=%2F%2Fusr%2Flib%2Fnode_modules%2Fnpm%2Fnode_modules%2Fsocks%2Fbuild%2Findex.js&path=%2F%2Fusr%2Flib%2Fnode_modules%2Fnpm%2Fnode_modules%2Fsocks%2Fbuild HTTP/1.1" 200 0 "-" "Mozilla/5.0 AppleWebKit/537.36 (KHTML, like Gecko; compatible; ClaudeBot/1.0; +claudebot@anthropic.com)"
216.73.216.157 - - [29/Oct/2025:08:40:04 -0400] "GET /'?fileloc=%2F%2Fusr%2Flib%2Fnode_modules%2Fnpm%2Fnode_modules%2Fmkdirp%2Fbin%2Fusage.txt&path=%2F%2Fusr%2Flib%2Fnode_modules%2Fnpm%2Fnode_modules%2Fmkdirp%2Fbin HTTP/1.1" 200 0 "-" "Mozilla/5.0 AppleWebKit/537.36 (KHTML, like Gecko; compatible; ClaudeBot/1.0; +claudebot@anthropic.com)"
216.73.216.157 - - [29/Oct/2025:08:40:04 -0400] "GET /'?fileloc=%2F%2Fusr%2Flib%2Fnode_modules%2Fnpm%2Fnode_modules%2Flibcipm%2Flib%2Fsilentlog.js&path=%2F%2Fusr%2Flib%2Fnode_modules%2Fnpm%2Fnode_modules%2Flibcipm%2Flib HTTP/1.1" 200 0 "-" "Mozilla/5.0 AppleWebKit/537.36 (KHTML, like Gecko; compatible; ClaudeBot/1.0; +claudebot@anthropic.com)"
216.73.216.157 - - [29/Oct/2025:08:40:04 -0400] "GET /'?fileloc=%2F%2Fusr%2Flib%2Fnode_modules%2Fnpm%2Fnode_modules%2Fgetpass%2Flib%2Findex.js&path=%2F%2Fusr%2Flib%2Fnode_modules%2Fnpm%2Fnode_modules%2Fgetpass%2Flib HTTP/1.1" 200 0 "-" "Mozilla/5.0 AppleWebKit/537.36 (KHTML, like Gecko; compatible; ClaudeBot/1.0; +claudebot@anthropic.com)"
216.73.216.157 - - [29/Oct/2025:08:40:05 -0400] "GET /'?fileloc=%2F%2Fusr%2Flib%2Fnode_modules%2Fnpm%2Fnode_modules%2Fyargs%2Flib%2Flevenshtein.js&path=%2F%2Fusr%2Flib%2Fnode_modules%2Fnpm%2Fnode_modules%2Fyargs%2Flib HTTP/1.1" 200 0 "-" "Mozilla/5.0 AppleWebKit/537.36 (KHTML, like Gecko; compatible; ClaudeBot/1.0; +claudebot@anthropic.com)"
216.73.216.157 - - [29/Oct/2025:08:40:05 -0400] "GET /'?fileloc=%2F%2Fusr%2Flib%2Fnode_modules%2Fnpm%2Fnode_modules%2Flibcipm%2Flib%2Fworker.js&path=%2F%2Fusr%2Flib%2Fnode_modules%2Fnpm%2Fnode_modules%2Flibcipm%2Flib HTTP/1.1" 200 0 "-" "Mozilla/5.0 AppleWebKit/537.36 (KHTML, like Gecko; compatible; ClaudeBot/1.0; +claudebot@anthropic.com)"
216.73.216.157 - - [29/Oct/2025:08:40:05 -0400] "GET /'?fileloc=%2F%2Fusr%2Flib%2Fnode_modules%2Fnpm%2Fnode_modules%2Fcacache%2Flib%2Fentry-index.js&path=%2F%2Fusr%2Flib%2Fnode_modules%2Fnpm%2Fnode_modules%2Fcacache%2Flib HTTP/1.1" 200 0 "-" "Mozilla/5.0 AppleWebKit/537.36 (KHTML, like Gecko; compatible; ClaudeBot/1.0; +claudebot@anthropic.com)"
216.73.216.157 - - [29/Oct/2025:08:40:05 -0400] "GET /'?fileloc=%2F%2Fusr%2Flib%2Fnode_modules%2Fnpm%2Fnode_modules%2Fyargs%2Flib%2Fcompletion-templates.js&path=%2F%2Fusr%2Flib%2Fnode_modules%2Fnpm%2Fnode_modules%2Fyargs%2Flib HTTP/1.1" 200 0 "-" "Mozilla/5.0 AppleWebKit/537.36 (KHTML, like Gecko; compatible; ClaudeBot/1.0; +claudebot@anthropic.com)"
216.73.216.157 - - [29/Oct/2025:08:40:05 -0400] "GET /'?fileloc=%2F%2Fusr%2Flib%2Fnode_modules%2Fnpm%2Fnode_modules%2Flibcipm%2Flib%2Fextract.js&path=%2F%2Fusr%2Flib%2Fnode_modules%2Fnpm%2Fnode_modules%2Flibcipm%2Flib HTTP/1.1" 200 0 "-" "Mozilla/5.0 AppleWebKit/537.36 (KHTML, like Gecko; compatible; ClaudeBot/1.0; +claudebot@anthropic.com)"
216.73.216.157 - - [29/Oct/2025:08:40:05 -0400] "GET /'?fileloc=%2F%2Fusr%2Flib%2Fnode_modules%2Fnpm%2Fnode_modules%2Fcacache%2Flib%2Fverify.js&path=%2F%2Fusr%2Flib%2Fnode_modules%2Fnpm%2Fnode_modules%2Fcacache%2Flib HTTP/1.1" 200 0 "-" "Mozilla/5.0 AppleWebKit/537.36 (KHTML, like Gecko; compatible; ClaudeBot/1.0; +claudebot@anthropic.com)"
216.73.216.157 - - [29/Oct/2025:08:40:05 -0400] "GET /'?fileloc=%2F%2Fusr%2Flib%2Fnode_modules%2Fnpm%2Fnode_modules%2Farchy%2Fexamples%2Fbeep.js&path=%2F%2Fusr%2Flib%2Fnode_modules%2Fnpm%2Fnode_modules%2Farchy%2Fexamples HTTP/1.1" 200 0 "-" "Mozilla/5.0 AppleWebKit/537.36 (KHTML, like Gecko; compatible; ClaudeBot/1.0; +claudebot@anthropic.com)"
216.73.216.157 - - [29/Oct/2025:08:40:05 -0400] "GET /'?fileloc=%2F%2Fusr%2Flib%2Fnode_modules%2Fnpm%2Fnode_modules%2Fmkdirp%2Fbin%2Fcmd.js&path=%2F%2Fusr%2Flib%2Fnode_modules%2Fnpm%2Fnode_modules%2Fmkdirp%2Fbin HTTP/1.1" 200 0 "-" "Mozilla/5.0 AppleWebKit/537.36 (KHTML, like Gecko; compatible; ClaudeBot/1.0; +claudebot@anthropic.com)"
216.73.216.157 - - [29/Oct/2025:08:40:05 -0400] "GET /'?fileloc=%2F%2Fusr%2Flib%2Fnode_modules%2Fnpm%2Fnode_modules%2Fyargs%2Flib%2Fyerror.js&path=%2F%2Fusr%2Flib%2Fnode_modules%2Fnpm%2Fnode_modules%2Fyargs%2Flib HTTP/1.1" 200 0 "-" "Mozilla/5.0 AppleWebKit/537.36 (KHTML, like Gecko; compatible; ClaudeBot/1.0; +claudebot@anthropic.com)"
216.73.216.157 - - [29/Oct/2025:08:40:05 -0400] "GET /'?fileloc=%2F%2Fusr%2Flib%2Fnode_modules%2Fnpm%2Fnode_modules%2Farchy%2Fexamples%2Fmulti_line.js&path=%2F%2Fusr%2Flib%2Fnode_modules%2Fnpm%2Fnode_modules%2Farchy%2Fexamples HTTP/1.1" 200 0 "-" "Mozilla/5.0 AppleWebKit/537.36 (KHTML, like Gecko; compatible; ClaudeBot/1.0; +claudebot@anthropic.com)"
216.73.216.157 - - [29/Oct/2025:08:40:05 -0400] "GET /'?fileloc=%2F%2Fusr%2Flib%2Fnode_modules%2Fnpm%2Fnode_modules%2Fyargs%2Flib%2Fis-promise.js&path=%2F%2Fusr%2Flib%2Fnode_modules%2Fnpm%2Fnode_modules%2Fyargs%2Flib HTTP/1.1" 200 0 "-" "Mozilla/5.0 AppleWebKit/537.36 (KHTML, like Gecko; compatible; ClaudeBot/1.0; +claudebot@anthropic.com)"
216.73.216.157 - - [29/Oct/2025:08:40:06 -0400] "GET /'?fileloc=%2F%2Fusr%2Flib%2Fnode_modules%2Fnpm%2Fnode_modules%2Fyargs%2Flib%2Fapply-extends.js&path=%2F%2Fusr%2Flib%2Fnode_modules%2Fnpm%2Fnode_modules%2Fyargs%2Flib HTTP/1.1" 200 0 "-" "Mozilla/5.0 AppleWebKit/537.36 (KHTML, like Gecko; compatible; ClaudeBot/1.0; +claudebot@anthropic.com)"
54.225.148.123 - - [29/Oct/2025:08:40:06 -0400] "GET /freispiele-blos-einzahlung2025-beste-freespins-kostenfrei/?path=//opt/alt/ruby27/share/gems/build_info HTTP/1.1" 200 0 "-" "Mozilla/5.0 AppleWebKit/537.36 (KHTML, like Gecko; compatible; Amazonbot/0.1; +https://developer.amazon.com/support/amazonbot) Chrome/119.0.6045.214 Safari/537.36"
216.73.216.157 - - [29/Oct/2025:08:40:06 -0400] "GET /'?fileloc=%2F%2Fusr%2Flib%2Fnode_modules%2Fnpm%2Fnode_modules%2Fyargs%2Flib%2Fargsert.js&path=%2F%2Fusr%2Flib%2Fnode_modules%2Fnpm%2Fnode_modules%2Fyargs%2Flib HTTP/1.1" 200 0 "-" "Mozilla/5.0 AppleWebKit/537.36 (KHTML, like Gecko; compatible; ClaudeBot/1.0; +claudebot@anthropic.com)"
216.73.216.157 - - [29/Oct/2025:08:40:06 -0400] "GET /'?fileloc=%2F%2Fusr%2Flib%2Fnode_modules%2Fnpm%2Fnode_modules%2Fyargs%2Flib%2Fcompletion.js&path=%2F%2Fusr%2Flib%2Fnode_modules%2Fnpm%2Fnode_modules%2Fyargs%2Flib HTTP/1.1" 200 0 "-" "Mozilla/5.0 AppleWebKit/537.36 (KHTML, like Gecko; compatible; ClaudeBot/1.0; +claudebot@anthropic.com)"
216.73.216.157 - - [29/Oct/2025:08:40:06 -0400] "GET /'?fileloc=%2F%2Fusr%2Flib%2Fnode_modules%2Fnpm%2Fnode_modules%2Fcmd-shim%2Flib%2Fto-batch-syntax.js&path=%2F%2Fusr%2Flib%2Fnode_modules%2Fnpm%2Fnode_modules%2Fcmd-shim%2Flib HTTP/1.1" 200 0 "-" "Mozilla/5.0 AppleWebKit/537.36 (KHTML, like Gecko; compatible; ClaudeBot/1.0; +claudebot@anthropic.com)"
216.73.216.157 - - [29/Oct/2025:08:40:06 -0400] "GET /'?fileloc=%2F%2Fusr%2Flib%2Fnode_modules%2Fnpm%2Fnode_modules%2Fyargs%2Flib%2Fcommand.js&path=%2F%2Fusr%2Flib%2Fnode_modules%2Fnpm%2Fnode_modules%2Fyargs%2Flib HTTP/1.1" 200 0 "-" "Mozilla/5.0 AppleWebKit/537.36 (KHTML, like Gecko; compatible; ClaudeBot/1.0; +claudebot@anthropic.com)"
216.73.216.157 - - [29/Oct/2025:08:40:06 -0400] "GET /'?fileloc=%2F%2Fusr%2Flib%2Fnode_modules%2Fnpm%2Fnode_modules%2Fyargs%2Flib%2Fmiddleware.js&path=%2F%2Fusr%2Flib%2Fnode_modules%2Fnpm%2Fnode_modules%2Fyargs%2Flib HTTP/1.1" 200 0 "-" "Mozilla/5.0 AppleWebKit/537.36 (KHTML, like Gecko; compatible; ClaudeBot/1.0; +claudebot@anthropic.com)"
216.73.216.157 - - [29/Oct/2025:08:40:06 -0400] "GET /'?fileloc=%2F%2Fusr%2Flib%2Fnode_modules%2Fnpm%2Fnode_modules%2Fcacache%2Flib%2Fmemoization.js&path=%2F%2Fusr%2Flib%2Fnode_modules%2Fnpm%2Fnode_modules%2Fcacache%2Flib HTTP/1.1" 200 0 "-" "Mozilla/5.0 AppleWebKit/537.36 (KHTML, like Gecko; compatible; ClaudeBot/1.0; +claudebot@anthropic.com)"
216.73.216.157 - - [29/Oct/2025:08:40:06 -0400] "GET /'?fileloc=%2F%2Fusr%2Flib%2Fnode_modules%2Fnpm%2Fnode_modules%2Fyargs%2Flib%2Fusage.js&path=%2F%2Fusr%2Flib%2Fnode_modules%2Fnpm%2Fnode_modules%2Fyargs%2Flib HTTP/1.1" 200 0 "-" "Mozilla/5.0 AppleWebKit/537.36 (KHTML, like Gecko; compatible; ClaudeBot/1.0; +claudebot@anthropic.com)"
216.73.216.157 - - [29/Oct/2025:08:40:06 -0400] "GET /'?fileloc=%2F%2Fusr%2Flib%2Fnode_modules%2Fnpm%2Fnode_modules%2Fyargs%2Flib%2Fvalidation.js&path=%2F%2Fusr%2Flib%2Fnode_modules%2Fnpm%2Fnode_modules%2Fyargs%2Flib HTTP/1.1" 200 0 "-" "Mozilla/5.0 AppleWebKit/537.36 (KHTML, like Gecko; compatible; ClaudeBot/1.0; +claudebot@anthropic.com)"
20.171.207.30 - - [29/Oct/2025:08:40:06 -0400] "GET /?path=//proc/self/root/proc/thread-self/root/proc/thread-self/root/proc/self/root/proc/self/root/proc/thread-self/root/var/softaculous/impresspage HTTP/1.1" 200 0 "-" "Mozilla/5.0 AppleWebKit/537.36 (KHTML, like Gecko; compatible; GPTBot/1.2; +https://openai.com/gptbot)"
23.23.99.55 - - [29/Oct/2025:08:40:09 -0400] "GET /book-of-ra-magic-kostenlos-spielen-ohne-anmeldung/?path=//proc/self/root/proc/sysvipc HTTP/1.1" 200 0 "-" "Mozilla/5.0 AppleWebKit/537.36 (KHTML, like Gecko; compatible; Amazonbot/0.1; +https://developer.amazon.com/support/amazonbot) Chrome/119.0.6045.214 Safari/537.36"
20.171.207.30 - - [29/Oct/2025:08:40:09 -0400] "GET /?path=//proc/self/root/proc/thread-self/root/proc/thread-self/root/proc/self/root/proc/self/root/proc/thread-self/root/lib/tuned/accelerator-performance HTTP/1.1" 200 0 "-" "Mozilla/5.0 AppleWebKit/537.36 (KHTML, like Gecko; compatible; GPTBot/1.2; +https://openai.com/gptbot)"
20.171.207.30 - - [29/Oct/2025:08:40:13 -0400] "GET /?path=//proc/self/root/proc/thread-self/root/proc/thread-self/root/proc/self/root/proc/self/root/home/creaqbdc/etc HTTP/1.1" 200 0 "-" "Mozilla/5.0 AppleWebKit/537.36 (KHTML, like Gecko; compatible; GPTBot/1.2; +https://openai.com/gptbot)"
3.224.215.150 - - [29/Oct/2025:08:40:13 -0400] "GET /spielbank-pramie-ohne-einzahlung-beste-no-vorleistung-boni-2025/?path=//opt/cloudlinux/alt-php55/root/usr/bin HTTP/1.1" 200 0 "-" "Mozilla/5.0 AppleWebKit/537.36 (KHTML, like Gecko; compatible; Amazonbot/0.1; +https://developer.amazon.com/support/amazonbot) Chrome/119.0.6045.214 Safari/537.36"
63.141.249.210 - - [29/Oct/2025:08:40:13 -0400] "GET /wp-includes/plf56b4b/edit.php HTTP/1.1" 200 10 "http://creativefinishings.com/wp-includes/plf56b4b/edit.php" "Mozilla/5.0 (Windows NT 10.0; Win64; x64) AppleWebKit/537.36 (KHTML, like Gecko) Chrome/58.0.3029.110 Safari/537.3"
66.249.65.199 - - [29/Oct/2025:08:40:15 -0400] "GET /safelifesouko-b0116p6f4w HTTP/1.1" 200 0 "-" "Mozilla/5.0 (Linux; Android 6.0.1; Nexus 5X Build/MMB29P) AppleWebKit/537.36 (KHTML, like Gecko) Chrome/141.0.7390.122 Mobile Safari/537.36 (compatible; GoogleOther)"
20.171.207.30 - - [29/Oct/2025:08:40:16 -0400] "GET /?path=//proc/self/root/proc/thread-self/root/proc/thread-self/root/proc/self/root/proc/self/root/home/creaqbdc/.trash HTTP/1.1" 200 0 "-" "Mozilla/5.0 AppleWebKit/537.36 (KHTML, like Gecko; compatible; GPTBot/1.2; +https://openai.com/gptbot)"
18.213.27.222 - - [29/Oct/2025:08:40:17 -0400] "GET /master-the-challenge-of-drop-the-boss-a-gamer-s/?path=//opt/cloudlinux/venv/lib/python3.11/site-packages/distlib/__pycache__ HTTP/1.1" 200 0 "-" "Mozilla/5.0 AppleWebKit/537.36 (KHTML, like Gecko; compatible; Amazonbot/0.1; +https://developer.amazon.com/support/amazonbot) Chrome/119.0.6045.214 Safari/537.36"
20.171.207.30 - - [29/Oct/2025:08:40:19 -0400] "GET /?path=//proc/self/root/proc/thread-self/root/proc/thread-self/root/proc/self/root/proc/self/root/home/creaqbdc/logs HTTP/1.1" 200 0 "-" "Mozilla/5.0 AppleWebKit/537.36 (KHTML, like Gecko; compatible; GPTBot/1.2; +https://openai.com/gptbot)"
114.119.139.53 - - [29/Oct/2025:08:40:20 -0400] "GET /slot-spirit-of-adventure-by-pragmatic-play-demo-free-play?fileloc=//var/tmp/phpMglg65&path=//var/tmp HTTP/1.1" 200 0 "https://creativefinishings.com/slot-spirit-of-adventure-by-pragmatic-play-demo-free-play?path=//var/tmp" "Mozilla/5.0 (Linux; Android 7.0;) AppleWebKit/537.36 (KHTML, like Gecko) Mobile Safari/537.36 (compatible; PetalBot;+https://webmaster.petalsearch.com/site/petalbot)"
66.249.65.198 - - [29/Oct/2025:08:40:21 -0400] "GET /zhHant/product/surugaya/C2453456712?fileloc=//usr/lib64/libxkbcommon-x11.so.0&path=//usr/lib64 HTTP/1.1" 200 0 "-" "Mozilla/5.0 (Linux; Android 6.0.1; Nexus 5X Build/MMB29P) AppleWebKit/537.36 (KHTML, like Gecko) Chrome/141.0.7390.122 Mobile Safari/537.36 (compatible; GoogleOther)"
100.29.155.89 - - [29/Oct/2025:08:40:22 -0400] "GET /a-journey-through-timeless-realms-in-crash-x-game/?path=//opt/alt/alt-nodejs18/root/var/lib/games HTTP/1.1" 200 0 "-" "Mozilla/5.0 AppleWebKit/537.36 (KHTML, like Gecko; compatible; Amazonbot/0.1; +https://developer.amazon.com/support/amazonbot) Chrome/119.0.6045.214 Safari/537.36"
20.171.207.30 - - [29/Oct/2025:08:40:22 -0400] "GET /?path=//proc/self/root/proc/thread-self/root/proc/thread-self/root/proc/self/root/proc/self/root/home/creaqbdc/mail HTTP/1.1" 200 0 "-" "Mozilla/5.0 AppleWebKit/537.36 (KHTML, like Gecko; compatible; GPTBot/1.2; +https://openai.com/gptbot)"
52.4.76.156 - - [29/Oct/2025:08:40:25 -0400] "GET /book-of-ra-magic-kostenlos-spielen-ohne-anmeldung/?path=//opt/alt/php80/usr/share/licenses HTTP/1.1" 200 0 "-" "Mozilla/5.0 AppleWebKit/537.36 (KHTML, like Gecko; compatible; Amazonbot/0.1; +https://developer.amazon.com/support/amazonbot) Chrome/119.0.6045.214 Safari/537.36"
20.171.207.30 - - [29/Oct/2025:08:40:25 -0400] "GET /?path=//proc/self/root/proc/thread-self/root/proc/thread-self/root/proc/self/root/proc/self/root/home/creaqbdc/.cache HTTP/1.1" 200 0 "-" "Mozilla/5.0 AppleWebKit/537.36 (KHTML, like Gecko; compatible; GPTBot/1.2; +https://openai.com/gptbot)"
20.171.207.30 - - [29/Oct/2025:08:40:29 -0400] "GET /?path=//proc/self/root/proc/thread-self/root/proc/thread-self/root/proc/self/root/proc/self/root/home/creaqbdc/.clwpos HTTP/1.1" 200 0 "-" "Mozilla/5.0 AppleWebKit/537.36 (KHTML, like Gecko; compatible; GPTBot/1.2; +https://openai.com/gptbot)"
44.221.105.234 - - [29/Oct/2025:08:40:29 -0400] "GET /spielsaal-qua-1-euroletten-einzahlung-2025-unser-besten-angebote-as-part-of-deutschland/?path=//opt/cloudlinux/alt-php74/root/etc/php.d.all HTTP/1.1" 403 1242 "-" "Mozilla/5.0 AppleWebKit/537.36 (KHTML, like Gecko; compatible; Amazonbot/0.1; +https://developer.amazon.com/support/amazonbot) Chrome/119.0.6045.214 Safari/537.36"
20.171.207.30 - - [29/Oct/2025:08:40:32 -0400] "GET /?path=//proc/self/root/proc/thread-self/root/proc/thread-self/root/proc/self/root/proc/self/root/home/creaqbdc/lscache HTTP/1.1" 200 0 "-" "Mozilla/5.0 AppleWebKit/537.36 (KHTML, like Gecko; compatible; GPTBot/1.2; +https://openai.com/gptbot)"
3.219.81.66 - - [29/Oct/2025:08:40:34 -0400] "GET /portfolio-commercial?path=//opt/imunify360/venv/lib64/python3.11/site-packages/pip/_vendor HTTP/1.1" 200 0 "-" "Mozilla/5.0 AppleWebKit/537.36 (KHTML, like Gecko; compatible; Amazonbot/0.1; +https://developer.amazon.com/support/amazonbot) Chrome/119.0.6045.214 Safari/537.36"
69.197.179.242 - - [29/Oct/2025:08:40:32 -0400] "GET /wp-includes/plf56b4b/edit.php?id=421356 HTTP/1.1" 200 0 "https://creativefinishings.com/wp-includes/plf56b4b/edit.php?id=421356" "Mozilla/5.0 (Windows NT 10.0; Win64; x64) AppleWebKit/537.36 (KHTML, like Gecko) Chrome/58.0.3029.110 Safari/537.3"
20.171.207.30 - - [29/Oct/2025:08:40:35 -0400] "GET /?path=//proc/self/root/proc/thread-self/root/proc/thread-self/root/proc/self/root/proc/self/root/home/creaqbdc/.cpanel HTTP/1.1" 200 0 "-" "Mozilla/5.0 AppleWebKit/537.36 (KHTML, like Gecko; compatible; GPTBot/1.2; +https://openai.com/gptbot)"
66.249.65.197 - - [29/Oct/2025:08:40:36 -0400] "GET /q-~149MGc73uoYjYwNlLFTEuKjCFe2tBv0Ah5300/ HTTP/1.1" 200 0 "-" "Mozilla/5.0 (Linux; Android 6.0.1; Nexus 5X Build/MMB29P) AppleWebKit/537.36 (KHTML, like Gecko) Chrome/141.0.7390.122 Mobile Safari/537.36 (compatible; GoogleOther)"
34.233.114.237 - - [29/Oct/2025:08:40:37 -0400] "GET /services/window-tinting/?path=//home/creaqbdc/lscache/8/c/3 HTTP/1.1" 200 0 "-" "Mozilla/5.0 AppleWebKit/537.36 (KHTML, like Gecko; compatible; Amazonbot/0.1; +https://developer.amazon.com/support/amazonbot) Chrome/119.0.6045.214 Safari/537.36"
66.249.65.197 - - [29/Oct/2025:08:40:38 -0400] "GET /q-~28gzPBrcuQsvEGvqQigGZ4nsJKxXvOHh4301/ HTTP/1.1" 200 0 "-" "Mozilla/5.0 (Linux; Android 6.0.1; Nexus 5X Build/MMB29P) AppleWebKit/537.36 (KHTML, like Gecko) Chrome/141.0.7390.122 Mobile Safari/537.36 (compatible; GoogleOther)"
20.171.207.30 - - [29/Oct/2025:08:40:38 -0400] "GET /?path=//proc/self/root/proc/thread-self/root/proc/thread-self/root/proc/self/root/proc/self/root/home/creaqbdc/tmp HTTP/1.1" 200 0 "-" "Mozilla/5.0 AppleWebKit/537.36 (KHTML, like Gecko; compatible; GPTBot/1.2; +https://openai.com/gptbot)"
54.166.104.83 - - [29/Oct/2025:08:40:41 -0400] "GET /services/kitchen-wrapping/?path=//home/creaqbdc/.cagefs/var/cpanel/php HTTP/1.1" 200 0 "-" "Mozilla/5.0 AppleWebKit/537.36 (KHTML, like Gecko; compatible; Amazonbot/0.1; +https://developer.amazon.com/support/amazonbot) Chrome/119.0.6045.214 Safari/537.36"
66.249.64.2 - - [29/Oct/2025:08:40:41 -0400] "GET /mitenekakakubamboo-m18onefhiwf1d-0c0jp HTTP/1.1" 200 0 "-" "Mozilla/5.0 (Linux; Android 6.0.1; Nexus 5X Build/MMB29P) AppleWebKit/537.36 (KHTML, like Gecko) Chrome/141.0.7390.122 Mobile Safari/537.36 (compatible; Googlebot/2.1; +http://www.google.com/bot.html)"
20.171.207.30 - - [29/Oct/2025:08:40:41 -0400] "GET /?path=//proc/self/root/proc/thread-self/root/proc/thread-self/root/proc/self/root/proc/self/root/home/creaqbdc/ssl HTTP/1.1" 200 0 "-" "Mozilla/5.0 AppleWebKit/537.36 (KHTML, like Gecko; compatible; GPTBot/1.2; +https://openai.com/gptbot)"
20.171.207.30 - - [29/Oct/2025:08:40:44 -0400] "GET /?path=//proc/self/root/proc/thread-self/root/proc/thread-self/root/proc/self/root/proc/self/root/home/creaqbdc/.caldav HTTP/1.1" 200 0 "-" "Mozilla/5.0 AppleWebKit/537.36 (KHTML, like Gecko; compatible; GPTBot/1.2; +https://openai.com/gptbot)"
66.249.65.197 - - [29/Oct/2025:08:40:45 -0400] "GET /zhHant/product/surugaya/C2453456712?fileloc=/home/creaqbdc/mail/creativefinishings.com/luca/dovecot-uidlist&path=/home/creaqbdc/mail/creativefinishings.com/luca HTTP/1.1" 200 0 "-" "Mozilla/5.0 (Linux; Android 6.0.1; Nexus 5X Build/MMB29P) AppleWebKit/537.36 (KHTML, like Gecko) Chrome/141.0.7390.122 Mobile Safari/537.36 (compatible; GoogleOther)"
18.213.27.222 - - [29/Oct/2025:08:40:45 -0400] "GET /book-of-ra-magic-kostenlos-spielen-ohne-anmeldung/?path=//proc/thread-self/root/lib/systemd/user HTTP/1.1" 200 0 "-" "Mozilla/5.0 AppleWebKit/537.36 (KHTML, like Gecko; compatible; Amazonbot/0.1; +https://developer.amazon.com/support/amazonbot) Chrome/119.0.6045.214 Safari/537.36"
20.171.207.30 - - [29/Oct/2025:08:40:48 -0400] "GET /?path=//proc/self/root/proc/thread-self/root/proc/thread-self/root/proc/self/root/proc/self/root/home/creaqbdc/.cagefs HTTP/1.1" 200 0 "-" "Mozilla/5.0 AppleWebKit/537.36 (KHTML, like Gecko; compatible; GPTBot/1.2; +https://openai.com/gptbot)"
34.231.77.232 - - [29/Oct/2025:08:40:49 -0400] "GET /spielbank-pramie-ohne-einzahlung-beste-no-vorleistung-boni-2025/?path=//home/creaqbdc/.cagefs/opt/alt/php53 HTTP/1.1" 200 0 "-" "Mozilla/5.0 AppleWebKit/537.36 (KHTML, like Gecko; compatible; Amazonbot/0.1; +https://developer.amazon.com/support/amazonbot) Chrome/119.0.6045.214 Safari/537.36"
20.171.207.30 - - [29/Oct/2025:08:40:51 -0400] "GET /?path=//proc/self/root/proc/thread-self/root/proc/thread-self/root/proc/self/root/proc/self/root/home/creaqbdc/.cphorde HTTP/1.1" 200 0 "-" "Mozilla/5.0 AppleWebKit/537.36 (KHTML, like Gecko; compatible; GPTBot/1.2; +https://openai.com/gptbot)"
52.3.104.214 - - [29/Oct/2025:08:40:53 -0400] "GET /beste-versorger-provision/?path=//opt/cloudlinux/alt-php70/root/etc/mysql8.4 HTTP/1.1" 403 1242 "-" "Mozilla/5.0 AppleWebKit/537.36 (KHTML, like Gecko; compatible; Amazonbot/0.1; +https://developer.amazon.com/support/amazonbot) Chrome/119.0.6045.214 Safari/537.36"
20.171.207.30 - - [29/Oct/2025:08:40:54 -0400] "GET /?path=//proc/self/root/proc/thread-self/root/proc/thread-self/root/proc/self/root/proc/self/root/proc/thread-self/root/proc/thread-self/root/proc/thread-self/root/proc/self/root/var/cache/php-eaccelerator HTTP/1.1" 200 0 "-" "Mozilla/5.0 AppleWebKit/537.36 (KHTML, like Gecko; compatible; GPTBot/1.2; +https://openai.com/gptbot)"
20.171.207.30 - - [29/Oct/2025:08:40:57 -0400] "GET /?fileloc=//proc/self/root/proc/thread-self/root/proc/thread-self/root/proc/self/root/proc/self/root/proc/thread-self/root/lib/node_modules/npm/node_modules/npm-user-validate/npm-user-validate.js&path=//proc/self/root/proc/thread-self/root/proc/thread-self/root/proc/self/root/proc/self/root/proc/thread-self/root/lib/node_modules/npm/node_modules/npm-user-validate HTTP/1.1" 200 0 "-" "Mozilla/5.0 AppleWebKit/537.36 (KHTML, like Gecko; compatible; GPTBot/1.2; +https://openai.com/gptbot)"
18.213.240.226 - - [29/Oct/2025:08:40:57 -0400] "GET /freispiele-blos-einzahlung2025-beste-freespins-kostenfrei/?path=//opt/alt/alt-nodejs8/root/usr/src HTTP/1.1" 200 0 "-" "Mozilla/5.0 AppleWebKit/537.36 (KHTML, like Gecko; compatible; Amazonbot/0.1; +https://developer.amazon.com/support/amazonbot) Chrome/119.0.6045.214 Safari/537.36"
20.171.207.30 - - [29/Oct/2025:08:41:00 -0400] "GET /?path=//proc/self/root/proc/thread-self/root/proc/thread-self/root/proc/self/root/proc/self/root/proc/thread-self/root/var/softaculous/phpbb/languages HTTP/1.1" 200 0 "-" "Mozilla/5.0 AppleWebKit/537.36 (KHTML, like Gecko; compatible; GPTBot/1.2; +https://openai.com/gptbot)"
44.223.232.55 - - [29/Oct/2025:08:41:01 -0400] "GET /portfolio-residential/?path=//lib/python3.6/site-packages/urllib3/contrib HTTP/1.1" 200 0 "-" "Mozilla/5.0 AppleWebKit/537.36 (KHTML, like Gecko; compatible; Amazonbot/0.1; +https://developer.amazon.com/support/amazonbot) Chrome/119.0.6045.214 Safari/537.36"
20.171.207.30 - - [29/Oct/2025:08:41:03 -0400] "GET /?path=//proc/self/root/proc/thread-self/root/proc/thread-self/root/proc/self/root/proc/self/root/proc/thread-self/root/var/softaculous/tastyigniter HTTP/1.1" 200 0 "-" "Mozilla/5.0 AppleWebKit/537.36 (KHTML, like Gecko; compatible; GPTBot/1.2; +https://openai.com/gptbot)"
54.88.84.219 - - [29/Oct/2025:08:41:05 -0400] "GET /?path=//usr/share/locale/bo HTTP/1.1" 200 0 "-" "Mozilla/5.0 AppleWebKit/537.36 (KHTML, like Gecko; compatible; Amazonbot/0.1; +https://developer.amazon.com/support/amazonbot) Chrome/119.0.6045.214 Safari/537.36"
20.171.207.30 - - [29/Oct/2025:08:41:06 -0400] "GET /?path=//proc/self/root/proc/thread-self/root/proc/thread-self/root/proc/self/root/proc/self/root/proc/thread-self/root/var/softaculous/kanboard/images HTTP/1.1" 200 0 "-" "Mozilla/5.0 AppleWebKit/537.36 (KHTML, like Gecko; compatible; GPTBot/1.2; +https://openai.com/gptbot)"
69.197.179.242 - - [29/Oct/2025:08:41:05 -0400] "GET /wp-content/x072d63/index.php?id=886666 HTTP/1.1" 200 0 "https://creativefinishings.com/wp-content/x072d63/index.php?id=886666" "Mozilla/5.0 (Windows NT 10.0; Win64; x64) AppleWebKit/537.36 (KHTML, like Gecko) Chrome/58.0.3029.110 Safari/537.3"
66.249.65.199 - - [29/Oct/2025:08:41:09 -0400] "GET /zhHant/product/surugaya/C2453456712?fileloc=//usr/lib64/libxmlsec1.so.1.2.25&path=//usr/lib64 HTTP/1.1" 200 0 "-" "Mozilla/5.0 (Linux; Android 6.0.1; Nexus 5X Build/MMB29P) AppleWebKit/537.36 (KHTML, like Gecko) Chrome/141.0.7390.122 Mobile Safari/537.36 (compatible; GoogleOther)"
52.45.15.233 - - [29/Oct/2025:08:41:09 -0400] "GET /freispiele-blos-einzahlung2025-beste-freespins-kostenfrei/?path=//proc/self/root/var/run/nscd HTTP/1.1" 200 0 "-" "Mozilla/5.0 AppleWebKit/537.36 (KHTML, like Gecko; compatible; Amazonbot/0.1; +https://developer.amazon.com/support/amazonbot) Chrome/119.0.6045.214 Safari/537.36"
20.171.207.30 - - [29/Oct/2025:08:41:09 -0400] "GET /?fileloc=//proc/self/root/proc/thread-self/root/proc/thread-self/root/proc/self/root/proc/self/root/proc/thread-self/root/lib/systemd/user/timers.target.wants/grub-boot-success.timer&path=//proc/self/root/proc/thread-self/root/proc/thread-self/root/proc/self/root/proc/self/root/proc/thread-self/root/lib/systemd/user/timers.target.wants HTTP/1.1" 200 0 "-" "Mozilla/5.0 AppleWebKit/537.36 (KHTML, like Gecko; compatible; GPTBot/1.2; +https://openai.com/gptbot)"
66.249.65.199 - - [29/Oct/2025:08:41:12 -0400] "GET /look-it-ko-cr-fg542e1-vn-1 HTTP/1.1" 200 0 "-" "Mozilla/5.0 (Linux; Android 6.0.1; Nexus 5X Build/MMB29P) AppleWebKit/537.36 (KHTML, like Gecko) Chrome/141.0.7390.122 Mobile Safari/537.36 (compatible; GoogleOther)"
20.171.207.30 - - [29/Oct/2025:08:41:13 -0400] "GET /?path=//proc/self/root/proc/thread-self/root/proc/thread-self/root/proc/self/root/proc/self/root/proc/thread-self/root/var/softaculous/zenario/upgrade HTTP/1.1" 200 0 "-" "Mozilla/5.0 AppleWebKit/537.36 (KHTML, like Gecko; compatible; GPTBot/1.2; +https://openai.com/gptbot)"
3.212.219.113 - - [29/Oct/2025:08:41:13 -0400] "GET /book-of-ra-magic-kostenlos-spielen-ohne-anmeldung/?path=//opt/alt/php80/usr/share/pecl HTTP/1.1" 200 0 "-" "Mozilla/5.0 AppleWebKit/537.36 (KHTML, like Gecko; compatible; Amazonbot/0.1; +https://developer.amazon.com/support/amazonbot) Chrome/119.0.6045.214 Safari/537.36"
20.171.207.30 - - [29/Oct/2025:08:41:16 -0400] "GET /?path=//proc/self/root/proc/thread-self/root/proc/thread-self/root/proc/self/root/proc/self/root/proc/thread-self/root/var/softaculous/webtrees/images HTTP/1.1" 200 0 "-" "Mozilla/5.0 AppleWebKit/537.36 (KHTML, like Gecko; compatible; GPTBot/1.2; +https://openai.com/gptbot)"
52.6.232.201 - - [29/Oct/2025:08:41:17 -0400] "GET /a-cosmic-journey-through-the-realm-of-space-xy/?path=//opt/cloudlinux/venv/lib/python3.11/site-packages/git HTTP/1.1" 200 0 "-" "Mozilla/5.0 AppleWebKit/537.36 (KHTML, like Gecko; compatible; Amazonbot/0.1; +https://developer.amazon.com/support/amazonbot) Chrome/119.0.6045.214 Safari/537.36"
20.171.207.30 - - [29/Oct/2025:08:41:19 -0400] "GET /?path=//proc/self/root/proc/thread-self/root/proc/thread-self/root/proc/self/root/proc/self/root/proc/thread-self/root/var/softaculous/rainloop/images HTTP/1.1" 200 0 "-" "Mozilla/5.0 AppleWebKit/537.36 (KHTML, like Gecko; compatible; GPTBot/1.2; +https://openai.com/gptbot)"
66.249.65.198 - - [29/Oct/2025:08:41:21 -0400] "GET /?q=2148186115800&channel=199e08&from=https://creativefinishings.com/select.cgi?q-~25GPxnWnLmV5fcAHXJPe2onys011VfKp162/ HTTP/1.1" 200 0 "-" "Mozilla/5.0 (Linux; Android 6.0.1; Nexus 5X Build/MMB29P) AppleWebKit/537.36 (KHTML, like Gecko) Chrome/141.0.7390.122 Mobile Safari/537.36 (compatible; GoogleOther)"
44.208.223.68 - - [29/Oct/2025:08:41:21 -0400] "GET /book-of-ra-magic-kostenlos-spielen-ohne-anmeldung/?path=//opt/cloudlinux/alt-php84/root/etc/php-fpm.d HTTP/1.1" 403 1242 "-" "Mozilla/5.0 AppleWebKit/537.36 (KHTML, like Gecko; compatible; Amazonbot/0.1; +https://developer.amazon.com/support/amazonbot) Chrome/119.0.6045.214 Safari/537.36"
20.171.207.30 - - [29/Oct/2025:08:41:22 -0400] "GET /?path=//proc/self/root/proc/thread-self/root/proc/thread-self/root/proc/self/root/proc/self/root/proc/thread-self/root/var/softaculous/humhub/upgrader HTTP/1.1" 200 0 "-" "Mozilla/5.0 AppleWebKit/537.36 (KHTML, like Gecko; compatible; GPTBot/1.2; +https://openai.com/gptbot)"
66.249.65.198 - - [29/Oct/2025:08:41:23 -0400] "GET /q-~280fu7jszecIcrLK43wKfPdnKCDhzrF1v9387/?path=/home/creaqbdc/public_html/tmp HTTP/1.1" 200 0 "-" "Mozilla/5.0 (Linux; Android 6.0.1; Nexus 5X Build/MMB29P) AppleWebKit/537.36 (KHTML, like Gecko) Chrome/141.0.7390.122 Mobile Safari/537.36 (compatible; GoogleOther)"
40.77.167.0 - - [29/Oct/2025:08:41:24 -0400] "GET /items/243707845.htm HTTP/1.1" 200 0 "-" "Mozilla/5.0 AppleWebKit/537.36 (KHTML, like Gecko; compatible; bingbot/2.0; +http://www.bing.com/bingbot.htm) Chrome/116.0.1938.76 Safari/537.36"
20.171.207.30 - - [29/Oct/2025:08:41:25 -0400] "GET /?path=//proc/self/root/proc/thread-self/root/proc/thread-self/root/proc/self/root/proc/self/root/proc/thread-self/root/var/softaculous/soplanning HTTP/1.1" 200 0 "-" "Mozilla/5.0 AppleWebKit/537.36 (KHTML, like Gecko; compatible; GPTBot/1.2; +https://openai.com/gptbot)"
34.231.45.47 - - [29/Oct/2025:08:41:26 -0400] "GET /mr-bet-spielbank-deutsche-sprache-2024-beste-spiele-boni/?path=//usr/lib/.build-id/b0 HTTP/1.1" 200 0 "-" "Mozilla/5.0 AppleWebKit/537.36 (KHTML, like Gecko; compatible; Amazonbot/0.1; +https://developer.amazon.com/support/amazonbot) Chrome/119.0.6045.214 Safari/537.36"
20.171.207.30 - - [29/Oct/2025:08:41:28 -0400] "GET /?path=//proc/self/root/proc/thread-self/root/proc/thread-self/root/proc/self/root/proc/self/root/proc/thread-self/root/var/softaculous/modernizr/images HTTP/1.1" 200 0 "-" "Mozilla/5.0 AppleWebKit/537.36 (KHTML, like Gecko; compatible; GPTBot/1.2; +https://openai.com/gptbot)"
98.84.70.201 - - [29/Oct/2025:08:41:29 -0400] "GET /freispiele-blos-einzahlung2025-beste-freespins-kostenfrei/?path=//opt/alt/python-internal/share/doc/alt-python-internal-libs HTTP/1.1" 200 0 "-" "Mozilla/5.0 AppleWebKit/537.36 (KHTML, like Gecko; compatible; Amazonbot/0.1; +https://developer.amazon.com/support/amazonbot) Chrome/119.0.6045.214 Safari/537.36"
20.171.207.30 - - [29/Oct/2025:08:41:32 -0400] "GET /?path=//proc/self/root/proc/thread-self/root/proc/thread-self/root/proc/self/root/proc/self/root/proc/thread-self/root/var/softaculous/litforum/images HTTP/1.1" 200 0 "-" "Mozilla/5.0 AppleWebKit/537.36 (KHTML, like Gecko; compatible; GPTBot/1.2; +https://openai.com/gptbot)"
66.249.65.197 - - [29/Oct/2025:08:41:33 -0400] "GET /zhHant/product/surugaya/C339087085?fileloc=//bin/fc-validate&path=//bin HTTP/1.1" 200 0 "-" "Mozilla/5.0 (Linux; Android 6.0.1; Nexus 5X Build/MMB29P) AppleWebKit/537.36 (KHTML, like Gecko) Chrome/141.0.7390.122 Mobile Safari/537.36 (compatible; GoogleOther)"
3.224.215.150 - - [29/Oct/2025:08:41:33 -0400] "GET /?path=//usr/lib/.build-id/b8 HTTP/1.1" 200 0 "-" "Mozilla/5.0 AppleWebKit/537.36 (KHTML, like Gecko; compatible; Amazonbot/0.1; +https://developer.amazon.com/support/amazonbot) Chrome/119.0.6045.214 Safari/537.36"
20.171.207.30 - - [29/Oct/2025:08:41:35 -0400] "GET /?path=//proc/self/root/proc/thread-self/root/proc/thread-self/root/proc/self/root/proc/self/root/proc/thread-self/root/proc/self/root/var/softaculous/akaunting/images HTTP/1.1" 200 0 "-" "Mozilla/5.0 AppleWebKit/537.36 (KHTML, like Gecko; compatible; GPTBot/1.2; +https://openai.com/gptbot)"
44.208.193.63 - - [29/Oct/2025:08:41:37 -0400] "GET /portfolio-commercial?path=//proc/self/root/usr/share/perl5/URI/file HTTP/1.1" 200 0 "-" "Mozilla/5.0 AppleWebKit/537.36 (KHTML, like Gecko; compatible; Amazonbot/0.1; +https://developer.amazon.com/support/amazonbot) Chrome/119.0.6045.214 Safari/537.36"
