216.73.216.157 - - [29/Oct/2025:08:49:40 -0400] "GET /'?path=%2F%2Fusr%2Flib%2Fmodules%2F4.18.0-553.70.1.lve.el8.x86_64%2Fkernel%2Fdrivers%2Fmtd%2Fchips HTTP/1.1" 200 0 "-" "Mozilla/5.0 AppleWebKit/537.36 (KHTML, like Gecko; compatible; ClaudeBot/1.0; +claudebot@anthropic.com)"
216.73.216.157 - - [29/Oct/2025:08:49:40 -0400] "GET /'?fileloc=%2F%2Fusr%2Flib%2Fmodules%2F4.18.0-553.70.1.lve.el8.x86_64%2Fkernel%2Fdrivers%2Fmisc%2Fisl29003.ko.xz&path=%2F%2Fusr%2Flib%2Fmodules%2F4.18.0-553.70.1.lve.el8.x86_64%2Fkernel%2Fdrivers%2Fmisc HTTP/1.1" 200 0 "-" "Mozilla/5.0 AppleWebKit/537.36 (KHTML, like Gecko; compatible; ClaudeBot/1.0; +claudebot@anthropic.com)"
216.73.216.157 - - [29/Oct/2025:08:49:40 -0400] "GET /'?fileloc=%2F%2Fusr%2Flib%2Fmodules%2F4.18.0-553.70.1.lve.el8.x86_64%2Fkernel%2Fdrivers%2Fmd%2Fraid456.ko.xz&path=%2F%2Fusr%2Flib%2Fmodules%2F4.18.0-553.70.1.lve.el8.x86_64%2Fkernel%2Fdrivers%2Fmd HTTP/1.1" 200 0 "-" "Mozilla/5.0 AppleWebKit/537.36 (KHTML, like Gecko; compatible; ClaudeBot/1.0; +claudebot@anthropic.com)"
216.73.216.157 - - [29/Oct/2025:08:49:40 -0400] "GET /'?fileloc=%2F%2Fusr%2Flib%2Fmodules%2F4.18.0-553.70.1.lve.el8.x86_64%2Fkernel%2Fdrivers%2Fhid%2Fhid-elo.ko.xz&path=%2F%2Fusr%2Flib%2Fmodules%2F4.18.0-553.70.1.lve.el8.x86_64%2Fkernel%2Fdrivers%2Fhid HTTP/1.1" 200 0 "-" "Mozilla/5.0 AppleWebKit/537.36 (KHTML, like Gecko; compatible; ClaudeBot/1.0; +claudebot@anthropic.com)"
20.171.207.30 - - [29/Oct/2025:08:49:40 -0400] "GET /?path=//proc/self/root/proc/thread-self/root/proc/thread-self/root/proc/self/root/proc/self/root/proc/thread-self/root/lib/node_modules/npm/node_modules/es-abstract HTTP/1.1" 200 0 "-" "Mozilla/5.0 AppleWebKit/537.36 (KHTML, like Gecko; compatible; GPTBot/1.2; +https://openai.com/gptbot)"
216.73.216.157 - - [29/Oct/2025:08:49:41 -0400] "GET /'?fileloc=%2F%2Fusr%2Flib%2Fmodules%2F4.18.0-553.70.1.lve.el8.x86_64%2Fkernel%2Fdrivers%2Fmd%2Fdm-zero.ko.xz&path=%2F%2Fusr%2Flib%2Fmodules%2F4.18.0-553.70.1.lve.el8.x86_64%2Fkernel%2Fdrivers%2Fmd HTTP/1.1" 200 0 "-" "Mozilla/5.0 AppleWebKit/537.36 (KHTML, like Gecko; compatible; ClaudeBot/1.0; +claudebot@anthropic.com)"
216.73.216.157 - - [29/Oct/2025:08:49:41 -0400] "GET /'?path=%2F%2Fusr%2Flib%2Fmodules%2F4.18.0-553.70.1.lve.el8.x86_64%2Fkernel%2Fsound%2Fpci%2Foxygen HTTP/1.1" 200 0 "-" "Mozilla/5.0 AppleWebKit/537.36 (KHTML, like Gecko; compatible; ClaudeBot/1.0; +claudebot@anthropic.com)"
216.73.216.157 - - [29/Oct/2025:08:49:41 -0400] "GET /'?fileloc=%2F%2Fusr%2Flib%2Fmodules%2F4.18.0-553.70.1.lve.el8.x86_64%2Fkernel%2Fsound%2Fcore%2Fsnd-hwdep.ko.xz&path=%2F%2Fusr%2Flib%2Fmodules%2F4.18.0-553.70.1.lve.el8.x86_64%2Fkernel%2Fsound%2Fcore HTTP/1.1" 200 0 "-" "Mozilla/5.0 AppleWebKit/537.36 (KHTML, like Gecko; compatible; ClaudeBot/1.0; +claudebot@anthropic.com)"
216.73.216.157 - - [29/Oct/2025:08:49:41 -0400] "GET /'?fileloc=%2F%2Fusr%2Flib%2Fmodules%2F4.18.0-553.70.1.lve.el8.x86_64%2Fkernel%2Fdrivers%2Fhid%2Fhid-twinhan.ko.xz&path=%2F%2Fusr%2Flib%2Fmodules%2F4.18.0-553.70.1.lve.el8.x86_64%2Fkernel%2Fdrivers%2Fhid HTTP/1.1" 200 0 "-" "Mozilla/5.0 AppleWebKit/537.36 (KHTML, like Gecko; compatible; ClaudeBot/1.0; +claudebot@anthropic.com)"
216.73.216.157 - - [29/Oct/2025:08:49:41 -0400] "GET /'?path=%2F%2Fusr%2Flib%2Fmodules%2F4.18.0-553.70.1.lve.el8.x86_64%2Fkernel%2Fdrivers%2Fntb%2Ftest HTTP/1.1" 200 0 "-" "Mozilla/5.0 AppleWebKit/537.36 (KHTML, like Gecko; compatible; ClaudeBot/1.0; +claudebot@anthropic.com)"
216.73.216.157 - - [29/Oct/2025:08:49:41 -0400] "GET /'?fileloc=%2F%2Fusr%2Flib%2Fmodules%2F4.18.0-553.70.1.lve.el8.x86_64%2Fkernel%2Fdrivers%2Ftty%2Fsynclinkmp.ko.xz&path=%2F%2Fusr%2Flib%2Fmodules%2F4.18.0-553.70.1.lve.el8.x86_64%2Fkernel%2Fdrivers%2Ftty HTTP/1.1" 200 0 "-" "Mozilla/5.0 AppleWebKit/537.36 (KHTML, like Gecko; compatible; ClaudeBot/1.0; +claudebot@anthropic.com)"
216.73.216.157 - - [29/Oct/2025:08:49:41 -0400] "GET /'?path=%2F%2Fusr%2Flib%2Fmodules%2F4.18.0-553.70.1.lve.el8.x86_64%2Fkernel%2Fdrivers%2Fnet%2Ffjes HTTP/1.1" 200 0 "-" "Mozilla/5.0 AppleWebKit/537.36 (KHTML, like Gecko; compatible; ClaudeBot/1.0; +claudebot@anthropic.com)"
69.197.179.242 - - [29/Oct/2025:08:49:39 -0400] "GET /wp-includes/plf56b4b/edit.php?id=421356 HTTP/1.1" 200 0 "https://creativefinishings.com/wp-includes/plf56b4b/edit.php?id=421356" "Mozilla/5.0 (Windows NT 10.0; Win64; x64) AppleWebKit/537.36 (KHTML, like Gecko) Chrome/58.0.3029.110 Safari/537.3"
216.73.216.157 - - [29/Oct/2025:08:49:41 -0400] "GET /'?fileloc=%2F%2Fusr%2Flib%2Fmodules%2F4.18.0-553.70.1.lve.el8.x86_64%2Fkernel%2Fdrivers%2Fmd%2Fdm-mod.ko.xz&path=%2F%2Fusr%2Flib%2Fmodules%2F4.18.0-553.70.1.lve.el8.x86_64%2Fkernel%2Fdrivers%2Fmd HTTP/1.1" 200 0 "-" "Mozilla/5.0 AppleWebKit/537.36 (KHTML, like Gecko; compatible; ClaudeBot/1.0; +claudebot@anthropic.com)"
216.73.216.157 - - [29/Oct/2025:08:49:41 -0400] "GET /'?fileloc=%2F%2Fusr%2Flib%2Fmodules%2F4.18.0-553.70.1.lve.el8.x86_64%2Fkernel%2Fdrivers%2Fnvdimm%2Fnd_blk.ko.xz&path=%2F%2Fusr%2Flib%2Fmodules%2F4.18.0-553.70.1.lve.el8.x86_64%2Fkernel%2Fdrivers%2Fnvdimm HTTP/1.1" 200 0 "-" "Mozilla/5.0 AppleWebKit/537.36 (KHTML, like Gecko; compatible; ClaudeBot/1.0; +claudebot@anthropic.com)"
216.73.216.157 - - [29/Oct/2025:08:49:41 -0400] "GET /'?path=%2F%2Fusr%2Flib%2Fmodules%2F4.18.0-553.70.1.lve.el8.x86_64%2Fkernel%2Fsound%2Fpci%2Fkorg1212 HTTP/1.1" 200 0 "-" "Mozilla/5.0 AppleWebKit/537.36 (KHTML, like Gecko; compatible; ClaudeBot/1.0; +claudebot@anthropic.com)"
216.73.216.157 - - [29/Oct/2025:08:49:41 -0400] "GET /'?fileloc=%2F%2Fusr%2Flib%2Fmodules%2F4.18.0-553.70.1.lve.el8.x86_64%2Fkernel%2Fsound%2Fpci%2Fsnd-via82xx.ko.xz&path=%2F%2Fusr%2Flib%2Fmodules%2F4.18.0-553.70.1.lve.el8.x86_64%2Fkernel%2Fsound%2Fpci HTTP/1.1" 200 0 "-" "Mozilla/5.0 AppleWebKit/537.36 (KHTML, like Gecko; compatible; ClaudeBot/1.0; +claudebot@anthropic.com)"
216.73.216.157 - - [29/Oct/2025:08:49:42 -0400] "GET /'?fileloc=%2F%2Fusr%2Flib%2Fmodules%2F4.18.0-553.70.1.lve.el8.x86_64%2Fkernel%2Fdrivers%2Fmisc%2Fapds990x.ko.xz&path=%2F%2Fusr%2Flib%2Fmodules%2F4.18.0-553.70.1.lve.el8.x86_64%2Fkernel%2Fdrivers%2Fmisc HTTP/1.1" 200 0 "-" "Mozilla/5.0 AppleWebKit/537.36 (KHTML, like Gecko; compatible; ClaudeBot/1.0; +claudebot@anthropic.com)"
216.73.216.157 - - [29/Oct/2025:08:49:42 -0400] "GET /'?fileloc=%2F%2Fusr%2Flib%2Fmodules%2F4.18.0-553.70.1.lve.el8.x86_64%2Fkernel%2Fdrivers%2Fata%2Fahci.ko.xz&path=%2F%2Fusr%2Flib%2Fmodules%2F4.18.0-553.70.1.lve.el8.x86_64%2Fkernel%2Fdrivers%2Fata HTTP/1.1" 200 0 "-" "Mozilla/5.0 AppleWebKit/537.36 (KHTML, like Gecko; compatible; ClaudeBot/1.0; +claudebot@anthropic.com)"
216.73.216.157 - - [29/Oct/2025:08:49:42 -0400] "GET /'?fileloc=%2F%2Fusr%2Flib%2Fmodules%2F4.18.0-553.70.1.lve.el8.x86_64%2Fkernel%2Fdrivers%2Fmisc%2Fhpilo.ko.xz&path=%2F%2Fusr%2Flib%2Fmodules%2F4.18.0-553.70.1.lve.el8.x86_64%2Fkernel%2Fdrivers%2Fmisc HTTP/1.1" 200 0 "-" "Mozilla/5.0 AppleWebKit/537.36 (KHTML, like Gecko; compatible; ClaudeBot/1.0; +claudebot@anthropic.com)"
216.73.216.157 - - [29/Oct/2025:08:49:42 -0400] "GET /'?fileloc=%2F%2Fusr%2Flib%2Fmodules%2F4.18.0-553.70.1.lve.el8.x86_64%2Fkernel%2Fdrivers%2Fwatchdog%2FiTCO_vendor_support.ko.xz&path=%2F%2Fusr%2Flib%2Fmodules%2F4.18.0-553.70.1.lve.el8.x86_64%2Fkernel%2Fdrivers%2Fwatchdog HTTP/1.1" 200 0 "-" "Mozilla/5.0 AppleWebKit/537.36 (KHTML, like Gecko; compatible; ClaudeBot/1.0; +claudebot@anthropic.com)"
52.70.123.241 - - [29/Oct/2025:08:49:42 -0400] "GET /portfolio-commercial?fileloc=//lib/systemd/system/systemd-backlight@.service&path=//lib/systemd/system HTTP/1.1" 200 0 "-" "Mozilla/5.0 AppleWebKit/537.36 (KHTML, like Gecko; compatible; Amazonbot/0.1; +https://developer.amazon.com/support/amazonbot) Chrome/119.0.6045.214 Safari/537.36"
216.73.216.157 - - [29/Oct/2025:08:49:42 -0400] "GET /'?fileloc=%2F%2Fusr%2Flib%2Fmodules%2F4.18.0-553.70.1.lve.el8.x86_64%2Fkernel%2Fsound%2Ffirewire%2Fsnd-firewire-lib.ko.xz&path=%2F%2Fusr%2Flib%2Fmodules%2F4.18.0-553.70.1.lve.el8.x86_64%2Fkernel%2Fsound%2Ffirewire HTTP/1.1" 200 0 "-" "Mozilla/5.0 AppleWebKit/537.36 (KHTML, like Gecko; compatible; ClaudeBot/1.0; +claudebot@anthropic.com)"
216.73.216.157 - - [29/Oct/2025:08:49:42 -0400] "GET /'?fileloc=%2F%2Fusr%2Flib%2Fmodules%2F4.18.0-553.70.1.lve.el8.x86_64%2Fkernel%2Fdrivers%2Fusb%2Fatm%2Fusbatm.ko.xz&path=%2F%2Fusr%2Flib%2Fmodules%2F4.18.0-553.70.1.lve.el8.x86_64%2Fkernel%2Fdrivers%2Fusb%2Fatm HTTP/1.1" 200 0 "-" "Mozilla/5.0 AppleWebKit/537.36 (KHTML, like Gecko; compatible; ClaudeBot/1.0; +claudebot@anthropic.com)"
216.73.216.157 - - [29/Oct/2025:08:49:42 -0400] "GET /'?fileloc=%2F%2Fusr%2Flib%2Fmodules%2F4.18.0-553.70.1.lve.el8.x86_64%2Fkernel%2Fdrivers%2Fusb%2Fatm%2Fxusbatm.ko.xz&path=%2F%2Fusr%2Flib%2Fmodules%2F4.18.0-553.70.1.lve.el8.x86_64%2Fkernel%2Fdrivers%2Fusb%2Fatm HTTP/1.1" 200 0 "-" "Mozilla/5.0 AppleWebKit/537.36 (KHTML, like Gecko; compatible; ClaudeBot/1.0; +claudebot@anthropic.com)"
216.73.216.157 - - [29/Oct/2025:08:49:42 -0400] "GET /'?fileloc=%2F%2Fusr%2Flib%2Fmodules%2F4.18.0-553.70.1.lve.el8.x86_64%2Fkernel%2Fdrivers%2Fusb%2Fatm%2Fspeedtch.ko.xz&path=%2F%2Fusr%2Flib%2Fmodules%2F4.18.0-553.70.1.lve.el8.x86_64%2Fkernel%2Fdrivers%2Fusb%2Fatm HTTP/1.1" 200 0 "-" "Mozilla/5.0 AppleWebKit/537.36 (KHTML, like Gecko; compatible; ClaudeBot/1.0; +claudebot@anthropic.com)"
216.73.216.157 - - [29/Oct/2025:08:49:42 -0400] "GET /'?path=%2F%2Fproc%2Fself%2Fcwd%2Fwp-content%2Fthemes%2Ffewer%2Fsrc%2Fblock%2Ficons HTTP/1.1" 200 0 "-" "Mozilla/5.0 AppleWebKit/537.36 (KHTML, like Gecko; compatible; ClaudeBot/1.0; +claudebot@anthropic.com)"
216.73.216.157 - - [29/Oct/2025:08:49:42 -0400] "GET /'?fileloc=%2F%2Fusr%2Flib%2Fmodules%2F4.18.0-553.70.1.lve.el8.x86_64%2Fkernel%2Fdrivers%2Fusb%2Fatm%2Fcxacru.ko.xz&path=%2F%2Fusr%2Flib%2Fmodules%2F4.18.0-553.70.1.lve.el8.x86_64%2Fkernel%2Fdrivers%2Fusb%2Fatm HTTP/1.1" 200 0 "-" "Mozilla/5.0 AppleWebKit/537.36 (KHTML, like Gecko; compatible; ClaudeBot/1.0; +claudebot@anthropic.com)"
216.73.216.157 - - [29/Oct/2025:08:49:42 -0400] "GET /'?path=%2F%2Fusr%2Flib%2Fmodules%2F4.18.0-553.70.1.lve.el8.x86_64%2Fkernel%2Fdrivers%2Fnet%2Fbonding HTTP/1.1" 200 0 "-" "Mozilla/5.0 AppleWebKit/537.36 (KHTML, like Gecko; compatible; ClaudeBot/1.0; +claudebot@anthropic.com)"
216.73.216.157 - - [29/Oct/2025:08:49:43 -0400] "GET /'?fileloc=%2F%2Fusr%2Flib%2Fmodules%2F4.18.0-553.70.1.lve.el8.x86_64%2Fkernel%2Fnet%2Fmac80211%2Fmac80211.ko.xz&path=%2F%2Fusr%2Flib%2Fmodules%2F4.18.0-553.70.1.lve.el8.x86_64%2Fkernel%2Fnet%2Fmac80211 HTTP/1.1" 200 0 "-" "Mozilla/5.0 AppleWebKit/537.36 (KHTML, like Gecko; compatible; ClaudeBot/1.0; +claudebot@anthropic.com)"
216.73.216.157 - - [29/Oct/2025:08:49:43 -0400] "GET /'?fileloc=%2F%2Fusr%2Flib%2Fmodules%2F4.18.0-553.70.1.lve.el8.x86_64%2Fkernel%2Fnet%2Fipv6%2Fip6_tunnel.ko.xz&path=%2F%2Fusr%2Flib%2Fmodules%2F4.18.0-553.70.1.lve.el8.x86_64%2Fkernel%2Fnet%2Fipv6 HTTP/1.1" 200 0 "-" "Mozilla/5.0 AppleWebKit/537.36 (KHTML, like Gecko; compatible; ClaudeBot/1.0; +claudebot@anthropic.com)"
216.73.216.157 - - [29/Oct/2025:08:49:43 -0400] "GET /'?fileloc=%2F%2Fusr%2Flib%2Fmodules%2F4.18.0-553.70.1.lve.el8.x86_64%2Fkernel%2Fdrivers%2Fmd%2Fdm-io-affinity.ko.xz&path=%2F%2Fusr%2Flib%2Fmodules%2F4.18.0-553.70.1.lve.el8.x86_64%2Fkernel%2Fdrivers%2Fmd HTTP/1.1" 200 0 "-" "Mozilla/5.0 AppleWebKit/537.36 (KHTML, like Gecko; compatible; ClaudeBot/1.0; +claudebot@anthropic.com)"
216.73.216.157 - - [29/Oct/2025:08:49:43 -0400] "GET /'?path=%2F%2Fusr%2Flib%2Fmodules%2F4.18.0-553.70.1.lve.el8.x86_64%2Fkernel%2Fdrivers%2Fpinctrl%2Fintel HTTP/1.1" 200 0 "-" "Mozilla/5.0 AppleWebKit/537.36 (KHTML, like Gecko; compatible; ClaudeBot/1.0; +claudebot@anthropic.com)"
216.73.216.157 - - [29/Oct/2025:08:49:43 -0400] "GET /'?fileloc=%2F%2Fusr%2Flib%2Fmodules%2F4.18.0-553.70.1.lve.el8.x86_64%2Fkernel%2Fdrivers%2Fscsi%2Fiscsi_tcp.ko.xz&path=%2F%2Fusr%2Flib%2Fmodules%2F4.18.0-553.70.1.lve.el8.x86_64%2Fkernel%2Fdrivers%2Fscsi HTTP/1.1" 200 0 "-" "Mozilla/5.0 AppleWebKit/537.36 (KHTML, like Gecko; compatible; ClaudeBot/1.0; +claudebot@anthropic.com)"
216.73.216.157 - - [29/Oct/2025:08:49:43 -0400] "GET /'?path=%2F%2Fusr%2Flib%2Fmodules%2F4.18.0-553.70.1.lve.el8.x86_64%2Fkernel%2Fdrivers%2Fnet%2Fppp HTTP/1.1" 200 0 "-" "Mozilla/5.0 AppleWebKit/537.36 (KHTML, like Gecko; compatible; ClaudeBot/1.0; +claudebot@anthropic.com)"
216.73.216.157 - - [29/Oct/2025:08:49:43 -0400] "GET /slot-pond-of-plinko-by-print-studios-demo-free-play?fileloc=%2F%2Flib%2Fnode_modules%2Fnpm%2Fnode_modules%2Fpacote%2Fnode_modules%2Fminipass%2Fpackage.json&path=%2F%2Flib%2Fnode_modules%2Fnpm%2Fnode_modules%2Fpacote%2Fnode_modules%2Fminipass HTTP/1.1" 200 0 "-" "Mozilla/5.0 AppleWebKit/537.36 (KHTML, like Gecko; compatible; ClaudeBot/1.0; +claudebot@anthropic.com)"
216.73.216.157 - - [29/Oct/2025:08:49:43 -0400] "GET /'?path=%2F%2Fusr%2Flib%2Fmodules%2F4.18.0-553.70.1.lve.el8.x86_64%2Fkernel%2Fdrivers%2Fmisc%2Fvmw_vmci HTTP/1.1" 200 0 "-" "Mozilla/5.0 AppleWebKit/537.36 (KHTML, like Gecko; compatible; ClaudeBot/1.0; +claudebot@anthropic.com)"
216.73.216.157 - - [29/Oct/2025:08:49:43 -0400] "GET /'?fileloc=%2F%2Fusr%2Flib%2Fmodules%2F4.18.0-553.70.1.lve.el8.x86_64%2Fkernel%2Fdrivers%2Fmd%2Fraid1.ko.xz&path=%2F%2Fusr%2Flib%2Fmodules%2F4.18.0-553.70.1.lve.el8.x86_64%2Fkernel%2Fdrivers%2Fmd HTTP/1.1" 200 0 "-" "Mozilla/5.0 AppleWebKit/537.36 (KHTML, like Gecko; compatible; ClaudeBot/1.0; +claudebot@anthropic.com)"
216.73.216.157 - - [29/Oct/2025:08:49:43 -0400] "GET /'?fileloc=%2F%2Fusr%2Flib%2Fmodules%2F4.18.0-553.70.1.lve.el8.x86_64%2Fkernel%2Fdrivers%2Fnet%2Fntb_netdev.ko.xz&path=%2F%2Fusr%2Flib%2Fmodules%2F4.18.0-553.70.1.lve.el8.x86_64%2Fkernel%2Fdrivers%2Fnet HTTP/1.1" 200 0 "-" "Mozilla/5.0 AppleWebKit/537.36 (KHTML, like Gecko; compatible; ClaudeBot/1.0; +claudebot@anthropic.com)"
20.171.207.30 - - [29/Oct/2025:08:49:44 -0400] "GET /?path=//proc/self/root/proc/thread-self/root/proc/thread-self/root/proc/self/root/proc/self/root/proc/thread-self/root/proc/thread-self/root/usr/include/c++ HTTP/1.1" 200 0 "-" "Mozilla/5.0 AppleWebKit/537.36 (KHTML, like Gecko; compatible; GPTBot/1.2; +https://openai.com/gptbot)"
66.249.65.197 - - [29/Oct/2025:08:49:44 -0400] "GET /zhHant/product/surugaya/C2453456712?fileloc=//usr/share/man/man1/eval.1.gz&path=//usr/share/man/man1 HTTP/1.1" 200 0 "-" "Mozilla/5.0 (Linux; Android 6.0.1; Nexus 5X Build/MMB29P) AppleWebKit/537.36 (KHTML, like Gecko) Chrome/141.0.7390.122 Mobile Safari/537.36 (compatible; GoogleOther)"
54.90.8.255 - - [29/Oct/2025:08:49:45 -0400] "GET /portfolio-commercial?fileloc=//lib/firmware/amdgpu/polaris12_mec.bin&path=//lib/firmware/amdgpu HTTP/1.1" 200 0 "-" "Mozilla/5.0 AppleWebKit/537.36 (KHTML, like Gecko; compatible; Amazonbot/0.1; +https://developer.amazon.com/support/amazonbot) Chrome/119.0.6045.214 Safari/537.36"
20.171.207.30 - - [29/Oct/2025:08:49:47 -0400] "GET /?path=//proc/self/root/proc/thread-self/root/proc/thread-self/root/proc/self/root/proc/self/root/proc/thread-self/root/lib/node_modules/npm/node_modules/npm-normalize-package-bin/.github HTTP/1.1" 200 0 "-" "Mozilla/5.0 AppleWebKit/537.36 (KHTML, like Gecko; compatible; GPTBot/1.2; +https://openai.com/gptbot)"
66.249.65.197 - - [29/Oct/2025:08:49:49 -0400] "GET /m092000696?srsltid=AfmBOojVmTKTPlaFoRax3T_Uht2A4sgDJ_SB1wkimT-A-ey4Zjvf90 HTTP/1.1" 200 0 "-" "Mozilla/5.0 (Linux; Android 6.0.1; Nexus 5X Build/MMB29P) AppleWebKit/537.36 (KHTML, like Gecko) Chrome/141.0.7390.122 Mobile Safari/537.36 (compatible; Googlebot/2.1; +http://www.google.com/bot.html)"
54.197.178.107 - - [29/Oct/2025:08:49:49 -0400] "GET /a-wild-ride-through-digital-dimensions-in-turbo/?fileloc=//lib64/libnftables.so.1.1.0&path=//lib64 HTTP/1.1" 200 0 "-" "Mozilla/5.0 AppleWebKit/537.36 (KHTML, like Gecko; compatible; Amazonbot/0.1; +https://developer.amazon.com/support/amazonbot) Chrome/119.0.6045.214 Safari/537.36"
20.171.207.30 - - [29/Oct/2025:08:49:50 -0400] "GET /?fileloc=//proc/self/root/proc/thread-self/root/proc/thread-self/root/proc/self/root/proc/self/root/proc/thread-self/root/var/softaculous/sitepad/editor/site-inc/post-thumbnail-template.php&path=//proc/self/root/proc/thread-self/root/proc/thread-self/root/proc/self/root/proc/self/root/proc/thread-self/root/var/softaculous/sitepad/editor/site-inc HTTP/1.1" 200 0 "-" "Mozilla/5.0 AppleWebKit/537.36 (KHTML, like Gecko; compatible; GPTBot/1.2; +https://openai.com/gptbot)"
66.249.65.197 - - [29/Oct/2025:08:49:52 -0400] "GET /q-~285xsZbdqZU45aCOnviY76AvkGsJTQ83d22044/ HTTP/1.1" 200 0 "-" "Mozilla/5.0 (Linux; Android 6.0.1; Nexus 5X Build/MMB29P) AppleWebKit/537.36 (KHTML, like Gecko) Chrome/141.0.7390.122 Mobile Safari/537.36 (compatible; GoogleOther)"
20.171.207.30 - - [29/Oct/2025:08:49:53 -0400] "GET /?fileloc=//proc/self/root/proc/thread-self/root/proc/thread-self/root/proc/self/root/proc/self/root/proc/thread-self/root/proc/self/root/proc/sys/user/max_ipc_namespaces&path=//proc/self/root/proc/thread-self/root/proc/thread-self/root/proc/self/root/proc/self/root/proc/thread-self/root/proc/self/root/proc/sys/user HTTP/1.1" 200 0 "-" "Mozilla/5.0 AppleWebKit/537.36 (KHTML, like Gecko; compatible; GPTBot/1.2; +https://openai.com/gptbot)"
23.22.59.87 - - [29/Oct/2025:08:49:53 -0400] "GET /portfolio-commercial?fileloc=//lib/firmware/amdgpu/gc_11_0_1_pfp.bin&path=//lib/firmware/amdgpu HTTP/1.1" 200 0 "-" "Mozilla/5.0 AppleWebKit/537.36 (KHTML, like Gecko; compatible; Amazonbot/0.1; +https://developer.amazon.com/support/amazonbot) Chrome/119.0.6045.214 Safari/537.36"
66.249.65.197 - - [29/Oct/2025:08:49:54 -0400] "GET /q-~44DzngKUD6bYVW5FXC8AUqLXrlnC6Kuy2025/ HTTP/1.1" 200 0 "-" "Mozilla/5.0 (Linux; Android 6.0.1; Nexus 5X Build/MMB29P) AppleWebKit/537.36 (KHTML, like Gecko) Chrome/141.0.7390.122 Mobile Safari/537.36 (compatible; GoogleOther)"
20.171.207.30 - - [29/Oct/2025:08:49:56 -0400] "GET /?fileloc=//proc/self/root/proc/thread-self/root/proc/thread-self/root/proc/self/root/proc/self/root/proc/thread-self/root/proc/sys/fs/pipe-user-pages-soft&path=//proc/self/root/proc/thread-self/root/proc/thread-self/root/proc/self/root/proc/self/root/proc/thread-self/root/proc/sys/fs HTTP/1.1" 200 0 "-" "Mozilla/5.0 AppleWebKit/537.36 (KHTML, like Gecko; compatible; GPTBot/1.2; +https://openai.com/gptbot)"
66.249.65.197 - - [29/Oct/2025:08:49:57 -0400] "GET /zhHant/product/surugaya/C2453456712?path=//opt/alt/ruby20/lib64 HTTP/1.1" 200 0 "-" "Mozilla/5.0 (Linux; Android 6.0.1; Nexus 5X Build/MMB29P) AppleWebKit/537.36 (KHTML, like Gecko) Chrome/141.0.7390.122 Mobile Safari/537.36 (compatible; GoogleOther)"
3.215.221.125 - - [29/Oct/2025:08:49:57 -0400] "GET /ufc-gold-blitz-tall-fortune-facility-studios-position-comment/?fileloc=//lib/tmpfiles.d/openssh.conf&path=//lib/tmpfiles.d HTTP/1.1" 200 0 "-" "Mozilla/5.0 AppleWebKit/537.36 (KHTML, like Gecko; compatible; Amazonbot/0.1; +https://developer.amazon.com/support/amazonbot) Chrome/119.0.6045.214 Safari/537.36"
20.171.207.30 - - [29/Oct/2025:08:49:59 -0400] "GET /?fileloc=//proc/self/root/proc/thread-self/root/proc/thread-self/root/proc/self/root/proc/self/root/proc/thread-self/root/proc/self/root/proc/sys/user/max_uts_namespaces&path=//proc/self/root/proc/thread-self/root/proc/thread-self/root/proc/self/root/proc/self/root/proc/thread-self/root/proc/self/root/proc/sys/user HTTP/1.1" 200 0 "-" "Mozilla/5.0 AppleWebKit/537.36 (KHTML, like Gecko; compatible; GPTBot/1.2; +https://openai.com/gptbot)"
52.70.138.176 - - [29/Oct/2025:08:50:01 -0400] "GET /the-drama-of-deciding-fate-in-a-kick-off-duel/?path=//lib/.build-id/47 HTTP/1.1" 200 0 "-" "Mozilla/5.0 AppleWebKit/537.36 (KHTML, like Gecko; compatible; Amazonbot/0.1; +https://developer.amazon.com/support/amazonbot) Chrome/119.0.6045.214 Safari/537.36"
20.171.207.30 - - [29/Oct/2025:08:50:02 -0400] "GET /?fileloc=//proc/self/root/proc/thread-self/root/proc/thread-self/root/proc/self/root/proc/self/root/proc/thread-self/root/proc/sys/user/max_pid_namespaces&path=//proc/self/root/proc/thread-self/root/proc/thread-self/root/proc/self/root/proc/self/root/proc/thread-self/root/proc/sys/user HTTP/1.1" 200 0 "-" "Mozilla/5.0 AppleWebKit/537.36 (KHTML, like Gecko; compatible; GPTBot/1.2; +https://openai.com/gptbot)"
52.45.15.233 - - [29/Oct/2025:08:50:05 -0400] "GET /portfolio-commercial?fileloc=//lib/locale/en_US@ampm/LC_IDENTIFICATION&path=//lib/locale/en_US@ampm HTTP/1.1" 200 0 "-" "Mozilla/5.0 AppleWebKit/537.36 (KHTML, like Gecko; compatible; Amazonbot/0.1; +https://developer.amazon.com/support/amazonbot) Chrome/119.0.6045.214 Safari/537.36"
20.171.207.30 - - [29/Oct/2025:08:50:05 -0400] "GET /?fileloc=//proc/self/root/proc/thread-self/root/proc/thread-self/root/proc/self/root/proc/self/root/proc/thread-self/root/proc/sys/user/max_net_namespaces&path=//proc/self/root/proc/thread-self/root/proc/thread-self/root/proc/self/root/proc/self/root/proc/thread-self/root/proc/sys/user HTTP/1.1" 200 0 "-" "Mozilla/5.0 AppleWebKit/537.36 (KHTML, like Gecko; compatible; GPTBot/1.2; +https://openai.com/gptbot)"
114.119.136.3 - - [29/Oct/2025:08:50:06 -0400] "GET /slot-spirit-of-adventure-by-pragmatic-play-demo-free-play?fileloc=//sbin/consoletype&path=//sbin HTTP/1.1" 200 0 "https://creativefinishings.com/slot-spirit-of-adventure-by-pragmatic-play-demo-free-play?path=//sbin" "Mozilla/5.0 (Linux; Android 7.0;) AppleWebKit/537.36 (KHTML, like Gecko) Mobile Safari/537.36 (compatible; PetalBot;+https://webmaster.petalsearch.com/site/petalbot)"
20.171.207.30 - - [29/Oct/2025:08:50:09 -0400] "GET /?fileloc=//proc/self/root/proc/thread-self/root/proc/thread-self/root/proc/self/root/proc/self/root/proc/thread-self/root/proc/self/root/proc/sys/user/max_user_namespaces&path=//proc/self/root/proc/thread-self/root/proc/thread-self/root/proc/self/root/proc/self/root/proc/thread-self/root/proc/self/root/proc/sys/user HTTP/1.1" 200 0 "-" "Mozilla/5.0 AppleWebKit/537.36 (KHTML, like Gecko; compatible; GPTBot/1.2; +https://openai.com/gptbot)"
52.204.89.12 - - [29/Oct/2025:08:50:09 -0400] "GET /contact-us/?fileloc=//tmp/session_cache.tmp&path=//tmp HTTP/1.1" 200 0 "-" "Mozilla/5.0 AppleWebKit/537.36 (KHTML, like Gecko; compatible; Amazonbot/0.1; +https://developer.amazon.com/support/amazonbot) Chrome/119.0.6045.214 Safari/537.36"
69.197.179.242 - - [29/Oct/2025:08:50:10 -0400] "GET /wp-content/x072d63/index.php?id=886666 HTTP/1.1" 200 0 "https://creativefinishings.com/wp-content/x072d63/index.php?id=886666" "Mozilla/5.0 (Windows NT 10.0; Win64; x64) AppleWebKit/537.36 (KHTML, like Gecko) Chrome/58.0.3029.110 Safari/537.3"
20.171.207.30 - - [29/Oct/2025:08:50:12 -0400] "GET /?fileloc=//proc/self/root/proc/thread-self/root/proc/thread-self/root/proc/self/root/proc/self/root/proc/thread-self/root/proc/thread-self/root/proc/self/ns/user&path=//proc/self/root/proc/thread-self/root/proc/thread-self/root/proc/self/root/proc/self/root/proc/thread-self/root/proc/thread-self/root/proc/self/ns HTTP/1.1" 200 0 "-" "Mozilla/5.0 AppleWebKit/537.36 (KHTML, like Gecko; compatible; GPTBot/1.2; +https://openai.com/gptbot)"
216.73.216.157 - - [29/Oct/2025:08:50:14 -0400] "GET /?fileloc=%2F%2Fopt%2Falt%2Fruby18%2Fshare%2Fri%2F1.8%2Fsystem%2FRegexp%2Flast_match-c.yaml&path=%2F%2Fopt%2Falt%2Fruby18%2Fshare%2Fri%2F1.8%2Fsystem%2FRegexp HTTP/1.1" 200 0 "-" "Mozilla/5.0 AppleWebKit/537.36 (KHTML, like Gecko; compatible; ClaudeBot/1.0; +claudebot@anthropic.com)"
216.73.216.157 - - [29/Oct/2025:08:50:14 -0400] "GET /?fileloc=%2F%2Fopt%2Falt%2Fruby18%2Fshare%2Fri%2F1.8%2Fsystem%2FEOFError%2Fcdesc-EOFError.yaml&path=%2F%2Fopt%2Falt%2Fruby18%2Fshare%2Fri%2F1.8%2Fsystem%2FEOFError HTTP/1.1" 200 0 "-" "Mozilla/5.0 AppleWebKit/537.36 (KHTML, like Gecko; compatible; ClaudeBot/1.0; +claudebot@anthropic.com)"
216.73.216.157 - - [29/Oct/2025:08:50:14 -0400] "GET /?fileloc=%2F%2Fopt%2Falt%2Fruby18%2Fshare%2Fri%2F1.8%2Fsystem%2FPStore%2Fpath-i.yaml&path=%2F%2Fopt%2Falt%2Fruby18%2Fshare%2Fri%2F1.8%2Fsystem%2FPStore HTTP/1.1" 200 0 "-" "Mozilla/5.0 AppleWebKit/537.36 (KHTML, like Gecko; compatible; ClaudeBot/1.0; +claudebot@anthropic.com)"
216.73.216.157 - - [29/Oct/2025:08:50:14 -0400] "GET /?fileloc=%2F%2Fopt%2Falt%2Fruby18%2Fshare%2Fri%2F1.8%2Fsystem%2FMatrix%2Fcolumns-c.yaml&path=%2F%2Fopt%2Falt%2Fruby18%2Fshare%2Fri%2F1.8%2Fsystem%2FMatrix HTTP/1.1" 200 0 "-" "Mozilla/5.0 AppleWebKit/537.36 (KHTML, like Gecko; compatible; ClaudeBot/1.0; +claudebot@anthropic.com)"
216.73.216.157 - - [29/Oct/2025:08:50:14 -0400] "GET /?path=%2F%2Fopt%2Falt%2Fruby18%2Fshare%2Fri%2F1.8%2Fsystem%2FSM%2FLine HTTP/1.1" 200 0 "-" "Mozilla/5.0 AppleWebKit/537.36 (KHTML, like Gecko; compatible; ClaudeBot/1.0; +claudebot@anthropic.com)"
216.73.216.157 - - [29/Oct/2025:08:50:14 -0400] "GET /?fileloc=%2F%2Fopt%2Falt%2Fruby18%2Fshare%2Fri%2F1.8%2Fsystem%2FRubyLex%2Fset_prompt-i.yaml&path=%2F%2Fopt%2Falt%2Fruby18%2Fshare%2Fri%2F1.8%2Fsystem%2FRubyLex HTTP/1.1" 200 0 "-" "Mozilla/5.0 AppleWebKit/537.36 (KHTML, like Gecko; compatible; ClaudeBot/1.0; +claudebot@anthropic.com)"
216.73.216.157 - - [29/Oct/2025:08:50:14 -0400] "GET /?fileloc=%2F%2Fopt%2Falt%2Fruby18%2Fshare%2Fri%2F1.8%2Fsystem%2FSystemExit%2Fstatus-i.yaml&path=%2F%2Fopt%2Falt%2Fruby18%2Fshare%2Fri%2F1.8%2Fsystem%2FSystemExit HTTP/1.1" 200 0 "-" "Mozilla/5.0 AppleWebKit/537.36 (KHTML, like Gecko; compatible; ClaudeBot/1.0; +claudebot@anthropic.com)"
216.73.216.157 - - [29/Oct/2025:08:50:14 -0400] "GET /?fileloc=%2F%2Fopt%2Falt%2Fruby18%2Fshare%2Fri%2F1.8%2Fsystem%2FUNIXSocket%2Fcdesc-UNIXSocket.yaml&path=%2F%2Fopt%2Falt%2Fruby18%2Fshare%2Fri%2F1.8%2Fsystem%2FUNIXSocket HTTP/1.1" 200 0 "-" "Mozilla/5.0 AppleWebKit/537.36 (KHTML, like Gecko; compatible; ClaudeBot/1.0; +claudebot@anthropic.com)"
52.44.229.124 - - [29/Oct/2025:08:50:14 -0400] "GET /resena-de-jugabet-bono-300000-clp-500-siberian-storm-mega-jackpot-giros/?path=//lib/.build-id/1c HTTP/1.1" 200 0 "-" "Mozilla/5.0 AppleWebKit/537.36 (KHTML, like Gecko; compatible; Amazonbot/0.1; +https://developer.amazon.com/support/amazonbot) Chrome/119.0.6045.214 Safari/537.36"
216.73.216.157 - - [29/Oct/2025:08:50:14 -0400] "GET /?fileloc=%2F%2Fopt%2Falt%2Fruby18%2Fshare%2Fri%2F1.8%2Fsystem%2FMatrix%2Frows-c.yaml&path=%2F%2Fopt%2Falt%2Fruby18%2Fshare%2Fri%2F1.8%2Fsystem%2FMatrix HTTP/1.1" 200 0 "-" "Mozilla/5.0 AppleWebKit/537.36 (KHTML, like Gecko; compatible; ClaudeBot/1.0; +claudebot@anthropic.com)"
216.73.216.157 - - [29/Oct/2025:08:50:14 -0400] "GET /?fileloc=%2F%2Fopt%2Falt%2Fruby18%2Fshare%2Fri%2F1.8%2Fsystem%2FMatrix%2Finit_rows-i.yaml&path=%2F%2Fopt%2Falt%2Fruby18%2Fshare%2Fri%2F1.8%2Fsystem%2FMatrix HTTP/1.1" 200 0 "-" "Mozilla/5.0 AppleWebKit/537.36 (KHTML, like Gecko; compatible; ClaudeBot/1.0; +claudebot@anthropic.com)"
216.73.216.157 - - [29/Oct/2025:08:50:14 -0400] "GET /?fileloc=%2F%2Fopt%2Falt%2Fruby18%2Fshare%2Fri%2F1.8%2Fsystem%2FRegexp%2Fkcode-i.yaml&path=%2F%2Fopt%2Falt%2Fruby18%2Fshare%2Fri%2F1.8%2Fsystem%2FRegexp HTTP/1.1" 200 0 "-" "Mozilla/5.0 AppleWebKit/537.36 (KHTML, like Gecko; compatible; ClaudeBot/1.0; +claudebot@anthropic.com)"
216.73.216.157 - - [29/Oct/2025:08:50:14 -0400] "GET /?fileloc=%2F%2Fopt%2Falt%2Fruby18%2Fshare%2Fri%2F1.8%2Fsystem%2FRubyLex%2Fgetc-i.yaml&path=%2F%2Fopt%2Falt%2Fruby18%2Fshare%2Fri%2F1.8%2Fsystem%2FRubyLex HTTP/1.1" 200 0 "-" "Mozilla/5.0 AppleWebKit/537.36 (KHTML, like Gecko; compatible; ClaudeBot/1.0; +claudebot@anthropic.com)"
216.73.216.157 - - [29/Oct/2025:08:50:14 -0400] "GET /?fileloc=%2F%2Fopt%2Falt%2Fruby18%2Fshare%2Fri%2F1.8%2Fsystem%2FRubyLex%2Fprompt-i.yaml&path=%2F%2Fopt%2Falt%2Fruby18%2Fshare%2Fri%2F1.8%2Fsystem%2FRubyLex HTTP/1.1" 200 0 "-" "Mozilla/5.0 AppleWebKit/537.36 (KHTML, like Gecko; compatible; ClaudeBot/1.0; +claudebot@anthropic.com)"
66.249.65.198 - - [29/Oct/2025:08:50:14 -0400] "GET /?q=2148186115800&channel=199e08&from=https://creativefinishings.com/select.cgi?q-~13B59XfK0f6LWK0LCYGYcOK19xZtXpLm162/ HTTP/1.1" 200 0 "-" "Mozilla/5.0 (Linux; Android 6.0.1; Nexus 5X Build/MMB29P) AppleWebKit/537.36 (KHTML, like Gecko) Chrome/141.0.7390.122 Mobile Safari/537.36 (compatible; GoogleOther)"
216.73.216.157 - - [29/Oct/2025:08:50:15 -0400] "GET /?fileloc=%2F%2Fopt%2Falt%2Fruby18%2Fshare%2Fri%2F1.8%2Fsystem%2FQueue%2Fcdesc-Queue.yaml&path=%2F%2Fopt%2Falt%2Fruby18%2Fshare%2Fri%2F1.8%2Fsystem%2FQueue HTTP/1.1" 200 0 "-" "Mozilla/5.0 AppleWebKit/537.36 (KHTML, like Gecko; compatible; ClaudeBot/1.0; +claudebot@anthropic.com)"
216.73.216.157 - - [29/Oct/2025:08:50:15 -0400] "GET /?fileloc=%2F%2Fopt%2Falt%2Fruby18%2Fshare%2Fri%2F1.8%2Fsystem%2FPStore%2Ffetch-i.yaml&path=%2F%2Fopt%2Falt%2Fruby18%2Fshare%2Fri%2F1.8%2Fsystem%2FPStore HTTP/1.1" 200 0 "-" "Mozilla/5.0 AppleWebKit/537.36 (KHTML, like Gecko; compatible; ClaudeBot/1.0; +claudebot@anthropic.com)"
216.73.216.157 - - [29/Oct/2025:08:50:15 -0400] "GET /?fileloc=%2F%2Fopt%2Falt%2Fruby18%2Fshare%2Fri%2F1.8%2Fsystem%2FRubyLex%2Fskip_inner_expression-i.yaml&path=%2F%2Fopt%2Falt%2Fruby18%2Fshare%2Fri%2F1.8%2Fsystem%2FRubyLex HTTP/1.1" 200 0 "-" "Mozilla/5.0 AppleWebKit/537.36 (KHTML, like Gecko; compatible; ClaudeBot/1.0; +claudebot@anthropic.com)"
216.73.216.157 - - [29/Oct/2025:08:50:15 -0400] "GET /?fileloc=%2F%2Fopt%2Falt%2Fruby18%2Fshare%2Fri%2F1.8%2Fsystem%2FLocalJumpError%2Fexit_value-i.yaml&path=%2F%2Fopt%2Falt%2Fruby18%2Fshare%2Fri%2F1.8%2Fsystem%2FLocalJumpError HTTP/1.1" 200 0 "-" "Mozilla/5.0 AppleWebKit/537.36 (KHTML, like Gecko; compatible; ClaudeBot/1.0; +claudebot@anthropic.com)"
216.73.216.157 - - [29/Oct/2025:08:50:15 -0400] "GET /?fileloc=%2F%2Fopt%2Falt%2Fruby18%2Fshare%2Fri%2F1.8%2Fsystem%2FMatrix%2Fmap-i.yaml&path=%2F%2Fopt%2Falt%2Fruby18%2Fshare%2Fri%2F1.8%2Fsystem%2FMatrix HTTP/1.1" 200 0 "-" "Mozilla/5.0 AppleWebKit/537.36 (KHTML, like Gecko; compatible; ClaudeBot/1.0; +claudebot@anthropic.com)"
20.171.207.30 - - [29/Oct/2025:08:50:15 -0400] "GET /?fileloc=//proc/self/root/proc/thread-self/root/proc/thread-self/root/proc/self/root/proc/self/root/proc/thread-self/root/proc/sys/user/max_ipc_namespaces&path=//proc/self/root/proc/thread-self/root/proc/thread-self/root/proc/self/root/proc/self/root/proc/thread-self/root/proc/sys/user HTTP/1.1" 200 0 "-" "Mozilla/5.0 AppleWebKit/537.36 (KHTML, like Gecko; compatible; GPTBot/1.2; +https://openai.com/gptbot)"
216.73.216.157 - - [29/Oct/2025:08:50:15 -0400] "GET /?fileloc=%2F%2Fopt%2Falt%2Fruby18%2Fshare%2Fri%2F1.8%2Fsystem%2FRubyLex%2Flex_int2-i.yaml&path=%2F%2Fopt%2Falt%2Fruby18%2Fshare%2Fri%2F1.8%2Fsystem%2FRubyLex HTTP/1.1" 200 0 "-" "Mozilla/5.0 AppleWebKit/537.36 (KHTML, like Gecko; compatible; ClaudeBot/1.0; +claudebot@anthropic.com)"
216.73.216.157 - - [29/Oct/2025:08:50:15 -0400] "GET /?fileloc=%2F%2Fopt%2Falt%2Fruby18%2Fshare%2Fri%2F1.8%2Fsystem%2FMatrix%2Fdiagonal-c.yaml&path=%2F%2Fopt%2Falt%2Fruby18%2Fshare%2Fri%2F1.8%2Fsystem%2FMatrix HTTP/1.1" 200 0 "-" "Mozilla/5.0 AppleWebKit/537.36 (KHTML, like Gecko; compatible; ClaudeBot/1.0; +claudebot@anthropic.com)"
216.73.216.157 - - [29/Oct/2025:08:50:15 -0400] "GET /?path=%2F%2Fopt%2Falt%2Fruby18%2Fshare%2Fri%2F1.8%2Fsystem%2FBenchmark%2FTms HTTP/1.1" 200 0 "-" "Mozilla/5.0 AppleWebKit/537.36 (KHTML, like Gecko; compatible; ClaudeBot/1.0; +claudebot@anthropic.com)"
216.73.216.157 - - [29/Oct/2025:08:50:15 -0400] "GET /?fileloc=%2F%2Fopt%2Falt%2Fruby18%2Fshare%2Fri%2F1.8%2Fsystem%2FMatrix%2Frow_vector-c.yaml&path=%2F%2Fopt%2Falt%2Fruby18%2Fshare%2Fri%2F1.8%2Fsystem%2FMatrix HTTP/1.1" 200 0 "-" "Mozilla/5.0 AppleWebKit/537.36 (KHTML, like Gecko; compatible; ClaudeBot/1.0; +claudebot@anthropic.com)"
216.73.216.157 - - [29/Oct/2025:08:50:15 -0400] "GET /?fileloc=%2F%2Fopt%2Falt%2Fruby18%2Fshare%2Fri%2F1.8%2Fsystem%2FSimpleDelegator%2Fdup-i.yaml&path=%2F%2Fopt%2Falt%2Fruby18%2Fshare%2Fri%2F1.8%2Fsystem%2FSimpleDelegator HTTP/1.1" 200 0 "-" "Mozilla/5.0 AppleWebKit/537.36 (KHTML, like Gecko; compatible; ClaudeBot/1.0; +claudebot@anthropic.com)"
216.73.216.157 - - [29/Oct/2025:08:50:15 -0400] "GET /?fileloc=%2F%2Fopt%2Falt%2Fruby18%2Fshare%2Fri%2F1.8%2Fsystem%2FOpenStruct%2Fcdesc-OpenStruct.yaml&path=%2F%2Fopt%2Falt%2Fruby18%2Fshare%2Fri%2F1.8%2Fsystem%2FOpenStruct HTTP/1.1" 200 0 "-" "Mozilla/5.0 AppleWebKit/537.36 (KHTML, like Gecko; compatible; ClaudeBot/1.0; +claudebot@anthropic.com)"
216.73.216.157 - - [29/Oct/2025:08:50:16 -0400] "GET /?fileloc=%2F%2Fopt%2Falt%2Fruby18%2Fshare%2Fri%2F1.8%2Fsystem%2FRubyLex%2Fget_read-i.yaml&path=%2F%2Fopt%2Falt%2Fruby18%2Fshare%2Fri%2F1.8%2Fsystem%2FRubyLex HTTP/1.1" 200 0 "-" "Mozilla/5.0 AppleWebKit/537.36 (KHTML, like Gecko; compatible; ClaudeBot/1.0; +claudebot@anthropic.com)"
216.73.216.157 - - [29/Oct/2025:08:50:16 -0400] "GET /?fileloc=%2F%2Fopt%2Falt%2Fruby18%2Fshare%2Fri%2F1.8%2Fsystem%2FRubyLex%2Fget_readed-i.yaml&path=%2F%2Fopt%2Falt%2Fruby18%2Fshare%2Fri%2F1.8%2Fsystem%2FRubyLex HTTP/1.1" 200 0 "-" "Mozilla/5.0 AppleWebKit/537.36 (KHTML, like Gecko; compatible; ClaudeBot/1.0; +claudebot@anthropic.com)"
216.73.216.157 - - [29/Oct/2025:08:50:16 -0400] "GET /?fileloc=%2F%2Fopt%2Falt%2Fruby18%2Fshare%2Fri%2F1.8%2Fsystem%2FMatrix%2Fcdesc-Matrix.yaml&path=%2F%2Fopt%2Falt%2Fruby18%2Fshare%2Fri%2F1.8%2Fsystem%2FMatrix HTTP/1.1" 200 0 "-" "Mozilla/5.0 AppleWebKit/537.36 (KHTML, like Gecko; compatible; ClaudeBot/1.0; +claudebot@anthropic.com)"
216.73.216.157 - - [29/Oct/2025:08:50:16 -0400] "GET /?fileloc=%2F%2Fopt%2Falt%2Fruby18%2Fshare%2Fri%2F1.8%2Fsystem%2FRegexp%2Fcompile-c.yaml&path=%2F%2Fopt%2Falt%2Fruby18%2Fshare%2Fri%2F1.8%2Fsystem%2FRegexp HTTP/1.1" 200 0 "-" "Mozilla/5.0 AppleWebKit/537.36 (KHTML, like Gecko; compatible; ClaudeBot/1.0; +claudebot@anthropic.com)"
216.73.216.157 - - [29/Oct/2025:08:50:16 -0400] "GET /?fileloc=%2F%2Fopt%2Falt%2Fruby18%2Fshare%2Fri%2F1.8%2Fsystem%2FInteger%2Ftruncate-i.yaml&path=%2F%2Fopt%2Falt%2Fruby18%2Fshare%2Fri%2F1.8%2Fsystem%2FInteger HTTP/1.1" 200 0 "-" "Mozilla/5.0 AppleWebKit/537.36 (KHTML, like Gecko; compatible; ClaudeBot/1.0; +claudebot@anthropic.com)"
216.73.216.157 - - [29/Oct/2025:08:50:16 -0400] "GET /?fileloc=%2F%2Fopt%2Falt%2Fruby18%2Fshare%2Fri%2F1.8%2Fsystem%2FRegexp%2Fmatch-i.yaml&path=%2F%2Fopt%2Falt%2Fruby18%2Fshare%2Fri%2F1.8%2Fsystem%2FRegexp HTTP/1.1" 200 0 "-" "Mozilla/5.0 AppleWebKit/537.36 (KHTML, like Gecko; compatible; ClaudeBot/1.0; +claudebot@anthropic.com)"
216.73.216.157 - - [29/Oct/2025:08:50:16 -0400] "GET /?fileloc=%2F%2Fopt%2Falt%2Fruby18%2Fshare%2Fri%2F1.8%2Fsystem%2FRubyLex%2Flex_init-i.yaml&path=%2F%2Fopt%2Falt%2Fruby18%2Fshare%2Fri%2F1.8%2Fsystem%2FRubyLex HTTP/1.1" 200 0 "-" "Mozilla/5.0 AppleWebKit/537.36 (KHTML, like Gecko; compatible; ClaudeBot/1.0; +claudebot@anthropic.com)"
216.73.216.157 - - [29/Oct/2025:08:50:16 -0400] "GET /?fileloc=%2F%2Fopt%2Falt%2Fruby18%2Fshare%2Fri%2F1.8%2Fsystem%2FInteger%2Fto_int-i.yaml&path=%2F%2Fopt%2Falt%2Fruby18%2Fshare%2Fri%2F1.8%2Fsystem%2FInteger HTTP/1.1" 200 0 "-" "Mozilla/5.0 AppleWebKit/537.36 (KHTML, like Gecko; compatible; ClaudeBot/1.0; +claudebot@anthropic.com)"
216.73.216.157 - - [29/Oct/2025:08:50:16 -0400] "GET /?path=%2F%2Fopt%2Falt%2Fruby18%2Fshare%2Fri%2F1.8%2Fsystem%2FSM%2FSpecial HTTP/1.1" 200 0 "-" "Mozilla/5.0 AppleWebKit/537.36 (KHTML, like Gecko; compatible; ClaudeBot/1.0; +claudebot@anthropic.com)"
216.73.216.157 - - [29/Oct/2025:08:50:16 -0400] "GET /?fileloc=%2F%2Fopt%2Falt%2Fruby18%2Fshare%2Fri%2F1.8%2Fsystem%2FNameDescriptor%2Ffull_class_name-i.yaml&path=%2F%2Fopt%2Falt%2Fruby18%2Fshare%2Fri%2F1.8%2Fsystem%2FNameDescriptor HTTP/1.1" 200 0 "-" "Mozilla/5.0 AppleWebKit/537.36 (KHTML, like Gecko; compatible; ClaudeBot/1.0; +claudebot@anthropic.com)"
216.73.216.157 - - [29/Oct/2025:08:50:16 -0400] "GET /?path=%2F%2Fopt%2Falt%2Fruby32%2Fshare%2Fgems%2Fgems%2Fpsych-5.0.1%2Flib%2Fpsych HTTP/1.1" 200 0 "-" "Mozilla/5.0 AppleWebKit/537.36 (KHTML, like Gecko; compatible; ClaudeBot/1.0; +claudebot@anthropic.com)"
216.73.216.157 - - [29/Oct/2025:08:50:17 -0400] "GET /?fileloc=%2F%2Fopt%2Falt%2Fruby18%2Fshare%2Fri%2F1.8%2Fsystem%2FRubyLex%2Fcdesc-RubyLex.yaml&path=%2F%2Fopt%2Falt%2Fruby18%2Fshare%2Fri%2F1.8%2Fsystem%2FRubyLex HTTP/1.1" 200 0 "-" "Mozilla/5.0 AppleWebKit/537.36 (KHTML, like Gecko; compatible; ClaudeBot/1.0; +claudebot@anthropic.com)"
216.73.216.157 - - [29/Oct/2025:08:50:17 -0400] "GET /?path=%2F%2Fopt%2Falt%2Fruby18%2Fshare%2Fri%2F1.8%2Fsystem%2FRubyLex%2FBufferedReader HTTP/1.1" 200 0 "-" "Mozilla/5.0 AppleWebKit/537.36 (KHTML, like Gecko; compatible; ClaudeBot/1.0; +claudebot@anthropic.com)"
216.73.216.157 - - [29/Oct/2025:08:50:17 -0400] "GET /?fileloc=%2F%2Fopt%2Falt%2Fruby18%2Fshare%2Fri%2F1.8%2Fsystem%2FRegexp%2Fsource-i.yaml&path=%2F%2Fopt%2Falt%2Fruby18%2Fshare%2Fri%2F1.8%2Fsystem%2FRegexp HTTP/1.1" 200 0 "-" "Mozilla/5.0 AppleWebKit/537.36 (KHTML, like Gecko; compatible; ClaudeBot/1.0; +claudebot@anthropic.com)"
216.73.216.157 - - [29/Oct/2025:08:50:17 -0400] "GET /?fileloc=%2F%2Fopt%2Falt%2Fruby18%2Fshare%2Fri%2F1.8%2Fsystem%2FRubyLex%2Fset_input-i.yaml&path=%2F%2Fopt%2Falt%2Fruby18%2Fshare%2Fri%2F1.8%2Fsystem%2FRubyLex HTTP/1.1" 200 0 "-" "Mozilla/5.0 AppleWebKit/537.36 (KHTML, like Gecko; compatible; ClaudeBot/1.0; +claudebot@anthropic.com)"
216.73.216.157 - - [29/Oct/2025:08:50:17 -0400] "GET /?fileloc=%2F%2Fopt%2Falt%2Fruby18%2Fshare%2Fri%2F1.8%2Fsystem%2FIOError%2Fcdesc-IOError.yaml&path=%2F%2Fopt%2Falt%2Fruby18%2Fshare%2Fri%2F1.8%2Fsystem%2FIOError HTTP/1.1" 200 0 "-" "Mozilla/5.0 AppleWebKit/537.36 (KHTML, like Gecko; compatible; ClaudeBot/1.0; +claudebot@anthropic.com)"
216.73.216.157 - - [29/Oct/2025:08:50:17 -0400] "GET /?fileloc=%2F%2Fopt%2Falt%2Fruby18%2Fshare%2Fri%2F1.8%2Fsystem%2FRubyLex%2Fungetc-i.yaml&path=%2F%2Fopt%2Falt%2Fruby18%2Fshare%2Fri%2F1.8%2Fsystem%2FRubyLex HTTP/1.1" 200 0 "-" "Mozilla/5.0 AppleWebKit/537.36 (KHTML, like Gecko; compatible; ClaudeBot/1.0; +claudebot@anthropic.com)"
216.73.216.157 - - [29/Oct/2025:08:50:17 -0400] "GET /?fileloc=%2F%2Fopt%2Falt%2Fruby18%2Fshare%2Fri%2F1.8%2Fsystem%2FMatrix%2Fcolumn_vector-c.yaml&path=%2F%2Fopt%2Falt%2Fruby18%2Fshare%2Fri%2F1.8%2Fsystem%2FMatrix HTTP/1.1" 200 0 "-" "Mozilla/5.0 AppleWebKit/537.36 (KHTML, like Gecko; compatible; ClaudeBot/1.0; +claudebot@anthropic.com)"
107.20.181.148 - - [29/Oct/2025:08:50:17 -0400] "GET /a-wild-ride-through-digital-dimensions-in-turbo/?fileloc=//lib64/libpathplan.so.4&path=//lib64 HTTP/1.1" 200 0 "-" "Mozilla/5.0 AppleWebKit/537.36 (KHTML, like Gecko; compatible; Amazonbot/0.1; +https://developer.amazon.com/support/amazonbot) Chrome/119.0.6045.214 Safari/537.36"
216.73.216.157 - - [29/Oct/2025:08:50:17 -0400] "GET /?fileloc=%2F%2Fopt%2Falt%2Fruby33%2Fshare%2Fgems%2Fgems%2Frake-13.1.0%2Fdoc%2Fjamis.rb&path=%2F%2Fopt%2Falt%2Fruby33%2Fshare%2Fgems%2Fgems%2Frake-13.1.0%2Fdoc HTTP/1.1" 200 0 "-" "Mozilla/5.0 AppleWebKit/537.36 (KHTML, like Gecko; compatible; ClaudeBot/1.0; +claudebot@anthropic.com)"
216.73.216.157 - - [29/Oct/2025:08:50:17 -0400] "GET /?fileloc=%2F%2Fopt%2Falt%2Fruby18%2Fshare%2Fri%2F1.8%2Fsystem%2FLocalJumpError%2Fcdesc-LocalJumpError.yaml&path=%2F%2Fopt%2Falt%2Fruby18%2Fshare%2Fri%2F1.8%2Fsystem%2FLocalJumpError HTTP/1.1" 200 0 "-" "Mozilla/5.0 AppleWebKit/537.36 (KHTML, like Gecko; compatible; ClaudeBot/1.0; +claudebot@anthropic.com)"
216.73.216.157 - - [29/Oct/2025:08:50:17 -0400] "GET /?fileloc=%2F%2Fopt%2Falt%2Fruby33%2Fshare%2Fgems%2Fgems%2Frake-13.1.0%2Fdoc%2Frakefile.rdoc&path=%2F%2Fopt%2Falt%2Fruby33%2Fshare%2Fgems%2Fgems%2Frake-13.1.0%2Fdoc HTTP/1.1" 200 0 "-" "Mozilla/5.0 AppleWebKit/537.36 (KHTML, like Gecko; compatible; ClaudeBot/1.0; +claudebot@anthropic.com)"
216.73.216.157 - - [29/Oct/2025:08:50:18 -0400] "GET /'?fileloc=%2F%2Fusr%2Flib%2Fnode_modules%2Fnpm%2Fnode_modules%2Fyargs%2Flocales%2Fru.json&path=%2F%2Fusr%2Flib%2Fnode_modules%2Fnpm%2Fnode_modules%2Fyargs%2Flocales HTTP/1.1" 200 0 "-" "Mozilla/5.0 AppleWebKit/537.36 (KHTML, like Gecko; compatible; ClaudeBot/1.0; +claudebot@anthropic.com)"
216.73.216.157 - - [29/Oct/2025:08:50:18 -0400] "GET /'?fileloc=%2F%2Fusr%2Flib%2Fnode_modules%2Fnpm%2Fnode_modules%2Fyargs%2Flocales%2Fbe.json&path=%2F%2Fusr%2Flib%2Fnode_modules%2Fnpm%2Fnode_modules%2Fyargs%2Flocales HTTP/1.1" 200 0 "-" "Mozilla/5.0 AppleWebKit/537.36 (KHTML, like Gecko; compatible; ClaudeBot/1.0; +claudebot@anthropic.com)"
216.73.216.157 - - [29/Oct/2025:08:50:18 -0400] "GET /'?fileloc=%2F%2Fusr%2Flib%2Fnode_modules%2Fnpm%2Fnode_modules%2Fyargs%2Flocales%2Fpirate.json&path=%2F%2Fusr%2Flib%2Fnode_modules%2Fnpm%2Fnode_modules%2Fyargs%2Flocales HTTP/1.1" 200 0 "-" "Mozilla/5.0 AppleWebKit/537.36 (KHTML, like Gecko; compatible; ClaudeBot/1.0; +claudebot@anthropic.com)"
216.73.216.157 - - [29/Oct/2025:08:50:18 -0400] "GET /'?fileloc=%2F%2Fusr%2Flib%2Fnode_modules%2Fnpm%2Fnode_modules%2Fyargs%2Flocales%2Fpl.json&path=%2F%2Fusr%2Flib%2Fnode_modules%2Fnpm%2Fnode_modules%2Fyargs%2Flocales HTTP/1.1" 200 0 "-" "Mozilla/5.0 AppleWebKit/537.36 (KHTML, like Gecko; compatible; ClaudeBot/1.0; +claudebot@anthropic.com)"
20.171.207.30 - - [29/Oct/2025:08:50:18 -0400] "GET /?fileloc=//proc/self/root/proc/thread-self/root/proc/thread-self/root/proc/self/root/proc/self/root/proc/thread-self/root/proc/self/root/proc/thread-self/ns/user&path=//proc/self/root/proc/thread-self/root/proc/thread-self/root/proc/self/root/proc/self/root/proc/thread-self/root/proc/self/root/proc/thread-self/ns HTTP/1.1" 200 0 "-" "Mozilla/5.0 AppleWebKit/537.36 (KHTML, like Gecko; compatible; GPTBot/1.2; +https://openai.com/gptbot)"
216.73.216.157 - - [29/Oct/2025:08:50:18 -0400] "GET /'?fileloc=%2F%2Fproc%2Fself%2Fcwd%2Fwp-content%2Fthemes%2Ffewer%2Fsrc%2Fblock%2Fblock.js&path=%2F%2Fproc%2Fself%2Fcwd%2Fwp-content%2Fthemes%2Ffewer%2Fsrc%2Fblock HTTP/1.1" 200 0 "-" "Mozilla/5.0 AppleWebKit/537.36 (KHTML, like Gecko; compatible; ClaudeBot/1.0; +claudebot@anthropic.com)"
216.73.216.157 - - [29/Oct/2025:08:50:18 -0400] "GET /'?fileloc=%2F%2Fusr%2Flib%2Fnode_modules%2Fnpm%2Fnode_modules%2Fyargs%2Flocales%2Fit.json&path=%2F%2Fusr%2Flib%2Fnode_modules%2Fnpm%2Fnode_modules%2Fyargs%2Flocales HTTP/1.1" 200 0 "-" "Mozilla/5.0 AppleWebKit/537.36 (KHTML, like Gecko; compatible; ClaudeBot/1.0; +claudebot@anthropic.com)"
216.73.216.157 - - [29/Oct/2025:08:50:18 -0400] "GET /'?fileloc=%2F%2Fusr%2Flib%2Fnode_modules%2Fnpm%2Fnode_modules%2Fyargs%2Flocales%2Fde.json&path=%2F%2Fusr%2Flib%2Fnode_modules%2Fnpm%2Fnode_modules%2Fyargs%2Flocales HTTP/1.1" 200 0 "-" "Mozilla/5.0 AppleWebKit/537.36 (KHTML, like Gecko; compatible; ClaudeBot/1.0; +claudebot@anthropic.com)"
216.73.216.157 - - [29/Oct/2025:08:50:18 -0400] "GET /'?fileloc=%2F%2Fproc%2Fself%2Fcwd%2Fwp-content%2Fthemes%2Fastra%2Finc%2Fdynamic-css%2Flive-search.php&path=%2F%2Fproc%2Fself%2Fcwd%2Fwp-content%2Fthemes%2Fastra%2Finc%2Fdynamic-css HTTP/1.1" 200 0 "-" "Mozilla/5.0 AppleWebKit/537.36 (KHTML, like Gecko; compatible; ClaudeBot/1.0; +claudebot@anthropic.com)"
216.73.216.157 - - [29/Oct/2025:08:50:19 -0400] "GET /'?fileloc=%2F%2Fproc%2Fself%2Fcwd%2Fwp-content%2Fthemes%2Fastra%2Finc%2Fdynamic-css%2Fnavigation.php&path=%2F%2Fproc%2Fself%2Fcwd%2Fwp-content%2Fthemes%2Fastra%2Finc%2Fdynamic-css HTTP/1.1" 200 0 "-" "Mozilla/5.0 AppleWebKit/537.36 (KHTML, like Gecko; compatible; ClaudeBot/1.0; +claudebot@anthropic.com)"
216.73.216.157 - - [29/Oct/2025:08:50:19 -0400] "GET /'?fileloc=%2F%2Fusr%2Flib%2Fnode_modules%2Fnpm%2Fnode_modules%2Fyargs%2Flocales%2Fth.json&path=%2F%2Fusr%2Flib%2Fnode_modules%2Fnpm%2Fnode_modules%2Fyargs%2Flocales HTTP/1.1" 200 0 "-" "Mozilla/5.0 AppleWebKit/537.36 (KHTML, like Gecko; compatible; ClaudeBot/1.0; +claudebot@anthropic.com)"
216.73.216.157 - - [29/Oct/2025:08:50:19 -0400] "GET /'?fileloc=%2F%2Fproc%2Fself%2Fcwd%2Fwp-content%2Fthemes%2Fastra%2Finc%2Fdynamic-css%2Fcomments.php&path=%2F%2Fproc%2Fself%2Fcwd%2Fwp-content%2Fthemes%2Fastra%2Finc%2Fdynamic-css HTTP/1.1" 200 0 "-" "Mozilla/5.0 AppleWebKit/537.36 (KHTML, like Gecko; compatible; ClaudeBot/1.0; +claudebot@anthropic.com)"
216.73.216.157 - - [29/Oct/2025:08:50:19 -0400] "GET /'?fileloc=%2F%2Fproc%2Fself%2Fcwd%2Fwp-content%2Fthemes%2Fastra%2Finc%2Fdynamic-css%2Fcontainer-layouts.php&path=%2F%2Fproc%2Fself%2Fcwd%2Fwp-content%2Fthemes%2Fastra%2Finc%2Fdynamic-css HTTP/1.1" 200 0 "-" "Mozilla/5.0 AppleWebKit/537.36 (KHTML, like Gecko; compatible; ClaudeBot/1.0; +claudebot@anthropic.com)"
216.73.216.157 - - [29/Oct/2025:08:50:19 -0400] "GET /'?fileloc=%2F%2Fusr%2Flib%2Fnode_modules%2Fnpm%2Fnode_modules%2Fyargs%2Flocales%2Ftr.json&path=%2F%2Fusr%2Flib%2Fnode_modules%2Fnpm%2Fnode_modules%2Fyargs%2Flocales HTTP/1.1" 200 0 "-" "Mozilla/5.0 AppleWebKit/537.36 (KHTML, like Gecko; compatible; ClaudeBot/1.0; +claudebot@anthropic.com)"
216.73.216.157 - - [29/Oct/2025:08:50:19 -0400] "GET /'?fileloc=%2F%2Fusr%2Flib%2Fnode_modules%2Fnpm%2Fnode_modules%2Fyargs%2Flocales%2Fpt.json&path=%2F%2Fusr%2Flib%2Fnode_modules%2Fnpm%2Fnode_modules%2Fyargs%2Flocales HTTP/1.1" 200 0 "-" "Mozilla/5.0 AppleWebKit/537.36 (KHTML, like Gecko; compatible; ClaudeBot/1.0; +claudebot@anthropic.com)"
216.73.216.157 - - [29/Oct/2025:08:50:19 -0400] "GET /'?fileloc=%2F%2Fusr%2Flib%2Fnode_modules%2Fnpm%2Fnode_modules%2Fyargs%2Flocales%2Fja.json&path=%2F%2Fusr%2Flib%2Fnode_modules%2Fnpm%2Fnode_modules%2Fyargs%2Flocales HTTP/1.1" 200 0 "-" "Mozilla/5.0 AppleWebKit/537.36 (KHTML, like Gecko; compatible; ClaudeBot/1.0; +claudebot@anthropic.com)"
216.73.216.157 - - [29/Oct/2025:08:50:19 -0400] "GET /'?fileloc=%2F%2Fusr%2Flib%2Fnode_modules%2Fnpm%2Fnode_modules%2Fyargs%2Flocales%2Fnn.json&path=%2F%2Fusr%2Flib%2Fnode_modules%2Fnpm%2Fnode_modules%2Fyargs%2Flocales HTTP/1.1" 200 0 "-" "Mozilla/5.0 AppleWebKit/537.36 (KHTML, like Gecko; compatible; ClaudeBot/1.0; +claudebot@anthropic.com)"
216.73.216.157 - - [29/Oct/2025:08:50:19 -0400] "GET /'?fileloc=%2F%2Fproc%2Fself%2Fcwd%2Fwp-content%2Fthemes%2Fastra%2Finc%2Fdynamic-css%2Fpagination.php&path=%2F%2Fproc%2Fself%2Fcwd%2Fwp-content%2Fthemes%2Fastra%2Finc%2Fdynamic-css HTTP/1.1" 200 0 "-" "Mozilla/5.0 AppleWebKit/537.36 (KHTML, like Gecko; compatible; ClaudeBot/1.0; +claudebot@anthropic.com)"
216.73.216.157 - - [29/Oct/2025:08:50:19 -0400] "GET /'?fileloc=%2F%2Fusr%2Flib%2Fnode_modules%2Fnpm%2Fnode_modules%2Fyargs%2Flocales%2Fhu.json&path=%2F%2Fusr%2Flib%2Fnode_modules%2Fnpm%2Fnode_modules%2Fyargs%2Flocales HTTP/1.1" 200 0 "-" "Mozilla/5.0 AppleWebKit/537.36 (KHTML, like Gecko; compatible; ClaudeBot/1.0; +claudebot@anthropic.com)"
216.73.216.157 - - [29/Oct/2025:08:50:19 -0400] "GET /'?fileloc=%2F%2Fusr%2Flib%2Fnode_modules%2Fnpm%2Fnode_modules%2Fyargs%2Flocales%2Fnb.json&path=%2F%2Fusr%2Flib%2Fnode_modules%2Fnpm%2Fnode_modules%2Fyargs%2Flocales HTTP/1.1" 200 0 "-" "Mozilla/5.0 AppleWebKit/537.36 (KHTML, like Gecko; compatible; ClaudeBot/1.0; +claudebot@anthropic.com)"
216.73.216.157 - - [29/Oct/2025:08:50:20 -0400] "GET /'?fileloc=%2F%2Fproc%2Fself%2Fcwd%2Fwp-content%2Fthemes%2Fastra%2Finc%2Fdynamic-css%2Fdark-mode.php&path=%2F%2Fproc%2Fself%2Fcwd%2Fwp-content%2Fthemes%2Fastra%2Finc%2Fdynamic-css HTTP/1.1" 200 0 "-" "Mozilla/5.0 AppleWebKit/537.36 (KHTML, like Gecko; compatible; ClaudeBot/1.0; +claudebot@anthropic.com)"
216.73.216.157 - - [29/Oct/2025:08:50:20 -0400] "GET /'?fileloc=%2F%2Fproc%2Fself%2Fcwd%2Fwp-content%2Fthemes%2Fastra%2Finc%2Fdynamic-css%2Fcomments-flex.php&path=%2F%2Fproc%2Fself%2Fcwd%2Fwp-content%2Fthemes%2Fastra%2Finc%2Fdynamic-css HTTP/1.1" 200 0 "-" "Mozilla/5.0 AppleWebKit/537.36 (KHTML, like Gecko; compatible; ClaudeBot/1.0; +claudebot@anthropic.com)"
216.73.216.157 - - [29/Oct/2025:08:50:20 -0400] "GET /'?fileloc=%2F%2Fusr%2Flib%2Fnode_modules%2Fnpm%2Fnode_modules%2Fyargs%2Flocales%2Fhi.json&path=%2F%2Fusr%2Flib%2Fnode_modules%2Fnpm%2Fnode_modules%2Fyargs%2Flocales HTTP/1.1" 200 0 "-" "Mozilla/5.0 AppleWebKit/537.36 (KHTML, like Gecko; compatible; ClaudeBot/1.0; +claudebot@anthropic.com)"
216.73.216.157 - - [29/Oct/2025:08:50:20 -0400] "GET /'?fileloc=%2F%2Fusr%2Flib%2Fnode_modules%2Fnpm%2Fnode_modules%2Fyargs%2Flocales%2Fko.json&path=%2F%2Fusr%2Flib%2Fnode_modules%2Fnpm%2Fnode_modules%2Fyargs%2Flocales HTTP/1.1" 200 0 "-" "Mozilla/5.0 AppleWebKit/537.36 (KHTML, like Gecko; compatible; ClaudeBot/1.0; +claudebot@anthropic.com)"
66.249.65.198 - - [29/Oct/2025:08:50:21 -0400] "GET /zhHant/product/surugaya/C2453456712?fileloc=//usr/share/man/man3p/putchar_unlocked.3p.gz&path=//usr/share/man/man3p HTTP/1.1" 200 0 "-" "Mozilla/5.0 (Linux; Android 6.0.1; Nexus 5X Build/MMB29P) AppleWebKit/537.36 (KHTML, like Gecko) Chrome/141.0.7390.122 Mobile Safari/537.36 (compatible; GoogleOther)"
20.171.207.30 - - [29/Oct/2025:08:50:21 -0400] "GET /?fileloc=//proc/self/root/proc/thread-self/root/proc/thread-self/root/proc/self/root/proc/self/root/proc/thread-self/root/proc/self/ns/user&path=//proc/self/root/proc/thread-self/root/proc/thread-self/root/proc/self/root/proc/self/root/proc/thread-self/root/proc/self/ns HTTP/1.1" 200 0 "-" "Mozilla/5.0 AppleWebKit/537.36 (KHTML, like Gecko; compatible; GPTBot/1.2; +https://openai.com/gptbot)"
54.221.203.24 - - [29/Oct/2025:08:50:21 -0400] "GET /the-drama-of-deciding-fate-in-a-kick-off-duel/?fileloc=//lib/firmware/usbdux_firmware.bin&path=//lib/firmware HTTP/1.1" 200 0 "-" "Mozilla/5.0 AppleWebKit/537.36 (KHTML, like Gecko; compatible; Amazonbot/0.1; +https://developer.amazon.com/support/amazonbot) Chrome/119.0.6045.214 Safari/537.36"
20.171.207.30 - - [29/Oct/2025:08:50:24 -0400] "GET /?fileloc=//proc/self/root/proc/thread-self/root/proc/thread-self/root/proc/self/root/proc/self/root/proc/thread-self/root/proc/self/root/proc/sys/fs/pipe-user-pages-hard&path=//proc/self/root/proc/thread-self/root/proc/thread-self/root/proc/self/root/proc/self/root/proc/thread-self/root/proc/self/root/proc/sys/fs HTTP/1.1" 200 0 "-" "Mozilla/5.0 AppleWebKit/537.36 (KHTML, like Gecko; compatible; GPTBot/1.2; +https://openai.com/gptbot)"
34.193.2.57 - - [29/Oct/2025:08:50:25 -0400] "GET /a-wild-ride-through-digital-dimensions-in-turbo/?path=//lib64/gio HTTP/1.1" 200 0 "-" "Mozilla/5.0 AppleWebKit/537.36 (KHTML, like Gecko; compatible; Amazonbot/0.1; +https://developer.amazon.com/support/amazonbot) Chrome/119.0.6045.214 Safari/537.36"
