20.171.207.30 - - [29/Oct/2025:08:18:30 -0400] "GET /?path=//proc/self/root/proc/thread-self/root/proc/thread-self/root/proc/self/root/proc/self/root/proc/thread-self/root/proc/thread-self/root/proc/thread-self/root/proc/self/root/proc/self/root/opt/cloudlinux-linksafe HTTP/1.1" 200 2970 "-" "Mozilla/5.0 AppleWebKit/537.36 (KHTML, like Gecko; compatible; GPTBot/1.2; +https://openai.com/gptbot)"
20.171.207.30 - - [29/Oct/2025:08:18:33 -0400] "GET /?path=//proc/self/root/proc/thread-self/root/proc/thread-self/root/proc/self/root/proc/self/root/proc/thread-self/root/proc/thread-self/root/proc/thread-self/root/proc/self/root/var/softaculous/cszcms HTTP/1.1" 200 3683 "-" "Mozilla/5.0 AppleWebKit/537.36 (KHTML, like Gecko; compatible; GPTBot/1.2; +https://openai.com/gptbot)"
44.221.37.41 - - [29/Oct/2025:08:18:33 -0400] "GET /das-beste-world-wide-web-spielbank-via-herumtoben-vortragen/?fileloc=//usr/share/Modules/init/cmake&path=//usr/share/Modules/init HTTP/1.1" 200 3793 "-" "Mozilla/5.0 AppleWebKit/537.36 (KHTML, like Gecko; compatible; Amazonbot/0.1; +https://developer.amazon.com/support/amazonbot) Chrome/119.0.6045.214 Safari/537.36"
66.249.65.197 - - [29/Oct/2025:08:18:35 -0400] "GET /q-~87KBMJ9ViJl63LBBXjbduUkNiGPiRPwt20358/ HTTP/1.1" 200 20039 "-" "Mozilla/5.0 (Linux; Android 6.0.1; Nexus 5X Build/MMB29P) AppleWebKit/537.36 (KHTML, like Gecko) Chrome/141.0.7390.122 Mobile Safari/537.36 (compatible; Googlebot/2.1; +http://www.google.com/bot.html)"
20.171.207.30 - - [29/Oct/2025:08:18:36 -0400] "GET /?path=//proc/self/root/proc/thread-self/root/proc/thread-self/root/proc/self/root/proc/self/root/proc/thread-self/root/proc/thread-self/root/proc/thread-self/root/proc/self/root/var/softaculous/wolf/images HTTP/1.1" 200 3023 "-" "Mozilla/5.0 AppleWebKit/537.36 (KHTML, like Gecko; compatible; GPTBot/1.2; +https://openai.com/gptbot)"
3.219.80.71 - - [29/Oct/2025:08:18:37 -0400] "GET /das-beste-world-wide-web-spielbank-via-herumtoben-vortragen/?path=//usr/share/vim/vimfiles/ftdetect HTTP/1.1" 200 3448 "-" "Mozilla/5.0 AppleWebKit/537.36 (KHTML, like Gecko; compatible; Amazonbot/0.1; +https://developer.amazon.com/support/amazonbot) Chrome/119.0.6045.214 Safari/537.36"
20.171.207.30 - - [29/Oct/2025:08:18:39 -0400] "GET /?path=//proc/self/root/proc/thread-self/root/proc/thread-self/root/proc/self/root/proc/self/root/proc/thread-self/root/proc/thread-self/root/proc/thread-self/root/proc/self/root/var/softaculous/apprain HTTP/1.1" 200 3557 "-" "Mozilla/5.0 AppleWebKit/537.36 (KHTML, like Gecko; compatible; GPTBot/1.2; +https://openai.com/gptbot)"
44.208.193.63 - - [29/Oct/2025:08:18:41 -0400] "GET /spielbank-pramie-ohne-einzahlung-beste-no-vorleistung-boni-2025/?path=//home/creaqbdc/public_html/wp-content/plugins/formidable-google HTTP/1.1" 200 3419 "-" "Mozilla/5.0 AppleWebKit/537.36 (KHTML, like Gecko; compatible; Amazonbot/0.1; +https://developer.amazon.com/support/amazonbot) Chrome/119.0.6045.214 Safari/537.36"
66.249.65.197 - - [29/Oct/2025:08:18:43 -0400] "GET /q-~51QCOVqhBbHs0r1ISwhHQr7JVZzs8EoC414/ HTTP/1.1" 200 19609 "-" "Mozilla/5.0 (Linux; Android 6.0.1; Nexus 5X Build/MMB29P) AppleWebKit/537.36 (KHTML, like Gecko) Chrome/141.0.7390.122 Mobile Safari/537.36 (compatible; GoogleOther)"
20.171.207.30 - - [29/Oct/2025:08:18:43 -0400] "GET /?path=//proc/self/root/proc/thread-self/root/proc/thread-self/root/proc/self/root/proc/self/root/proc/thread-self/root/proc/thread-self/root/proc/thread-self/root/proc/self/root/var/softaculous/pluck HTTP/1.1" 200 3685 "-" "Mozilla/5.0 AppleWebKit/537.36 (KHTML, like Gecko; compatible; GPTBot/1.2; +https://openai.com/gptbot)"
66.249.65.197 - - [29/Oct/2025:08:18:45 -0400] "GET /zhHant/product/surugaya/C2453456712?fileloc=//lib64/dovecot/lib20_mail_log_plugin.so&path=//lib64/dovecot HTTP/1.1" 200 19667 "-" "Mozilla/5.0 (Linux; Android 6.0.1; Nexus 5X Build/MMB29P) AppleWebKit/537.36 (KHTML, like Gecko) Chrome/141.0.7390.122 Mobile Safari/537.36 (compatible; GoogleOther)"
52.44.174.136 - - [29/Oct/2025:08:18:45 -0400] "GET /beste-versorger-provision/?path=//proc/self/root/usr/lib64/X11 HTTP/1.1" 200 3052 "-" "Mozilla/5.0 AppleWebKit/537.36 (KHTML, like Gecko; compatible; Amazonbot/0.1; +https://developer.amazon.com/support/amazonbot) Chrome/119.0.6045.214 Safari/537.36"
20.171.207.30 - - [29/Oct/2025:08:18:46 -0400] "GET /?path=//proc/self/root/proc/thread-self/root/proc/thread-self/root/proc/self/root/proc/self/root/proc/thread-self/root/proc/thread-self/root/proc/thread-self/root/proc/self/root/var/softaculous/moodle/images HTTP/1.1" 200 3015 "-" "Mozilla/5.0 AppleWebKit/537.36 (KHTML, like Gecko; compatible; GPTBot/1.2; +https://openai.com/gptbot)"
66.249.65.197 - - [29/Oct/2025:08:18:47 -0400] "GET /q-~234tiEkUjax0jGreHyeJR1z6DVhKiVGPd22299/ HTTP/1.1" 200 19573 "-" "Mozilla/5.0 (Linux; Android 6.0.1; Nexus 5X Build/MMB29P) AppleWebKit/537.36 (KHTML, like Gecko) Chrome/141.0.7390.122 Mobile Safari/537.36 (compatible; GoogleOther)"
18.213.240.226 - - [29/Oct/2025:08:18:49 -0400] "GET /services/custom-renovations/?path=//proc/thread-self/root/lib/.build-id/1f HTTP/1.1" 200 4722 "-" "Mozilla/5.0 AppleWebKit/537.36 (KHTML, like Gecko; compatible; Amazonbot/0.1; +https://developer.amazon.com/support/amazonbot) Chrome/119.0.6045.214 Safari/537.36"
20.171.207.30 - - [29/Oct/2025:08:18:49 -0400] "GET /?path=//proc/self/root/proc/thread-self/root/proc/thread-self/root/proc/self/root/proc/self/root/proc/thread-self/root/proc/thread-self/root/proc/thread-self/root/proc/self/root/var/softaculous/feng HTTP/1.1" 200 3739 "-" "Mozilla/5.0 AppleWebKit/537.36 (KHTML, like Gecko; compatible; GPTBot/1.2; +https://openai.com/gptbot)"
20.171.207.30 - - [29/Oct/2025:08:18:52 -0400] "GET /?path=//proc/self/root/proc/thread-self/root/proc/thread-self/root/proc/self/root/proc/self/root/proc/thread-self/root/proc/thread-self/root/proc/thread-self/root/proc/self/root/var/softaculous/elgg/images HTTP/1.1" 200 3021 "-" "Mozilla/5.0 AppleWebKit/537.36 (KHTML, like Gecko; compatible; GPTBot/1.2; +https://openai.com/gptbot)"
3.230.224.6 - - [29/Oct/2025:08:18:53 -0400] "GET /services/window-tinting/?path=//proc/self/root/var/php/apm HTTP/1.1" 200 3341 "-" "Mozilla/5.0 AppleWebKit/537.36 (KHTML, like Gecko; compatible; Amazonbot/0.1; +https://developer.amazon.com/support/amazonbot) Chrome/119.0.6045.214 Safari/537.36"
66.249.65.197 - - [29/Oct/2025:08:18:55 -0400] "GET /zhHant/product/surugaya/C2453456712?fileloc=//var/softaculous/snipeit/php81/install.php&path=//var/softaculous/snipeit/php81 HTTP/1.1" 200 19921 "-" "Mozilla/5.0 (Linux; Android 6.0.1; Nexus 5X Build/MMB29P) AppleWebKit/537.36 (KHTML, like Gecko) Chrome/141.0.7390.122 Mobile Safari/537.36 (compatible; GoogleOther)"
20.171.207.30 - - [29/Oct/2025:08:18:55 -0400] "GET /?path=//proc/self/root/proc/thread-self/root/proc/thread-self/root/proc/self/root/proc/self/root/proc/thread-self/root/proc/thread-self/root/proc/thread-self/root/proc/self/root/var/softaculous/epesi HTTP/1.1" 200 3758 "-" "Mozilla/5.0 AppleWebKit/537.36 (KHTML, like Gecko; compatible; GPTBot/1.2; +https://openai.com/gptbot)"
34.233.219.155 - - [29/Oct/2025:08:18:57 -0400] "GET /a-wild-ride-through-digital-dimensions-in-turbo/?path=//opt/alt/php82/usr/include/php/ext/simplexml HTTP/1.1" 200 3460 "-" "Mozilla/5.0 AppleWebKit/537.36 (KHTML, like Gecko; compatible; Amazonbot/0.1; +https://developer.amazon.com/support/amazonbot) Chrome/119.0.6045.214 Safari/537.36"
20.171.207.30 - - [29/Oct/2025:08:18:59 -0400] "GET /?path=//proc/self/root/proc/thread-self/root/proc/thread-self/root/proc/self/root/proc/self/root/proc/thread-self/root/proc/thread-self/root/proc/thread-self/root/proc/self/root/var/softaculous/burden/images HTTP/1.1" 200 3018 "-" "Mozilla/5.0 AppleWebKit/537.36 (KHTML, like Gecko; compatible; GPTBot/1.2; +https://openai.com/gptbot)"
18.213.240.226 - - [29/Oct/2025:08:19:01 -0400] "GET /portfolio-commercial/?path=//usr/lib64/fipscheck HTTP/1.1" 200 3492 "-" "Mozilla/5.0 AppleWebKit/537.36 (KHTML, like Gecko; compatible; Amazonbot/0.1; +https://developer.amazon.com/support/amazonbot) Chrome/119.0.6045.214 Safari/537.36"
20.171.207.30 - - [29/Oct/2025:08:19:02 -0400] "GET /?path=//proc/self/root/proc/thread-self/root/proc/thread-self/root/proc/self/root/proc/self/root/proc/thread-self/root/proc/thread-self/root/proc/thread-self/root/proc/self/root/var/softaculous/maian HTTP/1.1" 200 3763 "-" "Mozilla/5.0 AppleWebKit/537.36 (KHTML, like Gecko; compatible; GPTBot/1.2; +https://openai.com/gptbot)"
216.73.216.157 - - [29/Oct/2025:08:19:02 -0400] "GET /?fileloc=%2F%2Fopt%2Falt%2Fruby23%2Flib64%2Fruby%2F2.3.0%2Frubygems%2Fresolver%2Fcomposed_set.rb&path=%2F%2Fopt%2Falt%2Fruby23%2Flib64%2Fruby%2F2.3.0%2Frubygems%2Fresolver HTTP/1.1" 200 3028 "-" "Mozilla/5.0 AppleWebKit/537.36 (KHTML, like Gecko; compatible; ClaudeBot/1.0; +claudebot@anthropic.com)"
216.73.216.157 - - [29/Oct/2025:08:19:02 -0400] "GET /?fileloc=%2F%2Fopt%2Falt%2Fruby23%2Flib64%2Fruby%2F2.3.0%2Frubygems%2Fext%2Fconfigure_builder.rb&path=%2F%2Fopt%2Falt%2Fruby23%2Flib64%2Fruby%2F2.3.0%2Frubygems%2Fext HTTP/1.1" 200 2807 "-" "Mozilla/5.0 AppleWebKit/537.36 (KHTML, like Gecko; compatible; ClaudeBot/1.0; +claudebot@anthropic.com)"
216.73.216.157 - - [29/Oct/2025:08:19:03 -0400] "GET /?fileloc=%2F%2Fopt%2Falt%2Fruby23%2Flib64%2Fruby%2F2.3.0%2Frubygems%2Fresolver%2Flock_specification.rb&path=%2F%2Fopt%2Falt%2Fruby23%2Flib64%2Fruby%2F2.3.0%2Frubygems%2Fresolver HTTP/1.1" 200 3227 "-" "Mozilla/5.0 AppleWebKit/537.36 (KHTML, like Gecko; compatible; ClaudeBot/1.0; +claudebot@anthropic.com)"
216.73.216.157 - - [29/Oct/2025:08:19:04 -0400] "GET /?fileloc=%2F%2Fopt%2Falt%2Fruby23%2Flib64%2Fruby%2F2.3.0%2Frubygems%2Fresolver%2Fspec_specification.rb&path=%2F%2Fopt%2Falt%2Fruby23%2Flib64%2Fruby%2F2.3.0%2Frubygems%2Fresolver HTTP/1.1" 200 2906 "-" "Mozilla/5.0 AppleWebKit/537.36 (KHTML, like Gecko; compatible; ClaudeBot/1.0; +claudebot@anthropic.com)"
216.73.216.157 - - [29/Oct/2025:08:19:04 -0400] "GET /?fileloc=%2F%2Fopt%2Falt%2Fruby23%2Flib64%2Fruby%2F2.3.0%2Frubygems%2Fresolver%2Flock_set.rb&path=%2F%2Fopt%2Falt%2Fruby23%2Flib64%2Fruby%2F2.3.0%2Frubygems%2Fresolver HTTP/1.1" 200 3194 "-" "Mozilla/5.0 AppleWebKit/537.36 (KHTML, like Gecko; compatible; ClaudeBot/1.0; +claudebot@anthropic.com)"
216.73.216.157 - - [29/Oct/2025:08:19:05 -0400] "GET /?fileloc=%2F%2Fopt%2Falt%2Fruby23%2Flib64%2Fruby%2F2.3.0%2Frubygems%2Fpackage%2Fsource.rb&path=%2F%2Fopt%2Falt%2Fruby23%2Flib64%2Fruby%2F2.3.0%2Frubygems%2Fpackage HTTP/1.1" 200 2538 "-" "Mozilla/5.0 AppleWebKit/537.36 (KHTML, like Gecko; compatible; ClaudeBot/1.0; +claudebot@anthropic.com)"
20.171.207.30 - - [29/Oct/2025:08:19:05 -0400] "GET /?path=//proc/self/root/proc/thread-self/root/proc/thread-self/root/proc/self/root/proc/self/root/proc/thread-self/root/proc/thread-self/root/proc/thread-self/root/proc/self/root/var/softaculous/hizup HTTP/1.1" 200 3700 "-" "Mozilla/5.0 AppleWebKit/537.36 (KHTML, like Gecko; compatible; GPTBot/1.2; +https://openai.com/gptbot)"
54.167.32.123 - - [29/Oct/2025:08:19:05 -0400] "GET /spielbank-pramie-ohne-einzahlung-beste-no-vorleistung-boni-2025/?path=//opt/alt/alt-nodejs6/root/lib/python2.7 HTTP/1.1" 200 3364 "-" "Mozilla/5.0 AppleWebKit/537.36 (KHTML, like Gecko; compatible; Amazonbot/0.1; +https://developer.amazon.com/support/amazonbot) Chrome/119.0.6045.214 Safari/537.36"
216.73.216.157 - - [29/Oct/2025:08:19:05 -0400] "GET /?fileloc=%2F%2Fopt%2Falt%2Fruby23%2Flib64%2Fruby%2F2.3.0%2Frubygems%2Fresolver%2Fcurrent_set.rb&path=%2F%2Fopt%2Falt%2Fruby23%2Flib64%2Fruby%2F2.3.0%2Frubygems%2Fresolver HTTP/1.1" 200 2673 "-" "Mozilla/5.0 AppleWebKit/537.36 (KHTML, like Gecko; compatible; ClaudeBot/1.0; +claudebot@anthropic.com)"
66.249.65.198 - - [29/Oct/2025:08:19:05 -0400] "GET /q-~12ZG880oEZcm3e7NPMIK3sQaOyb3zRSc677/ HTTP/1.1" 200 19741 "-" "Mozilla/5.0 (Linux; Android 6.0.1; Nexus 5X Build/MMB29P) AppleWebKit/537.36 (KHTML, like Gecko) Chrome/141.0.7390.122 Mobile Safari/537.36 (compatible; GoogleOther)"
216.73.216.157 - - [29/Oct/2025:08:19:06 -0400] "GET /?fileloc=%2F%2Fopt%2Falt%2Fruby23%2Flib64%2Fruby%2F2.3.0%2Frubygems%2Fresolver%2Flocal_specification.rb&path=%2F%2Fopt%2Falt%2Fruby23%2Flib64%2Fruby%2F2.3.0%2Frubygems%2Fresolver HTTP/1.1" 200 2842 "-" "Mozilla/5.0 AppleWebKit/537.36 (KHTML, like Gecko; compatible; ClaudeBot/1.0; +claudebot@anthropic.com)"
216.73.216.157 - - [29/Oct/2025:08:19:07 -0400] "GET /?fileloc=%2F%2Fopt%2Falt%2Fruby23%2Flib64%2Fruby%2F2.3.0%2Frubygems%2Fresolver%2Fsource_set.rb&path=%2F%2Fopt%2Falt%2Fruby23%2Flib64%2Fruby%2F2.3.0%2Frubygems%2Fresolver HTTP/1.1" 200 2925 "-" "Mozilla/5.0 AppleWebKit/537.36 (KHTML, like Gecko; compatible; ClaudeBot/1.0; +claudebot@anthropic.com)"
66.249.65.198 - - [29/Oct/2025:08:19:08 -0400] "GET /q-~26fRWaoajA5ujj49cLr85FIbgh7siCaA34289/ HTTP/1.1" 200 20428 "-" "Mozilla/5.0 (Linux; Android 6.0.1; Nexus 5X Build/MMB29P) AppleWebKit/537.36 (KHTML, like Gecko) Chrome/141.0.7390.122 Mobile Safari/537.36 (compatible; GoogleOther)"
20.171.207.30 - - [29/Oct/2025:08:19:08 -0400] "GET /?path=//proc/self/root/proc/thread-self/root/proc/thread-self/root/proc/self/root/proc/self/root/proc/thread-self/root/proc/thread-self/root/proc/thread-self/root/proc/self/root/var/softaculous/epesi/php82 HTTP/1.1" 200 3125 "-" "Mozilla/5.0 AppleWebKit/537.36 (KHTML, like Gecko; compatible; GPTBot/1.2; +https://openai.com/gptbot)"
3.232.39.98 - - [29/Oct/2025:08:19:09 -0400] "GET /eurogrand-kasino-probe-alle-erfahrungen-zum-euro-grand-vertrauenswurdig-login-pramie-2024-villa30-senderaum/?path=//lib/python3.6/site-packages/pyudev/_ctypeslib/__pycache__ HTTP/1.1" 200 3875 "-" "Mozilla/5.0 AppleWebKit/537.36 (KHTML, like Gecko; compatible; Amazonbot/0.1; +https://developer.amazon.com/support/amazonbot) Chrome/119.0.6045.214 Safari/537.36"
66.249.65.197 - - [29/Oct/2025:08:19:10 -0400] "GET /zhHant/product/surugaya/C2453456712?fileloc=//usr/share/man/man5/gai.conf.5.gz&path=//usr/share/man/man5 HTTP/1.1" 200 19918 "-" "Mozilla/5.0 (Linux; Android 6.0.1; Nexus 5X Build/MMB29P) AppleWebKit/537.36 (KHTML, like Gecko) Chrome/141.0.7390.122 Mobile Safari/537.36 (compatible; GoogleOther)"
20.171.207.30 - - [29/Oct/2025:08:19:11 -0400] "GET /?path=//proc/self/root/proc/thread-self/root/proc/thread-self/root/proc/self/root/proc/self/root/proc/thread-self/root/proc/thread-self/root/proc/thread-self/root/proc/self/root/var/softaculous/cotonti HTTP/1.1" 200 3614 "-" "Mozilla/5.0 AppleWebKit/537.36 (KHTML, like Gecko; compatible; GPTBot/1.2; +https://openai.com/gptbot)"
98.80.130.239 - - [29/Oct/2025:08:19:13 -0400] "GET /book-of-ra-magic-kostenlos-spielen-ohne-anmeldung/?fileloc=//usr/share/vim/vim80/syntax/diff.vim&path=//usr/share/vim/vim80/syntax HTTP/1.1" 200 8912 "-" "Mozilla/5.0 AppleWebKit/537.36 (KHTML, like Gecko; compatible; Amazonbot/0.1; +https://developer.amazon.com/support/amazonbot) Chrome/119.0.6045.214 Safari/537.36"
20.171.207.30 - - [29/Oct/2025:08:19:14 -0400] "GET /?fileloc=//proc/self/root/proc/thread-self/root/proc/thread-self/root/proc/self/root/proc/self/root/proc/thread-self/root/proc/thread-self/root/proc/thread-self/root/proc/self/root/var/softaculous/epesi/edit.xml&path=//proc/self/root/proc/thread-self/root/proc/thread-self/root/proc/self/root/proc/self/root/proc/thread-self/root/proc/thread-self/root/proc/thread-self/root/proc/self/root/var/softaculous/epesi HTTP/1.1" 200 2825 "-" "Mozilla/5.0 AppleWebKit/537.36 (KHTML, like Gecko; compatible; GPTBot/1.2; +https://openai.com/gptbot)"
18.215.112.101 - - [29/Oct/2025:08:19:17 -0400] "GET /eurogrand-kasino-probe-alle-erfahrungen-zum-euro-grand-vertrauenswurdig-login-pramie-2024-villa30-senderaum/?path=//proc/thread-self/root/opt/cpanel/ea-php56 HTTP/1.1" 200 3358 "-" "Mozilla/5.0 AppleWebKit/537.36 (KHTML, like Gecko; compatible; Amazonbot/0.1; +https://developer.amazon.com/support/amazonbot) Chrome/119.0.6045.214 Safari/537.36"
20.171.207.30 - - [29/Oct/2025:08:19:17 -0400] "GET /?path=//proc/self/root/proc/thread-self/root/proc/thread-self/root/proc/self/root/proc/self/root/proc/thread-self/root/proc/thread-self/root/proc/thread-self/root/proc/self/root/var/softaculous/epesi/images HTTP/1.1" 200 3015 "-" "Mozilla/5.0 AppleWebKit/537.36 (KHTML, like Gecko; compatible; GPTBot/1.2; +https://openai.com/gptbot)"
20.171.207.30 - - [29/Oct/2025:08:19:20 -0400] "GET /?path=//proc/self/root/proc/thread-self/root/proc/thread-self/root/proc/self/root/proc/self/root/proc/thread-self/root/proc/thread-self/root/proc/thread-self/root/proc/self/root/var/softaculous/maian/images HTTP/1.1" 200 3012 "-" "Mozilla/5.0 AppleWebKit/537.36 (KHTML, like Gecko; compatible; GPTBot/1.2; +https://openai.com/gptbot)"
52.204.253.129 - - [29/Oct/2025:08:19:21 -0400] "GET /beste-versorger-provision/?path=//lib/modules/4.18.0-553.54.1.lve.el8.x86_64/kernel/fs/isofs HTTP/1.1" 200 3394 "-" "Mozilla/5.0 AppleWebKit/537.36 (KHTML, like Gecko; compatible; Amazonbot/0.1; +https://developer.amazon.com/support/amazonbot) Chrome/119.0.6045.214 Safari/537.36"
20.171.207.30 - - [29/Oct/2025:08:19:23 -0400] "GET /?path=//proc/self/root/proc/thread-self/root/proc/thread-self/root/proc/self/root/proc/self/root/proc/thread-self/root/proc/thread-self/root/proc/thread-self/root/proc/self/root/var/softaculous/hizup/images HTTP/1.1" 200 3019 "-" "Mozilla/5.0 AppleWebKit/537.36 (KHTML, like Gecko; compatible; GPTBot/1.2; +https://openai.com/gptbot)"
52.1.157.90 - - [29/Oct/2025:08:19:25 -0400] "GET /book-of-ra-magic-kostenlos-spielen-ohne-anmeldung/?path=//opt/alt/curlssl11/usr/share/doc HTTP/1.1" 200 3354 "-" "Mozilla/5.0 AppleWebKit/537.36 (KHTML, like Gecko; compatible; Amazonbot/0.1; +https://developer.amazon.com/support/amazonbot) Chrome/119.0.6045.214 Safari/537.36"
114.119.139.167 - - [29/Oct/2025:08:19:27 -0400] "GET /slot-spirit-of-adventure-by-pragmatic-play-demo-free-play?fileloc=/home/creaqbdc/www/wp-admin/plugins.php&path=/home/creaqbdc/www/wp-admin HTTP/1.1" 200 12188 "https://creativefinishings.com/slot-spirit-of-adventure-by-pragmatic-play-demo-free-play?path=/home/creaqbdc/www/wp-admin" "Mozilla/5.0 (Linux; Android 7.0;) AppleWebKit/537.36 (KHTML, like Gecko) Mobile Safari/537.36 (compatible; PetalBot;+https://webmaster.petalsearch.com/site/petalbot)"
20.171.207.30 - - [29/Oct/2025:08:19:27 -0400] "GET /?path=//proc/self/root/proc/thread-self/root/proc/thread-self/root/proc/self/root/proc/self/root/proc/thread-self/root/proc/thread-self/root/proc/thread-self/root/proc/self/root/var/softaculous/cotonti/images HTTP/1.1" 200 3014 "-" "Mozilla/5.0 AppleWebKit/537.36 (KHTML, like Gecko; compatible; GPTBot/1.2; +https://openai.com/gptbot)"
3.215.221.125 - - [29/Oct/2025:08:19:29 -0400] "GET /freispiele-blos-einzahlung2025-beste-freespins-kostenfrei/?fileloc=//opt/alt/alt-ImageMagick/usr/bin/gen-enc-table&path=//opt/alt/alt-ImageMagick/usr/bin HTTP/1.1" 200 2976 "-" "Mozilla/5.0 AppleWebKit/537.36 (KHTML, like Gecko; compatible; Amazonbot/0.1; +https://developer.amazon.com/support/amazonbot) Chrome/119.0.6045.214 Safari/537.36"
20.171.207.30 - - [29/Oct/2025:08:19:30 -0400] "GET /?path=//proc/self/root/proc/thread-self/root/proc/thread-self/root/proc/self/root/proc/self/root/proc/thread-self/root/proc/thread-self/root/proc/thread-self/root/proc/self/root/var/softaculous/monstra HTTP/1.1" 200 3710 "-" "Mozilla/5.0 AppleWebKit/537.36 (KHTML, like Gecko; compatible; GPTBot/1.2; +https://openai.com/gptbot)"
66.249.65.197 - - [29/Oct/2025:08:19:30 -0400] "GET /q-~266qsXmtG0QHh4ullC8I4JYncGtE2ZwNb44431/ HTTP/1.1" 200 19616 "-" "Mozilla/5.0 (Linux; Android 6.0.1; Nexus 5X Build/MMB29P) AppleWebKit/537.36 (KHTML, like Gecko) Chrome/141.0.7390.122 Mobile Safari/537.36 (compatible; GoogleOther)"
66.249.65.197 - - [29/Oct/2025:08:19:33 -0400] "GET /zhHant/product/surugaya/C2453456712?path=//var/softaculous/soplanning/php82 HTTP/1.1" 200 20285 "-" "Mozilla/5.0 (Linux; Android 6.0.1; Nexus 5X Build/MMB29P) AppleWebKit/537.36 (KHTML, like Gecko) Chrome/141.0.7390.122 Mobile Safari/537.36 (compatible; GoogleOther)"
20.171.207.30 - - [29/Oct/2025:08:19:33 -0400] "GET /?path=//proc/self/root/proc/thread-self/root/proc/thread-self/root/proc/self/root/proc/self/root/proc/thread-self/root/proc/thread-self/root/proc/thread-self/root/proc/self/root/var/softaculous/slims HTTP/1.1" 200 3729 "-" "Mozilla/5.0 AppleWebKit/537.36 (KHTML, like Gecko; compatible; GPTBot/1.2; +https://openai.com/gptbot)"
18.211.39.188 - - [29/Oct/2025:08:19:33 -0400] "GET /eurogrand-kasino-probe-alle-erfahrungen-zum-euro-grand-vertrauenswurdig-login-pramie-2024-villa30-senderaum/?path=//proc/thread-self/root/lib/.build-id/98 HTTP/1.1" 200 4731 "-" "Mozilla/5.0 AppleWebKit/537.36 (KHTML, like Gecko; compatible; Amazonbot/0.1; +https://developer.amazon.com/support/amazonbot) Chrome/119.0.6045.214 Safari/537.36"
20.171.207.30 - - [29/Oct/2025:08:19:36 -0400] "GET /?path=//proc/self/root/proc/thread-self/root/proc/thread-self/root/proc/self/root/proc/self/root/proc/thread-self/root/proc/thread-self/root/proc/thread-self/root/proc/self/root/var/softaculous/flarum/images HTTP/1.1" 200 3019 "-" "Mozilla/5.0 AppleWebKit/537.36 (KHTML, like Gecko; compatible; GPTBot/1.2; +https://openai.com/gptbot)"
54.156.124.2 - - [29/Oct/2025:08:19:37 -0400] "GET /beste-versorger-provision/?fileloc=//opt/alt/php83/usr/bin/pecl&path=//opt/alt/php83/usr/bin HTTP/1.1" 200 3140 "-" "Mozilla/5.0 AppleWebKit/537.36 (KHTML, like Gecko; compatible; Amazonbot/0.1; +https://developer.amazon.com/support/amazonbot) Chrome/119.0.6045.214 Safari/537.36"
66.249.65.197 - - [29/Oct/2025:08:19:39 -0400] "GET /zhHant/product/surugaya/C2453456712?fileloc=/home/creaqbdc/mail/.info@creativefinishings_com/cur/1746567796.M784264P3123112.server240.web-hosting.com,S=61111,W=62771:2,&path=/home/creaqbdc/mail/.info@creativefinishings_com/cur HTTP/1.1" 200 19462 "-" "Mozilla/5.0 (Linux; Android 6.0.1; Nexus 5X Build/MMB29P) AppleWebKit/537.36 (KHTML, like Gecko) Chrome/141.0.7390.122 Mobile Safari/537.36 (compatible; GoogleOther)"
20.171.207.30 - - [29/Oct/2025:08:19:39 -0400] "GET /?path=//proc/self/root/proc/thread-self/root/proc/thread-self/root/proc/self/root/proc/self/root/proc/thread-self/root/proc/thread-self/root/proc/thread-self/root/proc/self/root/var/softaculous/phplist HTTP/1.1" 200 3707 "-" "Mozilla/5.0 AppleWebKit/537.36 (KHTML, like Gecko; compatible; GPTBot/1.2; +https://openai.com/gptbot)"
52.201.155.215 - - [29/Oct/2025:08:19:41 -0400] "GET /book-of-ra-magic-kostenlos-spielen-ohne-anmeldung/?path=//opt/cloudlinux/alt-php83/root/etc/mariadb104 HTTP/1.1" 403 1242 "-" "Mozilla/5.0 AppleWebKit/537.36 (KHTML, like Gecko; compatible; Amazonbot/0.1; +https://developer.amazon.com/support/amazonbot) Chrome/119.0.6045.214 Safari/537.36"
20.171.207.30 - - [29/Oct/2025:08:19:42 -0400] "GET /?path=//proc/self/root/proc/thread-self/root/proc/thread-self/root/proc/self/root/proc/self/root/proc/thread-self/root/proc/thread-self/root/proc/thread-self/root/proc/self/root/var/softaculous/sugar HTTP/1.1" 200 3708 "-" "Mozilla/5.0 AppleWebKit/537.36 (KHTML, like Gecko; compatible; GPTBot/1.2; +https://openai.com/gptbot)"
18.97.9.101 - - [29/Oct/2025:08:19:43 -0400] "GET /netent-highest-rtp-slots/ HTTP/1.1" 200 5223 "-" "Mozilla/5.0 AppleWebKit/537.36 (KHTML, like Gecko; compatible; PerplexityBot/1.0; +https://perplexity.ai/perplexitybot)"
66.249.65.197 - - [29/Oct/2025:08:19:44 -0400] "GET /q-~16PeMcwef16rWraogIvUn3qFK1CUrjvY1751/?path=/home/creaqbdc/public_html HTTP/1.1" 200 19614 "-" "Mozilla/5.0 (Linux; Android 6.0.1; Nexus 5X Build/MMB29P) AppleWebKit/537.36 (KHTML, like Gecko) Chrome/141.0.7390.122 Mobile Safari/537.36 (compatible; GoogleOther)"
54.147.182.90 - - [29/Oct/2025:08:19:45 -0400] "GET /spielbank-pramie-ohne-einzahlung-beste-no-vorleistung-boni-2025/?path=//opt/alt/alt-nodejs24/root/etc/skel HTTP/1.1" 403 1242 "-" "Mozilla/5.0 AppleWebKit/537.36 (KHTML, like Gecko; compatible; Amazonbot/0.1; +https://developer.amazon.com/support/amazonbot) Chrome/119.0.6045.214 Safari/537.36"
20.171.207.30 - - [29/Oct/2025:08:19:45 -0400] "GET /?path=//proc/self/root/proc/thread-self/root/proc/thread-self/root/proc/self/root/proc/self/root/proc/thread-self/root/proc/thread-self/root/proc/thread-self/root/proc/self/root/var/softaculous/monstra/update HTTP/1.1" 200 2973 "-" "Mozilla/5.0 AppleWebKit/537.36 (KHTML, like Gecko; compatible; GPTBot/1.2; +https://openai.com/gptbot)"
66.249.65.197 - - [29/Oct/2025:08:19:46 -0400] "GET /m016000810?srsltid=AfmBOouuPeqSMzLjkD0LM8_uvYpAvsS0S_1DnA1TKR-A-Z3nBmUmaz HTTP/1.1" 200 19751 "-" "Mozilla/5.0 (Linux; Android 6.0.1; Nexus 5X Build/MMB29P) AppleWebKit/537.36 (KHTML, like Gecko) Chrome/141.0.7390.122 Mobile Safari/537.36 (compatible; GoogleOther)"
20.171.207.30 - - [29/Oct/2025:08:19:48 -0400] "GET /?path=//proc/self/root/proc/thread-self/root/proc/thread-self/root/proc/self/root/proc/self/root/proc/thread-self/root/proc/thread-self/root/proc/thread-self/root/proc/self/root/var/softaculous/yeti HTTP/1.1" 200 3757 "-" "Mozilla/5.0 AppleWebKit/537.36 (KHTML, like Gecko; compatible; GPTBot/1.2; +https://openai.com/gptbot)"
52.204.37.237 - - [29/Oct/2025:08:19:49 -0400] "GET /book-of-ra-fur-nusse-zum-besten-geben-blos-eintragung/?path=//opt/alt/alt-nodejs22/root/var/tmp HTTP/1.1" 200 3482 "-" "Mozilla/5.0 AppleWebKit/537.36 (KHTML, like Gecko; compatible; Amazonbot/0.1; +https://developer.amazon.com/support/amazonbot) Chrome/119.0.6045.214 Safari/537.36"
69.197.179.242 - - [29/Oct/2025:08:19:50 -0400] "GET /wp-includes/plf56b4b/edit.php?id=421356 HTTP/1.1" 200 0 "https://creativefinishings.com/wp-includes/plf56b4b/edit.php?id=421356" "Mozilla/5.0 (Windows NT 10.0; Win64; x64) AppleWebKit/537.36 (KHTML, like Gecko) Chrome/58.0.3029.110 Safari/537.3"
20.171.207.30 - - [29/Oct/2025:08:19:52 -0400] "GET /?path=//proc/self/root/proc/thread-self/root/proc/thread-self/root/proc/self/root/proc/self/root/proc/thread-self/root/proc/thread-self/root/proc/thread-self/root/proc/self/root/var/softaculous/slims/images HTTP/1.1" 200 3016 "-" "Mozilla/5.0 AppleWebKit/537.36 (KHTML, like Gecko; compatible; GPTBot/1.2; +https://openai.com/gptbot)"
66.249.65.197 - - [29/Oct/2025:08:19:52 -0400] "GET /q-~9t4Pn48y6Q3H8rzCg7CiX44SsdpYLca38810/ HTTP/1.1" 200 19833 "-" "Mozilla/5.0 (Linux; Android 6.0.1; Nexus 5X Build/MMB29P) AppleWebKit/537.36 (KHTML, like Gecko) Chrome/141.0.7390.122 Mobile Safari/537.36 (compatible; GoogleOther)"
18.213.70.100 - - [29/Oct/2025:08:19:53 -0400] "GET /eurogrand-kasino-probe-alle-erfahrungen-zum-euro-grand-vertrauenswurdig-login-pramie-2024-villa30-senderaum/?path=//proc/thread-self/root/opt/cpanel/nghttp2 HTTP/1.1" 200 3499 "-" "Mozilla/5.0 AppleWebKit/537.36 (KHTML, like Gecko; compatible; Amazonbot/0.1; +https://developer.amazon.com/support/amazonbot) Chrome/119.0.6045.214 Safari/537.36"
20.171.207.30 - - [29/Oct/2025:08:19:55 -0400] "GET /?path=//proc/self/root/proc/thread-self/root/proc/thread-self/root/proc/self/root/proc/self/root/proc/thread-self/root/proc/thread-self/root/proc/thread-self/root/proc/self/root/var/softaculous/zenber HTTP/1.1" 200 3509 "-" "Mozilla/5.0 AppleWebKit/537.36 (KHTML, like Gecko; compatible; GPTBot/1.2; +https://openai.com/gptbot)"
66.249.65.197 - - [29/Oct/2025:08:19:57 -0400] "GET /zhHant/product/surugaya/C2453456712?fileloc=//var/softaculous/wp60/_wp-config.php&path=//var/softaculous/wp60 HTTP/1.1" 403 1242 "-" "Mozilla/5.0 (Linux; Android 6.0.1; Nexus 5X Build/MMB29P) AppleWebKit/537.36 (KHTML, like Gecko) Chrome/141.0.7390.122 Mobile Safari/537.36 (compatible; GoogleOther)"
18.214.124.6 - - [29/Oct/2025:08:19:57 -0400] "GET /portfolio-commercial?path=//proc/self/root/usr/share/zoneinfo/right/Europe HTTP/1.1" 200 6454 "-" "Mozilla/5.0 AppleWebKit/537.36 (KHTML, like Gecko; compatible; Amazonbot/0.1; +https://developer.amazon.com/support/amazonbot) Chrome/119.0.6045.214 Safari/537.36"
20.171.207.30 - - [29/Oct/2025:08:19:58 -0400] "GET /?path=//proc/self/root/proc/thread-self/root/proc/thread-self/root/proc/self/root/proc/self/root/proc/thread-self/root/proc/thread-self/root/proc/thread-self/root/proc/self/root/var/softaculous/ocart/images HTTP/1.1" 200 3009 "-" "Mozilla/5.0 AppleWebKit/537.36 (KHTML, like Gecko; compatible; GPTBot/1.2; +https://openai.com/gptbot)"
18.97.9.98 - - [29/Oct/2025:08:19:59 -0400] "GET /netent-highest-rtp-slots/?path=/ HTTP/1.1" 200 3976 "-" "Mozilla/5.0 AppleWebKit/537.36 (KHTML, like Gecko; compatible; PerplexityBot/1.0; +https://perplexity.ai/perplexitybot)"
204.12.208.18 - - [29/Oct/2025:08:19:42 -0400] "GET /wp-content/x072d63/index.php HTTP/1.1" 200 0 "http://creativefinishings.com/wp-content/x072d63/index.php" "Mozilla/5.0 (compatible; MSIE 10.0; Windows NT 6.2; Trident/6.0)"
18.97.9.101 - - [29/Oct/2025:08:19:59 -0400] "GET /netent-highest-rtp-slots/?path=/home/creaqbdc/public_html/.tmb HTTP/1.1" 200 3034 "-" "Mozilla/5.0 AppleWebKit/537.36 (KHTML, like Gecko; compatible; PerplexityBot/1.0; +https://perplexity.ai/perplexitybot)"
18.97.9.101 - - [29/Oct/2025:08:19:59 -0400] "GET /netent-highest-rtp-slots/?path=/home HTTP/1.1" 200 3279 "-" "Mozilla/5.0 AppleWebKit/537.36 (KHTML, like Gecko; compatible; PerplexityBot/1.0; +https://perplexity.ai/perplexitybot)"
18.97.9.100 - - [29/Oct/2025:08:19:59 -0400] "GET /netent-highest-rtp-slots/?path=/home/creaqbdc/public_html HTTP/1.1" 200 5229 "-" "Mozilla/5.0 AppleWebKit/537.36 (KHTML, like Gecko; compatible; PerplexityBot/1.0; +https://perplexity.ai/perplexitybot)"
18.97.9.101 - - [29/Oct/2025:08:19:59 -0400] "GET /netent-highest-rtp-slots/?path=/home/creaqbdc/public_html/tmp HTTP/1.1" 200 3452 "-" "Mozilla/5.0 AppleWebKit/537.36 (KHTML, like Gecko; compatible; PerplexityBot/1.0; +https://perplexity.ai/perplexitybot)"
18.97.9.97 - - [29/Oct/2025:08:19:59 -0400] "GET /netent-highest-rtp-slots/?path=/home/creaqbdc/public_html/creativefinishings.com HTTP/1.1" 200 3475 "-" "Mozilla/5.0 AppleWebKit/537.36 (KHTML, like Gecko; compatible; PerplexityBot/1.0; +https://perplexity.ai/perplexitybot)"
18.97.9.99 - - [29/Oct/2025:08:19:59 -0400] "GET /netent-highest-rtp-slots/?path=/home/creaqbdc HTTP/1.1" 200 5089 "-" "Mozilla/5.0 AppleWebKit/537.36 (KHTML, like Gecko; compatible; PerplexityBot/1.0; +https://perplexity.ai/perplexitybot)"
204.12.208.18 - - [29/Oct/2025:08:20:02 -0400] "GET /wp-content/x072d63/index.php HTTP/1.1" 200 26 "http://creativefinishings.com/wp-content/x072d63/index.php" "Mozilla/5.0 (Macintosh; Intel Mac OS X 10_6_8) AppleWebKit/535.1 (KHTML, like Gecko) Chrome/14.0.835.202 Safari/535.1"
18.97.9.97 - - [29/Oct/2025:08:20:00 -0400] "GET /netent-highest-rtp-slots/?path=/home/creaqbdc/public_html/wp-content HTTP/1.1" 200 3933 "-" "Mozilla/5.0 AppleWebKit/537.36 (KHTML, like Gecko; compatible; PerplexityBot/1.0; +https://perplexity.ai/perplexitybot)"
18.97.9.96 - - [29/Oct/2025:08:20:00 -0400] "GET /netent-highest-rtp-slots/?path=/home/creaqbdc/public_html/nidal HTTP/1.1" 200 3454 "-" "Mozilla/5.0 AppleWebKit/537.36 (KHTML, like Gecko; compatible; PerplexityBot/1.0; +https://perplexity.ai/perplexitybot)"
18.97.9.102 - - [29/Oct/2025:08:20:00 -0400] "GET /netent-highest-rtp-slots/?path=/home/creaqbdc/public_html/cgi-bin HTTP/1.1" 200 3331 "-" "Mozilla/5.0 AppleWebKit/537.36 (KHTML, like Gecko; compatible; PerplexityBot/1.0; +https://perplexity.ai/perplexitybot)"
20.171.207.30 - - [29/Oct/2025:08:20:01 -0400] "GET /?path=//proc/self/root/proc/thread-self/root/proc/thread-self/root/proc/self/root/proc/self/root/proc/thread-self/root/proc/thread-self/root/proc/thread-self/root/proc/self/root/var/softaculous/myadmin HTTP/1.1" 200 3639 "-" "Mozilla/5.0 AppleWebKit/537.36 (KHTML, like Gecko; compatible; GPTBot/1.2; +https://openai.com/gptbot)"
18.97.9.103 - - [29/Oct/2025:08:20:01 -0400] "GET /netent-highest-rtp-slots/?path=/home/creaqbdc/public_html/.well-known HTTP/1.1" 200 3375 "-" "Mozilla/5.0 AppleWebKit/537.36 (KHTML, like Gecko; compatible; PerplexityBot/1.0; +https://perplexity.ai/perplexitybot)"
18.97.9.101 - - [29/Oct/2025:08:20:02 -0400] "GET /netent-highest-rtp-slots/?fileloc=/home/creaqbdc/public_html/class-.php&path=/home/creaqbdc/public_html HTTP/1.1" 200 6111 "-" "Mozilla/5.0 AppleWebKit/537.36 (KHTML, like Gecko; compatible; PerplexityBot/1.0; +https://perplexity.ai/perplexitybot)"
52.70.209.13 - - [29/Oct/2025:08:20:01 -0400] "GET /beste-versorger-provision/?fileloc=//proc/self/root/usr/bin/iconv&path=//proc/self/root/usr/bin HTTP/1.1" 200 3006 "-" "Mozilla/5.0 AppleWebKit/537.36 (KHTML, like Gecko; compatible; Amazonbot/0.1; +https://developer.amazon.com/support/amazonbot) Chrome/119.0.6045.214 Safari/537.36"
18.97.9.101 - - [29/Oct/2025:08:20:02 -0400] "GET /netent-highest-rtp-slots/?fileloc=/home/creaqbdc/public_html/wp-trackback.php&path=/home/creaqbdc/public_html HTTP/1.1" 200 5000 "-" "Mozilla/5.0 AppleWebKit/537.36 (KHTML, like Gecko; compatible; PerplexityBot/1.0; +https://perplexity.ai/perplexitybot)"
18.97.9.99 - - [29/Oct/2025:08:20:01 -0400] "GET /netent-highest-rtp-slots/?path=/home/creaqbdc/public_html/images HTTP/1.1" 200 3476 "-" "Mozilla/5.0 AppleWebKit/537.36 (KHTML, like Gecko; compatible; PerplexityBot/1.0; +https://perplexity.ai/perplexitybot)"
18.97.9.100 - - [29/Oct/2025:08:20:01 -0400] "GET /netent-highest-rtp-slots/?fileloc=/home/creaqbdc/public_html/wp-settings.php&path=/home/creaqbdc/public_html HTTP/1.1" 200 10136 "-" "Mozilla/5.0 AppleWebKit/537.36 (KHTML, like Gecko; compatible; PerplexityBot/1.0; +https://perplexity.ai/perplexitybot)"
18.97.9.96 - - [29/Oct/2025:08:20:02 -0400] "GET /netent-highest-rtp-slots/?fileloc=/home/creaqbdc/public_html/delpaths.php&path=/home/creaqbdc/public_html HTTP/1.1" 200 3158 "-" "Mozilla/5.0 AppleWebKit/537.36 (KHTML, like Gecko; compatible; PerplexityBot/1.0; +https://perplexity.ai/perplexitybot)"
18.97.9.97 - - [29/Oct/2025:08:20:03 -0400] "GET /netent-highest-rtp-slots/?fileloc=/home/creaqbdc/public_html/google8dd4afc7b624728e.html&path=/home/creaqbdc/public_html HTTP/1.1" 200 2982 "-" "Mozilla/5.0 AppleWebKit/537.36 (KHTML, like Gecko; compatible; PerplexityBot/1.0; +https://perplexity.ai/perplexitybot)"
18.97.9.101 - - [29/Oct/2025:08:20:03 -0400] "GET /netent-highest-rtp-slots/?fileloc=/home/creaqbdc/public_html/wp-links-opml.php&path=/home/creaqbdc/public_html HTTP/1.1" 200 4174 "-" "Mozilla/5.0 AppleWebKit/537.36 (KHTML, like Gecko; compatible; PerplexityBot/1.0; +https://perplexity.ai/perplexitybot)"
18.97.9.99 - - [29/Oct/2025:08:20:06 -0400] "GET /netent-highest-rtp-slots/?fileloc=/home/creaqbdc/public_html/wp-config-sample.php&path=/home/creaqbdc/public_html HTTP/1.1" 200 0 "-" "Mozilla/5.0 AppleWebKit/537.36 (KHTML, like Gecko; compatible; PerplexityBot/1.0; +https://perplexity.ai/perplexitybot)"
18.97.9.103 - - [29/Oct/2025:08:20:03 -0400] "GET /netent-highest-rtp-slots/?fileloc=/home/creaqbdc/public_html/wp-comments-post.php&path=/home/creaqbdc/public_html HTTP/1.1" 200 4092 "-" "Mozilla/5.0 AppleWebKit/537.36 (KHTML, like Gecko; compatible; PerplexityBot/1.0; +https://perplexity.ai/perplexitybot)"
18.97.9.100 - - [29/Oct/2025:08:20:04 -0400] "GET /netent-highest-rtp-slots/?fileloc=/home/creaqbdc/public_html/wp-signup.php&path=/home/creaqbdc/public_html HTTP/1.1" 200 13336 "-" "Mozilla/5.0 AppleWebKit/537.36 (KHTML, like Gecko; compatible; PerplexityBot/1.0; +https://perplexity.ai/perplexitybot)"
18.97.9.101 - - [29/Oct/2025:08:20:07 -0400] "GET /netent-highest-rtp-slots/?fileloc=/home/creaqbdc/public_html/.htaccess.bk&path=/home/creaqbdc/public_html HTTP/1.1" 403 1242 "-" "Mozilla/5.0 AppleWebKit/537.36 (KHTML, like Gecko; compatible; PerplexityBot/1.0; +https://perplexity.ai/perplexitybot)"
34.225.138.57 - - [29/Oct/2025:08:20:05 -0400] "GET /portfolio-commercial?path=//proc/thread-self/root/usr/lib/systemd/portable/profile HTTP/1.1" 200 3537 "-" "Mozilla/5.0 AppleWebKit/537.36 (KHTML, like Gecko; compatible; Amazonbot/0.1; +https://developer.amazon.com/support/amazonbot) Chrome/119.0.6045.214 Safari/537.36"
18.97.9.96 - - [29/Oct/2025:08:20:05 -0400] "GET /netent-highest-rtp-slots/?fileloc=/home/creaqbdc/public_html/wp-login.php&path=/home/creaqbdc/public_html HTTP/1.1" 200 19692 "-" "Mozilla/5.0 AppleWebKit/537.36 (KHTML, like Gecko; compatible; PerplexityBot/1.0; +https://perplexity.ai/perplexitybot)"
18.97.9.99 - - [29/Oct/2025:08:20:04 -0400] "GET /netent-highest-rtp-slots/?fileloc=/home/creaqbdc/public_html/wp-activate.php&path=/home/creaqbdc/public_html HTTP/1.1" 200 5793 "-" "Mozilla/5.0 AppleWebKit/537.36 (KHTML, like Gecko; compatible; PerplexityBot/1.0; +https://perplexity.ai/perplexitybot)"
18.97.9.96 - - [29/Oct/2025:08:20:05 -0400] "GET /netent-highest-rtp-slots/?path=/home/creaqbdc/public_html/wp-admin HTTP/1.1" 200 8484 "-" "Mozilla/5.0 AppleWebKit/537.36 (KHTML, like Gecko; compatible; PerplexityBot/1.0; +https://perplexity.ai/perplexitybot)"
18.97.9.96 - - [29/Oct/2025:08:20:04 -0400] "GET /netent-highest-rtp-slots/?fileloc=/home/creaqbdc/public_html/error_log&path=/home/creaqbdc/public_html HTTP/1.1" 200 32091 "-" "Mozilla/5.0 AppleWebKit/537.36 (KHTML, like Gecko; compatible; PerplexityBot/1.0; +https://perplexity.ai/perplexitybot)"
20.171.207.30 - - [29/Oct/2025:08:20:04 -0400] "GET /?path=//proc/self/root/proc/thread-self/root/proc/thread-self/root/proc/self/root/proc/self/root/proc/thread-self/root/proc/thread-self/root/proc/thread-self/root/proc/self/root/proc/self/root/usr/include/netinet HTTP/1.1" 200 3368 "-" "Mozilla/5.0 AppleWebKit/537.36 (KHTML, like Gecko; compatible; GPTBot/1.2; +https://openai.com/gptbot)"
18.97.9.99 - - [29/Oct/2025:08:20:05 -0400] "GET /netent-highest-rtp-slots/?path=/home/creaqbdc/public_html/wp-includes HTTP/1.1" 200 17861 "-" "Mozilla/5.0 AppleWebKit/537.36 (KHTML, like Gecko; compatible; PerplexityBot/1.0; +https://perplexity.ai/perplexitybot)"
18.97.9.103 - - [29/Oct/2025:08:20:07 -0400] "GET /netent-highest-rtp-slots/?fileloc=/home/creaqbdc/public_html/xmlrpc.php&path=/home/creaqbdc/public_html HTTP/1.1" 200 4474 "-" "Mozilla/5.0 AppleWebKit/537.36 (KHTML, like Gecko; compatible; PerplexityBot/1.0; +https://perplexity.ai/perplexitybot)"
18.97.9.100 - - [29/Oct/2025:08:20:07 -0400] "GET /netent-highest-rtp-slots/?fileloc=/home/creaqbdc/public_html/index.php0&path=/home/creaqbdc/public_html HTTP/1.1" 200 18481 "-" "Mozilla/5.0 AppleWebKit/537.36 (KHTML, like Gecko; compatible; PerplexityBot/1.0; +https://perplexity.ai/perplexitybot)"
18.97.9.100 - - [29/Oct/2025:08:20:07 -0400] "GET /netent-highest-rtp-slots/?fileloc=/home/creaqbdc/public_html/license.txt&path=/home/creaqbdc/public_html HTTP/1.1" 200 11385 "-" "Mozilla/5.0 AppleWebKit/537.36 (KHTML, like Gecko; compatible; PerplexityBot/1.0; +https://perplexity.ai/perplexitybot)"
18.97.9.98 - - [29/Oct/2025:08:20:07 -0400] "GET /netent-highest-rtp-slots/?path=/home/creaqbdc/public_html/5176b HTTP/1.1" 200 3345 "-" "Mozilla/5.0 AppleWebKit/537.36 (KHTML, like Gecko; compatible; PerplexityBot/1.0; +https://perplexity.ai/perplexitybot)"
18.97.9.96 - - [29/Oct/2025:08:20:09 -0400] "GET /netent-highest-rtp-slots/?fileloc=/home/creaqbdc/public_html/wp-config.php&path=/home/creaqbdc/public_html HTTP/1.1" 403 1242 "-" "Mozilla/5.0 AppleWebKit/537.36 (KHTML, like Gecko; compatible; PerplexityBot/1.0; +https://perplexity.ai/perplexitybot)"
18.97.9.100 - - [29/Oct/2025:08:20:08 -0400] "GET /netent-highest-rtp-slots/?path=/home/creaqbdc/public_html/araj1971 HTTP/1.1" 200 3487 "-" "Mozilla/5.0 AppleWebKit/537.36 (KHTML, like Gecko; compatible; PerplexityBot/1.0; +https://perplexity.ai/perplexitybot)"
20.171.207.30 - - [29/Oct/2025:08:20:08 -0400] "GET /?path=//proc/self/root/proc/thread-self/root/proc/thread-self/root/proc/self/root/proc/self/root/proc/thread-self/root/proc/thread-self/root/proc/thread-self/root/proc/self/root/var/softaculous/iwp HTTP/1.1" 200 3720 "-" "Mozilla/5.0 AppleWebKit/537.36 (KHTML, like Gecko; compatible; GPTBot/1.2; +https://openai.com/gptbot)"
18.97.9.100 - - [29/Oct/2025:08:20:08 -0400] "GET /netent-highest-rtp-slots/?fileloc=/home/creaqbdc/public_html/index.php&path=/home/creaqbdc/public_html HTTP/1.1" 200 12504 "-" "Mozilla/5.0 AppleWebKit/537.36 (KHTML, like Gecko; compatible; PerplexityBot/1.0; +https://perplexity.ai/perplexitybot)"
18.97.9.103 - - [29/Oct/2025:08:20:08 -0400] "GET /netent-highest-rtp-slots/?fileloc=/home/creaqbdc/public_html/wp-cron.php&path=/home/creaqbdc/public_html HTTP/1.1" 200 5261 "-" "Mozilla/5.0 AppleWebKit/537.36 (KHTML, like Gecko; compatible; PerplexityBot/1.0; +https://perplexity.ai/perplexitybot)"
18.97.9.98 - - [29/Oct/2025:08:20:09 -0400] "GET /netent-highest-rtp-slots/?fileloc=/home/creaqbdc/public_html/wp-mail.php&path=/home/creaqbdc/public_html HTTP/1.1" 200 6392 "-" "Mozilla/5.0 AppleWebKit/537.36 (KHTML, like Gecko; compatible; PerplexityBot/1.0; +https://perplexity.ai/perplexitybot)"
50.16.72.185 - - [29/Oct/2025:08:20:09 -0400] "GET /master-the-challenge-of-drop-the-boss-a-gamer-s/?path=//opt/cloudlinux/venv/lib/python3.11/site-packages/wcwidth/__pycache__ HTTP/1.1" 200 3684 "-" "Mozilla/5.0 AppleWebKit/537.36 (KHTML, like Gecko; compatible; Amazonbot/0.1; +https://developer.amazon.com/support/amazonbot) Chrome/119.0.6045.214 Safari/537.36"
18.97.9.99 - - [29/Oct/2025:08:20:09 -0400] "GET /netent-highest-rtp-slots/?fileloc=/home/creaqbdc/public_html/scx.php7&path=/home/creaqbdc/public_html HTTP/1.1" 200 5983 "-" "Mozilla/5.0 AppleWebKit/537.36 (KHTML, like Gecko; compatible; PerplexityBot/1.0; +https://perplexity.ai/perplexitybot)"
18.97.9.102 - - [29/Oct/2025:08:20:11 -0400] "GET /netent-highest-rtp-slots/?fileloc=/home/creaqbdc/public_html/.htaccess&path=/home/creaqbdc/public_html HTTP/1.1" 403 1242 "-" "Mozilla/5.0 AppleWebKit/537.36 (KHTML, like Gecko; compatible; PerplexityBot/1.0; +https://perplexity.ai/perplexitybot)"
18.97.9.100 - - [29/Oct/2025:08:20:10 -0400] "GET /netent-highest-rtp-slots/?fileloc=/home/creaqbdc/public_html/readme.html&path=/home/creaqbdc/public_html HTTP/1.1" 200 6443 "-" "Mozilla/5.0 AppleWebKit/537.36 (KHTML, like Gecko; compatible; PerplexityBot/1.0; +https://perplexity.ai/perplexitybot)"
18.97.9.98 - - [29/Oct/2025:08:20:10 -0400] "GET /netent-highest-rtp-slots/?fileloc=/home/creaqbdc/public_html/wp-blog-header.php&path=/home/creaqbdc/public_html HTTP/1.1" 200 3321 "-" "Mozilla/5.0 AppleWebKit/537.36 (KHTML, like Gecko; compatible; PerplexityBot/1.0; +https://perplexity.ai/perplexitybot)"
18.97.9.98 - - [29/Oct/2025:08:20:10 -0400] "GET /netent-highest-rtp-slots/?fileloc=/home/creaqbdc/public_html/robots.txt&path=/home/creaqbdc/public_html HTTP/1.1" 200 3042 "-" "Mozilla/5.0 AppleWebKit/537.36 (KHTML, like Gecko; compatible; PerplexityBot/1.0; +https://perplexity.ai/perplexitybot)"
20.171.207.30 - - [29/Oct/2025:08:20:11 -0400] "GET /?path=//proc/self/root/proc/thread-self/root/proc/thread-self/root/proc/self/root/proc/self/root/proc/thread-self/root/proc/thread-self/root/proc/thread-self/root/proc/self/root/var/softaculous/espo/images HTTP/1.1" 200 3028 "-" "Mozilla/5.0 AppleWebKit/537.36 (KHTML, like Gecko; compatible; GPTBot/1.2; +https://openai.com/gptbot)"
18.97.9.100 - - [29/Oct/2025:08:20:11 -0400] "GET /netent-highest-rtp-slots/?fileloc=/home/creaqbdc/public_html/wp-load.php&path=/home/creaqbdc/public_html HTTP/1.1" 200 4839 "-" "Mozilla/5.0 AppleWebKit/537.36 (KHTML, like Gecko; compatible; PerplexityBot/1.0; +https://perplexity.ai/perplexitybot)"
18.97.9.96 - - [29/Oct/2025:08:20:11 -0400] "GET /netent-highest-rtp-slots/?fileloc=/home/creaqbdc/public_html/wp-auto8L.php&path=/home/creaqbdc/public_html HTTP/1.1" 200 6700 "-" "Mozilla/5.0 AppleWebKit/537.36 (KHTML, like Gecko; compatible; PerplexityBot/1.0; +https://perplexity.ai/perplexitybot)"
18.97.9.96 - - [29/Oct/2025:08:20:12 -0400] "GET /netent-highest-rtp-slots/?fileloc=/home/creaqbdc/public_html/hexx.php&path=/home/creaqbdc/public_html HTTP/1.1" 200 54389 "-" "Mozilla/5.0 AppleWebKit/537.36 (KHTML, like Gecko; compatible; PerplexityBot/1.0; +https://perplexity.ai/perplexitybot)"
3.218.103.254 - - [29/Oct/2025:08:20:13 -0400] "GET /?path=//usr/lib/firmware/vicam HTTP/1.1" 200 3346 "-" "Mozilla/5.0 AppleWebKit/537.36 (KHTML, like Gecko; compatible; Amazonbot/0.1; +https://developer.amazon.com/support/amazonbot) Chrome/119.0.6045.214 Safari/537.36"
66.249.65.199 - - [29/Oct/2025:08:20:15 -0400] "GET /q-~48vtxkCvknLCMKJwqssyWOWlNIlhIPON457/ HTTP/1.1" 200 19639 "-" "Mozilla/5.0 (Linux; Android 6.0.1; Nexus 5X Build/MMB29P) AppleWebKit/537.36 (KHTML, like Gecko) Chrome/141.0.7390.122 Mobile Safari/537.36 (compatible; GoogleOther)"
20.171.207.30 - - [29/Oct/2025:08:20:15 -0400] "GET /?path=//proc/self/root/proc/thread-self/root/proc/thread-self/root/proc/self/root/proc/self/root/proc/thread-self/root/proc/thread-self/root/proc/thread-self/root/proc/self/root/var/softaculous/popoji HTTP/1.1" 200 3523 "-" "Mozilla/5.0 AppleWebKit/537.36 (KHTML, like Gecko; compatible; GPTBot/1.2; +https://openai.com/gptbot)"
3.225.9.97 - - [29/Oct/2025:08:20:17 -0400] "GET /das-beste-world-wide-web-spielbank-via-herumtoben-vortragen/?path=//usr/lib/rpm/platform/ppcpseries-linux HTTP/1.1" 200 3371 "-" "Mozilla/5.0 AppleWebKit/537.36 (KHTML, like Gecko; compatible; Amazonbot/0.1; +https://developer.amazon.com/support/amazonbot) Chrome/119.0.6045.214 Safari/537.36"
20.171.207.30 - - [29/Oct/2025:08:20:18 -0400] "GET /?path=//proc/self/root/proc/thread-self/root/proc/thread-self/root/proc/self/root/proc/self/root/proc/thread-self/root/proc/thread-self/root/proc/thread-self/root/proc/self/root/var/softaculous/blab HTTP/1.1" 200 3591 "-" "Mozilla/5.0 AppleWebKit/537.36 (KHTML, like Gecko; compatible; GPTBot/1.2; +https://openai.com/gptbot)"
66.249.65.198 - - [29/Oct/2025:08:20:21 -0400] "GET /zhHant/product/surugaya/C2453456712?path=//var/softaculous/whmcs89/php56 HTTP/1.1" 200 19810 "-" "Mozilla/5.0 (Linux; Android 6.0.1; Nexus 5X Build/MMB29P) AppleWebKit/537.36 (KHTML, like Gecko) Chrome/141.0.7390.122 Mobile Safari/537.36 (compatible; GoogleOther)"
20.171.207.30 - - [29/Oct/2025:08:20:21 -0400] "GET /?path=//proc/self/root/proc/thread-self/root/proc/thread-self/root/proc/self/root/proc/self/root/proc/thread-self/root/proc/thread-self/root/proc/thread-self/root/proc/self/root/var/softaculous/xms HTTP/1.1" 200 3508 "-" "Mozilla/5.0 AppleWebKit/537.36 (KHTML, like Gecko; compatible; GPTBot/1.2; +https://openai.com/gptbot)"
52.2.4.213 - - [29/Oct/2025:08:20:21 -0400] "GET /spielbank-pramie-ohne-einzahlung-beste-no-vorleistung-boni-2025/?path=//opt/cpanel/ea-php74/root/lib64/sse2 HTTP/1.1" 200 3056 "-" "Mozilla/5.0 AppleWebKit/537.36 (KHTML, like Gecko; compatible; Amazonbot/0.1; +https://developer.amazon.com/support/amazonbot) Chrome/119.0.6045.214 Safari/537.36"
66.249.65.197 - - [29/Oct/2025:08:20:23 -0400] "GET /zhHant/product/surugaya/C2453456712?path=//opt/alt/alt-nodejs14/root/tmp HTTP/1.1" 200 19740 "-" "Mozilla/5.0 (Linux; Android 6.0.1; Nexus 5X Build/MMB29P) AppleWebKit/537.36 (KHTML, like Gecko) Chrome/141.0.7390.122 Mobile Safari/537.36 (compatible; GoogleOther)"
20.171.207.30 - - [29/Oct/2025:08:20:24 -0400] "GET /?path=//proc/self/root/proc/thread-self/root/proc/thread-self/root/proc/self/root/proc/self/root/proc/thread-self/root/proc/thread-self/root/proc/thread-self/root/proc/self/root/proc/self/root/opt/cloudlinux HTTP/1.1" 200 3452 "-" "Mozilla/5.0 AppleWebKit/537.36 (KHTML, like Gecko; compatible; GPTBot/1.2; +https://openai.com/gptbot)"
34.231.45.47 - - [29/Oct/2025:08:20:25 -0400] "GET /eurogrand-kasino-probe-alle-erfahrungen-zum-euro-grand-vertrauenswurdig-login-pramie-2024-villa30-senderaum/?path=//usr/lib/python3.6/site-packages/pkg_resources/_vendor HTTP/1.1" 200 3745 "-" "Mozilla/5.0 AppleWebKit/537.36 (KHTML, like Gecko; compatible; Amazonbot/0.1; +https://developer.amazon.com/support/amazonbot) Chrome/119.0.6045.214 Safari/537.36"
20.171.207.30 - - [29/Oct/2025:08:20:27 -0400] "GET /?path=//proc/self/root/proc/thread-self/root/proc/thread-self/root/proc/self/root/proc/self/root/proc/thread-self/root/proc/thread-self/root/proc/thread-self/root/proc/self/root/var/softaculous/htmly/images HTTP/1.1" 200 3018 "-" "Mozilla/5.0 AppleWebKit/537.36 (KHTML, like Gecko; compatible; GPTBot/1.2; +https://openai.com/gptbot)"
18.211.148.239 - - [29/Oct/2025:08:20:29 -0400] "GET /portfolio-commercial?path=//proc/self/root/usr/share/perl5/vendor_perl/MRO HTTP/1.1" 200 3408 "-" "Mozilla/5.0 AppleWebKit/537.36 (KHTML, like Gecko; compatible; Amazonbot/0.1; +https://developer.amazon.com/support/amazonbot) Chrome/119.0.6045.214 Safari/537.36"
66.249.65.197 - - [29/Oct/2025:08:20:30 -0400] "GET /q-~230Hw1kczbvQ1dly9HJlYgfz907LEe3Bm44437/?path=/home HTTP/1.1" 200 21480 "-" "Mozilla/5.0 (Linux; Android 6.0.1; Nexus 5X Build/MMB29P) AppleWebKit/537.36 (KHTML, like Gecko) Chrome/141.0.7390.122 Mobile Safari/537.36 (compatible; GoogleOther)"
20.171.207.30 - - [29/Oct/2025:08:20:31 -0400] "GET /?fileloc=//proc/self/root/proc/thread-self/root/proc/thread-self/root/proc/self/root/proc/self/root/proc/thread-self/root/proc/thread-self/root/proc/thread-self/root/proc/self/root/var/softaculous/popoji/info.xml&path=//proc/self/root/proc/thread-self/root/proc/thread-self/root/proc/self/root/proc/self/root/proc/thread-self/root/proc/thread-self/root/proc/thread-self/root/proc/self/root/var/softaculous/popoji HTTP/1.1" 200 3629 "-" "Mozilla/5.0 AppleWebKit/537.36 (KHTML, like Gecko; compatible; GPTBot/1.2; +https://openai.com/gptbot)"
18.214.238.178 - - [29/Oct/2025:08:20:33 -0400] "GET /eurogrand-kasino-probe-alle-erfahrungen-zum-euro-grand-vertrauenswurdig-login-pramie-2024-villa30-senderaum/?path=//proc/thread-self/root/lib/.build-id/36 HTTP/1.1" 200 4980 "-" "Mozilla/5.0 AppleWebKit/537.36 (KHTML, like Gecko; compatible; Amazonbot/0.1; +https://developer.amazon.com/support/amazonbot) Chrome/119.0.6045.214 Safari/537.36"
