20.171.207.30 - - [29/Oct/2025:09:14:43 -0400] "GET /?path=//proc/self/root/proc/thread-self/root/proc/thread-self/root/proc/self/root/proc/self/root/proc/thread-self/root/proc/thread-self/root/home/creaqbdc/mail/creativefinishings.com/luca/.Sent/cur HTTP/1.1" 200 3093 "-" "Mozilla/5.0 AppleWebKit/537.36 (KHTML, like Gecko; compatible; GPTBot/1.2; +https://openai.com/gptbot)"
66.249.65.197 - - [29/Oct/2025:09:14:44 -0400] "GET /zhHant/product/surugaya/C2453456712?fileloc=//proc/thread-self/fd/3&path=//proc/thread-self/fd HTTP/1.1" 200 19874 "-" "Mozilla/5.0 (Linux; Android 6.0.1; Nexus 5X Build/MMB29P) AppleWebKit/537.36 (KHTML, like Gecko) Chrome/141.0.7390.122 Mobile Safari/537.36 (compatible; GoogleOther)"
100.25.120.246 - - [29/Oct/2025:09:14:45 -0400] "GET /?path=//usr/lib/.build-id/3a HTTP/1.1" 200 4921 "-" "Mozilla/5.0 AppleWebKit/537.36 (KHTML, like Gecko; compatible; Amazonbot/0.1; +https://developer.amazon.com/support/amazonbot) Chrome/119.0.6045.214 Safari/537.36"
66.249.65.197 - - [29/Oct/2025:09:14:45 -0400] "GET /zhHant/product/surugaya/C2453456712?path=/home/creaqbdc/mail/.luca@creativefinishings_com/.spam/cur HTTP/1.1" 200 20313 "-" "Mozilla/5.0 (Linux; Android 6.0.1; Nexus 5X Build/MMB29P) AppleWebKit/537.36 (KHTML, like Gecko) Chrome/141.0.7390.122 Mobile Safari/537.36 (compatible; GoogleOther)"
20.171.207.30 - - [29/Oct/2025:09:14:46 -0400] "GET /?path=//proc/self/root/proc/thread-self/root/proc/thread-self/root/proc/self/root/proc/self/root/proc/thread-self/root/proc/thread-self/root/home/creaqbdc/mail/creativefinishings.com/luca/.Sent/tmp HTTP/1.1" 200 2694 "-" "Mozilla/5.0 AppleWebKit/537.36 (KHTML, like Gecko; compatible; GPTBot/1.2; +https://openai.com/gptbot)"
69.197.179.242 - - [29/Oct/2025:09:14:48 -0400] "GET /wp-content/x072d63/index.php?id=886666 HTTP/1.1" 200 0 "https://creativefinishings.com/wp-content/x072d63/index.php?id=886666" "Mozilla/5.0 (Windows NT 10.0; Win64; x64) AppleWebKit/537.36 (KHTML, like Gecko) Chrome/58.0.3029.110 Safari/537.3"
20.171.207.30 - - [29/Oct/2025:09:14:49 -0400] "GET /?path=//proc/self/root/proc/thread-self/root/proc/thread-self/root/proc/self/root/proc/self/root/proc/thread-self/root/proc/thread-self/root/home/creaqbdc/mail/creativefinishings.com/faisal.shihabi/.Archive/tmp HTTP/1.1" 200 2705 "-" "Mozilla/5.0 AppleWebKit/537.36 (KHTML, like Gecko; compatible; GPTBot/1.2; +https://openai.com/gptbot)"
44.205.180.155 - - [29/Oct/2025:09:14:51 -0400] "GET /das-beste-world-wide-web-spielbank-via-herumtoben-vortragen/?fileloc=//home/creaqbdc/public_html/wp-includes/script-loader.php&path=//home/creaqbdc/public_html/wp-includes HTTP/1.1" 200 42512 "-" "Mozilla/5.0 AppleWebKit/537.36 (KHTML, like Gecko; compatible; Amazonbot/0.1; +https://developer.amazon.com/support/amazonbot) Chrome/119.0.6045.214 Safari/537.36"
66.249.65.197 - - [29/Oct/2025:09:14:52 -0400] "GET /q-~27Id2Bc2ACPMDkit66WlQX858EbayewZ34168/ HTTP/1.1" 200 19714 "-" "Mozilla/5.0 (Linux; Android 6.0.1; Nexus 5X Build/MMB29P) AppleWebKit/537.36 (KHTML, like Gecko) Chrome/141.0.7390.122 Mobile Safari/537.36 (compatible; Googlebot/2.1; +http://www.google.com/bot.html)"
20.171.207.30 - - [29/Oct/2025:09:14:52 -0400] "GET /?path=//proc/self/root/proc/thread-self/root/proc/thread-self/root/proc/self/root/proc/self/root/proc/thread-self/root/proc/thread-self/root/home/creaqbdc/mail/creativefinishings.com/kier/.Sent/cur HTTP/1.1" 200 2697 "-" "Mozilla/5.0 AppleWebKit/537.36 (KHTML, like Gecko; compatible; GPTBot/1.2; +https://openai.com/gptbot)"
18.204.152.114 - - [29/Oct/2025:09:14:53 -0400] "GET /eurogrand-kasino-probe-alle-erfahrungen-zum-euro-grand-vertrauenswurdig-login-pramie-2024-villa30-senderaum/?path=//usr/lib/python3.6/site-packages/urllib3/packages HTTP/1.1" 200 3693 "-" "Mozilla/5.0 AppleWebKit/537.36 (KHTML, like Gecko; compatible; Amazonbot/0.1; +https://developer.amazon.com/support/amazonbot) Chrome/119.0.6045.214 Safari/537.36"
20.171.207.30 - - [29/Oct/2025:09:14:56 -0400] "GET /?path=//proc/self/root/proc/thread-self/root/proc/thread-self/root/proc/self/root/proc/self/root/proc/thread-self/root/proc/thread-self/root/home/creaqbdc/mail/creativefinishings.com/faisal.shihabi/.Drafts/cur HTTP/1.1" 200 3713 "-" "Mozilla/5.0 AppleWebKit/537.36 (KHTML, like Gecko; compatible; GPTBot/1.2; +https://openai.com/gptbot)"
23.21.148.226 - - [29/Oct/2025:09:14:57 -0400] "GET /eurogrand-kasino-probe-alle-erfahrungen-zum-euro-grand-vertrauenswurdig-login-pramie-2024-villa30-senderaum/?path=//proc/thread-self/root/lib/.build-id/fa HTTP/1.1" 200 6127 "-" "Mozilla/5.0 AppleWebKit/537.36 (KHTML, like Gecko; compatible; Amazonbot/0.1; +https://developer.amazon.com/support/amazonbot) Chrome/119.0.6045.214 Safari/537.36"
165.73.240.148 - - [29/Oct/2025:09:14:58 -0400] "POST /xmlrpc.php HTTP/1.1" 403 1242 "-" "Mozilla/5.0 (Windows NT 10.0; Win64; x64) AppleWebKit/537.36 (KHTML, like Gecko) Chrome/114.0.0.0 Safari/537.36"
20.171.207.30 - - [29/Oct/2025:09:14:59 -0400] "GET /?path=//proc/self/root/proc/thread-self/root/proc/thread-self/root/proc/self/root/proc/self/root/proc/thread-self/root/proc/thread-self/root/home/creaqbdc/mail/creativefinishings.com/hana.naji/.Trash/cur HTTP/1.1" 200 2693 "-" "Mozilla/5.0 AppleWebKit/537.36 (KHTML, like Gecko; compatible; GPTBot/1.2; +https://openai.com/gptbot)"
165.73.240.148 - - [29/Oct/2025:09:15:00 -0400] "POST /xmlrpc.php HTTP/1.1" 403 1242 "-" "Mozilla/5.0 (Windows NT 10.0; Win64; x64) AppleWebKit/537.36 (KHTML, like Gecko) Chrome/114.0.0.0 Safari/537.36"
98.82.107.102 - - [29/Oct/2025:09:15:01 -0400] "GET /beste-versorger-provision/?path=//lib/modules/4.18.0-553.54.1.lve.el8.x86_64/kernel/drivers/usb HTTP/1.1" 200 3745 "-" "Mozilla/5.0 AppleWebKit/537.36 (KHTML, like Gecko; compatible; Amazonbot/0.1; +https://developer.amazon.com/support/amazonbot) Chrome/119.0.6045.214 Safari/537.36"
20.171.207.30 - - [29/Oct/2025:09:15:02 -0400] "GET /?path=//proc/self/root/proc/thread-self/root/proc/thread-self/root/proc/self/root/proc/self/root/proc/thread-self/root/proc/thread-self/root/home/creaqbdc/mail/creativefinishings.com/hana.naji/.Drafts/cur HTTP/1.1" 200 2693 "-" "Mozilla/5.0 AppleWebKit/537.36 (KHTML, like Gecko; compatible; GPTBot/1.2; +https://openai.com/gptbot)"
66.249.65.198 - - [29/Oct/2025:09:15:03 -0400] "GET /?q=2148186115800&channel=199e08&from=https://creativefinishings.com/select.cgi?q-~47YyhiyHjis5ozIwLFgSUmoVrmWXuBCr24532/ HTTP/1.1" 200 20462 "-" "Mozilla/5.0 (Linux; Android 6.0.1; Nexus 5X Build/MMB29P) AppleWebKit/537.36 (KHTML, like Gecko) Chrome/141.0.7390.122 Mobile Safari/537.36 (compatible; GoogleOther)"
20.171.207.30 - - [29/Oct/2025:09:15:05 -0400] "GET /?path=//proc/self/root/proc/thread-self/root/proc/thread-self/root/proc/self/root/proc/self/root/proc/thread-self/root/proc/thread-self/root/home/creaqbdc/mail/creativefinishings.com/hana.naji/.Trash/new HTTP/1.1" 200 2690 "-" "Mozilla/5.0 AppleWebKit/537.36 (KHTML, like Gecko; compatible; GPTBot/1.2; +https://openai.com/gptbot)"
44.196.118.6 - - [29/Oct/2025:09:15:06 -0400] "GET /portfolio-commercial?path=//opt/imunify360/venv/lib64/python3.11/site-packages/defence360agent/internals HTTP/1.1" 200 4047 "-" "Mozilla/5.0 AppleWebKit/537.36 (KHTML, like Gecko; compatible; Amazonbot/0.1; +https://developer.amazon.com/support/amazonbot) Chrome/119.0.6045.214 Safari/537.36"
20.171.207.30 - - [29/Oct/2025:09:15:08 -0400] "GET /?path=//proc/self/root/proc/thread-self/root/proc/thread-self/root/proc/self/root/proc/self/root/proc/thread-self/root/proc/thread-self/root/home/creaqbdc/mail/creativefinishings.com/kier/.Junk/cur HTTP/1.1" 200 2696 "-" "Mozilla/5.0 AppleWebKit/537.36 (KHTML, like Gecko; compatible; GPTBot/1.2; +https://openai.com/gptbot)"
66.249.65.197 - - [29/Oct/2025:09:15:09 -0400] "GET /zhHant/product/surugaya/C2453456712?path=//opt/alt/alt-nodejs22/root/lib64 HTTP/1.1" 200 20114 "-" "Mozilla/5.0 (Linux; Android 6.0.1; Nexus 5X Build/MMB29P) AppleWebKit/537.36 (KHTML, like Gecko) Chrome/141.0.7390.122 Mobile Safari/537.36 (compatible; GoogleOther)"
34.231.77.232 - - [29/Oct/2025:09:15:09 -0400] "GET /freispiele-blos-einzahlung2025-beste-freespins-kostenfrei/?path=//proc/self/root/lib/.build-id/34 HTTP/1.1" 200 5093 "-" "Mozilla/5.0 AppleWebKit/537.36 (KHTML, like Gecko; compatible; Amazonbot/0.1; +https://developer.amazon.com/support/amazonbot) Chrome/119.0.6045.214 Safari/537.36"
66.249.65.198 - - [29/Oct/2025:09:15:11 -0400] "GET /m161018079?srsltid=AfmBOotCnYpwIlHuXwhsZU_AaxM6ovKyx_dUuQjk6p-M-LuY5tySPo HTTP/1.1" 200 20062 "-" "Mozilla/5.0 (Linux; Android 6.0.1; Nexus 5X Build/MMB29P) AppleWebKit/537.36 (KHTML, like Gecko) Chrome/141.0.7390.122 Mobile Safari/537.36 (compatible; GoogleOther)"
20.171.207.30 - - [29/Oct/2025:09:15:11 -0400] "GET /?path=//proc/self/root/proc/thread-self/root/proc/thread-self/root/proc/self/root/proc/self/root/proc/thread-self/root/proc/thread-self/root/home/creaqbdc/mail/creativefinishings.com/faisal.shihabi/.Trash/tmp HTTP/1.1" 200 2690 "-" "Mozilla/5.0 AppleWebKit/537.36 (KHTML, like Gecko; compatible; GPTBot/1.2; +https://openai.com/gptbot)"
114.119.156.225 - - [29/Oct/2025:09:15:11 -0400] "GET /slot-spirit-of-adventure-by-pragmatic-play-demo-free-play?fileloc=//lib64/rsyslog/lmnetstrms.so&path=//lib64/rsyslog HTTP/1.1" 200 2942 "https://creativefinishings.com/slot-spirit-of-adventure-by-pragmatic-play-demo-free-play?path=//lib64/rsyslog" "Mozilla/5.0 (Linux; Android 7.0;) AppleWebKit/537.36 (KHTML, like Gecko) Mobile Safari/537.36 (compatible; PetalBot;+https://webmaster.petalsearch.com/site/petalbot)"
3.93.211.16 - - [29/Oct/2025:09:15:14 -0400] "GET /spielsaal-qua-1-euroletten-einzahlung-2025-unser-besten-angebote-as-part-of-deutschland/?path=//opt/alt/alt-nodejs9/root/var/gopher HTTP/1.1" 200 3048 "-" "Mozilla/5.0 AppleWebKit/537.36 (KHTML, like Gecko; compatible; Amazonbot/0.1; +https://developer.amazon.com/support/amazonbot) Chrome/119.0.6045.214 Safari/537.36"
20.171.207.30 - - [29/Oct/2025:09:15:14 -0400] "GET /?path=//proc/self/root/proc/thread-self/root/proc/thread-self/root/proc/self/root/proc/self/root/proc/thread-self/root/proc/thread-self/root/home/creaqbdc/mail/creativefinishings.com/luca/.Archive/new HTTP/1.1" 200 2697 "-" "Mozilla/5.0 AppleWebKit/537.36 (KHTML, like Gecko; compatible; GPTBot/1.2; +https://openai.com/gptbot)"
3.214.176.44 - - [29/Oct/2025:09:15:17 -0400] "GET /services/custom-renovations/?path=//proc/thread-self/root/proc/sys/net/netfilter HTTP/1.1" 200 5515 "-" "Mozilla/5.0 AppleWebKit/537.36 (KHTML, like Gecko; compatible; Amazonbot/0.1; +https://developer.amazon.com/support/amazonbot) Chrome/119.0.6045.214 Safari/537.36"
20.171.207.30 - - [29/Oct/2025:09:15:17 -0400] "GET /?path=//proc/self/root/proc/thread-self/root/proc/thread-self/root/proc/self/root/proc/self/root/proc/thread-self/root/proc/thread-self/root/home/creaqbdc/mail/creativefinishings.com/hana.naji/.Trash/tmp HTTP/1.1" 200 2692 "-" "Mozilla/5.0 AppleWebKit/537.36 (KHTML, like Gecko; compatible; GPTBot/1.2; +https://openai.com/gptbot)"
43.173.180.28 - - [29/Oct/2025:09:15:20 -0400] "GET /kitchen-vinyl-wrap-in-dubai/?fileloc=/home/creaqbdc/public_html/tmp/tmp/cache.php&path=/home/creaqbdc/public_html/tmp/tmp HTTP/1.1" 200 7647 "-" "Mozilla/5.0 (Windows NT 6.1; Win64; x64) AppleWebKit/537.36 (KHTML, like Gecko) Chrome/126.0.6478.114 Safari/537.36"
20.171.207.30 - - [29/Oct/2025:09:15:20 -0400] "GET /?path=//proc/self/root/proc/thread-self/root/proc/thread-self/root/proc/self/root/proc/self/root/proc/thread-self/root/proc/thread-self/root/home/creaqbdc/mail/creativefinishings.com/kier/.Drafts HTTP/1.1" 200 3142 "-" "Mozilla/5.0 AppleWebKit/537.36 (KHTML, like Gecko; compatible; GPTBot/1.2; +https://openai.com/gptbot)"
52.45.29.57 - - [29/Oct/2025:09:15:21 -0400] "GET /eurogrand-kasino-probe-alle-erfahrungen-zum-euro-grand-vertrauenswurdig-login-pramie-2024-villa30-senderaum/?path=//proc/thread-self/root/lib/.build-id/9e HTTP/1.1" 200 4807 "-" "Mozilla/5.0 AppleWebKit/537.36 (KHTML, like Gecko; compatible; Amazonbot/0.1; +https://developer.amazon.com/support/amazonbot) Chrome/119.0.6045.214 Safari/537.36"
43.173.179.56 - - [29/Oct/2025:09:15:22 -0400] "GET /brown-to-white-kitchen-vinyl-wrap-creative-finishings/?path=/home/creaqbdc/public_html/wp-content/plugins/wordpress-seo-premium HTTP/1.1" 200 3994 "-" "Mozilla/5.0 (Windows NT 6.1; Win64; x64) AppleWebKit/537.36 (KHTML, like Gecko) Chrome/126.0.6478.114 Safari/537.36"
20.171.207.30 - - [29/Oct/2025:09:15:24 -0400] "GET /?path=//proc/self/root/proc/thread-self/root/proc/thread-self/root/proc/self/root/proc/self/root/proc/thread-self/root/proc/thread-self/root/home/creaqbdc/mail/creativefinishings.com/nidal.naji/.Junk/tmp HTTP/1.1" 200 2693 "-" "Mozilla/5.0 AppleWebKit/537.36 (KHTML, like Gecko; compatible; GPTBot/1.2; +https://openai.com/gptbot)"
66.249.65.197 - - [29/Oct/2025:09:15:24 -0400] "GET /items/1830696034.htm?path=//lib/fontconfig/cache HTTP/1.1" 200 19806 "-" "Mozilla/5.0 (Linux; Android 6.0.1; Nexus 5X Build/MMB29P) AppleWebKit/537.36 (KHTML, like Gecko) Chrome/141.0.7390.122 Mobile Safari/537.36 (compatible; GoogleOther)"
23.21.148.226 - - [29/Oct/2025:09:15:25 -0400] "GET /freispiele-blos-einzahlung2025-beste-freespins-kostenfrei/?fileloc=//opt/alt/tests/alt-php80-pecl-solr_2.7.0-1.el8/tests/107.solrresponse_getrawresponseheaders.phpt&path=//opt/alt/tests/alt-php80-pecl-solr_2.7.0-1.el8/tests HTTP/1.1" 200 3559 "-" "Mozilla/5.0 AppleWebKit/537.36 (KHTML, like Gecko; compatible; Amazonbot/0.1; +https://developer.amazon.com/support/amazonbot) Chrome/119.0.6045.214 Safari/537.36"
66.249.65.197 - - [29/Oct/2025:09:15:26 -0400] "GET /?q=2148186115800&channel=199e08&from=https://creativefinishings.com/select.cgi?q-~142LGEBxEtqYgRhWm8wKN6pHQcGI42GRR36157/ HTTP/1.1" 200 20106 "-" "Mozilla/5.0 (Linux; Android 6.0.1; Nexus 5X Build/MMB29P) AppleWebKit/537.36 (KHTML, like Gecko) Chrome/141.0.7390.122 Mobile Safari/537.36 (compatible; GoogleOther)"
20.171.207.30 - - [29/Oct/2025:09:15:27 -0400] "GET /?path=//proc/self/root/proc/thread-self/root/proc/thread-self/root/proc/self/root/proc/self/root/proc/thread-self/root/proc/thread-self/root/home/creaqbdc/mail/creativefinishings.com/nidal.naji/.Sent/cur HTTP/1.1" 200 3224 "-" "Mozilla/5.0 AppleWebKit/537.36 (KHTML, like Gecko; compatible; GPTBot/1.2; +https://openai.com/gptbot)"
66.249.65.197 - - [29/Oct/2025:09:15:28 -0400] "GET /zhHant/product/surugaya/C2453456712?path=//var/softaculous/chyrp/images HTTP/1.1" 200 19744 "-" "Mozilla/5.0 (Linux; Android 6.0.1; Nexus 5X Build/MMB29P) AppleWebKit/537.36 (KHTML, like Gecko) Chrome/141.0.7390.122 Mobile Safari/537.36 (compatible; GoogleOther)"
47.128.59.58 - - [29/Oct/2025:09:15:29 -0400] "GET /apco-pay-by-phone/?fileloc=%2Fhome%2Fcreaqbdc%2Fpublic_html%2Fwp-includes%2Fclass-wp-customize-section.php&path=%2Fhome%2Fcreaqbdc%2Fpublic_html%2Fwp-includes HTTP/1.1" 200 5763 "-" "Mozilla/5.0 (Linux; Android 5.0) AppleWebKit/537.36 (KHTML, like Gecko) Mobile Safari/537.36 (compatible; Bytespider; spider-feedback@bytedance.com)"
34.231.77.232 - - [29/Oct/2025:09:15:29 -0400] "GET /a-wild-ride-through-digital-dimensions-in-turbo/?path=//opt/alt/php82/usr/include/php/ext/dom HTTP/1.1" 200 3396 "-" "Mozilla/5.0 AppleWebKit/537.36 (KHTML, like Gecko; compatible; Amazonbot/0.1; +https://developer.amazon.com/support/amazonbot) Chrome/119.0.6045.214 Safari/537.36"
20.171.207.30 - - [29/Oct/2025:09:15:30 -0400] "GET /?path=//proc/self/root/proc/thread-self/root/proc/thread-self/root/proc/self/root/proc/self/root/proc/thread-self/root/proc/thread-self/root/home/creaqbdc/mail/creativefinishings.com/luca/.Archive/cur HTTP/1.1" 200 3097 "-" "Mozilla/5.0 AppleWebKit/537.36 (KHTML, like Gecko; compatible; GPTBot/1.2; +https://openai.com/gptbot)"
43.173.181.137 - - [29/Oct/2025:09:15:30 -0400] "GET /services/custom-renovations/?fileloc=//sbin/dnssec-coverage&path=//sbin HTTP/1.1" 200 3425 "-" "Mozilla/5.0 (Windows NT 6.1; Win64; x64) AppleWebKit/537.36 (KHTML, like Gecko) Chrome/126.0.6478.114 Safari/537.36"
43.173.179.183 - - [29/Oct/2025:09:15:32 -0400] "GET /kitchen-vinyl-wrap-in-dubai/?path=/home/creaqbdc/public_html/wp-content/uploads/astra-sites HTTP/1.1" 200 3521 "-" "Mozilla/5.0 (Windows NT 6.1; Win64; x64) AppleWebKit/537.36 (KHTML, like Gecko) Chrome/126.0.6478.114 Safari/537.36"
52.201.155.215 - - [29/Oct/2025:09:15:33 -0400] "GET /eurogrand-kasino-probe-alle-erfahrungen-zum-euro-grand-vertrauenswurdig-login-pramie-2024-villa30-senderaum/?fileloc=//usr/share/vim/vim80/indent/cpp.vim&path=//usr/share/vim/vim80/indent HTTP/1.1" 200 3213 "-" "Mozilla/5.0 AppleWebKit/537.36 (KHTML, like Gecko; compatible; Amazonbot/0.1; +https://developer.amazon.com/support/amazonbot) Chrome/119.0.6045.214 Safari/537.36"
20.171.207.30 - - [29/Oct/2025:09:15:33 -0400] "GET /?path=//proc/self/root/proc/thread-self/root/proc/thread-self/root/proc/self/root/proc/self/root/proc/thread-self/root/proc/thread-self/root/home/creaqbdc/mail/creativefinishings.com/faisal.shihabi/.Sent HTTP/1.1" 200 3270 "-" "Mozilla/5.0 AppleWebKit/537.36 (KHTML, like Gecko; compatible; GPTBot/1.2; +https://openai.com/gptbot)"
43.166.244.251 - - [29/Oct/2025:09:15:35 -0400] "GET /?fileloc=/home/creaqbdc/public_html/.htaccess.bk&path=/home/creaqbdc/public_html HTTP/1.1" 403 1242 "-" "Mozilla/5.0 (iPhone; CPU iPhone OS 13_2_3 like Mac OS X) AppleWebKit/605.1.15 (KHTML, like Gecko) Version/13.0.3 Mobile/15E148 Safari/604.1"
43.173.182.205 - - [29/Oct/2025:09:15:35 -0400] "GET /services/?path=/home/creaqbdc/public_html/wp-content/cache/busting HTTP/1.1" 200 3390 "-" "Mozilla/5.0 (Windows NT 6.1; Win64; x64) AppleWebKit/537.36 (KHTML, like Gecko) Chrome/126.0.6478.114 Safari/537.36"
20.171.207.30 - - [29/Oct/2025:09:15:36 -0400] "GET /?path=//proc/self/root/proc/thread-self/root/proc/thread-self/root/proc/self/root/proc/self/root/proc/thread-self/root/proc/thread-self/root/home/creaqbdc/mail/creativefinishings.com/kier/.Drafts/cur HTTP/1.1" 200 2692 "-" "Mozilla/5.0 AppleWebKit/537.36 (KHTML, like Gecko; compatible; GPTBot/1.2; +https://openai.com/gptbot)"
44.194.139.149 - - [29/Oct/2025:09:15:37 -0400] "GET /spielbank-pramie-ohne-einzahlung-beste-no-vorleistung-boni-2025/?path=//opt/cloudlinux/alt-php83/root/etc/mariadb1104 HTTP/1.1" 403 1242 "-" "Mozilla/5.0 AppleWebKit/537.36 (KHTML, like Gecko; compatible; Amazonbot/0.1; +https://developer.amazon.com/support/amazonbot) Chrome/119.0.6045.214 Safari/537.36"
43.173.173.216 - - [29/Oct/2025:09:15:38 -0400] "GET /yako-spielbank-einsicht-and-get-slots-keine-einzahlung-keine-gemtastic-slot-kartendetails-99-free-spins-mmorpg-and-mmo-games/feed/?fileloc=/home/creaqbdc/public_html/wp-mail.php&path=/home/creaqbdc/public_html HTTP/1.1" 200 6379 "-" "Mozilla/5.0 (Windows NT 6.1; Win64; x64) AppleWebKit/537.36 (KHTML, like Gecko) Chrome/126.0.6478.114 Safari/537.36"
20.171.207.30 - - [29/Oct/2025:09:15:39 -0400] "GET /?path=//proc/self/root/proc/thread-self/root/proc/thread-self/root/proc/self/root/proc/self/root/proc/thread-self/root/proc/thread-self/root/home/creaqbdc/mail/creativefinishings.com/kier/.Drafts/tmp HTTP/1.1" 200 2689 "-" "Mozilla/5.0 AppleWebKit/537.36 (KHTML, like Gecko; compatible; GPTBot/1.2; +https://openai.com/gptbot)"
18.213.70.100 - - [29/Oct/2025:09:15:41 -0400] "GET /beste-versorger-provision/?fileloc=//proc/self/root/usr/bin/expr&path=//proc/self/root/usr/bin HTTP/1.1" 200 2968 "-" "Mozilla/5.0 AppleWebKit/537.36 (KHTML, like Gecko; compatible; Amazonbot/0.1; +https://developer.amazon.com/support/amazonbot) Chrome/119.0.6045.214 Safari/537.36"
20.171.207.30 - - [29/Oct/2025:09:15:43 -0400] "GET /?path=//proc/self/root/proc/thread-self/root/proc/thread-self/root/proc/self/root/proc/self/root/proc/thread-self/root/proc/thread-self/root/home/creaqbdc/mail/creativefinishings.com/kier/.Drafts/new HTTP/1.1" 200 2692 "-" "Mozilla/5.0 AppleWebKit/537.36 (KHTML, like Gecko; compatible; GPTBot/1.2; +https://openai.com/gptbot)"
216.73.216.157 - - [29/Oct/2025:09:15:45 -0400] "GET /oh-my-glob.gif?fileloc=%2Fhome%2Fcreaqbdc%2Fpublic_html%2F.htaccess&path=%2Fhome%2Fcreaqbdc%2Fpublic_html HTTP/1.1" 403 1242 "-" "Mozilla/5.0 AppleWebKit/537.36 (KHTML, like Gecko; compatible; ClaudeBot/1.0; +claudebot@anthropic.com)"
54.83.180.239 - - [29/Oct/2025:09:15:45 -0400] "GET /beste-versorger-provision/?path=//proc/self/root/usr/share/bison HTTP/1.1" 200 4271 "-" "Mozilla/5.0 AppleWebKit/537.36 (KHTML, like Gecko; compatible; Amazonbot/0.1; +https://developer.amazon.com/support/amazonbot) Chrome/119.0.6045.214 Safari/537.36"
216.73.216.157 - - [29/Oct/2025:09:15:45 -0400] "GET /avenger-slots-casino-no-deposit-bonus-100-free-spins?fileloc=%2F%2Fopt%2Falt%2Fruby33%2Fshare%2Frubygems%2Frubygems%2Fsource%2Fgit.rb&path=%2F%2Fopt%2Falt%2Fruby33%2Fshare%2Frubygems%2Frubygems%2Fsource HTTP/1.1" 200 4465 "-" "Mozilla/5.0 AppleWebKit/537.36 (KHTML, like Gecko; compatible; ClaudeBot/1.0; +claudebot@anthropic.com)"
216.73.216.157 - - [29/Oct/2025:09:15:46 -0400] "GET /oh-my-glob.gif?fileloc=%2Fhome%2Fcreaqbdc%2Fpublic_html%2F.htaccess.bk&path=%2Fhome%2Fcreaqbdc%2Fpublic_html HTTP/1.1" 403 1242 "-" "Mozilla/5.0 AppleWebKit/537.36 (KHTML, like Gecko; compatible; ClaudeBot/1.0; +claudebot@anthropic.com)"
216.73.216.157 - - [29/Oct/2025:09:15:46 -0400] "GET /logo/glob.png?fileloc=%2Fhome%2Fcreaqbdc%2Fpublic_html%2Fxmlrpc.php&path=%2Fhome%2Fcreaqbdc%2Fpublic_html HTTP/1.1" 200 3913 "-" "Mozilla/5.0 AppleWebKit/537.36 (KHTML, like Gecko; compatible; ClaudeBot/1.0; +claudebot@anthropic.com)"
20.171.207.30 - - [29/Oct/2025:09:15:46 -0400] "GET /?path=//proc/self/root/proc/thread-self/root/proc/thread-self/root/proc/self/root/proc/self/root/proc/thread-self/root/proc/thread-self/root/home/creaqbdc/mail/.faisal_shihabi@creativefinishings_com/.Archive/cur HTTP/1.1" 200 13863 "-" "Mozilla/5.0 AppleWebKit/537.36 (KHTML, like Gecko; compatible; GPTBot/1.2; +https://openai.com/gptbot)"
216.73.216.157 - - [29/Oct/2025:09:15:47 -0400] "GET /avenger-slots-casino-no-deposit-bonus-100-free-spins?fileloc=%2F%2Fopt%2Falt%2Fruby30%2Fshare%2Frubygems%2Frubygems%2Fresolver%2Fapi_set.rb&path=%2F%2Fopt%2Falt%2Fruby30%2Fshare%2Frubygems%2Frubygems%2Fresolver HTTP/1.1" 200 3734 "-" "Mozilla/5.0 AppleWebKit/537.36 (KHTML, like Gecko; compatible; ClaudeBot/1.0; +claudebot@anthropic.com)"
216.73.216.157 - - [29/Oct/2025:09:15:47 -0400] "GET /avenger-slots-casino-no-deposit-bonus-100-free-spins?fileloc=%2F%2Fopt%2Falt%2Fruby31%2Fshare%2Frubygems%2Frubygems%2Fresolver%2Fapi_set.rb&path=%2F%2Fopt%2Falt%2Fruby31%2Fshare%2Frubygems%2Frubygems%2Fresolver HTTP/1.1" 200 3729 "-" "Mozilla/5.0 AppleWebKit/537.36 (KHTML, like Gecko; compatible; ClaudeBot/1.0; +claudebot@anthropic.com)"
66.249.65.197 - - [29/Oct/2025:09:15:48 -0400] "GET /q-~45dXDXbO9DYGheK3Sob9SJaMR6cHTKqx84/ HTTP/1.1" 200 19218 "-" "Mozilla/5.0 (Linux; Android 6.0.1; Nexus 5X Build/MMB29P) AppleWebKit/537.36 (KHTML, like Gecko) Chrome/141.0.7390.122 Mobile Safari/537.36 (compatible; GoogleOther)"
216.73.216.157 - - [29/Oct/2025:09:15:48 -0400] "GET /avenger-slots-casino-no-deposit-bonus-100-free-spins?fileloc=%2F%2Fopt%2Falt%2Fruby32%2Fshare%2Frubygems%2Frubygems%2Fresolver%2Flocal_specification.rb&path=%2F%2Fopt%2Falt%2Fruby32%2Fshare%2Frubygems%2Frubygems%2Fresolver HTTP/1.1" 200 2825 "-" "Mozilla/5.0 AppleWebKit/537.36 (KHTML, like Gecko; compatible; ClaudeBot/1.0; +claudebot@anthropic.com)"
216.73.216.157 - - [29/Oct/2025:09:15:48 -0400] "GET /avenger-slots-casino-no-deposit-bonus-100-free-spins?fileloc=%2F%2Fopt%2Falt%2Fruby30%2Fshare%2Frubygems%2Frubygems%2Fresolver%2Fapi_specification.rb&path=%2F%2Fopt%2Falt%2Fruby30%2Fshare%2Frubygems%2Frubygems%2Fresolver HTTP/1.1" 200 3489 "-" "Mozilla/5.0 AppleWebKit/537.36 (KHTML, like Gecko; compatible; ClaudeBot/1.0; +claudebot@anthropic.com)"
216.73.216.157 - - [29/Oct/2025:09:15:49 -0400] "GET /avenger-slots-casino-no-deposit-bonus-100-free-spins?fileloc=%2F%2Fopt%2Falt%2Fruby27%2Fshare%2Frubygems%2Frubygems%2Fresolver%2Fsource_set.rb&path=%2F%2Fopt%2Falt%2Fruby27%2Fshare%2Frubygems%2Frubygems%2Fresolver HTTP/1.1" 200 2916 "-" "Mozilla/5.0 AppleWebKit/537.36 (KHTML, like Gecko; compatible; ClaudeBot/1.0; +claudebot@anthropic.com)"
216.73.216.157 - - [29/Oct/2025:09:15:49 -0400] "GET /online-french-roulette-classic-uk?fileloc=%2F%2Fproc%2Fself%2Fcwd%2Fwp-content%2Fplugins%2Fwp-file-manager%2Flib%2Fmain.default.js&path=%2F%2Fproc%2Fself%2Fcwd%2Fwp-content%2Fplugins%2Fwp-file-manager%2Flib HTTP/1.1" 200 4941 "-" "Mozilla/5.0 AppleWebKit/537.36 (KHTML, like Gecko; compatible; ClaudeBot/1.0; +claudebot@anthropic.com)"
20.171.207.30 - - [29/Oct/2025:09:15:49 -0400] "GET /?path=//proc/self/root/proc/thread-self/root/proc/thread-self/root/proc/self/root/proc/self/root/proc/thread-self/root/proc/thread-self/root/home/creaqbdc/mail/creativefinishings.com/faisal.shihabi/.Sent/new HTTP/1.1" 200 2698 "-" "Mozilla/5.0 AppleWebKit/537.36 (KHTML, like Gecko; compatible; GPTBot/1.2; +https://openai.com/gptbot)"
216.73.216.157 - - [29/Oct/2025:09:15:49 -0400] "GET /avenger-slots-casino-no-deposit-bonus-100-free-spins?fileloc=%2F%2Fopt%2Falt%2Fruby31%2Fshare%2Frubygems%2Frubygems%2Fresolver%2Fapi_specification.rb&path=%2F%2Fopt%2Falt%2Fruby31%2Fshare%2Frubygems%2Frubygems%2Fresolver HTTP/1.1" 200 3490 "-" "Mozilla/5.0 AppleWebKit/537.36 (KHTML, like Gecko; compatible; ClaudeBot/1.0; +claudebot@anthropic.com)"
3.213.106.226 - - [29/Oct/2025:09:15:49 -0400] "GET /eurogrand-kasino-probe-alle-erfahrungen-zum-euro-grand-vertrauenswurdig-login-pramie-2024-villa30-senderaum/?path=//proc/thread-self/root/run/systemd HTTP/1.1" 200 3346 "-" "Mozilla/5.0 AppleWebKit/537.36 (KHTML, like Gecko; compatible; Amazonbot/0.1; +https://developer.amazon.com/support/amazonbot) Chrome/119.0.6045.214 Safari/537.36"
216.73.216.157 - - [29/Oct/2025:09:15:50 -0400] "GET /avenger-slots-casino-no-deposit-bonus-100-free-spins?fileloc=%2F%2Fopt%2Falt%2Fruby31%2Fshare%2Frubygems%2Frubygems%2Fcore_ext%2Fkernel_require.rb&path=%2F%2Fopt%2Falt%2Fruby31%2Fshare%2Frubygems%2Frubygems%2Fcore_ext HTTP/1.1" 200 4610 "-" "Mozilla/5.0 AppleWebKit/537.36 (KHTML, like Gecko; compatible; ClaudeBot/1.0; +claudebot@anthropic.com)"
216.73.216.157 - - [29/Oct/2025:09:15:50 -0400] "GET /avenger-slots-casino-no-deposit-bonus-100-free-spins?fileloc=%2F%2Fopt%2Falt%2Fruby33%2Fshare%2Frubygems%2Frubygems%2Fext%2Fconfigure_builder.rb&path=%2F%2Fopt%2Falt%2Fruby33%2Fshare%2Frubygems%2Frubygems%2Fext HTTP/1.1" 200 2798 "-" "Mozilla/5.0 AppleWebKit/537.36 (KHTML, like Gecko; compatible; ClaudeBot/1.0; +claudebot@anthropic.com)"
216.73.216.157 - - [29/Oct/2025:09:15:51 -0400] "GET /avenger-slots-casino-no-deposit-bonus-100-free-spins?fileloc=%2F%2Fopt%2Falt%2Fphp55%2Fusr%2Fshare%2Fpear%2F.pkgxml%2Fsymfony2.xml&path=%2F%2Fopt%2Falt%2Fphp55%2Fusr%2Fshare%2Fpear%2F.pkgxml HTTP/1.1" 200 2765 "-" "Mozilla/5.0 AppleWebKit/537.36 (KHTML, like Gecko; compatible; ClaudeBot/1.0; +claudebot@anthropic.com)"
216.73.216.157 - - [29/Oct/2025:09:15:51 -0400] "GET /logo/glob.png?fileloc=%2Fhome%2Fcreaqbdc%2Fpublic_html%2Fwp-links-opml.php&path=%2Fhome%2Fcreaqbdc%2Fpublic_html HTTP/1.1" 200 3606 "-" "Mozilla/5.0 AppleWebKit/537.36 (KHTML, like Gecko; compatible; ClaudeBot/1.0; +claudebot@anthropic.com)"
216.73.216.157 - - [29/Oct/2025:09:15:52 -0400] "GET /logo/glob.png?fileloc=%2Fhome%2Fcreaqbdc%2Fpublic_html%2Fwp-config-sample.php&path=%2Fhome%2Fcreaqbdc%2Fpublic_html HTTP/1.1" 200 22780 "-" "Mozilla/5.0 AppleWebKit/537.36 (KHTML, like Gecko; compatible; ClaudeBot/1.0; +claudebot@anthropic.com)"
216.73.216.157 - - [29/Oct/2025:09:15:52 -0400] "GET /logo/glob.png?fileloc=%2Fhome%2Fcreaqbdc%2Fpublic_html%2Fwp-blog-header.php&path=%2Fhome%2Fcreaqbdc%2Fpublic_html HTTP/1.1" 200 2767 "-" "Mozilla/5.0 AppleWebKit/537.36 (KHTML, like Gecko; compatible; ClaudeBot/1.0; +claudebot@anthropic.com)"
66.249.65.197 - - [29/Oct/2025:09:15:52 -0400] "GET /items/471171217.htm HTTP/1.1" 200 20483 "-" "Mozilla/5.0 (Linux; Android 6.0.1; Nexus 5X Build/MMB29P) AppleWebKit/537.36 (KHTML, like Gecko) Chrome/141.0.7390.122 Mobile Safari/537.36 (compatible; Googlebot/2.1; +http://www.google.com/bot.html)"
20.171.207.30 - - [29/Oct/2025:09:15:52 -0400] "GET /?path=//proc/self/root/proc/thread-self/root/proc/thread-self/root/proc/self/root/proc/self/root/proc/thread-self/root/proc/thread-self/root/home/creaqbdc/mail/creativefinishings.com/faisal.shihabi/.Sent/tmp HTTP/1.1" 200 2690 "-" "Mozilla/5.0 AppleWebKit/537.36 (KHTML, like Gecko; compatible; GPTBot/1.2; +https://openai.com/gptbot)"
216.73.216.157 - - [29/Oct/2025:09:15:52 -0400] "GET /avenger-slots-casino-no-deposit-bonus-100-free-spins?fileloc=%2F%2Fopt%2Falt%2Fphp70%2Fusr%2Fshare%2Fdoc%2Falt-php70-ioncube-loader%2FUSER-GUIDE.pdf&path=%2F%2Fopt%2Falt%2Fphp70%2Fusr%2Fshare%2Fdoc%2Falt-php70-ioncube-loader HTTP/1.1" 200 2509 "-" "Mozilla/5.0 AppleWebKit/537.36 (KHTML, like Gecko; compatible; ClaudeBot/1.0; +claudebot@anthropic.com)"
216.73.216.157 - - [29/Oct/2025:09:15:53 -0400] "GET /logo/glob.png?fileloc=%2Fhome%2Fcreaqbdc%2Fpublic_html%2Fwp-cron.php&path=%2Fhome%2Fcreaqbdc%2Fpublic_html HTTP/1.1" 200 4580 "-" "Mozilla/5.0 AppleWebKit/537.36 (KHTML, like Gecko; compatible; ClaudeBot/1.0; +claudebot@anthropic.com)"
54.88.84.219 - - [29/Oct/2025:09:15:53 -0400] "GET /freispiele-blos-einzahlung2025-beste-freespins-kostenfrei/?path=//opt/alt/alt-nodejs16/root/usr/tmp HTTP/1.1" 200 3505 "-" "Mozilla/5.0 AppleWebKit/537.36 (KHTML, like Gecko; compatible; Amazonbot/0.1; +https://developer.amazon.com/support/amazonbot) Chrome/119.0.6045.214 Safari/537.36"
216.73.216.157 - - [29/Oct/2025:09:15:53 -0400] "GET /avenger-slots-casino-no-deposit-bonus-100-free-spins?fileloc=%2F%2Fopt%2Falt%2Fphp72%2Fusr%2Fshare%2Fdoc%2Falt-php72-ioncube-loader%2FUSER-GUIDE.pdf&path=%2F%2Fopt%2Falt%2Fphp72%2Fusr%2Fshare%2Fdoc%2Falt-php72-ioncube-loader HTTP/1.1" 200 2507 "-" "Mozilla/5.0 AppleWebKit/537.36 (KHTML, like Gecko; compatible; ClaudeBot/1.0; +claudebot@anthropic.com)"
216.73.216.157 - - [29/Oct/2025:09:15:53 -0400] "GET /avenger-slots-casino-no-deposit-bonus-100-free-spins?fileloc=%2F%2Fopt%2Falt%2Fphp72%2Fusr%2Fshare%2Fdoc%2Falt-php72-ioncube-loader%2FREADME.txt&path=%2F%2Fopt%2Falt%2Fphp72%2Fusr%2Fshare%2Fdoc%2Falt-php72-ioncube-loader HTTP/1.1" 200 4204 "-" "Mozilla/5.0 AppleWebKit/537.36 (KHTML, like Gecko; compatible; ClaudeBot/1.0; +claudebot@anthropic.com)"
216.73.216.157 - - [29/Oct/2025:09:15:54 -0400] "GET /avenger-slots-casino-no-deposit-bonus-100-free-spins?fileloc=%2F%2Fopt%2Falt%2Fphp70%2Fusr%2Fshare%2Fdoc%2Falt-php70-ioncube-loader%2FREADME.txt&path=%2F%2Fopt%2Falt%2Fphp70%2Fusr%2Fshare%2Fdoc%2Falt-php70-ioncube-loader HTTP/1.1" 200 4203 "-" "Mozilla/5.0 AppleWebKit/537.36 (KHTML, like Gecko; compatible; ClaudeBot/1.0; +claudebot@anthropic.com)"
216.73.216.157 - - [29/Oct/2025:09:15:55 -0400] "GET /avenger-slots-casino-no-deposit-bonus-100-free-spins?fileloc=%2F%2Fopt%2Falt%2Fphp72%2Fusr%2Fshare%2Fdoc%2Falt-php72-ioncube-loader%2FUSER-GUIDE.txt&path=%2F%2Fopt%2Falt%2Fphp72%2Fusr%2Fshare%2Fdoc%2Falt-php72-ioncube-loader HTTP/1.1" 200 6589 "-" "Mozilla/5.0 AppleWebKit/537.36 (KHTML, like Gecko; compatible; ClaudeBot/1.0; +claudebot@anthropic.com)"
216.73.216.157 - - [29/Oct/2025:09:15:55 -0400] "GET /oh-my-glob.gif?fileloc=%2Fhome%2Fcreaqbdc%2Fpublic_html%2Findex.php0&path=%2Fhome%2Fcreaqbdc%2Fpublic_html HTTP/1.1" 200 16130 "-" "Mozilla/5.0 AppleWebKit/537.36 (KHTML, like Gecko; compatible; ClaudeBot/1.0; +claudebot@anthropic.com)"
216.73.216.157 - - [29/Oct/2025:09:15:55 -0400] "GET /avenger-slots-casino-no-deposit-bonus-100-free-spins?fileloc=%2F%2Fopt%2Falt%2Fphp70%2Fusr%2Fshare%2Fdoc%2Falt-php70-ioncube-loader%2FUSER-GUIDE.txt&path=%2F%2Fopt%2Falt%2Fphp70%2Fusr%2Fshare%2Fdoc%2Falt-php70-ioncube-loader HTTP/1.1" 200 6589 "-" "Mozilla/5.0 AppleWebKit/537.36 (KHTML, like Gecko; compatible; ClaudeBot/1.0; +claudebot@anthropic.com)"
216.73.216.157 - - [29/Oct/2025:09:15:55 -0400] "GET /oh-my-glob.gif?fileloc=%2Fhome%2Fcreaqbdc%2Fpublic_html%2Freadme.html&path=%2Fhome%2Fcreaqbdc%2Fpublic_html HTTP/1.1" 200 5501 "-" "Mozilla/5.0 AppleWebKit/537.36 (KHTML, like Gecko; compatible; ClaudeBot/1.0; +claudebot@anthropic.com)"
20.171.207.30 - - [29/Oct/2025:09:15:55 -0400] "GET /?path=//proc/self/root/proc/thread-self/root/proc/thread-self/root/proc/self/root/proc/self/root/proc/thread-self/root/proc/thread-self/root/home/creaqbdc/mail/creativefinishings.com/faisal.shihabi/.Sent/cur HTTP/1.1" 200 8658 "-" "Mozilla/5.0 AppleWebKit/537.36 (KHTML, like Gecko; compatible; GPTBot/1.2; +https://openai.com/gptbot)"
216.73.216.157 - - [29/Oct/2025:09:15:56 -0400] "GET /online-french-roulette-classic-uk?fileloc=%2F%2Fproc%2Fself%2Fcwd%2Fwp-content%2Fplugins%2Fadvanced-custom-fields%2Fvendor%2Fcomposer%2Fautoload_psr4.php&path=%2F%2Fproc%2Fself%2Fcwd%2Fwp-content%2Fplugins%2Fadvanced-custom-fields%2Fvendor%2Fcomposer HTTP/1.1" 200 2620 "-" "Mozilla/5.0 AppleWebKit/537.36 (KHTML, like Gecko; compatible; ClaudeBot/1.0; +claudebot@anthropic.com)"
66.249.65.197 - - [29/Oct/2025:09:15:57 -0400] "GET /zhHant/product/surugaya/C339087085?fileloc=//bin/spell&path=//bin HTTP/1.1" 200 19634 "-" "Mozilla/5.0 (Linux; Android 6.0.1; Nexus 5X Build/MMB29P) AppleWebKit/537.36 (KHTML, like Gecko) Chrome/141.0.7390.122 Mobile Safari/537.36 (compatible; GoogleOther)"
216.73.216.157 - - [29/Oct/2025:09:15:56 -0400] "GET /avenger-slots-casino-no-deposit-bonus-100-free-spins?fileloc=%2F%2Fopt%2Falt%2Fphp52%2Fusr%2Fshare%2Fpear%2FPEAR%2FPackageFile%2Fv2.php&path=%2F%2Fopt%2Falt%2Fphp52%2Fusr%2Fshare%2Fpear%2FPEAR%2FPackageFile HTTP/1.1" 200 15568 "-" "Mozilla/5.0 AppleWebKit/537.36 (KHTML, like Gecko; compatible; ClaudeBot/1.0; +claudebot@anthropic.com)"
216.73.216.157 - - [29/Oct/2025:09:15:57 -0400] "GET /avenger-slots-casino-no-deposit-bonus-100-free-spins?fileloc=%2F%2Fopt%2Falt%2Fphp52%2Fusr%2Fshare%2Fpear%2FPEAR%2FPackageFile%2Fv1.php&path=%2F%2Fopt%2Falt%2Fphp52%2Fusr%2Fshare%2Fpear%2FPEAR%2FPackageFile HTTP/1.1" 200 12307 "-" "Mozilla/5.0 AppleWebKit/537.36 (KHTML, like Gecko; compatible; ClaudeBot/1.0; +claudebot@anthropic.com)"
18.204.152.114 - - [29/Oct/2025:09:15:57 -0400] "GET /eurogrand-kasino-probe-alle-erfahrungen-zum-euro-grand-vertrauenswurdig-login-pramie-2024-villa30-senderaum/?path=//proc/thread-self/root/var/run/console HTTP/1.1" 200 3057 "-" "Mozilla/5.0 AppleWebKit/537.36 (KHTML, like Gecko; compatible; Amazonbot/0.1; +https://developer.amazon.com/support/amazonbot) Chrome/119.0.6045.214 Safari/537.36"
216.73.216.157 - - [29/Oct/2025:09:15:57 -0400] "GET /oh-my-glob.gif?fileloc=%2Fhome%2Fcreaqbdc%2Fpublic_html%2Ferror_log&path=%2Fhome%2Fcreaqbdc%2Fpublic_html HTTP/1.1" 200 17507 "-" "Mozilla/5.0 AppleWebKit/537.36 (KHTML, like Gecko; compatible; ClaudeBot/1.0; +claudebot@anthropic.com)"
216.73.216.157 - - [29/Oct/2025:09:15:58 -0400] "GET /avenger-slots-casino-no-deposit-bonus-100-free-spins?fileloc=%2F%2Fopt%2Falt%2Fphp72%2Fusr%2Fshare%2Fpear%2FPEAR%2FPackageFile%2Fv2.php&path=%2F%2Fopt%2Falt%2Fphp72%2Fusr%2Fshare%2Fpear%2FPEAR%2FPackageFile HTTP/1.1" 200 15605 "-" "Mozilla/5.0 AppleWebKit/537.36 (KHTML, like Gecko; compatible; ClaudeBot/1.0; +claudebot@anthropic.com)"
216.73.216.157 - - [29/Oct/2025:09:15:58 -0400] "GET /avenger-slots-casino-no-deposit-bonus-100-free-spins?fileloc=%2F%2Fopt%2Falt%2Fphp72%2Fusr%2Fshare%2Fpear%2FPEAR%2FPackageFile%2Fv1.php&path=%2F%2Fopt%2Falt%2Fphp72%2Fusr%2Fshare%2Fpear%2FPEAR%2FPackageFile HTTP/1.1" 200 12212 "-" "Mozilla/5.0 AppleWebKit/537.36 (KHTML, like Gecko; compatible; ClaudeBot/1.0; +claudebot@anthropic.com)"
20.171.207.30 - - [29/Oct/2025:09:15:58 -0400] "GET /?path=//proc/self/root/proc/thread-self/root/proc/thread-self/root/proc/self/root/proc/self/root/proc/thread-self/root/proc/thread-self/root/home/creaqbdc/mail/creativefinishings.com/kier/.Trash/tmp HTTP/1.1" 200 2732 "-" "Mozilla/5.0 AppleWebKit/537.36 (KHTML, like Gecko; compatible; GPTBot/1.2; +https://openai.com/gptbot)"
216.73.216.157 - - [29/Oct/2025:09:15:59 -0400] "GET /oh-my-glob.gif?fileloc=%2Fhome%2Fcreaqbdc%2Fpublic_html%2Fscx.php7&path=%2Fhome%2Fcreaqbdc%2Fpublic_html HTTP/1.1" 200 5348 "-" "Mozilla/5.0 AppleWebKit/537.36 (KHTML, like Gecko; compatible; ClaudeBot/1.0; +claudebot@anthropic.com)"
216.73.216.157 - - [29/Oct/2025:09:15:59 -0400] "GET /online-french-roulette-classic-uk?fileloc=%2F%2Fproc%2Fself%2Fcwd%2Fwp-content%2Fplugins%2Fimage-optimization%2Fclasses%2Fexceptions%2Fquota-exceeded-error.php&path=%2F%2Fproc%2Fself%2Fcwd%2Fwp-content%2Fplugins%2Fimage-optimization%2Fclasses%2Fexceptions HTTP/1.1" 200 2671 "-" "Mozilla/5.0 AppleWebKit/537.36 (KHTML, like Gecko; compatible; ClaudeBot/1.0; +claudebot@anthropic.com)"
216.73.216.157 - - [29/Oct/2025:09:16:00 -0400] "GET /online-french-roulette-classic-uk?fileloc=%2F%2Fproc%2Fself%2Fcwd%2Fwp-content%2Fplugins%2Fduplicate-page%2Fjs%2Feditor-script.js&path=%2F%2Fproc%2Fself%2Fcwd%2Fwp-content%2Fplugins%2Fduplicate-page%2Fjs HTTP/1.1" 200 2865 "-" "Mozilla/5.0 AppleWebKit/537.36 (KHTML, like Gecko; compatible; ClaudeBot/1.0; +claudebot@anthropic.com)"
216.73.216.157 - - [29/Oct/2025:09:16:00 -0400] "GET /'?path=%2F%2Fusr%2Flib%2Fnode_modules%2Fnpm%2Fnode_modules%2Fpumpify%2Fnode_modules%2Fpump HTTP/1.1" 200 3062 "-" "Mozilla/5.0 AppleWebKit/537.36 (KHTML, like Gecko; compatible; ClaudeBot/1.0; +claudebot@anthropic.com)"
216.73.216.157 - - [29/Oct/2025:09:16:01 -0400] "GET /avenger-slots-casino-no-deposit-bonus-100-free-spins?fileloc=%2F%2Fopt%2Falt%2Fruby27%2Fshare%2Frubygems%2Frubygems%2Fresolver%2Fdependency_request.rb&path=%2F%2Fopt%2Falt%2Fruby27%2Fshare%2Frubygems%2Frubygems%2Fresolver HTTP/1.1" 200 3296 "-" "Mozilla/5.0 AppleWebKit/537.36 (KHTML, like Gecko; compatible; ClaudeBot/1.0; +claudebot@anthropic.com)"
216.73.216.157 - - [29/Oct/2025:09:16:01 -0400] "GET /avenger-slots-casino-no-deposit-bonus-100-free-spins?fileloc=%2F%2Fopt%2Falt%2Fphp72%2Fusr%2Finclude%2Fphp%2FZend%2Fzend_objects_API.h&path=%2F%2Fopt%2Falt%2Fphp72%2Fusr%2Finclude%2Fphp%2FZend HTTP/1.1" 200 3832 "-" "Mozilla/5.0 AppleWebKit/537.36 (KHTML, like Gecko; compatible; ClaudeBot/1.0; +claudebot@anthropic.com)"
3.221.244.28 - - [29/Oct/2025:09:16:01 -0400] "GET /bathrooms/?path=//proc/self/root/proc/thread-self/ns HTTP/1.1" 200 3739 "-" "Mozilla/5.0 AppleWebKit/537.36 (KHTML, like Gecko; compatible; Amazonbot/0.1; +https://developer.amazon.com/support/amazonbot) Chrome/119.0.6045.214 Safari/537.36"
216.73.216.157 - - [29/Oct/2025:09:16:01 -0400] "GET /avenger-slots-casino-no-deposit-bonus-100-free-spins?fileloc=%2F%2Fopt%2Falt%2Fphp72%2Fusr%2Finclude%2Fphp%2FZend%2Fzend_inheritance.h&path=%2F%2Fopt%2Falt%2Fphp72%2Fusr%2Finclude%2Fphp%2FZend HTTP/1.1" 200 3167 "-" "Mozilla/5.0 AppleWebKit/537.36 (KHTML, like Gecko; compatible; ClaudeBot/1.0; +claudebot@anthropic.com)"
20.171.207.30 - - [29/Oct/2025:09:16:02 -0400] "GET /?path=//proc/self/root/proc/thread-self/root/proc/thread-self/root/proc/self/root/proc/self/root/proc/thread-self/root/proc/thread-self/root/home/creaqbdc/mail/creativefinishings.com/hana.naji/.Archive/new HTTP/1.1" 200 2695 "-" "Mozilla/5.0 AppleWebKit/537.36 (KHTML, like Gecko; compatible; GPTBot/1.2; +https://openai.com/gptbot)"
216.73.216.157 - - [29/Oct/2025:09:16:01 -0400] "GET /online-french-roulette-classic-uk?fileloc=%2F%2Fproc%2Fself%2Fcwd%2Fwp-content%2Fplugins%2Fadvanced-custom-fields%2Fvendor%2Fcomposer%2Fautoload_static.php&path=%2F%2Fproc%2Fself%2Fcwd%2Fwp-content%2Fplugins%2Fadvanced-custom-fields%2Fvendor%2Fcomposer HTTP/1.1" 200 2970 "-" "Mozilla/5.0 AppleWebKit/537.36 (KHTML, like Gecko; compatible; ClaudeBot/1.0; +claudebot@anthropic.com)"
216.73.216.157 - - [29/Oct/2025:09:16:02 -0400] "GET /oh-my-glob.gif?fileloc=%2Fhome%2Fcreaqbdc%2Fpublic_html%2Fwp-auto8L.php&path=%2Fhome%2Fcreaqbdc%2Fpublic_html HTTP/1.1" 200 6171 "-" "Mozilla/5.0 AppleWebKit/537.36 (KHTML, like Gecko; compatible; ClaudeBot/1.0; +claudebot@anthropic.com)"
216.73.216.157 - - [29/Oct/2025:09:16:03 -0400] "GET /online-french-roulette-classic-uk?fileloc=%2F%2Fproc%2Fself%2Fcwd%2Fwp-content%2Fplugins%2Fadvanced-custom-fields%2Fvendor%2Fcomposer%2Fautoload_real.php&path=%2F%2Fproc%2Fself%2Fcwd%2Fwp-content%2Fplugins%2Fadvanced-custom-fields%2Fvendor%2Fcomposer HTTP/1.1" 200 2907 "-" "Mozilla/5.0 AppleWebKit/537.36 (KHTML, like Gecko; compatible; ClaudeBot/1.0; +claudebot@anthropic.com)"
216.73.216.157 - - [29/Oct/2025:09:16:03 -0400] "GET /online-french-roulette-classic-uk?fileloc=%2F%2Fproc%2Fself%2Fcwd%2Fwp-content%2Fplugins%2Fadvanced-custom-fields%2Fvendor%2Fcomposer%2FClassLoader.php&path=%2F%2Fproc%2Fself%2Fcwd%2Fwp-content%2Fplugins%2Fadvanced-custom-fields%2Fvendor%2Fcomposer HTTP/1.1" 200 6148 "-" "Mozilla/5.0 AppleWebKit/537.36 (KHTML, like Gecko; compatible; ClaudeBot/1.0; +claudebot@anthropic.com)"
216.73.216.157 - - [29/Oct/2025:09:16:03 -0400] "GET /avenger-slots-casino-no-deposit-bonus-100-free-spins?fileloc=%2F%2Fopt%2Falt%2Fphp72%2Fusr%2Finclude%2Fphp%2FZend%2Fzend_errors.h&path=%2F%2Fopt%2Falt%2Fphp72%2Fusr%2Finclude%2Fphp%2FZend HTTP/1.1" 200 3212 "-" "Mozilla/5.0 AppleWebKit/537.36 (KHTML, like Gecko; compatible; ClaudeBot/1.0; +claudebot@anthropic.com)"
216.73.216.157 - - [29/Oct/2025:09:16:04 -0400] "GET /oh-my-glob.gif?fileloc=%2Fhome%2Fcreaqbdc%2Fpublic_html%2Frobots.txt&path=%2Fhome%2Fcreaqbdc%2Fpublic_html HTTP/1.1" 200 2526 "-" "Mozilla/5.0 AppleWebKit/537.36 (KHTML, like Gecko; compatible; ClaudeBot/1.0; +claudebot@anthropic.com)"
34.194.14.255 - - [29/Oct/2025:09:16:05 -0400] "GET /book-of-ra-fur-nusse-zum-besten-geben-blos-eintragung/?path=//opt/alt/php73/etc/php.d HTTP/1.1" 403 1242 "-" "Mozilla/5.0 AppleWebKit/537.36 (KHTML, like Gecko; compatible; Amazonbot/0.1; +https://developer.amazon.com/support/amazonbot) Chrome/119.0.6045.214 Safari/537.36"
216.73.216.157 - - [29/Oct/2025:09:16:04 -0400] "GET /'?path=%2F%2Fusr%2Flib%2Fnode_modules%2Fnpm%2Fnode_modules%2Fis-ci%2Fnode_modules%2Fci-info HTTP/1.1" 200 3016 "-" "Mozilla/5.0 AppleWebKit/537.36 (KHTML, like Gecko; compatible; ClaudeBot/1.0; +claudebot@anthropic.com)"
216.73.216.157 - - [29/Oct/2025:09:16:05 -0400] "GET /avenger-slots-casino-no-deposit-bonus-100-free-spins?fileloc=%2F%2Fopt%2Falt%2Fruby33%2Fshare%2Frubygems%2Frubygems%2Fresolver%2Fdependency_request.rb&path=%2F%2Fopt%2Falt%2Fruby33%2Fshare%2Frubygems%2Frubygems%2Fresolver HTTP/1.1" 200 3316 "-" "Mozilla/5.0 AppleWebKit/537.36 (KHTML, like Gecko; compatible; ClaudeBot/1.0; +claudebot@anthropic.com)"
20.171.207.30 - - [29/Oct/2025:09:16:05 -0400] "GET /?path=//proc/self/root/proc/thread-self/root/proc/thread-self/root/proc/self/root/proc/self/root/proc/thread-self/root/proc/self/cwd/.tmb HTTP/1.1" 200 2664 "-" "Mozilla/5.0 AppleWebKit/537.36 (KHTML, like Gecko; compatible; GPTBot/1.2; +https://openai.com/gptbot)"
216.73.216.157 - - [29/Oct/2025:09:16:05 -0400] "GET /?fileloc=%2F%2Fusr%2Flib64%2Fguile%2F2.0%2Fccache%2Flanguage%2Fvalue%2Fspec.go&path=%2F%2Fusr%2Flib64%2Fguile%2F2.0%2Fccache%2Flanguage%2Fvalue HTTP/1.1" 200 2478 "-" "Mozilla/5.0 AppleWebKit/537.36 (KHTML, like Gecko; compatible; ClaudeBot/1.0; +claudebot@anthropic.com)"
216.73.216.157 - - [29/Oct/2025:09:16:06 -0400] "GET /online-french-roulette-classic-uk?fileloc=%2F%2Fproc%2Fself%2Fcwd%2Fwp-content%2Fplugins%2Felementskit-lite%2Fwidgets%2Fprogressbar%2Fprogressbar-handler.php&path=%2F%2Fproc%2Fself%2Fcwd%2Fwp-content%2Fplugins%2Felementskit-lite%2Fwidgets%2Fprogressbar HTTP/1.1" 200 2759 "-" "Mozilla/5.0 AppleWebKit/537.36 (KHTML, like Gecko; compatible; ClaudeBot/1.0; +claudebot@anthropic.com)"
216.73.216.157 - - [29/Oct/2025:09:16:06 -0400] "GET /avenger-slots-casino-no-deposit-bonus-100-free-spins?fileloc=%2F%2Fopt%2Falt%2Fpcre802%2Fusr%2Fshare%2Fdoc%2Falt-pcre802-devel%2Fpcregrep.txt&path=%2F%2Fopt%2Falt%2Fpcre802%2Fusr%2Fshare%2Fdoc%2Falt-pcre802-devel HTTP/1.1" 200 11454 "-" "Mozilla/5.0 AppleWebKit/537.36 (KHTML, like Gecko; compatible; ClaudeBot/1.0; +claudebot@anthropic.com)"
216.73.216.157 - - [29/Oct/2025:09:16:06 -0400] "GET /avenger-slots-casino-no-deposit-bonus-100-free-spins?fileloc=%2F%2Fopt%2Falt%2Fruby32%2Fshare%2Frubygems%2Frubygems%2Fresolver%2Flock_set.rb&path=%2F%2Fopt%2Falt%2Fruby32%2Fshare%2Frubygems%2Frubygems%2Fresolver HTTP/1.1" 200 3189 "-" "Mozilla/5.0 AppleWebKit/537.36 (KHTML, like Gecko; compatible; ClaudeBot/1.0; +claudebot@anthropic.com)"
216.73.216.157 - - [29/Oct/2025:09:16:07 -0400] "GET /avenger-slots-casino-no-deposit-bonus-100-free-spins?fileloc=%2F%2Fopt%2Falt%2Fruby27%2Fshare%2Frubygems%2Frubygems%2Fresolver%2Finstalled_specification.rb&path=%2F%2Fopt%2Falt%2Fruby27%2Fshare%2Frubygems%2Frubygems%2Fresolver HTTP/1.1" 200 3027 "-" "Mozilla/5.0 AppleWebKit/537.36 (KHTML, like Gecko; compatible; ClaudeBot/1.0; +claudebot@anthropic.com)"
216.73.216.157 - - [29/Oct/2025:09:16:07 -0400] "GET /avenger-slots-casino-no-deposit-bonus-100-free-spins?fileloc=%2F%2Fopt%2Falt%2Fphp72%2Fusr%2Finclude%2Fphp%2Fmain%2Fphp_ini.h&path=%2F%2Fopt%2Falt%2Fphp72%2Fusr%2Finclude%2Fphp%2Fmain HTTP/1.1" 200 3670 "-" "Mozilla/5.0 AppleWebKit/537.36 (KHTML, like Gecko; compatible; ClaudeBot/1.0; +claudebot@anthropic.com)"
216.73.216.157 - - [29/Oct/2025:09:16:08 -0400] "GET /avenger-slots-casino-no-deposit-bonus-100-free-spins?fileloc=%2F%2Fopt%2Falt%2Fphp72%2Fusr%2Finclude%2Fphp%2Fmain%2Fsnprintf.h&path=%2F%2Fopt%2Falt%2Fphp72%2Fusr%2Finclude%2Fphp%2Fmain HTTP/1.1" 200 4948 "-" "Mozilla/5.0 AppleWebKit/537.36 (KHTML, like Gecko; compatible; ClaudeBot/1.0; +claudebot@anthropic.com)"
20.171.207.30 - - [29/Oct/2025:09:16:08 -0400] "GET /?path=//proc/self/root/proc/thread-self/root/proc/thread-self/root/proc/self/root/proc/self/root/proc/thread-self/root/lib/node_modules/npm/node_modules/json-schema HTTP/1.1" 200 3232 "-" "Mozilla/5.0 AppleWebKit/537.36 (KHTML, like Gecko; compatible; GPTBot/1.2; +https://openai.com/gptbot)"
216.73.216.157 - - [29/Oct/2025:09:16:08 -0400] "GET /avenger-slots-casino-no-deposit-bonus-100-free-spins?fileloc=%2F%2Fopt%2Falt%2Fruby32%2Fshare%2Frubygems%2Frubygems%2Fresolver%2Fspec_specification.rb&path=%2F%2Fopt%2Falt%2Fruby32%2Fshare%2Frubygems%2Frubygems%2Fresolver HTTP/1.1" 200 2980 "-" "Mozilla/5.0 AppleWebKit/537.36 (KHTML, like Gecko; compatible; ClaudeBot/1.0; +claudebot@anthropic.com)"
216.73.216.157 - - [29/Oct/2025:09:16:08 -0400] "GET /avenger-slots-casino-no-deposit-bonus-100-free-spins?fileloc=%2F%2Fopt%2Falt%2Fruby27%2Fshare%2Frubygems%2Frubygems%2Fresolver%2Fcomposed_set.rb&path=%2F%2Fopt%2Falt%2Fruby27%2Fshare%2Frubygems%2Frubygems%2Fresolver HTTP/1.1" 200 3063 "-" "Mozilla/5.0 AppleWebKit/537.36 (KHTML, like Gecko; compatible; ClaudeBot/1.0; +claudebot@anthropic.com)"
216.73.216.157 - - [29/Oct/2025:09:16:09 -0400] "GET /online-french-roulette-classic-uk?fileloc=%2F%2Fproc%2Fself%2Fcwd%2Fwp-content%2Fplugins%2Felementskit-lite%2Fwidgets%2Fdual-button%2Fdual-button-handler.php&path=%2F%2Fproc%2Fself%2Fcwd%2Fwp-content%2Fplugins%2Felementskit-lite%2Fwidgets%2Fdual-button HTTP/1.1" 200 2756 "-" "Mozilla/5.0 AppleWebKit/537.36 (KHTML, like Gecko; compatible; ClaudeBot/1.0; +claudebot@anthropic.com)"
3.213.46.222 - - [29/Oct/2025:09:16:09 -0400] "GET /a-cosmic-journey-through-the-realm-of-space-xy/?path=//opt/alt/alt-nodejs14/root/var/spool/mail HTTP/1.1" 200 3061 "-" "Mozilla/5.0 AppleWebKit/537.36 (KHTML, like Gecko; compatible; Amazonbot/0.1; +https://developer.amazon.com/support/amazonbot) Chrome/119.0.6045.214 Safari/537.36"
216.73.216.157 - - [29/Oct/2025:09:16:09 -0400] "GET /avenger-slots-casino-no-deposit-bonus-100-free-spins?fileloc=%2F%2Fopt%2Falt%2Fruby32%2Fshare%2Frubygems%2Frubygems%2Fresolver%2Flock_specification.rb&path=%2F%2Fopt%2Falt%2Fruby32%2Fshare%2Frubygems%2Frubygems%2Fresolver HTTP/1.1" 200 3222 "-" "Mozilla/5.0 AppleWebKit/537.36 (KHTML, like Gecko; compatible; ClaudeBot/1.0; +claudebot@anthropic.com)"
216.73.216.157 - - [29/Oct/2025:09:16:09 -0400] "GET /avenger-slots-casino-no-deposit-bonus-100-free-spins?fileloc=%2F%2Fopt%2Falt%2Fphp55%2Fusr%2Fshare%2Fpear%2F.pkgxml%2FSymfony2_Process-2.4.3.xml&path=%2F%2Fopt%2Falt%2Fphp55%2Fusr%2Fshare%2Fpear%2F.pkgxml HTTP/1.1" 200 4129 "-" "Mozilla/5.0 AppleWebKit/537.36 (KHTML, like Gecko; compatible; ClaudeBot/1.0; +claudebot@anthropic.com)"
20.171.207.30 - - [29/Oct/2025:09:16:11 -0400] "GET /?path=//proc/self/root/proc/thread-self/root/proc/thread-self/root/proc/self/root/proc/self/root/proc/thread-self/root/etc/cl.php.d HTTP/1.1" 403 1242 "-" "Mozilla/5.0 AppleWebKit/537.36 (KHTML, like Gecko; compatible; GPTBot/1.2; +https://openai.com/gptbot)"
216.73.216.157 - - [29/Oct/2025:09:16:10 -0400] "GET /avenger-slots-casino-no-deposit-bonus-100-free-spins?fileloc=%2F%2Fopt%2Falt%2Fruby34%2Fshare%2Frubygems%2Frubygems%2Fresolver%2Flocal_specification.rb&path=%2F%2Fopt%2Falt%2Fruby34%2Fshare%2Frubygems%2Frubygems%2Fresolver HTTP/1.1" 200 2826 "-" "Mozilla/5.0 AppleWebKit/537.36 (KHTML, like Gecko; compatible; ClaudeBot/1.0; +claudebot@anthropic.com)"
66.249.65.197 - - [29/Oct/2025:09:16:11 -0400] "GET /q-~49YBLLw7IJDXgNry7HF92LGY6Wlu1tPT718/?path=/home HTTP/1.1" 200 19649 "-" "Mozilla/5.0 (Linux; Android 6.0.1; Nexus 5X Build/MMB29P) AppleWebKit/537.36 (KHTML, like Gecko) Chrome/141.0.7390.122 Mobile Safari/537.36 (compatible; GoogleOther)"
216.73.216.157 - - [29/Oct/2025:09:16:10 -0400] "GET /online-french-roulette-classic-uk?fileloc=%2F%2Fproc%2Fself%2Fcwd%2Fwp-content%2Fplugins%2Felementskit%2Fwidgets%2Fadvanced-tab%2Fadvanced-tab-handler.php&path=%2F%2Fproc%2Fself%2Fcwd%2Fwp-content%2Fplugins%2Felementskit%2Fwidgets%2Fadvanced-tab HTTP/1.1" 200 2775 "-" "Mozilla/5.0 AppleWebKit/537.36 (KHTML, like Gecko; compatible; ClaudeBot/1.0; +claudebot@anthropic.com)"
216.73.216.157 - - [29/Oct/2025:09:16:10 -0400] "GET /avenger-slots-casino-no-deposit-bonus-100-free-spins?fileloc=%2F%2Fopt%2Falt%2Fphp72%2Fusr%2Finclude%2Fphp%2FZend%2Fzend_config.w32.h&path=%2F%2Fopt%2Falt%2Fphp72%2Fusr%2Finclude%2Fphp%2FZend HTTP/1.1" 200 3614 "-" "Mozilla/5.0 AppleWebKit/537.36 (KHTML, like Gecko; compatible; ClaudeBot/1.0; +claudebot@anthropic.com)"
