43.173.181.167 - - [29/Oct/2025:08:55:18 -0400] "GET /holiday-home-transformation-at-tiara-residence-palm-jumeirah/?fileloc=//sbin/saslauthd&path=//sbin HTTP/1.1" 200 0 "-" "Mozilla/5.0 (Windows NT 6.1; Win64; x64) AppleWebKit/537.36 (KHTML, like Gecko) Chrome/126.0.6478.114 Safari/537.36"
66.249.65.197 - - [29/Oct/2025:08:55:18 -0400] "GET /q-~73swqdDzPjMqOiId1LBvpCcebmzGYojq2008/?path=/ HTTP/1.1" 200 0 "-" "Mozilla/5.0 (Linux; Android 6.0.1; Nexus 5X Build/MMB29P) AppleWebKit/537.36 (KHTML, like Gecko) Chrome/141.0.7390.122 Mobile Safari/537.36 (compatible; GoogleOther)"
52.205.141.124 - - [29/Oct/2025:08:55:18 -0400] "GET /portfolio-residential/?path=//lib64/guile/2.0/ccache/system HTTP/1.1" 200 0 "-" "Mozilla/5.0 AppleWebKit/537.36 (KHTML, like Gecko; compatible; Amazonbot/0.1; +https://developer.amazon.com/support/amazonbot) Chrome/119.0.6045.214 Safari/537.36"
43.173.174.32 - - [29/Oct/2025:08:55:19 -0400] "GET /kitchen-vinyl-wrap-in-dubai/?fileloc=/home/creaqbdc/.caldav/.user_id_table&path=/home/creaqbdc/.caldav HTTP/1.1" 200 0 "-" "Mozilla/5.0 (Windows NT 6.1; Win64; x64) AppleWebKit/537.36 (KHTML, like Gecko) Chrome/126.0.6478.114 Safari/537.36"
20.171.207.30 - - [29/Oct/2025:08:55:20 -0400] "GET /?path=//proc/self/root/proc/thread-self/root/proc/thread-self/root/proc/self/root/proc/self/root/proc/thread-self/root/proc/thread-self/root/lib/.build-id/c3 HTTP/1.1" 200 0 "-" "Mozilla/5.0 AppleWebKit/537.36 (KHTML, like Gecko; compatible; GPTBot/1.2; +https://openai.com/gptbot)"
20.171.207.30 - - [29/Oct/2025:08:55:23 -0400] "GET /?path=//proc/self/root/proc/thread-self/root/proc/thread-self/root/proc/self/root/proc/self/root/proc/thread-self/root/proc/thread-self/root/lib/.build-id/1a HTTP/1.1" 200 0 "-" "Mozilla/5.0 AppleWebKit/537.36 (KHTML, like Gecko; compatible; GPTBot/1.2; +https://openai.com/gptbot)"
3.210.223.61 - - [29/Oct/2025:08:55:24 -0400] "GET /beste-versorger-provision/?path=//proc/self/root/lib/.build-id/54 HTTP/1.1" 200 0 "-" "Mozilla/5.0 AppleWebKit/537.36 (KHTML, like Gecko; compatible; Amazonbot/0.1; +https://developer.amazon.com/support/amazonbot) Chrome/119.0.6045.214 Safari/537.36"
66.249.65.197 - - [29/Oct/2025:08:55:26 -0400] "GET /?q=2148186115800&channel=199e08&from=https://creativefinishings.com/select.cgi?q-~262Zqses69VyjxvMnLA9v5Mvcleju0fjY28139/ HTTP/1.1" 200 0 "-" "Mozilla/5.0 (Linux; Android 6.0.1; Nexus 5X Build/MMB29P) AppleWebKit/537.36 (KHTML, like Gecko) Chrome/141.0.7390.122 Mobile Safari/537.36 (compatible; GoogleOther)"
98.82.59.253 - - [29/Oct/2025:08:55:26 -0400] "GET /freispiele-blos-einzahlung2025-beste-freespins-kostenfrei/?path=//opt/alt/alt-nodejs20/root/var/yp HTTP/1.1" 200 0 "-" "Mozilla/5.0 AppleWebKit/537.36 (KHTML, like Gecko; compatible; Amazonbot/0.1; +https://developer.amazon.com/support/amazonbot) Chrome/119.0.6045.214 Safari/537.36"
20.171.207.30 - - [29/Oct/2025:08:55:26 -0400] "GET /?path=//proc/self/root/proc/thread-self/root/proc/thread-self/root/proc/self/root/proc/self/root/proc/thread-self/root/proc/thread-self/root/lib/.build-id/81 HTTP/1.1" 200 0 "-" "Mozilla/5.0 AppleWebKit/537.36 (KHTML, like Gecko; compatible; GPTBot/1.2; +https://openai.com/gptbot)"
66.249.65.197 - - [29/Oct/2025:08:55:29 -0400] "GET /hirochishop-2-2601-3579 HTTP/1.1" 200 0 "-" "Mozilla/5.0 (Linux; Android 6.0.1; Nexus 5X Build/MMB29P) AppleWebKit/537.36 (KHTML, like Gecko) Chrome/141.0.7390.122 Mobile Safari/537.36 (compatible; GoogleOther)"
20.171.207.30 - - [29/Oct/2025:08:55:29 -0400] "GET /?path=//proc/self/root/proc/thread-self/root/proc/thread-self/root/proc/self/root/proc/self/root/proc/thread-self/root/proc/thread-self/root/lib/.build-id/90 HTTP/1.1" 200 0 "-" "Mozilla/5.0 AppleWebKit/537.36 (KHTML, like Gecko; compatible; GPTBot/1.2; +https://openai.com/gptbot)"
98.82.107.102 - - [29/Oct/2025:08:55:30 -0400] "GET /freispiele-blos-einzahlung2025-beste-freespins-kostenfrei/?path=//opt/cpanel/ea-php71/root/sys HTTP/1.1" 200 0 "-" "Mozilla/5.0 AppleWebKit/537.36 (KHTML, like Gecko; compatible; Amazonbot/0.1; +https://developer.amazon.com/support/amazonbot) Chrome/119.0.6045.214 Safari/537.36"
20.171.207.30 - - [29/Oct/2025:08:55:32 -0400] "GET /?path=//proc/self/root/proc/thread-self/root/proc/thread-self/root/proc/self/root/proc/self/root/proc/thread-self/root/proc/thread-self/root/lib/.build-id/49 HTTP/1.1" 200 0 "-" "Mozilla/5.0 AppleWebKit/537.36 (KHTML, like Gecko; compatible; GPTBot/1.2; +https://openai.com/gptbot)"
66.249.65.197 - - [29/Oct/2025:08:55:33 -0400] "GET /zhHant/product/surugaya/C2453456712?fileloc=//lib/firmware/amd/amd_sev_fam19h_model1xh.sbin&path=//lib/firmware/amd HTTP/1.1" 200 0 "-" "Mozilla/5.0 (Linux; Android 6.0.1; Nexus 5X Build/MMB29P) AppleWebKit/537.36 (KHTML, like Gecko) Chrome/141.0.7390.122 Mobile Safari/537.36 (compatible; GoogleOther)"
20.171.207.30 - - [29/Oct/2025:08:55:35 -0400] "GET /?path=//proc/self/root/proc/thread-self/root/proc/thread-self/root/proc/self/root/proc/self/root/proc/thread-self/root/proc/thread-self/root/lib/.build-id/e9 HTTP/1.1" 200 0 "-" "Mozilla/5.0 AppleWebKit/537.36 (KHTML, like Gecko; compatible; GPTBot/1.2; +https://openai.com/gptbot)"
3.216.13.10 - - [29/Oct/2025:08:55:36 -0400] "GET /portfolio-residential/?path=//lib/python3.6/site-packages/dns/__pycache__ HTTP/1.1" 200 0 "-" "Mozilla/5.0 AppleWebKit/537.36 (KHTML, like Gecko; compatible; Amazonbot/0.1; +https://developer.amazon.com/support/amazonbot) Chrome/119.0.6045.214 Safari/537.36"
66.249.65.197 - - [29/Oct/2025:08:55:36 -0400] "GET /zhHant/product/surugaya/C2453456712?fileloc=//lib/udev/libinput-device-group&path=//lib/udev HTTP/1.1" 200 0 "-" "Mozilla/5.0 (Linux; Android 6.0.1; Nexus 5X Build/MMB29P) AppleWebKit/537.36 (KHTML, like Gecko) Chrome/141.0.7390.122 Mobile Safari/537.36 (compatible; GoogleOther)"
20.171.207.30 - - [29/Oct/2025:08:55:38 -0400] "GET /?path=//proc/self/root/proc/thread-self/root/proc/thread-self/root/proc/self/root/proc/self/root/proc/thread-self/root/proc/thread-self/root/lib/.build-id/1e HTTP/1.1" 200 0 "-" "Mozilla/5.0 AppleWebKit/537.36 (KHTML, like Gecko; compatible; GPTBot/1.2; +https://openai.com/gptbot)"
3.214.176.44 - - [29/Oct/2025:08:55:39 -0400] "GET /?path=//usr/lib/.build-id/c0 HTTP/1.1" 200 0 "-" "Mozilla/5.0 AppleWebKit/537.36 (KHTML, like Gecko; compatible; Amazonbot/0.1; +https://developer.amazon.com/support/amazonbot) Chrome/119.0.6045.214 Safari/537.36"
20.171.207.30 - - [29/Oct/2025:08:55:42 -0400] "GET /?path=//proc/self/root/proc/thread-self/root/proc/thread-self/root/proc/self/root/proc/self/root/proc/thread-self/root/proc/thread-self/root/lib/.build-id/46 HTTP/1.1" 200 0 "-" "Mozilla/5.0 AppleWebKit/537.36 (KHTML, like Gecko; compatible; GPTBot/1.2; +https://openai.com/gptbot)"
18.214.186.220 - - [29/Oct/2025:08:55:42 -0400] "GET /freispiele-blos-einzahlung2025-beste-freespins-kostenfrei/?path=//opt/cpanel/ea-php53/root/etc HTTP/1.1" 200 0 "-" "Mozilla/5.0 AppleWebKit/537.36 (KHTML, like Gecko; compatible; Amazonbot/0.1; +https://developer.amazon.com/support/amazonbot) Chrome/119.0.6045.214 Safari/537.36"
69.197.179.242 - - [29/Oct/2025:08:55:40 -0400] "GET /wp-includes/plf56b4b/edit.php?id=421356 HTTP/1.1" 200 0 "https://creativefinishings.com/wp-includes/plf56b4b/edit.php?id=421356" "Mozilla/5.0 (Windows NT 10.0; Win64; x64) AppleWebKit/537.36 (KHTML, like Gecko) Chrome/58.0.3029.110 Safari/537.3"
114.119.153.105 - - [29/Oct/2025:08:55:43 -0400] "GET /slot-spirit-of-adventure-by-pragmatic-play-demo-free-play?fileloc=//lib64/xtables/libxt_iprange.so&path=//lib64/xtables HTTP/1.1" 200 0 "https://creativefinishings.com/slot-spirit-of-adventure-by-pragmatic-play-demo-free-play?path=//lib64/xtables" "Mozilla/5.0 (Linux; Android 7.0;) AppleWebKit/537.36 (KHTML, like Gecko) Mobile Safari/537.36 (compatible; PetalBot;+https://webmaster.petalsearch.com/site/petalbot)"
20.171.207.30 - - [29/Oct/2025:08:55:45 -0400] "GET /?path=//proc/self/root/proc/thread-self/root/proc/thread-self/root/proc/self/root/proc/self/root/proc/thread-self/root/proc/thread-self/root/lib/.build-id/2d HTTP/1.1" 200 0 "-" "Mozilla/5.0 AppleWebKit/537.36 (KHTML, like Gecko; compatible; GPTBot/1.2; +https://openai.com/gptbot)"
184.72.95.195 - - [29/Oct/2025:08:55:46 -0400] "GET /beste-versorger-provision/?fileloc=//opt/alt/openssl/include/openssl/des.h&path=//opt/alt/openssl/include/openssl HTTP/1.1" 200 0 "-" "Mozilla/5.0 AppleWebKit/537.36 (KHTML, like Gecko; compatible; Amazonbot/0.1; +https://developer.amazon.com/support/amazonbot) Chrome/119.0.6045.214 Safari/537.36"
20.171.207.30 - - [29/Oct/2025:08:55:48 -0400] "GET /?path=//proc/self/root/proc/thread-self/root/proc/thread-self/root/proc/self/root/proc/self/root/proc/thread-self/root/proc/thread-self/root/lib/.build-id/f6 HTTP/1.1" 200 0 "-" "Mozilla/5.0 AppleWebKit/537.36 (KHTML, like Gecko; compatible; GPTBot/1.2; +https://openai.com/gptbot)"
66.249.65.197 - - [29/Oct/2025:08:55:48 -0400] "GET /q-~91o5pYRVcqw7AclGOYJxQqrnnJbw9r3h13212/?fileloc=/home/creaqbdc/public_html/wp-signup.php&path=/home/creaqbdc/public_html HTTP/1.1" 200 0 "-" "Mozilla/5.0 (Linux; Android 6.0.1; Nexus 5X Build/MMB29P) AppleWebKit/537.36 (KHTML, like Gecko) Chrome/141.0.7390.122 Mobile Safari/537.36 (compatible; GoogleOther)"
20.171.207.30 - - [29/Oct/2025:08:55:51 -0400] "GET /?path=//proc/self/root/proc/thread-self/root/proc/thread-self/root/proc/self/root/proc/self/root/proc/thread-self/root/proc/thread-self/root/lib/.build-id/01 HTTP/1.1" 200 0 "-" "Mozilla/5.0 AppleWebKit/537.36 (KHTML, like Gecko; compatible; GPTBot/1.2; +https://openai.com/gptbot)"
44.212.232.231 - - [29/Oct/2025:08:55:52 -0400] "GET /residential/?path=//proc/self/root/proc/self/root/proc/driver HTTP/1.1" 200 0 "-" "Mozilla/5.0 AppleWebKit/537.36 (KHTML, like Gecko; compatible; Amazonbot/0.1; +https://developer.amazon.com/support/amazonbot) Chrome/119.0.6045.214 Safari/537.36"
20.171.207.30 - - [29/Oct/2025:08:55:54 -0400] "GET /?path=//proc/self/root/proc/thread-self/root/proc/thread-self/root/proc/self/root/proc/self/root/proc/thread-self/root/proc/thread-self/root/lib/.build-id/59 HTTP/1.1" 200 0 "-" "Mozilla/5.0 AppleWebKit/537.36 (KHTML, like Gecko; compatible; GPTBot/1.2; +https://openai.com/gptbot)"
54.156.248.117 - - [29/Oct/2025:08:55:55 -0400] "GET /portfolio-commercial?path=//opt/cloudlinux/venv/lib64/python3.11/site-packages/setuptools/_vendor/wheel HTTP/1.1" 200 0 "-" "Mozilla/5.0 AppleWebKit/537.36 (KHTML, like Gecko; compatible; Amazonbot/0.1; +https://developer.amazon.com/support/amazonbot) Chrome/119.0.6045.214 Safari/537.36"
66.249.65.197 - - [29/Oct/2025:08:55:57 -0400] "GET /zhHant/product/surugaya/C2453456712?fileloc=//var/softaculous/precurio/install.xml&path=//var/softaculous/precurio HTTP/1.1" 200 0 "-" "Mozilla/5.0 (Linux; Android 6.0.1; Nexus 5X Build/MMB29P) AppleWebKit/537.36 (KHTML, like Gecko) Chrome/141.0.7390.122 Mobile Safari/537.36 (compatible; GoogleOther)"
20.171.207.30 - - [29/Oct/2025:08:55:57 -0400] "GET /?path=//proc/self/root/proc/thread-self/root/proc/thread-self/root/proc/self/root/proc/self/root/proc/thread-self/root/proc/thread-self/root/lib/.build-id/5e HTTP/1.1" 200 0 "-" "Mozilla/5.0 AppleWebKit/537.36 (KHTML, like Gecko; compatible; GPTBot/1.2; +https://openai.com/gptbot)"
18.213.70.100 - - [29/Oct/2025:08:55:58 -0400] "GET /freispiele-blos-einzahlung2025-beste-freespins-kostenfrei/?path=//lib64/guile/2.0/ccache/system/repl HTTP/1.1" 200 0 "-" "Mozilla/5.0 AppleWebKit/537.36 (KHTML, like Gecko; compatible; Amazonbot/0.1; +https://developer.amazon.com/support/amazonbot) Chrome/119.0.6045.214 Safari/537.36"
20.171.207.30 - - [29/Oct/2025:08:56:00 -0400] "GET /?path=//proc/self/root/proc/thread-self/root/proc/thread-self/root/proc/self/root/proc/self/root/proc/thread-self/root/proc/thread-self/root/lib/.build-id/38 HTTP/1.1" 200 0 "-" "Mozilla/5.0 AppleWebKit/537.36 (KHTML, like Gecko; compatible; GPTBot/1.2; +https://openai.com/gptbot)"
3.210.114.189 - - [29/Oct/2025:08:56:02 -0400] "GET /beste-versorger-provision/?path=//opt/cloudlinux/alt-php53/root/etc/mysql8.0 HTTP/1.1" 403 1242 "-" "Mozilla/5.0 AppleWebKit/537.36 (KHTML, like Gecko; compatible; Amazonbot/0.1; +https://developer.amazon.com/support/amazonbot) Chrome/119.0.6045.214 Safari/537.36"
20.171.207.30 - - [29/Oct/2025:08:56:04 -0400] "GET /?path=//proc/self/root/proc/thread-self/root/proc/thread-self/root/proc/self/root/proc/self/root/proc/thread-self/root/proc/thread-self/root/lib/.build-id/99 HTTP/1.1" 200 0 "-" "Mozilla/5.0 AppleWebKit/537.36 (KHTML, like Gecko; compatible; GPTBot/1.2; +https://openai.com/gptbot)"
66.249.65.199 - - [29/Oct/2025:08:56:04 -0400] "GET /q-~67yCwc6PprS5NElRZAmUtPYPRe29b87Q1266/ HTTP/1.1" 200 0 "-" "Mozilla/5.0 (Linux; Android 6.0.1; Nexus 5X Build/MMB29P) AppleWebKit/537.36 (KHTML, like Gecko) Chrome/141.0.7390.122 Mobile Safari/537.36 (compatible; GoogleOther)"
20.171.207.30 - - [29/Oct/2025:08:56:07 -0400] "GET /?path=//proc/self/root/proc/thread-self/root/proc/thread-self/root/proc/self/root/proc/self/root/proc/thread-self/root/proc/thread-self/root/lib/.build-id/2c HTTP/1.1" 200 0 "-" "Mozilla/5.0 AppleWebKit/537.36 (KHTML, like Gecko; compatible; GPTBot/1.2; +https://openai.com/gptbot)"
23.21.179.27 - - [29/Oct/2025:08:56:07 -0400] "GET /portfolio-commercial?path=//opt/cloudlinux/venv/lib/python3.11/site-packages/pip/_internal/cli HTTP/1.1" 200 0 "-" "Mozilla/5.0 AppleWebKit/537.36 (KHTML, like Gecko; compatible; Amazonbot/0.1; +https://developer.amazon.com/support/amazonbot) Chrome/119.0.6045.214 Safari/537.36"
98.82.63.147 - - [29/Oct/2025:08:56:09 -0400] "GET /book-of-ra-fur-nusse-zum-besten-geben-blos-eintragung/?path=//opt/cloudlinux/alt-php53/root/var/cache HTTP/1.1" 200 0 "-" "Mozilla/5.0 AppleWebKit/537.36 (KHTML, like Gecko; compatible; Amazonbot/0.1; +https://developer.amazon.com/support/amazonbot) Chrome/119.0.6045.214 Safari/537.36"
20.171.207.30 - - [29/Oct/2025:08:56:10 -0400] "GET /?path=//proc/self/root/proc/thread-self/root/proc/thread-self/root/proc/self/root/proc/self/root/proc/thread-self/root/proc/thread-self/root/lib/.build-id/27 HTTP/1.1" 200 0 "-" "Mozilla/5.0 AppleWebKit/537.36 (KHTML, like Gecko; compatible; GPTBot/1.2; +https://openai.com/gptbot)"
66.249.65.197 - - [29/Oct/2025:08:56:10 -0400] "GET /?q=2148186115800&channel=199e08&from=https://creativefinishings.com/select.cgi?q-~44HONvBK1wfJvlEgkKpHnyMu7aUSuBwt28539/ HTTP/1.1" 200 0 "-" "Mozilla/5.0 (Linux; Android 6.0.1; Nexus 5X Build/MMB29P) AppleWebKit/537.36 (KHTML, like Gecko) Chrome/141.0.7390.122 Mobile Safari/537.36 (compatible; GoogleOther)"
69.197.179.242 - - [29/Oct/2025:08:56:10 -0400] "GET /wp-content/x072d63/index.php?id=886666 HTTP/1.1" 200 0 "https://creativefinishings.com/wp-content/x072d63/index.php?id=886666" "Mozilla/5.0 (Windows NT 10.0; Win64; x64) AppleWebKit/537.36 (KHTML, like Gecko) Chrome/58.0.3029.110 Safari/537.3"
20.171.207.30 - - [29/Oct/2025:08:56:13 -0400] "GET /?path=//proc/self/root/proc/thread-self/root/proc/thread-self/root/proc/self/root/proc/self/root/proc/thread-self/root/proc/thread-self/root/lib/.build-id/7f HTTP/1.1" 200 0 "-" "Mozilla/5.0 AppleWebKit/537.36 (KHTML, like Gecko; compatible; GPTBot/1.2; +https://openai.com/gptbot)"
20.171.207.30 - - [29/Oct/2025:08:56:16 -0400] "GET /?path=//proc/self/root/proc/thread-self/root/proc/thread-self/root/proc/self/root/proc/self/root/proc/thread-self/root/proc/thread-self/root/lib/.build-id/52 HTTP/1.1" 200 0 "-" "Mozilla/5.0 AppleWebKit/537.36 (KHTML, like Gecko; compatible; GPTBot/1.2; +https://openai.com/gptbot)"
34.194.95.99 - - [29/Oct/2025:08:56:16 -0400] "GET /portfolio-residential/?path=//home/creaqbdc/public_html/cgi-bin/cgi-bin HTTP/1.1" 200 0 "-" "Mozilla/5.0 AppleWebKit/537.36 (KHTML, like Gecko; compatible; Amazonbot/0.1; +https://developer.amazon.com/support/amazonbot) Chrome/119.0.6045.214 Safari/537.36"
20.171.207.30 - - [29/Oct/2025:08:56:19 -0400] "GET /?path=//proc/self/root/proc/thread-self/root/proc/thread-self/root/proc/self/root/proc/self/root/proc/thread-self/root/proc/thread-self/root/lib/.build-id/03 HTTP/1.1" 200 0 "-" "Mozilla/5.0 AppleWebKit/537.36 (KHTML, like Gecko; compatible; GPTBot/1.2; +https://openai.com/gptbot)"
66.249.65.197 - - [29/Oct/2025:08:56:21 -0400] "GET /zhHant/product/surugaya/C2453456712?fileloc=//lib/.build-id/e8/61d3f6b3c9f3ba83c30db0c6504e272db9aa7d&path=//lib/.build-id/e8 HTTP/1.1" 200 0 "-" "Mozilla/5.0 (Linux; Android 6.0.1; Nexus 5X Build/MMB29P) AppleWebKit/537.36 (KHTML, like Gecko) Chrome/141.0.7390.122 Mobile Safari/537.36 (compatible; GoogleOther)"
52.0.63.151 - - [29/Oct/2025:08:56:21 -0400] "GET /beste-versorger-provision/?path=//lib64/perl5/vendor_perl/auto/version/vxs HTTP/1.1" 200 0 "-" "Mozilla/5.0 AppleWebKit/537.36 (KHTML, like Gecko; compatible; Amazonbot/0.1; +https://developer.amazon.com/support/amazonbot) Chrome/119.0.6045.214 Safari/537.36"
216.73.216.157 - - [29/Oct/2025:08:56:22 -0400] "GET /'?fileloc=%2F%2Fusr%2Flib%2Fmodules%2F4.18.0-553.70.1.lve.el8.x86_64%2Fkernel%2Fdrivers%2Fedac%2Fi5000_edac.ko.xz&path=%2F%2Fusr%2Flib%2Fmodules%2F4.18.0-553.70.1.lve.el8.x86_64%2Fkernel%2Fdrivers%2Fedac HTTP/1.1" 200 0 "-" "Mozilla/5.0 AppleWebKit/537.36 (KHTML, like Gecko; compatible; ClaudeBot/1.0; +claudebot@anthropic.com)"
216.73.216.157 - - [29/Oct/2025:08:56:22 -0400] "GET /'?fileloc=%2F%2Fusr%2Flib%2Fmodules%2F4.18.0-553.70.1.lve.el8.x86_64%2Fkernel%2Farch%2Fx86%2Fcrypto%2Fserpent-avx2.ko.xz&path=%2F%2Fusr%2Flib%2Fmodules%2F4.18.0-553.70.1.lve.el8.x86_64%2Fkernel%2Farch%2Fx86%2Fcrypto HTTP/1.1" 200 0 "-" "Mozilla/5.0 AppleWebKit/537.36 (KHTML, like Gecko; compatible; ClaudeBot/1.0; +claudebot@anthropic.com)"
216.73.216.157 - - [29/Oct/2025:08:56:22 -0400] "GET /'?fileloc=%2F%2Fusr%2Flib%2Fmodules%2F4.18.0-553.70.1.lve.el8.x86_64%2Fkernel%2Fdrivers%2Ftty%2Fcyclades.ko.xz&path=%2F%2Fusr%2Flib%2Fmodules%2F4.18.0-553.70.1.lve.el8.x86_64%2Fkernel%2Fdrivers%2Ftty HTTP/1.1" 200 0 "-" "Mozilla/5.0 AppleWebKit/537.36 (KHTML, like Gecko; compatible; ClaudeBot/1.0; +claudebot@anthropic.com)"
216.73.216.157 - - [29/Oct/2025:08:56:22 -0400] "GET /'?fileloc=%2F%2Fusr%2Flib%2Fmodules%2F4.18.0-553.70.1.lve.el8.x86_64%2Fkernel%2Fdrivers%2Fnvdimm%2Fnd_e820.ko.xz&path=%2F%2Fusr%2Flib%2Fmodules%2F4.18.0-553.70.1.lve.el8.x86_64%2Fkernel%2Fdrivers%2Fnvdimm HTTP/1.1" 200 0 "-" "Mozilla/5.0 AppleWebKit/537.36 (KHTML, like Gecko; compatible; ClaudeBot/1.0; +claudebot@anthropic.com)"
216.73.216.157 - - [29/Oct/2025:08:56:22 -0400] "GET /'?path=%2F%2Fusr%2Flib%2Fmodules%2F4.18.0-553.70.1.lve.el8.x86_64%2Fkernel%2Fdrivers%2Fi2c%2Fbusses HTTP/1.1" 200 0 "-" "Mozilla/5.0 AppleWebKit/537.36 (KHTML, like Gecko; compatible; ClaudeBot/1.0; +claudebot@anthropic.com)"
216.73.216.157 - - [29/Oct/2025:08:56:22 -0400] "GET /'?fileloc=%2F%2Fusr%2Flib%2Fmodules%2F4.18.0-553.70.1.lve.el8.x86_64%2Fkernel%2Farch%2Fx86%2Fcrypto%2Fchacha20-x86_64.ko.xz&path=%2F%2Fusr%2Flib%2Fmodules%2F4.18.0-553.70.1.lve.el8.x86_64%2Fkernel%2Farch%2Fx86%2Fcrypto HTTP/1.1" 200 0 "-" "Mozilla/5.0 AppleWebKit/537.36 (KHTML, like Gecko; compatible; ClaudeBot/1.0; +claudebot@anthropic.com)"
66.249.65.197 - - [29/Oct/2025:08:56:22 -0400] "GET /zhHant/product/surugaya/C2453456712?fileloc=//usr/lib64/liblve.so.0.9.0&path=//usr/lib64 HTTP/1.1" 200 0 "-" "Mozilla/5.0 (Linux; Android 6.0.1; Nexus 5X Build/MMB29P) AppleWebKit/537.36 (KHTML, like Gecko) Chrome/141.0.7390.122 Mobile Safari/537.36 (compatible; GoogleOther)"
216.73.216.157 - - [29/Oct/2025:08:56:22 -0400] "GET /'?path=%2F%2Fusr%2Flib%2Fmodules%2F4.18.0-553.70.1.lve.el8.x86_64%2Fkernel%2Fdrivers%2Finfiniband%2Fhw%2Fhfi1 HTTP/1.1" 200 0 "-" "Mozilla/5.0 AppleWebKit/537.36 (KHTML, like Gecko; compatible; ClaudeBot/1.0; +claudebot@anthropic.com)"
20.171.207.30 - - [29/Oct/2025:08:56:22 -0400] "GET /?path=//proc/self/root/proc/thread-self/root/proc/thread-self/root/proc/self/root/proc/self/root/proc/thread-self/root/proc/thread-self/root/lib/.build-id/42 HTTP/1.1" 200 0 "-" "Mozilla/5.0 AppleWebKit/537.36 (KHTML, like Gecko; compatible; GPTBot/1.2; +https://openai.com/gptbot)"
216.73.216.157 - - [29/Oct/2025:08:56:22 -0400] "GET /'?fileloc=%2F%2Fusr%2Flib%2Fmodules%2F4.18.0-553.70.1.lve.el8.x86_64%2Fkernel%2Farch%2Fx86%2Fcrypto%2Fpoly1305-x86_64.ko.xz&path=%2F%2Fusr%2Flib%2Fmodules%2F4.18.0-553.70.1.lve.el8.x86_64%2Fkernel%2Farch%2Fx86%2Fcrypto HTTP/1.1" 200 0 "-" "Mozilla/5.0 AppleWebKit/537.36 (KHTML, like Gecko; compatible; ClaudeBot/1.0; +claudebot@anthropic.com)"
52.204.174.139 - - [29/Oct/2025:08:56:23 -0400] "GET /beste-versorger-provision/?path=//proc/self/root/lib/.build-id/c4 HTTP/1.1" 200 0 "-" "Mozilla/5.0 AppleWebKit/537.36 (KHTML, like Gecko; compatible; Amazonbot/0.1; +https://developer.amazon.com/support/amazonbot) Chrome/119.0.6045.214 Safari/537.36"
216.73.216.157 - - [29/Oct/2025:08:56:23 -0400] "GET /'?fileloc=%2F%2Fusr%2Flib%2Fmodules%2F4.18.0-553.70.1.lve.el8.x86_64%2Fkernel%2Fsound%2Fpci%2Fca0106%2Fsnd-ca0106.ko.xz&path=%2F%2Fusr%2Flib%2Fmodules%2F4.18.0-553.70.1.lve.el8.x86_64%2Fkernel%2Fsound%2Fpci%2Fca0106 HTTP/1.1" 200 0 "-" "Mozilla/5.0 AppleWebKit/537.36 (KHTML, like Gecko; compatible; ClaudeBot/1.0; +claudebot@anthropic.com)"
216.73.216.157 - - [29/Oct/2025:08:56:23 -0400] "GET /'?fileloc=%2F%2Fusr%2Flib%2Fmodules%2F4.18.0-553.70.1.lve.el8.x86_64%2Fkernel%2Fsound%2Fpci%2Fmixart%2Fsnd-mixart.ko.xz&path=%2F%2Fusr%2Flib%2Fmodules%2F4.18.0-553.70.1.lve.el8.x86_64%2Fkernel%2Fsound%2Fpci%2Fmixart HTTP/1.1" 200 0 "-" "Mozilla/5.0 AppleWebKit/537.36 (KHTML, like Gecko; compatible; ClaudeBot/1.0; +claudebot@anthropic.com)"
216.73.216.157 - - [29/Oct/2025:08:56:23 -0400] "GET /'?fileloc=%2F%2Fusr%2Flib%2Fmodules%2F4.18.0-553.70.1.lve.el8.x86_64%2Fkernel%2Farch%2Fx86%2Fcrypto%2Fghash-clmulni-intel.ko.xz&path=%2F%2Fusr%2Flib%2Fmodules%2F4.18.0-553.70.1.lve.el8.x86_64%2Fkernel%2Farch%2Fx86%2Fcrypto HTTP/1.1" 200 0 "-" "Mozilla/5.0 AppleWebKit/537.36 (KHTML, like Gecko; compatible; ClaudeBot/1.0; +claudebot@anthropic.com)"
216.73.216.157 - - [29/Oct/2025:08:56:23 -0400] "GET /'?path=%2F%2Fusr%2Flib%2Fmodules%2F4.18.0-553.70.1.lve.el8.x86_64%2Fkernel%2Fdrivers%2Finfiniband%2Fhw%2Fmlx4 HTTP/1.1" 200 0 "-" "Mozilla/5.0 AppleWebKit/537.36 (KHTML, like Gecko; compatible; ClaudeBot/1.0; +claudebot@anthropic.com)"
216.73.216.157 - - [29/Oct/2025:08:56:23 -0400] "GET /'?fileloc=%2F%2Fusr%2Flib%2Fmodules%2F4.18.0-553.70.1.lve.el8.x86_64%2Fkernel%2Fdrivers%2Fnvme%2Ftarget%2Fnvmet-rdma.ko.xz&path=%2F%2Fusr%2Flib%2Fmodules%2F4.18.0-553.70.1.lve.el8.x86_64%2Fkernel%2Fdrivers%2Fnvme%2Ftarget HTTP/1.1" 200 0 "-" "Mozilla/5.0 AppleWebKit/537.36 (KHTML, like Gecko; compatible; ClaudeBot/1.0; +claudebot@anthropic.com)"
216.73.216.157 - - [29/Oct/2025:08:56:23 -0400] "GET /'?fileloc=%2F%2Fusr%2Flib%2Fmodules%2F4.18.0-553.70.1.lve.el8.x86_64%2Fkernel%2Fdrivers%2Fnvme%2Ftarget%2Fnvme-fcloop.ko.xz&path=%2F%2Fusr%2Flib%2Fmodules%2F4.18.0-553.70.1.lve.el8.x86_64%2Fkernel%2Fdrivers%2Fnvme%2Ftarget HTTP/1.1" 200 0 "-" "Mozilla/5.0 AppleWebKit/537.36 (KHTML, like Gecko; compatible; ClaudeBot/1.0; +claudebot@anthropic.com)"
216.73.216.157 - - [29/Oct/2025:08:56:23 -0400] "GET /'?fileloc=%2F%2Fusr%2Flib%2Fmodules%2F4.18.0-553.70.1.lve.el8.x86_64%2Fkernel%2Fdrivers%2Fcrypto%2Fccp%2Fccp.ko.xz&path=%2F%2Fusr%2Flib%2Fmodules%2F4.18.0-553.70.1.lve.el8.x86_64%2Fkernel%2Fdrivers%2Fcrypto%2Fccp HTTP/1.1" 200 0 "-" "Mozilla/5.0 AppleWebKit/537.36 (KHTML, like Gecko; compatible; ClaudeBot/1.0; +claudebot@anthropic.com)"
216.73.216.157 - - [29/Oct/2025:08:56:23 -0400] "GET /'?fileloc=%2F%2Fusr%2Flib%2Fmodules%2F4.18.0-553.70.1.lve.el8.x86_64%2Fkernel%2Fdrivers%2Fcrypto%2Fccp%2Fccp-crypto.ko.xz&path=%2F%2Fusr%2Flib%2Fmodules%2F4.18.0-553.70.1.lve.el8.x86_64%2Fkernel%2Fdrivers%2Fcrypto%2Fccp HTTP/1.1" 200 0 "-" "Mozilla/5.0 AppleWebKit/537.36 (KHTML, like Gecko; compatible; ClaudeBot/1.0; +claudebot@anthropic.com)"
216.73.216.157 - - [29/Oct/2025:08:56:23 -0400] "GET /'?path=%2F%2Fusr%2Flib%2Fmodules%2F4.18.0-553.70.1.lve.el8.x86_64%2Fkernel%2Fdrivers%2Finfiniband%2Fhw%2Fusnic HTTP/1.1" 200 0 "-" "Mozilla/5.0 AppleWebKit/537.36 (KHTML, like Gecko; compatible; ClaudeBot/1.0; +claudebot@anthropic.com)"
216.73.216.157 - - [29/Oct/2025:08:56:23 -0400] "GET /'?path=%2F%2Fusr%2Flib%2Fmodules%2F4.18.0-553.70.1.lve.el8.x86_64%2Fkernel%2Fdrivers%2Finfiniband%2Fhw%2Firdma HTTP/1.1" 200 0 "-" "Mozilla/5.0 AppleWebKit/537.36 (KHTML, like Gecko; compatible; ClaudeBot/1.0; +claudebot@anthropic.com)"
216.73.216.157 - - [29/Oct/2025:08:56:23 -0400] "GET /'?path=%2F%2Fusr%2Flib%2Fmodules%2F4.18.0-553.70.1.lve.el8.x86_64%2Fkernel%2Fdrivers%2Finfiniband%2Fhw%2Fcxgb4 HTTP/1.1" 200 0 "-" "Mozilla/5.0 AppleWebKit/537.36 (KHTML, like Gecko; compatible; ClaudeBot/1.0; +claudebot@anthropic.com)"
216.73.216.157 - - [29/Oct/2025:08:56:24 -0400] "GET /'?fileloc=%2F%2Fusr%2Flib%2Fmodules%2F4.18.0-553.70.1.lve.el8.x86_64%2Fkernel%2Fdrivers%2Fnvme%2Ftarget%2Fnvmet.ko.xz&path=%2F%2Fusr%2Flib%2Fmodules%2F4.18.0-553.70.1.lve.el8.x86_64%2Fkernel%2Fdrivers%2Fnvme%2Ftarget HTTP/1.1" 200 0 "-" "Mozilla/5.0 AppleWebKit/537.36 (KHTML, like Gecko; compatible; ClaudeBot/1.0; +claudebot@anthropic.com)"
20.171.207.30 - - [29/Oct/2025:08:56:26 -0400] "GET /?path=//proc/self/root/proc/thread-self/root/proc/thread-self/root/proc/self/root/proc/self/root/proc/thread-self/root/proc/thread-self/root/lib/.build-id/82 HTTP/1.1" 200 0 "-" "Mozilla/5.0 AppleWebKit/537.36 (KHTML, like Gecko; compatible; GPTBot/1.2; +https://openai.com/gptbot)"
34.239.85.139 - - [29/Oct/2025:08:56:26 -0400] "GET /beste-versorger-provision/?path=//lib/python3.6/site-packages/urllib3/packages/backports HTTP/1.1" 200 0 "-" "Mozilla/5.0 AppleWebKit/537.36 (KHTML, like Gecko; compatible; Amazonbot/0.1; +https://developer.amazon.com/support/amazonbot) Chrome/119.0.6045.214 Safari/537.36"
20.171.207.30 - - [29/Oct/2025:08:56:29 -0400] "GET /?path=//proc/self/root/proc/thread-self/root/proc/thread-self/root/proc/self/root/proc/self/root/proc/thread-self/root/proc/thread-self/root/lib/.build-id/61 HTTP/1.1" 200 0 "-" "Mozilla/5.0 AppleWebKit/537.36 (KHTML, like Gecko; compatible; GPTBot/1.2; +https://openai.com/gptbot)"
52.2.4.213 - - [29/Oct/2025:08:56:31 -0400] "GET /?path=//usr/lib/.build-id/cc HTTP/1.1" 200 0 "-" "Mozilla/5.0 AppleWebKit/537.36 (KHTML, like Gecko; compatible; Amazonbot/0.1; +https://developer.amazon.com/support/amazonbot) Chrome/119.0.6045.214 Safari/537.36"
20.171.207.30 - - [29/Oct/2025:08:56:32 -0400] "GET /?path=//proc/self/root/proc/thread-self/root/proc/thread-self/root/proc/self/root/proc/self/root/proc/thread-self/root/proc/thread-self/root/lib/.build-id/64 HTTP/1.1" 200 0 "-" "Mozilla/5.0 AppleWebKit/537.36 (KHTML, like Gecko; compatible; GPTBot/1.2; +https://openai.com/gptbot)"
66.249.65.197 - - [29/Oct/2025:08:56:32 -0400] "GET /yoitariki-fs4957462108323 HTTP/1.1" 200 0 "-" "Mozilla/5.0 (Linux; Android 6.0.1; Nexus 5X Build/MMB29P) AppleWebKit/537.36 (KHTML, like Gecko) Chrome/141.0.7390.122 Mobile Safari/537.36 (compatible; GoogleOther)"
20.171.207.30 - - [29/Oct/2025:08:56:35 -0400] "GET /?path=//proc/self/root/proc/thread-self/root/proc/thread-self/root/proc/self/root/proc/self/root/proc/thread-self/root/proc/thread-self/root/lib/.build-id/e6 HTTP/1.1" 200 0 "-" "Mozilla/5.0 AppleWebKit/537.36 (KHTML, like Gecko; compatible; GPTBot/1.2; +https://openai.com/gptbot)"
34.235.239.240 - - [29/Oct/2025:08:56:35 -0400] "GET /bathrooms/?path=//proc/thread-self/root/lib/tuned/cloudlinux-dummy HTTP/1.1" 200 0 "-" "Mozilla/5.0 AppleWebKit/537.36 (KHTML, like Gecko; compatible; Amazonbot/0.1; +https://developer.amazon.com/support/amazonbot) Chrome/119.0.6045.214 Safari/537.36"
20.171.207.30 - - [29/Oct/2025:08:56:38 -0400] "GET /?path=//proc/self/root/proc/thread-self/root/proc/thread-self/root/proc/self/root/proc/self/root/proc/thread-self/root/proc/thread-self/root/lib/.build-id/c0 HTTP/1.1" 200 0 "-" "Mozilla/5.0 AppleWebKit/537.36 (KHTML, like Gecko; compatible; GPTBot/1.2; +https://openai.com/gptbot)"
54.204.62.163 - - [29/Oct/2025:08:56:39 -0400] "GET /portfolio-commercial?path=//proc/thread-self/root/proc/self/root/proc/sys HTTP/1.1" 200 0 "-" "Mozilla/5.0 AppleWebKit/537.36 (KHTML, like Gecko; compatible; Amazonbot/0.1; +https://developer.amazon.com/support/amazonbot) Chrome/119.0.6045.214 Safari/537.36"
20.171.207.30 - - [29/Oct/2025:08:56:42 -0400] "GET /?path=//proc/self/root/proc/thread-self/root/proc/thread-self/root/proc/self/root/proc/self/root/proc/thread-self/root/proc/thread-self/root/lib/.build-id/84 HTTP/1.1" 200 0 "-" "Mozilla/5.0 AppleWebKit/537.36 (KHTML, like Gecko; compatible; GPTBot/1.2; +https://openai.com/gptbot)"
18.211.39.188 - - [29/Oct/2025:08:56:44 -0400] "GET /das-beste-world-wide-web-spielbank-via-herumtoben-vortragen/?path=//usr/share/zoneinfo/posix/Africa HTTP/1.1" 200 0 "-" "Mozilla/5.0 AppleWebKit/537.36 (KHTML, like Gecko; compatible; Amazonbot/0.1; +https://developer.amazon.com/support/amazonbot) Chrome/119.0.6045.214 Safari/537.36"
20.171.207.30 - - [29/Oct/2025:08:56:45 -0400] "GET /?path=//proc/self/root/proc/thread-self/root/proc/thread-self/root/proc/self/root/proc/self/root/proc/thread-self/root/proc/thread-self/root/lib/.build-id/40 HTTP/1.1" 200 0 "-" "Mozilla/5.0 AppleWebKit/537.36 (KHTML, like Gecko; compatible; GPTBot/1.2; +https://openai.com/gptbot)"
66.249.65.197 - - [29/Oct/2025:08:56:45 -0400] "GET /branddepot-t19870?path=/home HTTP/1.1" 200 0 "-" "Mozilla/5.0 (Linux; Android 6.0.1; Nexus 5X Build/MMB29P) AppleWebKit/537.36 (KHTML, like Gecko) Chrome/141.0.7390.122 Mobile Safari/537.36 (compatible; GoogleOther)"
44.196.118.6 - - [29/Oct/2025:08:56:45 -0400] "GET /spielbank-pramie-ohne-einzahlung-beste-no-vorleistung-boni-2025/?path=//opt/alt/alt-nodejs12/root/var/log HTTP/1.1" 200 0 "-" "Mozilla/5.0 AppleWebKit/537.36 (KHTML, like Gecko; compatible; Amazonbot/0.1; +https://developer.amazon.com/support/amazonbot) Chrome/119.0.6045.214 Safari/537.36"
20.171.207.30 - - [29/Oct/2025:08:56:48 -0400] "GET /?path=//proc/self/root/proc/thread-self/root/proc/thread-self/root/proc/self/root/proc/self/root/proc/thread-self/root/proc/thread-self/root/lib/.build-id/7c HTTP/1.1" 200 0 "-" "Mozilla/5.0 AppleWebKit/537.36 (KHTML, like Gecko; compatible; GPTBot/1.2; +https://openai.com/gptbot)"
66.249.65.197 - - [29/Oct/2025:08:56:51 -0400] "GET /q-~232pYUDtc92dMdC9NMIlBT9IaJkQUaIuZ45017/?fileloc=//lib/python3.6/site-packages/chardet/__pycache__/langhungarianmodel.cpython-36.pyc&path=//lib/python3.6/site-packages/chardet/__pycache__ HTTP/1.1" 200 0 "-" "Mozilla/5.0 (Linux; Android 6.0.1; Nexus 5X Build/MMB29P) AppleWebKit/537.36 (KHTML, like Gecko) Chrome/141.0.7390.122 Mobile Safari/537.36 (compatible; GoogleOther)"
20.171.207.30 - - [29/Oct/2025:08:56:51 -0400] "GET /?path=//proc/self/root/proc/thread-self/root/proc/thread-self/root/proc/self/root/proc/self/root/proc/thread-self/root/proc/thread-self/root/lib/.build-id/3e HTTP/1.1" 200 0 "-" "Mozilla/5.0 AppleWebKit/537.36 (KHTML, like Gecko; compatible; GPTBot/1.2; +https://openai.com/gptbot)"
35.169.240.53 - - [29/Oct/2025:08:56:51 -0400] "GET /a-cosmic-journey-through-the-realm-of-space-xy/?path=//opt/cpanel/ea-php74/root/lib64/php/build HTTP/1.1" 200 0 "-" "Mozilla/5.0 AppleWebKit/537.36 (KHTML, like Gecko; compatible; Amazonbot/0.1; +https://developer.amazon.com/support/amazonbot) Chrome/119.0.6045.214 Safari/537.36"
34.192.125.239 - - [29/Oct/2025:08:56:54 -0400] "GET /a-cosmic-journey-through-the-realm-of-space-xy/?path=//opt/cloudlinux/venv/lib/python3.11/site-packages/tomlkit HTTP/1.1" 200 0 "-" "Mozilla/5.0 AppleWebKit/537.36 (KHTML, like Gecko; compatible; Amazonbot/0.1; +https://developer.amazon.com/support/amazonbot) Chrome/119.0.6045.214 Safari/537.36"
20.171.207.30 - - [29/Oct/2025:08:56:54 -0400] "GET /?path=//proc/self/root/proc/thread-self/root/proc/thread-self/root/proc/self/root/proc/self/root/proc/thread-self/root/proc/thread-self/root/lib/.build-id/29 HTTP/1.1" 200 0 "-" "Mozilla/5.0 AppleWebKit/537.36 (KHTML, like Gecko; compatible; GPTBot/1.2; +https://openai.com/gptbot)"
66.249.65.197 - - [29/Oct/2025:08:56:54 -0400] "GET /?q=2148186115800&channel=199e08&from=https://creativefinishings.com/select.cgi?q-~214XbdzhxZQZxffeSlgPB1ia3jaWt6vnL30445/ HTTP/1.1" 200 0 "-" "Mozilla/5.0 (Linux; Android 6.0.1; Nexus 5X Build/MMB29P) AppleWebKit/537.36 (KHTML, like Gecko) Chrome/141.0.7390.122 Mobile Safari/537.36 (compatible; GoogleOther)"
20.171.207.30 - - [29/Oct/2025:08:56:57 -0400] "GET /?path=//proc/self/root/proc/thread-self/root/proc/thread-self/root/proc/self/root/proc/self/root/proc/thread-self/root/proc/thread-self/root/lib/.build-id/f8 HTTP/1.1" 200 0 "-" "Mozilla/5.0 AppleWebKit/537.36 (KHTML, like Gecko; compatible; GPTBot/1.2; +https://openai.com/gptbot)"
34.231.45.47 - - [29/Oct/2025:08:56:58 -0400] "GET /portfolio-commercial/?path=//usr/lib/firmware/cadence HTTP/1.1" 200 0 "-" "Mozilla/5.0 AppleWebKit/537.36 (KHTML, like Gecko; compatible; Amazonbot/0.1; +https://developer.amazon.com/support/amazonbot) Chrome/119.0.6045.214 Safari/537.36"
20.171.207.30 - - [29/Oct/2025:08:57:00 -0400] "GET /?path=//proc/self/root/proc/thread-self/root/proc/thread-self/root/proc/self/root/proc/self/root/proc/thread-self/root/proc/thread-self/root/lib/.build-id/39 HTTP/1.1" 200 0 "-" "Mozilla/5.0 AppleWebKit/537.36 (KHTML, like Gecko; compatible; GPTBot/1.2; +https://openai.com/gptbot)"
20.171.207.30 - - [29/Oct/2025:08:57:03 -0400] "GET /?path=//proc/self/root/proc/thread-self/root/proc/thread-self/root/proc/self/root/proc/self/root/proc/thread-self/root/proc/thread-self/root/lib/.build-id/f2 HTTP/1.1" 200 0 "-" "Mozilla/5.0 AppleWebKit/537.36 (KHTML, like Gecko; compatible; GPTBot/1.2; +https://openai.com/gptbot)"
98.84.60.17 - - [29/Oct/2025:08:57:05 -0400] "GET /book-of-ra-magic-kostenlos-spielen-ohne-anmeldung/?path=//opt/cpanel/ea-php74/root/var/games HTTP/1.1" 200 0 "-" "Mozilla/5.0 AppleWebKit/537.36 (KHTML, like Gecko; compatible; Amazonbot/0.1; +https://developer.amazon.com/support/amazonbot) Chrome/119.0.6045.214 Safari/537.36"
66.249.65.199 - - [29/Oct/2025:08:57:05 -0400] "GET /zhHant/product/surugaya/C2453456712?fileloc=//usr/bin/soelim&path=//usr/bin HTTP/1.1" 200 0 "-" "Mozilla/5.0 (Linux; Android 6.0.1; Nexus 5X Build/MMB29P) AppleWebKit/537.36 (KHTML, like Gecko) Chrome/141.0.7390.122 Mobile Safari/537.36 (compatible; GoogleOther)"
23.20.178.124 - - [29/Oct/2025:08:57:05 -0400] "GET /book-of-ra-magic-kostenlos-spielen-ohne-anmeldung/?path=//opt/alt/alt-nodejs16/root/var/nis HTTP/1.1" 200 0 "-" "Mozilla/5.0 AppleWebKit/537.36 (KHTML, like Gecko; compatible; Amazonbot/0.1; +https://developer.amazon.com/support/amazonbot) Chrome/119.0.6045.214 Safari/537.36"
114.119.156.225 - - [29/Oct/2025:08:57:06 -0400] "GET /slot-spirit-of-adventure-by-pragmatic-play-demo-free-play?fileloc=//lib64/xtables/libxt_bpf.so&path=//lib64/xtables HTTP/1.1" 200 0 "https://creativefinishings.com/slot-spirit-of-adventure-by-pragmatic-play-demo-free-play?path=//lib64/xtables" "Mozilla/5.0 (Linux; Android 7.0;) AppleWebKit/537.36 (KHTML, like Gecko) Mobile Safari/537.36 (compatible; PetalBot;+https://webmaster.petalsearch.com/site/petalbot)"
20.171.207.30 - - [29/Oct/2025:08:57:07 -0400] "GET /?path=//proc/self/root/proc/thread-self/root/proc/thread-self/root/proc/self/root/proc/self/root/proc/thread-self/root/proc/thread-self/root/lib/.build-id/c1 HTTP/1.1" 200 0 "-" "Mozilla/5.0 AppleWebKit/537.36 (KHTML, like Gecko; compatible; GPTBot/1.2; +https://openai.com/gptbot)"
66.249.65.198 - - [29/Oct/2025:08:57:09 -0400] "GET /zhHant/product/surugaya/C2453456712?fileloc=//usr/lib64/pkgconfig/criu.pc&path=//usr/lib64/pkgconfig HTTP/1.1" 200 0 "-" "Mozilla/5.0 (Linux; Android 6.0.1; Nexus 5X Build/MMB29P) AppleWebKit/537.36 (KHTML, like Gecko) Chrome/141.0.7390.122 Mobile Safari/537.36 (compatible; GoogleOther)"
20.171.207.30 - - [29/Oct/2025:08:57:10 -0400] "GET /?path=//proc/self/root/proc/thread-self/root/proc/thread-self/root/proc/self/root/proc/self/root/proc/thread-self/root/proc/thread-self/root/lib/.build-id/7b HTTP/1.1" 200 0 "-" "Mozilla/5.0 AppleWebKit/537.36 (KHTML, like Gecko; compatible; GPTBot/1.2; +https://openai.com/gptbot)"
18.205.91.101 - - [29/Oct/2025:08:57:10 -0400] "GET /portfolio-commercial?path=//proc/thread-self/root/opt/alt/php84/var/www HTTP/1.1" 200 0 "-" "Mozilla/5.0 AppleWebKit/537.36 (KHTML, like Gecko; compatible; Amazonbot/0.1; +https://developer.amazon.com/support/amazonbot) Chrome/119.0.6045.214 Safari/537.36"
216.73.216.157 - - [29/Oct/2025:08:57:12 -0400] "GET /'?fileloc=%2F%2Fusr%2Flib%2Fmodules%2F4.18.0-553.70.1.lve.el8.x86_64%2Fkernel%2Farch%2Fx86%2Fcrypto%2Ftwofish-x86_64-3way.ko.xz&path=%2F%2Fusr%2Flib%2Fmodules%2F4.18.0-553.70.1.lve.el8.x86_64%2Fkernel%2Farch%2Fx86%2Fcrypto HTTP/1.1" 200 0 "-" "Mozilla/5.0 AppleWebKit/537.36 (KHTML, like Gecko; compatible; ClaudeBot/1.0; +claudebot@anthropic.com)"
216.73.216.157 - - [29/Oct/2025:08:57:12 -0400] "GET /'?fileloc=%2F%2Fusr%2Flib%2Fmodules%2F4.18.0-553.70.1.lve.el8.x86_64%2Fkernel%2Fdrivers%2Fhid%2Fhid-samsung.ko.xz&path=%2F%2Fusr%2Flib%2Fmodules%2F4.18.0-553.70.1.lve.el8.x86_64%2Fkernel%2Fdrivers%2Fhid HTTP/1.1" 200 0 "-" "Mozilla/5.0 AppleWebKit/537.36 (KHTML, like Gecko; compatible; ClaudeBot/1.0; +claudebot@anthropic.com)"
216.73.216.157 - - [29/Oct/2025:08:57:12 -0400] "GET /'?fileloc=%2F%2Fusr%2Flib%2Fmodules%2F4.18.0-553.70.1.lve.el8.x86_64%2Fkernel%2Fdrivers%2Fleds%2Fleds-clevo-mail.ko.xz&path=%2F%2Fusr%2Flib%2Fmodules%2F4.18.0-553.70.1.lve.el8.x86_64%2Fkernel%2Fdrivers%2Fleds HTTP/1.1" 200 0 "-" "Mozilla/5.0 AppleWebKit/537.36 (KHTML, like Gecko; compatible; ClaudeBot/1.0; +claudebot@anthropic.com)"
216.73.216.157 - - [29/Oct/2025:08:57:12 -0400] "GET /'?fileloc=%2F%2Fusr%2Flib%2Fmodules%2F4.18.0-553.70.1.lve.el8.x86_64%2Fkernel%2Fdrivers%2Fleds%2Fleds-lp5521.ko.xz&path=%2F%2Fusr%2Flib%2Fmodules%2F4.18.0-553.70.1.lve.el8.x86_64%2Fkernel%2Fdrivers%2Fleds HTTP/1.1" 200 0 "-" "Mozilla/5.0 AppleWebKit/537.36 (KHTML, like Gecko; compatible; ClaudeBot/1.0; +claudebot@anthropic.com)"
216.73.216.157 - - [29/Oct/2025:08:57:12 -0400] "GET /'?fileloc=%2F%2Fusr%2Flib%2Fmodules%2F4.18.0-553.70.1.lve.el8.x86_64%2Fkernel%2Ffs%2Fgfs2%2Fgfs2.ko.xz&path=%2F%2Fusr%2Flib%2Fmodules%2F4.18.0-553.70.1.lve.el8.x86_64%2Fkernel%2Ffs%2Fgfs2 HTTP/1.1" 200 0 "-" "Mozilla/5.0 AppleWebKit/537.36 (KHTML, like Gecko; compatible; ClaudeBot/1.0; +claudebot@anthropic.com)"
216.73.216.157 - - [29/Oct/2025:08:57:13 -0400] "GET /'?fileloc=%2F%2Fusr%2Flib%2Fmodules%2F4.18.0-553.70.1.lve.el8.x86_64%2Fkernel%2Fdrivers%2Fmd%2Fdm-verity.ko.xz&path=%2F%2Fusr%2Flib%2Fmodules%2F4.18.0-553.70.1.lve.el8.x86_64%2Fkernel%2Fdrivers%2Fmd HTTP/1.1" 200 0 "-" "Mozilla/5.0 AppleWebKit/537.36 (KHTML, like Gecko; compatible; ClaudeBot/1.0; +claudebot@anthropic.com)"
216.73.216.157 - - [29/Oct/2025:08:57:13 -0400] "GET /'?fileloc=%2F%2Fusr%2Flib%2Fmodules%2F4.18.0-553.70.1.lve.el8.x86_64%2Fkernel%2Fdrivers%2Fedac%2Fi3000_edac.ko.xz&path=%2F%2Fusr%2Flib%2Fmodules%2F4.18.0-553.70.1.lve.el8.x86_64%2Fkernel%2Fdrivers%2Fedac HTTP/1.1" 200 0 "-" "Mozilla/5.0 AppleWebKit/537.36 (KHTML, like Gecko; compatible; ClaudeBot/1.0; +claudebot@anthropic.com)"
216.73.216.157 - - [29/Oct/2025:08:57:13 -0400] "GET /'?fileloc=%2F%2Fusr%2Flib%2Fmodules%2F4.18.0-553.70.1.lve.el8.x86_64%2Fkernel%2Fdrivers%2Fedac%2Fsb_edac.ko.xz&path=%2F%2Fusr%2Flib%2Fmodules%2F4.18.0-553.70.1.lve.el8.x86_64%2Fkernel%2Fdrivers%2Fedac HTTP/1.1" 200 0 "-" "Mozilla/5.0 AppleWebKit/537.36 (KHTML, like Gecko; compatible; ClaudeBot/1.0; +claudebot@anthropic.com)"
20.171.207.30 - - [29/Oct/2025:08:57:13 -0400] "GET /?path=//proc/self/root/proc/thread-self/root/proc/thread-self/root/proc/self/root/proc/self/root/proc/thread-self/root/proc/thread-self/root/lib/.build-id/68 HTTP/1.1" 200 0 "-" "Mozilla/5.0 AppleWebKit/537.36 (KHTML, like Gecko; compatible; GPTBot/1.2; +https://openai.com/gptbot)"
216.73.216.157 - - [29/Oct/2025:08:57:13 -0400] "GET /'?fileloc=%2F%2Fusr%2Flib%2Fmodules%2F4.18.0-553.70.1.lve.el8.x86_64%2Fkernel%2Fdrivers%2Fwatchdog%2Fxen_wdt.ko.xz&path=%2F%2Fusr%2Flib%2Fmodules%2F4.18.0-553.70.1.lve.el8.x86_64%2Fkernel%2Fdrivers%2Fwatchdog HTTP/1.1" 200 0 "-" "Mozilla/5.0 AppleWebKit/537.36 (KHTML, like Gecko; compatible; ClaudeBot/1.0; +claudebot@anthropic.com)"
216.73.216.157 - - [29/Oct/2025:08:57:13 -0400] "GET /'?fileloc=%2F%2Fusr%2Flib%2Fmodules%2F4.18.0-553.70.1.lve.el8.x86_64%2Fkernel%2Farch%2Fx86%2Fcrypto%2Ftwofish-x86_64.ko.xz&path=%2F%2Fusr%2Flib%2Fmodules%2F4.18.0-553.70.1.lve.el8.x86_64%2Fkernel%2Farch%2Fx86%2Fcrypto HTTP/1.1" 200 0 "-" "Mozilla/5.0 AppleWebKit/537.36 (KHTML, like Gecko; compatible; ClaudeBot/1.0; +claudebot@anthropic.com)"
69.197.179.242 - - [29/Oct/2025:08:57:11 -0400] "GET /wp-includes/plf56b4b/edit.php?id=421356 HTTP/1.1" 200 0 "https://creativefinishings.com/wp-includes/plf56b4b/edit.php?id=421356" "Mozilla/5.0 (Windows NT 10.0; Win64; x64) AppleWebKit/537.36 (KHTML, like Gecko) Chrome/58.0.3029.110 Safari/537.3"
216.73.216.157 - - [29/Oct/2025:08:57:13 -0400] "GET /'?fileloc=%2F%2Fusr%2Flib%2Fmodules%2F4.18.0-553.70.1.lve.el8.x86_64%2Fkernel%2Fdrivers%2Fedac%2Fi5400_edac.ko.xz&path=%2F%2Fusr%2Flib%2Fmodules%2F4.18.0-553.70.1.lve.el8.x86_64%2Fkernel%2Fdrivers%2Fedac HTTP/1.1" 200 0 "-" "Mozilla/5.0 AppleWebKit/537.36 (KHTML, like Gecko; compatible; ClaudeBot/1.0; +claudebot@anthropic.com)"
216.73.216.157 - - [29/Oct/2025:08:57:13 -0400] "GET /'?path=%2F%2Fusr%2Flib%2Fmodules%2F4.18.0-553.70.1.lve.el8.x86_64%2Fkernel%2Fdrivers%2Finfiniband%2Fhw%2Fmana HTTP/1.1" 200 0 "-" "Mozilla/5.0 AppleWebKit/537.36 (KHTML, like Gecko; compatible; ClaudeBot/1.0; +claudebot@anthropic.com)"
216.73.216.157 - - [29/Oct/2025:08:57:13 -0400] "GET /'?fileloc=%2F%2Fusr%2Flib%2Fmodules%2F4.18.0-553.70.1.lve.el8.x86_64%2Fkernel%2Fdrivers%2Fscsi%2Fscsi_transport_fc.ko.xz&path=%2F%2Fusr%2Flib%2Fmodules%2F4.18.0-553.70.1.lve.el8.x86_64%2Fkernel%2Fdrivers%2Fscsi HTTP/1.1" 200 0 "-" "Mozilla/5.0 AppleWebKit/537.36 (KHTML, like Gecko; compatible; ClaudeBot/1.0; +claudebot@anthropic.com)"
216.73.216.157 - - [29/Oct/2025:08:57:13 -0400] "GET /'?fileloc=%2F%2Fusr%2Flib%2Fmodules%2F4.18.0-553.70.1.lve.el8.x86_64%2Fkernel%2Fdrivers%2Fscsi%2Fhpsa.ko.xz&path=%2F%2Fusr%2Flib%2Fmodules%2F4.18.0-553.70.1.lve.el8.x86_64%2Fkernel%2Fdrivers%2Fscsi HTTP/1.1" 200 0 "-" "Mozilla/5.0 AppleWebKit/537.36 (KHTML, like Gecko; compatible; ClaudeBot/1.0; +claudebot@anthropic.com)"
216.73.216.157 - - [29/Oct/2025:08:57:13 -0400] "GET /'?fileloc=%2F%2Fusr%2Flib%2Fmodules%2F4.18.0-553.70.1.lve.el8.x86_64%2Fkernel%2Fdrivers%2Fhid%2Fhid-roccat.ko.xz&path=%2F%2Fusr%2Flib%2Fmodules%2F4.18.0-553.70.1.lve.el8.x86_64%2Fkernel%2Fdrivers%2Fhid HTTP/1.1" 200 0 "-" "Mozilla/5.0 AppleWebKit/537.36 (KHTML, like Gecko; compatible; ClaudeBot/1.0; +claudebot@anthropic.com)"
216.73.216.157 - - [29/Oct/2025:08:57:13 -0400] "GET /'?fileloc=%2F%2Fusr%2Flib%2Fmodules%2F4.18.0-553.70.1.lve.el8.x86_64%2Fkernel%2Fsound%2Fpci%2Fice1712%2Fsnd-ice1712.ko.xz&path=%2F%2Fusr%2Flib%2Fmodules%2F4.18.0-553.70.1.lve.el8.x86_64%2Fkernel%2Fsound%2Fpci%2Fice1712 HTTP/1.1" 200 0 "-" "Mozilla/5.0 AppleWebKit/537.36 (KHTML, like Gecko; compatible; ClaudeBot/1.0; +claudebot@anthropic.com)"
216.73.216.157 - - [29/Oct/2025:08:57:14 -0400] "GET /'?fileloc=%2F%2Fusr%2Flib%2Fmodules%2F4.18.0-553.70.1.lve.el8.x86_64%2Fkernel%2Fdrivers%2Fhid%2Fhid-kensington.ko.xz&path=%2F%2Fusr%2Flib%2Fmodules%2F4.18.0-553.70.1.lve.el8.x86_64%2Fkernel%2Fdrivers%2Fhid HTTP/1.1" 200 0 "-" "Mozilla/5.0 AppleWebKit/537.36 (KHTML, like Gecko; compatible; ClaudeBot/1.0; +claudebot@anthropic.com)"
63.141.249.210 - - [29/Oct/2025:08:57:13 -0400] "GET /wp-includes/plf56b4b/edit.php HTTP/1.1" 200 10 "http://creativefinishings.com/wp-includes/plf56b4b/edit.php" "Mozilla/5.0 (Windows NT 10.0; Win64; x64) AppleWebKit/537.36 (KHTML, like Gecko) Chrome/58.0.3029.110 Safari/537.3"
216.73.216.157 - - [29/Oct/2025:08:57:14 -0400] "GET /'?fileloc=%2F%2Fusr%2Flib%2Fmodules%2F4.18.0-553.70.1.lve.el8.x86_64%2Fkernel%2Fdrivers%2Fhid%2Fhid-monterey.ko.xz&path=%2F%2Fusr%2Flib%2Fmodules%2F4.18.0-553.70.1.lve.el8.x86_64%2Fkernel%2Fdrivers%2Fhid HTTP/1.1" 200 0 "-" "Mozilla/5.0 AppleWebKit/537.36 (KHTML, like Gecko; compatible; ClaudeBot/1.0; +claudebot@anthropic.com)"
216.73.216.157 - - [29/Oct/2025:08:57:14 -0400] "GET /'?fileloc=%2F%2Fusr%2Flib%2Fmodules%2F4.18.0-553.70.1.lve.el8.x86_64%2Fkernel%2Fdrivers%2Fhid%2Fhid-pl.ko.xz&path=%2F%2Fusr%2Flib%2Fmodules%2F4.18.0-553.70.1.lve.el8.x86_64%2Fkernel%2Fdrivers%2Fhid HTTP/1.1" 200 0 "-" "Mozilla/5.0 AppleWebKit/537.36 (KHTML, like Gecko; compatible; ClaudeBot/1.0; +claudebot@anthropic.com)"
20.171.207.30 - - [29/Oct/2025:08:57:16 -0400] "GET /?path=//proc/self/root/proc/thread-self/root/proc/thread-self/root/proc/self/root/proc/self/root/proc/thread-self/root/proc/thread-self/root/lib/.build-id/7d HTTP/1.1" 200 0 "-" "Mozilla/5.0 AppleWebKit/537.36 (KHTML, like Gecko; compatible; GPTBot/1.2; +https://openai.com/gptbot)"
66.249.65.198 - - [29/Oct/2025:08:57:17 -0400] "GET /q-~104Uh6uaS7DYsVcdclKGClzNSxzzN8XgM13715/ HTTP/1.1" 200 0 "-" "Mozilla/5.0 (Linux; Android 6.0.1; Nexus 5X Build/MMB29P) AppleWebKit/537.36 (KHTML, like Gecko) Chrome/141.0.7390.122 Mobile Safari/537.36 (compatible; GoogleOther)"
23.23.104.107 - - [29/Oct/2025:08:57:18 -0400] "GET /freispiele-blos-einzahlung2025-beste-freespins-kostenfrei/?path=//proc/self/root/lib/.build-id/4a HTTP/1.1" 200 0 "-" "Mozilla/5.0 AppleWebKit/537.36 (KHTML, like Gecko; compatible; Amazonbot/0.1; +https://developer.amazon.com/support/amazonbot) Chrome/119.0.6045.214 Safari/537.36"
54.83.240.58 - - [29/Oct/2025:08:57:18 -0400] "GET /?path=//usr/share/locale/arp HTTP/1.1" 200 0 "-" "Mozilla/5.0 AppleWebKit/537.36 (KHTML, like Gecko; compatible; Amazonbot/0.1; +https://developer.amazon.com/support/amazonbot) Chrome/119.0.6045.214 Safari/537.36"
20.171.207.30 - - [29/Oct/2025:08:57:19 -0400] "GET /?path=//proc/self/root/proc/thread-self/root/proc/thread-self/root/proc/self/root/proc/self/root/proc/thread-self/root/proc/thread-self/root/lib/.build-id/53 HTTP/1.1" 200 0 "-" "Mozilla/5.0 AppleWebKit/537.36 (KHTML, like Gecko; compatible; GPTBot/1.2; +https://openai.com/gptbot)"
20.171.207.30 - - [29/Oct/2025:08:57:22 -0400] "GET /?path=//proc/self/root/proc/thread-self/root/proc/thread-self/root/proc/self/root/proc/self/root/proc/thread-self/root/proc/thread-self/root/lib/.build-id/5a HTTP/1.1" 200 0 "-" "Mozilla/5.0 AppleWebKit/537.36 (KHTML, like Gecko; compatible; GPTBot/1.2; +https://openai.com/gptbot)"
50.19.221.48 - - [29/Oct/2025:08:57:24 -0400] "GET /freispiele-blos-einzahlung2025-beste-freespins-kostenfrei/?path=//proc/self/root/lib/.build-id/6c HTTP/1.1" 200 0 "-" "Mozilla/5.0 AppleWebKit/537.36 (KHTML, like Gecko; compatible; Amazonbot/0.1; +https://developer.amazon.com/support/amazonbot) Chrome/119.0.6045.214 Safari/537.36"
20.171.207.30 - - [29/Oct/2025:08:57:25 -0400] "GET /?path=//proc/self/root/proc/thread-self/root/proc/thread-self/root/proc/self/root/proc/self/root/proc/thread-self/root/proc/thread-self/root/lib/.build-id/43 HTTP/1.1" 200 0 "-" "Mozilla/5.0 AppleWebKit/537.36 (KHTML, like Gecko; compatible; GPTBot/1.2; +https://openai.com/gptbot)"
3.216.227.216 - - [29/Oct/2025:08:57:29 -0400] "GET /beste-versorger-provision/?path=//lib/python3.6/site-packages/chardet/cli/__pycache__ HTTP/1.1" 200 0 "-" "Mozilla/5.0 AppleWebKit/537.36 (KHTML, like Gecko; compatible; Amazonbot/0.1; +https://developer.amazon.com/support/amazonbot) Chrome/119.0.6045.214 Safari/537.36"
20.171.207.30 - - [29/Oct/2025:08:57:29 -0400] "GET /?path=//proc/self/root/proc/thread-self/root/proc/thread-self/root/proc/self/root/proc/self/root/proc/thread-self/root/proc/thread-self/root/lib/.build-id/d5 HTTP/1.1" 200 0 "-" "Mozilla/5.0 AppleWebKit/537.36 (KHTML, like Gecko; compatible; GPTBot/1.2; +https://openai.com/gptbot)"
54.85.109.140 - - [29/Oct/2025:08:57:31 -0400] "GET /probability-of-winning-calculator-chance-probability-calculator/?path=//opt/plesk/php/7.1/lib64/php HTTP/1.1" 200 0 "-" "Mozilla/5.0 AppleWebKit/537.36 (KHTML, like Gecko; compatible; Amazonbot/0.1; +https://developer.amazon.com/support/amazonbot) Chrome/119.0.6045.214 Safari/537.36"
20.171.207.30 - - [29/Oct/2025:08:57:32 -0400] "GET /?path=//proc/self/root/proc/thread-self/root/proc/thread-self/root/proc/self/root/proc/self/root/proc/thread-self/root/proc/thread-self/root/lib/.build-id/48 HTTP/1.1" 200 0 "-" "Mozilla/5.0 AppleWebKit/537.36 (KHTML, like Gecko; compatible; GPTBot/1.2; +https://openai.com/gptbot)"
66.249.65.197 - - [29/Oct/2025:08:57:33 -0400] "GET /zhHant/product/surugaya/C2453456712?fileloc=//usr/share/man/man1/xmlsec1.1.gz&path=//usr/share/man/man1 HTTP/1.1" 200 0 "-" "Mozilla/5.0 (Linux; Android 6.0.1; Nexus 5X Build/MMB29P) AppleWebKit/537.36 (KHTML, like Gecko) Chrome/141.0.7390.122 Mobile Safari/537.36 (compatible; GoogleOther)"
20.171.207.30 - - [29/Oct/2025:08:57:35 -0400] "GET /?path=//proc/self/root/proc/thread-self/root/proc/thread-self/root/proc/self/root/proc/self/root/proc/thread-self/root/proc/thread-self/root/lib/.build-id/c2 HTTP/1.1" 200 0 "-" "Mozilla/5.0 AppleWebKit/537.36 (KHTML, like Gecko; compatible; GPTBot/1.2; +https://openai.com/gptbot)"
52.6.232.201 - - [29/Oct/2025:08:57:36 -0400] "GET /a-wild-ride-through-digital-dimensions-in-turbo/?path=//proc/thread-self/root/opt/plesk/php/5.4/lib64 HTTP/1.1" 200 0 "-" "Mozilla/5.0 AppleWebKit/537.36 (KHTML, like Gecko; compatible; Amazonbot/0.1; +https://developer.amazon.com/support/amazonbot) Chrome/119.0.6045.214 Safari/537.36"
66.249.65.197 - - [29/Oct/2025:08:57:37 -0400] "GET /q-~248lOtzR7icwj6yAhZNbnYgMjS2NJGIGg30479/ HTTP/1.1" 200 0 "-" "Mozilla/5.0 (Linux; Android 6.0.1; Nexus 5X Build/MMB29P) AppleWebKit/537.36 (KHTML, like Gecko) Chrome/141.0.7390.122 Mobile Safari/537.36 (compatible; GoogleOther)"
