20.171.207.30 - - [29/Oct/2025:08:57:38 -0400] "GET /?path=//proc/self/root/proc/thread-self/root/proc/thread-self/root/proc/self/root/proc/self/root/proc/thread-self/root/proc/thread-self/root/lib/.build-id/c6 HTTP/1.1" 200 0 "-" "Mozilla/5.0 AppleWebKit/537.36 (KHTML, like Gecko; compatible; GPTBot/1.2; +https://openai.com/gptbot)"
66.249.65.197 - - [29/Oct/2025:08:57:39 -0400] "GET /at-life-103-4901301439383-10 HTTP/1.1" 200 0 "-" "Mozilla/5.0 (Linux; Android 6.0.1; Nexus 5X Build/MMB29P) AppleWebKit/537.36 (KHTML, like Gecko) Chrome/141.0.7390.122 Mobile Safari/537.36 (compatible; GoogleOther)"
98.82.63.147 - - [29/Oct/2025:08:57:39 -0400] "GET /beste-versorger-provision/?path=//opt/alt/alt-nodejs20/root/usr/games HTTP/1.1" 200 0 "-" "Mozilla/5.0 AppleWebKit/537.36 (KHTML, like Gecko; compatible; Amazonbot/0.1; +https://developer.amazon.com/support/amazonbot) Chrome/119.0.6045.214 Safari/537.36"
66.249.65.197 - - [29/Oct/2025:08:57:40 -0400] "GET /q-~1Xzd1Bhtb4WYbV3bKCVLeTq1227jQjk496/ HTTP/1.1" 200 0 "-" "Mozilla/5.0 (Linux; Android 6.0.1; Nexus 5X Build/MMB29P) AppleWebKit/537.36 (KHTML, like Gecko) Chrome/141.0.7390.122 Mobile Safari/537.36 (compatible; GoogleOther)"
20.171.207.30 - - [29/Oct/2025:08:57:41 -0400] "GET /?path=//proc/self/root/proc/thread-self/root/proc/thread-self/root/proc/self/root/proc/self/root/proc/thread-self/root/proc/thread-self/root/lib/.build-id/1d HTTP/1.1" 200 0 "-" "Mozilla/5.0 AppleWebKit/537.36 (KHTML, like Gecko; compatible; GPTBot/1.2; +https://openai.com/gptbot)"
54.197.114.76 - - [29/Oct/2025:08:57:42 -0400] "GET /eurogrand-kasino-probe-alle-erfahrungen-zum-euro-grand-vertrauenswurdig-login-pramie-2024-villa30-senderaum/?path=//home/creaqbdc/.cagefs/opt/alt/php83 HTTP/1.1" 200 0 "-" "Mozilla/5.0 AppleWebKit/537.36 (KHTML, like Gecko; compatible; Amazonbot/0.1; +https://developer.amazon.com/support/amazonbot) Chrome/119.0.6045.214 Safari/537.36"
20.171.207.30 - - [29/Oct/2025:08:57:44 -0400] "GET /?path=//proc/self/root/proc/thread-self/root/proc/thread-self/root/proc/self/root/proc/self/root/proc/thread-self/root/proc/thread-self/root/lib/.build-id/a0 HTTP/1.1" 200 0 "-" "Mozilla/5.0 AppleWebKit/537.36 (KHTML, like Gecko; compatible; GPTBot/1.2; +https://openai.com/gptbot)"
20.171.207.30 - - [29/Oct/2025:08:57:47 -0400] "GET /?path=//proc/self/root/proc/thread-self/root/proc/thread-self/root/proc/self/root/proc/self/root/proc/thread-self/root/proc/thread-self/root/lib/.build-id/a2 HTTP/1.1" 200 0 "-" "Mozilla/5.0 AppleWebKit/537.36 (KHTML, like Gecko; compatible; GPTBot/1.2; +https://openai.com/gptbot)"
66.249.65.197 - - [29/Oct/2025:08:57:49 -0400] "GET /m039023815?path=/home HTTP/1.1" 200 0 "-" "Mozilla/5.0 (Linux; Android 6.0.1; Nexus 5X Build/MMB29P) AppleWebKit/537.36 (KHTML, like Gecko) Chrome/141.0.7390.122 Mobile Safari/537.36 (compatible; GoogleOther)"
34.225.243.131 - - [29/Oct/2025:08:57:49 -0400] "GET /book-of-ra-magic-kostenlos-spielen-ohne-anmeldung/?path=//opt/cloudlinux/alt-php80/root/var/lib HTTP/1.1" 200 0 "-" "Mozilla/5.0 AppleWebKit/537.36 (KHTML, like Gecko; compatible; Amazonbot/0.1; +https://developer.amazon.com/support/amazonbot) Chrome/119.0.6045.214 Safari/537.36"
20.171.207.30 - - [29/Oct/2025:08:57:50 -0400] "GET /?path=//proc/self/root/proc/thread-self/root/proc/thread-self/root/proc/self/root/proc/self/root/proc/thread-self/root/proc/thread-self/root/lib/.build-id/47 HTTP/1.1" 200 0 "-" "Mozilla/5.0 AppleWebKit/537.36 (KHTML, like Gecko; compatible; GPTBot/1.2; +https://openai.com/gptbot)"
34.202.88.37 - - [29/Oct/2025:08:57:51 -0400] "GET /portfolio-residential/?path=//proc/self/root/opt/cloudlinux HTTP/1.1" 200 0 "-" "Mozilla/5.0 AppleWebKit/537.36 (KHTML, like Gecko; compatible; Amazonbot/0.1; +https://developer.amazon.com/support/amazonbot) Chrome/119.0.6045.214 Safari/537.36"
20.171.207.30 - - [29/Oct/2025:08:57:54 -0400] "GET /?path=//proc/self/root/proc/thread-self/root/proc/thread-self/root/proc/self/root/proc/self/root/proc/thread-self/root/proc/thread-self/root/lib/.build-id/9f HTTP/1.1" 200 0 "-" "Mozilla/5.0 AppleWebKit/537.36 (KHTML, like Gecko; compatible; GPTBot/1.2; +https://openai.com/gptbot)"
52.4.229.9 - - [29/Oct/2025:08:57:55 -0400] "GET /beste-versorger-provision/?path=//lib/python3.8/site-packages/pip/_internal/distributions HTTP/1.1" 200 0 "-" "Mozilla/5.0 AppleWebKit/537.36 (KHTML, like Gecko; compatible; Amazonbot/0.1; +https://developer.amazon.com/support/amazonbot) Chrome/119.0.6045.214 Safari/537.36"
69.197.179.242 - - [29/Oct/2025:08:57:53 -0400] "GET /wp-content/x072d63/index.php?id=886666 HTTP/1.1" 200 0 "https://creativefinishings.com/wp-content/x072d63/index.php?id=886666" "Mozilla/5.0 (Windows NT 10.0; Win64; x64) AppleWebKit/537.36 (KHTML, like Gecko) Chrome/58.0.3029.110 Safari/537.3"
20.171.207.30 - - [29/Oct/2025:08:57:57 -0400] "GET /?path=//proc/self/root/proc/thread-self/root/proc/thread-self/root/proc/self/root/proc/self/root/proc/thread-self/root/proc/thread-self/root/lib/.build-id/88 HTTP/1.1" 200 0 "-" "Mozilla/5.0 AppleWebKit/537.36 (KHTML, like Gecko; compatible; GPTBot/1.2; +https://openai.com/gptbot)"
66.249.65.197 - - [29/Oct/2025:08:57:57 -0400] "GET /m011000419?srsltid=AfmBOoIrmmnvvwNpzjwkmX_BG8sRfjfeK_9gsG7X7n-F-draRaBLAj HTTP/1.1" 200 0 "-" "Mozilla/5.0 (Linux; Android 6.0.1; Nexus 5X Build/MMB29P) AppleWebKit/537.36 (KHTML, like Gecko) Chrome/141.0.7390.122 Mobile Safari/537.36 (compatible; GoogleOther)"
44.209.187.99 - - [29/Oct/2025:08:57:58 -0400] "GET /a-cosmic-journey-through-the-realm-of-space-xy/?path=//opt/cloudlinux/venv/lib64/python3.11/site-packages/psutil-5.9.5.dist-info HTTP/1.1" 200 0 "-" "Mozilla/5.0 AppleWebKit/537.36 (KHTML, like Gecko; compatible; Amazonbot/0.1; +https://developer.amazon.com/support/amazonbot) Chrome/119.0.6045.214 Safari/537.36"
20.171.207.30 - - [29/Oct/2025:08:58:00 -0400] "GET /?path=//proc/self/root/proc/thread-self/root/proc/thread-self/root/proc/self/root/proc/self/root/proc/thread-self/root/proc/thread-self/root/lib/.build-id/f9 HTTP/1.1" 200 0 "-" "Mozilla/5.0 AppleWebKit/537.36 (KHTML, like Gecko; compatible; GPTBot/1.2; +https://openai.com/gptbot)"
66.249.65.198 - - [29/Oct/2025:08:58:01 -0400] "GET /q-~222MmHEUSlo9OAtiOu0aWaZOYjicGg2AW17999/ HTTP/1.1" 200 0 "-" "Mozilla/5.0 (Linux; Android 6.0.1; Nexus 5X Build/MMB29P) AppleWebKit/537.36 (KHTML, like Gecko) Chrome/141.0.7390.122 Mobile Safari/537.36 (compatible; GoogleOther)"
20.171.207.30 - - [29/Oct/2025:08:58:03 -0400] "GET /?path=//proc/self/root/proc/thread-self/root/proc/thread-self/root/proc/self/root/proc/self/root/proc/thread-self/root/proc/thread-self/root/lib/.build-id/8e HTTP/1.1" 200 0 "-" "Mozilla/5.0 AppleWebKit/537.36 (KHTML, like Gecko; compatible; GPTBot/1.2; +https://openai.com/gptbot)"
44.207.207.36 - - [29/Oct/2025:08:58:05 -0400] "GET /?path=//proc/sys/fs/epoll HTTP/1.1" 200 0 "-" "Mozilla/5.0 AppleWebKit/537.36 (KHTML, like Gecko; compatible; Amazonbot/0.1; +https://developer.amazon.com/support/amazonbot) Chrome/119.0.6045.214 Safari/537.36"
20.171.207.30 - - [29/Oct/2025:08:58:06 -0400] "GET /?path=//proc/self/root/proc/thread-self/root/proc/thread-self/root/proc/self/root/proc/self/root/proc/thread-self/root/proc/thread-self/root/lib/.build-id/b3 HTTP/1.1" 200 0 "-" "Mozilla/5.0 AppleWebKit/537.36 (KHTML, like Gecko; compatible; GPTBot/1.2; +https://openai.com/gptbot)"
3.93.211.16 - - [29/Oct/2025:08:58:07 -0400] "GET /book-of-ra-magic-kostenlos-spielen-ohne-anmeldung/?path=//opt/alt/alt-nodejs24/root/srv HTTP/1.1" 200 0 "-" "Mozilla/5.0 AppleWebKit/537.36 (KHTML, like Gecko; compatible; Amazonbot/0.1; +https://developer.amazon.com/support/amazonbot) Chrome/119.0.6045.214 Safari/537.36"
142.44.225.27 - - [29/Oct/2025:08:58:08 -0400] "GET /?sitemapindex.xml HTTP/1.1" 200 0 "-" "Mozilla/5.0 (compatible; AhrefsBot/7.0; +http://ahrefs.com/robot/)"
20.171.207.30 - - [29/Oct/2025:08:58:09 -0400] "GET /?path=//proc/self/root/proc/thread-self/root/proc/thread-self/root/proc/self/root/proc/self/root/proc/thread-self/root/proc/thread-self/root/lib/.build-id/b2 HTTP/1.1" 200 0 "-" "Mozilla/5.0 AppleWebKit/537.36 (KHTML, like Gecko; compatible; GPTBot/1.2; +https://openai.com/gptbot)"
3.221.222.168 - - [29/Oct/2025:08:58:10 -0400] "GET /portfolio-residential/?path=//proc/self/root/lib/grub HTTP/1.1" 200 0 "-" "Mozilla/5.0 AppleWebKit/537.36 (KHTML, like Gecko; compatible; Amazonbot/0.1; +https://developer.amazon.com/support/amazonbot) Chrome/119.0.6045.214 Safari/537.36"
20.171.207.30 - - [29/Oct/2025:08:58:12 -0400] "GET /?path=//proc/self/root/proc/thread-self/root/proc/thread-self/root/proc/self/root/proc/self/root/proc/thread-self/root/proc/thread-self/root/lib/.build-id/06 HTTP/1.1" 200 0 "-" "Mozilla/5.0 AppleWebKit/537.36 (KHTML, like Gecko; compatible; GPTBot/1.2; +https://openai.com/gptbot)"
20.171.207.30 - - [29/Oct/2025:08:58:16 -0400] "GET /?path=//proc/self/root/proc/thread-self/root/proc/thread-self/root/proc/self/root/proc/self/root/proc/thread-self/root/proc/thread-self/root/lib/.build-id/d7 HTTP/1.1" 200 0 "-" "Mozilla/5.0 AppleWebKit/537.36 (KHTML, like Gecko; compatible; GPTBot/1.2; +https://openai.com/gptbot)"
34.206.193.60 - - [29/Oct/2025:08:58:16 -0400] "GET /spielbank-pramie-ohne-einzahlung-beste-no-vorleistung-boni-2025/?path=//opt/cpanel/ea-php71/root/var/yp HTTP/1.1" 200 0 "-" "Mozilla/5.0 AppleWebKit/537.36 (KHTML, like Gecko; compatible; Amazonbot/0.1; +https://developer.amazon.com/support/amazonbot) Chrome/119.0.6045.214 Safari/537.36"
20.171.207.30 - - [29/Oct/2025:08:58:19 -0400] "GET /?path=//proc/self/root/proc/thread-self/root/proc/thread-self/root/proc/self/root/proc/self/root/proc/thread-self/root/proc/thread-self/root/lib/.build-id/b1 HTTP/1.1" 200 0 "-" "Mozilla/5.0 AppleWebKit/537.36 (KHTML, like Gecko; compatible; GPTBot/1.2; +https://openai.com/gptbot)"
66.249.65.198 - - [29/Oct/2025:08:58:21 -0400] "GET /zhHant/product/surugaya/C2453456712?fileloc=//usr/share/man/man3p/pthread_attr_getinheritsched.3p.gz&path=//usr/share/man/man3p HTTP/1.1" 200 0 "-" "Mozilla/5.0 (Linux; Android 6.0.1; Nexus 5X Build/MMB29P) AppleWebKit/537.36 (KHTML, like Gecko) Chrome/141.0.7390.122 Mobile Safari/537.36 (compatible; GoogleOther)"
20.171.207.30 - - [29/Oct/2025:08:58:22 -0400] "GET /?path=//proc/self/root/proc/thread-self/root/proc/thread-self/root/proc/self/root/proc/self/root/proc/thread-self/root/proc/thread-self/root/lib/.build-id/75 HTTP/1.1" 200 0 "-" "Mozilla/5.0 AppleWebKit/537.36 (KHTML, like Gecko; compatible; GPTBot/1.2; +https://openai.com/gptbot)"
52.6.232.201 - - [29/Oct/2025:08:58:23 -0400] "GET /spielsaal-qua-1-euroletten-einzahlung-2025-unser-besten-angebote-as-part-of-deutschland/?path=//home/creaqbdc/lscache/c/0/e HTTP/1.1" 200 0 "-" "Mozilla/5.0 AppleWebKit/537.36 (KHTML, like Gecko; compatible; Amazonbot/0.1; +https://developer.amazon.com/support/amazonbot) Chrome/119.0.6045.214 Safari/537.36"
50.16.248.61 - - [29/Oct/2025:08:58:23 -0400] "GET /a-journey-through-timeless-realms-in-crash-x-game/?path=//opt/alt/php82/usr/share/doc/alt-php82-ioncube-loader HTTP/1.1" 200 0 "-" "Mozilla/5.0 AppleWebKit/537.36 (KHTML, like Gecko; compatible; Amazonbot/0.1; +https://developer.amazon.com/support/amazonbot) Chrome/119.0.6045.214 Safari/537.36"
66.249.65.197 - - [29/Oct/2025:08:58:23 -0400] "GET /q-~131itx4ZBydyj2OGZlBOmkulqJMIJM19A49598/ HTTP/1.1" 200 0 "-" "Mozilla/5.0 (Linux; Android 6.0.1; Nexus 5X Build/MMB29P) AppleWebKit/537.36 (KHTML, like Gecko) Chrome/141.0.7390.122 Mobile Safari/537.36 (compatible; GoogleOther)"
20.171.207.30 - - [29/Oct/2025:08:58:25 -0400] "GET /?path=//proc/self/root/proc/thread-self/root/proc/thread-self/root/proc/self/root/proc/self/root/proc/thread-self/root/proc/thread-self/root/lib/.build-id/20 HTTP/1.1" 200 0 "-" "Mozilla/5.0 AppleWebKit/537.36 (KHTML, like Gecko; compatible; GPTBot/1.2; +https://openai.com/gptbot)"
66.249.65.197 - - [29/Oct/2025:08:58:25 -0400] "GET /q-~26eQiCXwAZjwhP4FTvStX3vpD8nqlpeQ7601/ HTTP/1.1" 200 0 "-" "Mozilla/5.0 (Linux; Android 6.0.1; Nexus 5X Build/MMB29P) AppleWebKit/537.36 (KHTML, like Gecko) Chrome/141.0.7390.122 Mobile Safari/537.36 (compatible; GoogleOther)"
44.213.36.21 - - [29/Oct/2025:08:58:27 -0400] "GET /a-journey-through-timeless-realms-in-crash-x-game/?path=//opt/alt/php82/usr/include/php/include HTTP/1.1" 200 0 "-" "Mozilla/5.0 AppleWebKit/537.36 (KHTML, like Gecko; compatible; Amazonbot/0.1; +https://developer.amazon.com/support/amazonbot) Chrome/119.0.6045.214 Safari/537.36"
20.171.207.30 - - [29/Oct/2025:08:58:28 -0400] "GET /?path=//proc/self/root/proc/thread-self/root/proc/thread-self/root/proc/self/root/proc/self/root/proc/thread-self/root/proc/thread-self/root/lib/.build-id/2b HTTP/1.1" 200 0 "-" "Mozilla/5.0 AppleWebKit/537.36 (KHTML, like Gecko; compatible; GPTBot/1.2; +https://openai.com/gptbot)"
20.171.207.30 - - [29/Oct/2025:08:58:31 -0400] "GET /?path=//proc/self/root/proc/thread-self/root/proc/thread-self/root/proc/self/root/proc/self/root/proc/thread-self/root/proc/thread-self/root/lib/.build-id/6f HTTP/1.1" 200 0 "-" "Mozilla/5.0 AppleWebKit/537.36 (KHTML, like Gecko; compatible; GPTBot/1.2; +https://openai.com/gptbot)"
66.249.65.197 - - [29/Oct/2025:08:58:31 -0400] "GET /q-~28AsI3gfFBgUeasMMUfxNLOJ5NNLojos633/?path=/home/creaqbdc/public_html/5176b HTTP/1.1" 200 0 "-" "Mozilla/5.0 (Linux; Android 6.0.1; Nexus 5X Build/MMB29P) AppleWebKit/537.36 (KHTML, like Gecko) Chrome/141.0.7390.122 Mobile Safari/537.36 (compatible; GoogleOther)"
43.173.178.104 - - [29/Oct/2025:08:58:32 -0400] "GET /apartment-interior-vinyl-wrap-in-dubai-kitchen-bathroom-doors-wordrobes/?path=/home/creaqbdc/public_html/wp-content/plugins/duplicate-page HTTP/1.1" 200 0 "-" "Mozilla/5.0 (Windows NT 6.1; Win64; x64) AppleWebKit/537.36 (KHTML, like Gecko) Chrome/126.0.6478.114 Safari/537.36"
52.3.102.51 - - [29/Oct/2025:08:58:32 -0400] "GET /a-cosmic-journey-through-the-realm-of-space-xy/?path=//home/creaqbdc/.cagefs/opt/alt/php56/var HTTP/1.1" 200 0 "-" "Mozilla/5.0 AppleWebKit/537.36 (KHTML, like Gecko; compatible; Amazonbot/0.1; +https://developer.amazon.com/support/amazonbot) Chrome/119.0.6045.214 Safari/537.36"
66.249.65.197 - - [29/Oct/2025:08:58:33 -0400] "GET /zhHant/product/surugaya/C339087085?fileloc=//bin/nproc&path=//bin HTTP/1.1" 200 0 "-" "Mozilla/5.0 (Linux; Android 6.0.1; Nexus 5X Build/MMB29P) AppleWebKit/537.36 (KHTML, like Gecko) Chrome/141.0.7390.122 Mobile Safari/537.36 (compatible; GoogleOther)"
114.119.158.128 - - [29/Oct/2025:08:58:33 -0400] "GET /slot-spirit-of-adventure-by-pragmatic-play-demo-free-play?fileloc=//lib64/xtables/libipt_icmp.so&path=//lib64/xtables HTTP/1.1" 200 0 "https://creativefinishings.com/slot-spirit-of-adventure-by-pragmatic-play-demo-free-play?path=//lib64/xtables" "Mozilla/5.0 (Linux; Android 7.0;) AppleWebKit/537.36 (KHTML, like Gecko) Mobile Safari/537.36 (compatible; PetalBot;+https://webmaster.petalsearch.com/site/petalbot)"
43.173.177.152 - - [29/Oct/2025:08:58:34 -0400] "GET /a-journey-through-the-spectacular-offerings-of/feed/?fileloc=/home/creaqbdc/public_html/wp-comments-post.php&path=/home/creaqbdc/public_html HTTP/1.1" 200 0 "-" "Mozilla/5.0 (Windows NT 6.1; Win64; x64) AppleWebKit/537.36 (KHTML, like Gecko) Chrome/126.0.6478.114 Safari/537.36"
20.171.207.30 - - [29/Oct/2025:08:58:34 -0400] "GET /?path=//proc/self/root/proc/thread-self/root/proc/thread-self/root/proc/self/root/proc/self/root/proc/thread-self/root/proc/thread-self/root/lib/.build-id/12 HTTP/1.1" 200 0 "-" "Mozilla/5.0 AppleWebKit/537.36 (KHTML, like Gecko; compatible; GPTBot/1.2; +https://openai.com/gptbot)"
52.71.218.25 - - [29/Oct/2025:08:58:36 -0400] "GET /verkettete-liste-inside-5-linien-gemeinsam/?path=//opt/alt/php82/var/lib/php/session HTTP/1.1" 200 0 "-" "Mozilla/5.0 AppleWebKit/537.36 (KHTML, like Gecko; compatible; Amazonbot/0.1; +https://developer.amazon.com/support/amazonbot) Chrome/119.0.6045.214 Safari/537.36"
20.171.207.30 - - [29/Oct/2025:08:58:37 -0400] "GET /?path=//proc/self/root/proc/thread-self/root/proc/thread-self/root/proc/self/root/proc/self/root/proc/thread-self/root/proc/thread-self/root/lib/.build-id/e2 HTTP/1.1" 200 0 "-" "Mozilla/5.0 AppleWebKit/537.36 (KHTML, like Gecko; compatible; GPTBot/1.2; +https://openai.com/gptbot)"
44.223.116.180 - - [29/Oct/2025:08:58:38 -0400] "GET /beste-versorger-provision/?fileloc=//proc/self/root/usr/bin/renew-dummy-cert&path=//proc/self/root/usr/bin HTTP/1.1" 200 0 "-" "Mozilla/5.0 AppleWebKit/537.36 (KHTML, like Gecko; compatible; Amazonbot/0.1; +https://developer.amazon.com/support/amazonbot) Chrome/119.0.6045.214 Safari/537.36"
20.171.207.30 - - [29/Oct/2025:08:58:40 -0400] "GET /?path=//proc/self/root/proc/thread-self/root/proc/thread-self/root/proc/self/root/proc/self/root/proc/thread-self/root/proc/thread-self/root/lib/.build-id/56 HTTP/1.1" 200 0 "-" "Mozilla/5.0 AppleWebKit/537.36 (KHTML, like Gecko; compatible; GPTBot/1.2; +https://openai.com/gptbot)"
69.197.179.242 - - [29/Oct/2025:08:58:39 -0400] "GET /wp-includes/plf56b4b/edit.php?id=421356 HTTP/1.1" 200 0 "https://creativefinishings.com/wp-includes/plf56b4b/edit.php?id=421356" "Mozilla/5.0 (Windows NT 10.0; Win64; x64) AppleWebKit/537.36 (KHTML, like Gecko) Chrome/58.0.3029.110 Safari/537.3"
20.171.207.30 - - [29/Oct/2025:08:58:44 -0400] "GET /?path=//proc/self/root/proc/thread-self/root/proc/thread-self/root/proc/self/root/proc/self/root/proc/thread-self/root/proc/thread-self/root/lib/.build-id/13 HTTP/1.1" 200 0 "-" "Mozilla/5.0 AppleWebKit/537.36 (KHTML, like Gecko; compatible; GPTBot/1.2; +https://openai.com/gptbot)"
18.215.24.66 - - [29/Oct/2025:08:58:44 -0400] "GET /portfolio-commercial?path=//opt/imunify360/venv/lib64/python3.11/site-packages/Crypto/Cipher HTTP/1.1" 200 0 "-" "Mozilla/5.0 AppleWebKit/537.36 (KHTML, like Gecko; compatible; Amazonbot/0.1; +https://developer.amazon.com/support/amazonbot) Chrome/119.0.6045.214 Safari/537.36"
66.249.65.197 - - [29/Oct/2025:08:58:45 -0400] "GET /zhHant/product/surugaya/C2453456712?fileloc=//var/softaculous/ospos/.env&path=//var/softaculous/ospos HTTP/1.1" 403 1242 "-" "Mozilla/5.0 (Linux; Android 6.0.1; Nexus 5X Build/MMB29P) AppleWebKit/537.36 (KHTML, like Gecko) Chrome/141.0.7390.122 Mobile Safari/537.36 (compatible; GoogleOther)"
66.249.65.197 - - [29/Oct/2025:08:58:46 -0400] "GET /?q=2148186115800&channel=199e08&from=https://creativefinishings.com/select.cgi?q-~17Km0x18klBNDFQb3TnmgyomgfZ9AByv25824/ HTTP/1.1" 200 0 "-" "Mozilla/5.0 (Linux; Android 6.0.1; Nexus 5X Build/MMB29P) AppleWebKit/537.36 (KHTML, like Gecko) Chrome/141.0.7390.122 Mobile Safari/537.36 (compatible; GoogleOther)"
20.171.207.30 - - [29/Oct/2025:08:58:47 -0400] "GET /?path=//proc/self/root/proc/thread-self/root/proc/thread-self/root/proc/self/root/proc/self/root/proc/thread-self/root/proc/thread-self/root/lib/.build-id/7a HTTP/1.1" 200 0 "-" "Mozilla/5.0 AppleWebKit/537.36 (KHTML, like Gecko; compatible; GPTBot/1.2; +https://openai.com/gptbot)"
34.193.2.57 - - [29/Oct/2025:08:58:48 -0400] "GET /a-wild-ride-through-digital-dimensions-in-turbo/?path=//home/creaqbdc/.cagefs/var/cpanel/php/sessions/ea-php80 HTTP/1.1" 200 0 "-" "Mozilla/5.0 AppleWebKit/537.36 (KHTML, like Gecko; compatible; Amazonbot/0.1; +https://developer.amazon.com/support/amazonbot) Chrome/119.0.6045.214 Safari/537.36"
20.171.207.30 - - [29/Oct/2025:08:58:50 -0400] "GET /?path=//proc/self/root/proc/thread-self/root/proc/thread-self/root/proc/self/root/proc/self/root/proc/thread-self/root/proc/thread-self/root/lib/.build-id/9e HTTP/1.1" 200 0 "-" "Mozilla/5.0 AppleWebKit/537.36 (KHTML, like Gecko; compatible; GPTBot/1.2; +https://openai.com/gptbot)"
18.205.213.231 - - [29/Oct/2025:08:58:52 -0400] "GET /eurogrand-kasino-probe-alle-erfahrungen-zum-euro-grand-vertrauenswurdig-login-pramie-2024-villa30-senderaum/?path=//lib/python3.6/site-packages/pip/_vendor/__pycache__ HTTP/1.1" 200 0 "-" "Mozilla/5.0 AppleWebKit/537.36 (KHTML, like Gecko; compatible; Amazonbot/0.1; +https://developer.amazon.com/support/amazonbot) Chrome/119.0.6045.214 Safari/537.36"
20.171.207.30 - - [29/Oct/2025:08:58:53 -0400] "GET /?path=//proc/self/root/proc/thread-self/root/proc/thread-self/root/proc/self/root/proc/self/root/proc/thread-self/root/proc/thread-self/root/lib/.build-id/c5 HTTP/1.1" 200 0 "-" "Mozilla/5.0 AppleWebKit/537.36 (KHTML, like Gecko; compatible; GPTBot/1.2; +https://openai.com/gptbot)"
54.80.185.200 - - [29/Oct/2025:08:58:53 -0400] "GET /eurogrand-kasino-probe-alle-erfahrungen-zum-euro-grand-vertrauenswurdig-login-pramie-2024-villa30-senderaum/?path=//opt/cpanel/ea-ruby27/root/usr/etc HTTP/1.1" 200 0 "-" "Mozilla/5.0 AppleWebKit/537.36 (KHTML, like Gecko; compatible; Amazonbot/0.1; +https://developer.amazon.com/support/amazonbot) Chrome/119.0.6045.214 Safari/537.36"
20.171.207.30 - - [29/Oct/2025:08:58:56 -0400] "GET /?path=//proc/self/root/proc/thread-self/root/proc/thread-self/root/proc/self/root/proc/self/root/proc/thread-self/root/proc/thread-self/root/lib/.build-id/63 HTTP/1.1" 200 0 "-" "Mozilla/5.0 AppleWebKit/537.36 (KHTML, like Gecko; compatible; GPTBot/1.2; +https://openai.com/gptbot)"
3.229.2.217 - - [29/Oct/2025:08:58:57 -0400] "GET /spielbank-pramie-ohne-einzahlung-beste-no-vorleistung-boni-2025/?path=//opt/cloudlinux/alt-php70/root/usr/bin HTTP/1.1" 200 0 "-" "Mozilla/5.0 AppleWebKit/537.36 (KHTML, like Gecko; compatible; Amazonbot/0.1; +https://developer.amazon.com/support/amazonbot) Chrome/119.0.6045.214 Safari/537.36"
20.171.207.30 - - [29/Oct/2025:08:59:00 -0400] "GET /?path=//proc/self/root/proc/thread-self/root/proc/thread-self/root/proc/self/root/proc/self/root/proc/thread-self/root/proc/thread-self/root/lib/.build-id/28 HTTP/1.1" 200 0 "-" "Mozilla/5.0 AppleWebKit/537.36 (KHTML, like Gecko; compatible; GPTBot/1.2; +https://openai.com/gptbot)"
20.171.207.30 - - [29/Oct/2025:08:59:03 -0400] "GET /?path=//proc/self/root/proc/thread-self/root/proc/thread-self/root/proc/self/root/proc/self/root/proc/thread-self/root/proc/thread-self/root/lib/.build-id/21 HTTP/1.1" 200 0 "-" "Mozilla/5.0 AppleWebKit/537.36 (KHTML, like Gecko; compatible; GPTBot/1.2; +https://openai.com/gptbot)"
44.223.116.149 - - [29/Oct/2025:08:59:03 -0400] "GET /book-of-ra-magic-kostenlos-spielen-ohne-anmeldung/?path=//opt/alt/alt-nodejs6/root/var/spool HTTP/1.1" 200 0 "-" "Mozilla/5.0 AppleWebKit/537.36 (KHTML, like Gecko; compatible; Amazonbot/0.1; +https://developer.amazon.com/support/amazonbot) Chrome/119.0.6045.214 Safari/537.36"
20.171.207.30 - - [29/Oct/2025:08:59:06 -0400] "GET /?path=//proc/self/root/proc/thread-self/root/proc/thread-self/root/proc/self/root/proc/self/root/proc/thread-self/root/proc/thread-self/root/lib/.build-id/0f HTTP/1.1" 200 0 "-" "Mozilla/5.0 AppleWebKit/537.36 (KHTML, like Gecko; compatible; GPTBot/1.2; +https://openai.com/gptbot)"
52.3.156.186 - - [29/Oct/2025:08:59:08 -0400] "GET /portfolio-commercial?path=//opt/cloudlinux/alt-php53/root/usr/include/php/ext/date HTTP/1.1" 200 0 "-" "Mozilla/5.0 AppleWebKit/537.36 (KHTML, like Gecko; compatible; Amazonbot/0.1; +https://developer.amazon.com/support/amazonbot) Chrome/119.0.6045.214 Safari/537.36"
66.249.65.199 - - [29/Oct/2025:08:59:08 -0400] "GET /ecce-10001719 HTTP/1.1" 200 0 "-" "Mozilla/5.0 (Linux; Android 6.0.1; Nexus 5X Build/MMB29P) AppleWebKit/537.36 (KHTML, like Gecko) Chrome/141.0.7390.122 Mobile Safari/537.36 (compatible; GoogleOther)"
20.171.207.30 - - [29/Oct/2025:08:59:09 -0400] "GET /?path=//proc/self/root/proc/thread-self/root/proc/thread-self/root/proc/self/root/proc/self/root/proc/thread-self/root/proc/thread-self/root/lib/.build-id/9b HTTP/1.1" 200 0 "-" "Mozilla/5.0 AppleWebKit/537.36 (KHTML, like Gecko; compatible; GPTBot/1.2; +https://openai.com/gptbot)"
66.249.65.198 - - [29/Oct/2025:08:59:10 -0400] "GET /zhHant/product/surugaya/C339087085?fileloc=//bin/mariadb-import&path=//bin HTTP/1.1" 200 0 "-" "Mozilla/5.0 (Linux; Android 6.0.1; Nexus 5X Build/MMB29P) AppleWebKit/537.36 (KHTML, like Gecko) Chrome/141.0.7390.122 Mobile Safari/537.36 (compatible; GoogleOther)"
34.231.156.59 - - [29/Oct/2025:08:59:10 -0400] "GET /bathrooms/?path=//lib64/perl5/vendor_perl/auto/Unicode HTTP/1.1" 200 0 "-" "Mozilla/5.0 AppleWebKit/537.36 (KHTML, like Gecko; compatible; Amazonbot/0.1; +https://developer.amazon.com/support/amazonbot) Chrome/119.0.6045.214 Safari/537.36"
66.249.65.198 - - [29/Oct/2025:08:59:11 -0400] "GET /q-~42dntfUPb92TaYZrBBz6Gp36kgRQYiTc23521/ HTTP/1.1" 200 0 "-" "Mozilla/5.0 (Linux; Android 6.0.1; Nexus 5X Build/MMB29P) AppleWebKit/537.36 (KHTML, like Gecko) Chrome/141.0.7390.122 Mobile Safari/537.36 (compatible; GoogleOther)"
20.171.207.30 - - [29/Oct/2025:08:59:12 -0400] "GET /?path=//proc/self/root/proc/thread-self/root/proc/thread-self/root/proc/self/root/proc/self/root/proc/thread-self/root/proc/thread-self/root/lib/.build-id/c4 HTTP/1.1" 200 0 "-" "Mozilla/5.0 AppleWebKit/537.36 (KHTML, like Gecko; compatible; GPTBot/1.2; +https://openai.com/gptbot)"
3.221.156.96 - - [29/Oct/2025:08:59:14 -0400] "GET /portfolio-commercial?fileloc=//opt/alt/php80/usr/include/php/ext/http/php_http_env_response.h&path=//opt/alt/php80/usr/include/php/ext/http HTTP/1.1" 200 0 "-" "Mozilla/5.0 AppleWebKit/537.36 (KHTML, like Gecko; compatible; Amazonbot/0.1; +https://developer.amazon.com/support/amazonbot) Chrome/119.0.6045.214 Safari/537.36"
20.171.207.30 - - [29/Oct/2025:08:59:15 -0400] "GET /?path=//proc/self/root/proc/thread-self/root/proc/thread-self/root/proc/self/root/proc/self/root/proc/thread-self/root/proc/thread-self/root/lib/.build-id/35 HTTP/1.1" 200 0 "-" "Mozilla/5.0 AppleWebKit/537.36 (KHTML, like Gecko; compatible; GPTBot/1.2; +https://openai.com/gptbot)"
66.249.65.197 - - [29/Oct/2025:08:59:17 -0400] "GET /items/522910058.htm?fileloc=//lib/locale/en_PH.utf8/LC_NUMERIC&path=//lib/locale/en_PH.utf8 HTTP/1.1" 200 0 "-" "Mozilla/5.0 (Linux; Android 6.0.1; Nexus 5X Build/MMB29P) AppleWebKit/537.36 (KHTML, like Gecko) Chrome/141.0.7390.122 Mobile Safari/537.36 (compatible; GoogleOther)"
20.171.207.30 - - [29/Oct/2025:08:59:18 -0400] "GET /?path=//proc/self/root/proc/thread-self/root/proc/thread-self/root/proc/self/root/proc/self/root/proc/thread-self/root/proc/thread-self/root/lib/.build-id/4c HTTP/1.1" 200 0 "-" "Mozilla/5.0 AppleWebKit/537.36 (KHTML, like Gecko; compatible; GPTBot/1.2; +https://openai.com/gptbot)"
23.23.180.225 - - [29/Oct/2025:08:59:19 -0400] "GET /beste-versorger-provision/?path=//proc/self/cwd/wp-content/uploads/2024 HTTP/1.1" 200 0 "-" "Mozilla/5.0 AppleWebKit/537.36 (KHTML, like Gecko; compatible; Amazonbot/0.1; +https://developer.amazon.com/support/amazonbot) Chrome/119.0.6045.214 Safari/537.36"
216.73.216.157 - - [29/Oct/2025:08:59:21 -0400] "GET /'?fileloc=%2F%2Fusr%2Flib%2Fmodules%2F4.18.0-553.70.1.lve.el8.x86_64%2Fkernel%2Fdrivers%2Fwatchdog%2Fib700wdt.ko.xz&path=%2F%2Fusr%2Flib%2Fmodules%2F4.18.0-553.70.1.lve.el8.x86_64%2Fkernel%2Fdrivers%2Fwatchdog HTTP/1.1" 200 0 "-" "Mozilla/5.0 AppleWebKit/537.36 (KHTML, like Gecko; compatible; ClaudeBot/1.0; +claudebot@anthropic.com)"
216.73.216.157 - - [29/Oct/2025:08:59:21 -0400] "GET /'?fileloc=%2F%2Fusr%2Flib%2Fmodules%2F4.18.0-553.70.1.lve.el8.x86_64%2Fkernel%2Fdrivers%2Fhid%2Fhid-sunplus.ko.xz&path=%2F%2Fusr%2Flib%2Fmodules%2F4.18.0-553.70.1.lve.el8.x86_64%2Fkernel%2Fdrivers%2Fhid HTTP/1.1" 200 0 "-" "Mozilla/5.0 AppleWebKit/537.36 (KHTML, like Gecko; compatible; ClaudeBot/1.0; +claudebot@anthropic.com)"
216.73.216.157 - - [29/Oct/2025:08:59:21 -0400] "GET /'?fileloc=%2F%2Fusr%2Flib%2Fmodules%2F4.18.0-553.70.1.lve.el8.x86_64%2Fkernel%2Fdrivers%2Fedac%2Fedac_mce_amd.ko.xz&path=%2F%2Fusr%2Flib%2Fmodules%2F4.18.0-553.70.1.lve.el8.x86_64%2Fkernel%2Fdrivers%2Fedac HTTP/1.1" 200 0 "-" "Mozilla/5.0 AppleWebKit/537.36 (KHTML, like Gecko; compatible; ClaudeBot/1.0; +claudebot@anthropic.com)"
216.73.216.157 - - [29/Oct/2025:08:59:21 -0400] "GET /'?fileloc=%2F%2Fusr%2Flib%2Fmodules%2F4.18.0-553.70.1.lve.el8.x86_64%2Fkernel%2Fdrivers%2Fhid%2Fhid-petalynx.ko.xz&path=%2F%2Fusr%2Flib%2Fmodules%2F4.18.0-553.70.1.lve.el8.x86_64%2Fkernel%2Fdrivers%2Fhid HTTP/1.1" 200 0 "-" "Mozilla/5.0 AppleWebKit/537.36 (KHTML, like Gecko; compatible; ClaudeBot/1.0; +claudebot@anthropic.com)"
216.73.216.157 - - [29/Oct/2025:08:59:21 -0400] "GET /'?fileloc=%2F%2Fusr%2Flib%2Fmodules%2F4.18.0-553.70.1.lve.el8.x86_64%2Fkernel%2Fdrivers%2Fhid%2Fhid-lenovo.ko.xz&path=%2F%2Fusr%2Flib%2Fmodules%2F4.18.0-553.70.1.lve.el8.x86_64%2Fkernel%2Fdrivers%2Fhid HTTP/1.1" 200 0 "-" "Mozilla/5.0 AppleWebKit/537.36 (KHTML, like Gecko; compatible; ClaudeBot/1.0; +claudebot@anthropic.com)"
216.73.216.157 - - [29/Oct/2025:08:59:21 -0400] "GET /'?fileloc=%2F%2Fusr%2Flib%2Fmodules%2F4.18.0-553.70.1.lve.el8.x86_64%2Fkernel%2Fdrivers%2Fwatchdog%2Fit8712f_wdt.ko.xz&path=%2F%2Fusr%2Flib%2Fmodules%2F4.18.0-553.70.1.lve.el8.x86_64%2Fkernel%2Fdrivers%2Fwatchdog HTTP/1.1" 200 0 "-" "Mozilla/5.0 AppleWebKit/537.36 (KHTML, like Gecko; compatible; ClaudeBot/1.0; +claudebot@anthropic.com)"
216.73.216.157 - - [29/Oct/2025:08:59:21 -0400] "GET /'?fileloc=%2F%2Fusr%2Flib%2Fmodules%2F4.18.0-553.70.1.lve.el8.x86_64%2Fkernel%2Fdrivers%2Fsoundwire%2Fsoundwire-amd.ko.xz&path=%2F%2Fusr%2Flib%2Fmodules%2F4.18.0-553.70.1.lve.el8.x86_64%2Fkernel%2Fdrivers%2Fsoundwire HTTP/1.1" 200 0 "-" "Mozilla/5.0 AppleWebKit/537.36 (KHTML, like Gecko; compatible; ClaudeBot/1.0; +claudebot@anthropic.com)"
20.171.207.30 - - [29/Oct/2025:08:59:21 -0400] "GET /?path=//proc/self/root/proc/thread-self/root/proc/thread-self/root/proc/self/root/proc/self/root/proc/thread-self/root/proc/thread-self/root/lib/.build-id/a3 HTTP/1.1" 200 0 "-" "Mozilla/5.0 AppleWebKit/537.36 (KHTML, like Gecko; compatible; GPTBot/1.2; +https://openai.com/gptbot)"
216.73.216.157 - - [29/Oct/2025:08:59:21 -0400] "GET /'?fileloc=%2F%2Fusr%2Flib%2Fmodules%2F4.18.0-553.70.1.lve.el8.x86_64%2Fkernel%2Fdrivers%2Fhid%2Fwacom.ko.xz&path=%2F%2Fusr%2Flib%2Fmodules%2F4.18.0-553.70.1.lve.el8.x86_64%2Fkernel%2Fdrivers%2Fhid HTTP/1.1" 200 0 "-" "Mozilla/5.0 AppleWebKit/537.36 (KHTML, like Gecko; compatible; ClaudeBot/1.0; +claudebot@anthropic.com)"
216.73.216.157 - - [29/Oct/2025:08:59:21 -0400] "GET /'?fileloc=%2F%2Fusr%2Flib%2Fmodules%2F4.18.0-553.70.1.lve.el8.x86_64%2Fkernel%2Fdrivers%2Fntb%2Fntb_transport.ko.xz&path=%2F%2Fusr%2Flib%2Fmodules%2F4.18.0-553.70.1.lve.el8.x86_64%2Fkernel%2Fdrivers%2Fntb HTTP/1.1" 200 0 "-" "Mozilla/5.0 AppleWebKit/537.36 (KHTML, like Gecko; compatible; ClaudeBot/1.0; +claudebot@anthropic.com)"
216.73.216.157 - - [29/Oct/2025:08:59:22 -0400] "GET /'?fileloc=%2F%2Fusr%2Flib%2Fmodules%2F4.18.0-553.70.1.lve.el8.x86_64%2Fkernel%2Fdrivers%2Ftty%2Fnozomi.ko.xz&path=%2F%2Fusr%2Flib%2Fmodules%2F4.18.0-553.70.1.lve.el8.x86_64%2Fkernel%2Fdrivers%2Ftty HTTP/1.1" 200 0 "-" "Mozilla/5.0 AppleWebKit/537.36 (KHTML, like Gecko; compatible; ClaudeBot/1.0; +claudebot@anthropic.com)"
216.73.216.157 - - [29/Oct/2025:08:59:22 -0400] "GET /'?fileloc=%2F%2Fusr%2Flib%2Fmodules%2F4.18.0-553.70.1.lve.el8.x86_64%2Fkernel%2Fdrivers%2Fcpuidle%2Fcpuidle-haltpoll.ko.xz&path=%2F%2Fusr%2Flib%2Fmodules%2F4.18.0-553.70.1.lve.el8.x86_64%2Fkernel%2Fdrivers%2Fcpuidle HTTP/1.1" 200 0 "-" "Mozilla/5.0 AppleWebKit/537.36 (KHTML, like Gecko; compatible; ClaudeBot/1.0; +claudebot@anthropic.com)"
216.73.216.157 - - [29/Oct/2025:08:59:22 -0400] "GET /'?fileloc=%2F%2Fusr%2Flib%2Fmodules%2F4.18.0-553.70.1.lve.el8.x86_64%2Fkernel%2Fdrivers%2Fwatchdog%2Fhpwdt.ko.xz&path=%2F%2Fusr%2Flib%2Fmodules%2F4.18.0-553.70.1.lve.el8.x86_64%2Fkernel%2Fdrivers%2Fwatchdog HTTP/1.1" 200 0 "-" "Mozilla/5.0 AppleWebKit/537.36 (KHTML, like Gecko; compatible; ClaudeBot/1.0; +claudebot@anthropic.com)"
216.73.216.157 - - [29/Oct/2025:08:59:22 -0400] "GET /'?fileloc=%2F%2Fusr%2Flib%2Fmodules%2F4.18.0-553.70.1.lve.el8.x86_64%2Fkernel%2Fdrivers%2Fedac%2Fi82975x_edac.ko.xz&path=%2F%2Fusr%2Flib%2Fmodules%2F4.18.0-553.70.1.lve.el8.x86_64%2Fkernel%2Fdrivers%2Fedac HTTP/1.1" 200 0 "-" "Mozilla/5.0 AppleWebKit/537.36 (KHTML, like Gecko; compatible; ClaudeBot/1.0; +claudebot@anthropic.com)"
216.73.216.157 - - [29/Oct/2025:08:59:22 -0400] "GET /'?fileloc=%2F%2Fusr%2Flib%2Fmodules%2F4.18.0-553.70.1.lve.el8.x86_64%2Fkernel%2Fdrivers%2Fleds%2Fleds-lp5523.ko.xz&path=%2F%2Fusr%2Flib%2Fmodules%2F4.18.0-553.70.1.lve.el8.x86_64%2Fkernel%2Fdrivers%2Fleds HTTP/1.1" 200 0 "-" "Mozilla/5.0 AppleWebKit/537.36 (KHTML, like Gecko; compatible; ClaudeBot/1.0; +claudebot@anthropic.com)"
216.73.216.157 - - [29/Oct/2025:08:59:22 -0400] "GET /'?fileloc=%2F%2Fusr%2Flib%2Fmodules%2F4.18.0-553.70.1.lve.el8.x86_64%2Fkernel%2Fdrivers%2Fhid%2Fhid-tivo.ko.xz&path=%2F%2Fusr%2Flib%2Fmodules%2F4.18.0-553.70.1.lve.el8.x86_64%2Fkernel%2Fdrivers%2Fhid HTTP/1.1" 200 0 "-" "Mozilla/5.0 AppleWebKit/537.36 (KHTML, like Gecko; compatible; ClaudeBot/1.0; +claudebot@anthropic.com)"
216.73.216.157 - - [29/Oct/2025:08:59:22 -0400] "GET /'?fileloc=%2F%2Fusr%2Flib%2Fmodules%2F4.18.0-553.70.1.lve.el8.x86_64%2Fkernel%2Fdrivers%2Fsoundwire%2Fsoundwire-bus.ko.xz&path=%2F%2Fusr%2Flib%2Fmodules%2F4.18.0-553.70.1.lve.el8.x86_64%2Fkernel%2Fdrivers%2Fsoundwire HTTP/1.1" 200 0 "-" "Mozilla/5.0 AppleWebKit/537.36 (KHTML, like Gecko; compatible; ClaudeBot/1.0; +claudebot@anthropic.com)"
216.73.216.157 - - [29/Oct/2025:08:59:22 -0400] "GET /'?path=%2F%2Fusr%2Flib%2Fmodules%2F4.18.0-553.70.1.lve.el8.x86_64%2Fkernel%2Fdrivers%2Fscsi%2Fbnx2i HTTP/1.1" 200 0 "-" "Mozilla/5.0 AppleWebKit/537.36 (KHTML, like Gecko; compatible; ClaudeBot/1.0; +claudebot@anthropic.com)"
216.73.216.157 - - [29/Oct/2025:08:59:22 -0400] "GET /'?fileloc=%2F%2Fusr%2Flib%2Fmodules%2F4.18.0-553.70.1.lve.el8.x86_64%2Fkernel%2Fdrivers%2Fedac%2Fskx_edac.ko.xz&path=%2F%2Fusr%2Flib%2Fmodules%2F4.18.0-553.70.1.lve.el8.x86_64%2Fkernel%2Fdrivers%2Fedac HTTP/1.1" 200 0 "-" "Mozilla/5.0 AppleWebKit/537.36 (KHTML, like Gecko; compatible; ClaudeBot/1.0; +claudebot@anthropic.com)"
216.73.216.157 - - [29/Oct/2025:08:59:22 -0400] "GET /'?fileloc=%2F%2Fusr%2Flib%2Fmodules%2F4.18.0-553.70.1.lve.el8.x86_64%2Fkernel%2Fsound%2Fpci%2Fice1712%2Fsnd-ice1724.ko.xz&path=%2F%2Fusr%2Flib%2Fmodules%2F4.18.0-553.70.1.lve.el8.x86_64%2Fkernel%2Fsound%2Fpci%2Fice1712 HTTP/1.1" 200 0 "-" "Mozilla/5.0 AppleWebKit/537.36 (KHTML, like Gecko; compatible; ClaudeBot/1.0; +claudebot@anthropic.com)"
52.45.15.233 - - [29/Oct/2025:08:59:23 -0400] "GET /freispiele-blos-einzahlung2025-beste-freespins-kostenfrei/?path=//proc/self/root/opt/alt/openssl11 HTTP/1.1" 200 0 "-" "Mozilla/5.0 AppleWebKit/537.36 (KHTML, like Gecko; compatible; Amazonbot/0.1; +https://developer.amazon.com/support/amazonbot) Chrome/119.0.6045.214 Safari/537.36"
20.171.207.30 - - [29/Oct/2025:08:59:24 -0400] "GET /?path=//proc/self/root/proc/thread-self/root/proc/thread-self/root/proc/self/root/proc/self/root/proc/thread-self/root/proc/thread-self/root/lib/.build-id/34 HTTP/1.1" 200 0 "-" "Mozilla/5.0 AppleWebKit/537.36 (KHTML, like Gecko; compatible; GPTBot/1.2; +https://openai.com/gptbot)"
34.225.243.131 - - [29/Oct/2025:08:59:26 -0400] "GET /book-of-ra-magic-kostenlos-spielen-ohne-anmeldung/?path=//opt/alt/alt-nodejs9/root/var/tmp HTTP/1.1" 200 0 "-" "Mozilla/5.0 AppleWebKit/537.36 (KHTML, like Gecko; compatible; Amazonbot/0.1; +https://developer.amazon.com/support/amazonbot) Chrome/119.0.6045.214 Safari/537.36"
69.197.179.242 - - [29/Oct/2025:08:59:25 -0400] "GET /wp-content/x072d63/index.php?id=886666 HTTP/1.1" 200 0 "https://creativefinishings.com/wp-content/x072d63/index.php?id=886666" "Mozilla/5.0 (Windows NT 10.0; Win64; x64) AppleWebKit/537.36 (KHTML, like Gecko) Chrome/58.0.3029.110 Safari/537.3"
20.171.207.30 - - [29/Oct/2025:08:59:27 -0400] "GET /?path=//proc/self/root/proc/thread-self/root/proc/thread-self/root/proc/self/root/proc/self/root/proc/thread-self/root/proc/thread-self/root/lib/.build-id/6d HTTP/1.1" 200 0 "-" "Mozilla/5.0 AppleWebKit/537.36 (KHTML, like Gecko; compatible; GPTBot/1.2; +https://openai.com/gptbot)"
66.249.65.197 - - [29/Oct/2025:08:59:30 -0400] "GET /q-~293g5dKuTp9Vb2eyEtwYjyvRiegRcCkRQ43932/ HTTP/1.1" 200 0 "-" "Mozilla/5.0 (Linux; Android 6.0.1; Nexus 5X Build/MMB29P) AppleWebKit/537.36 (KHTML, like Gecko) Chrome/141.0.7390.122 Mobile Safari/537.36 (compatible; GoogleOther)"
52.205.141.124 - - [29/Oct/2025:08:59:30 -0400] "GET /portfolio-residential/?path=//home/creaqbdc/mail/creativefinishings.com/info HTTP/1.1" 200 0 "-" "Mozilla/5.0 AppleWebKit/537.36 (KHTML, like Gecko; compatible; Amazonbot/0.1; +https://developer.amazon.com/support/amazonbot) Chrome/119.0.6045.214 Safari/537.36"
20.171.207.30 - - [29/Oct/2025:08:59:31 -0400] "GET /?path=//proc/self/root/proc/thread-self/root/proc/thread-self/root/proc/self/root/proc/self/root/proc/thread-self/root/proc/thread-self/root/lib/.build-id/0a HTTP/1.1" 200 0 "-" "Mozilla/5.0 AppleWebKit/537.36 (KHTML, like Gecko; compatible; GPTBot/1.2; +https://openai.com/gptbot)"
66.249.65.197 - - [29/Oct/2025:08:59:33 -0400] "GET /zhHant/product/surugaya/C2453456712?fileloc=/home/creaqbdc/mail/new/1713160571.M384246P3441645.server240.web-hosting.com,S=23926,W=24270&path=/home/creaqbdc/mail/new HTTP/1.1" 404 1251 "-" "Mozilla/5.0 (Linux; Android 6.0.1; Nexus 5X Build/MMB29P) AppleWebKit/537.36 (KHTML, like Gecko) Chrome/141.0.7390.122 Mobile Safari/537.36 (compatible; GoogleOther)"
20.171.207.30 - - [29/Oct/2025:08:59:34 -0400] "GET /?path=//proc/self/root/proc/thread-self/root/proc/thread-self/root/proc/self/root/proc/self/root/proc/thread-self/root/proc/thread-self/root/lib/.build-id/e5 HTTP/1.1" 200 0 "-" "Mozilla/5.0 AppleWebKit/537.36 (KHTML, like Gecko; compatible; GPTBot/1.2; +https://openai.com/gptbot)"
52.204.89.12 - - [29/Oct/2025:08:59:34 -0400] "GET /book-of-ra-magic-kostenlos-spielen-ohne-anmeldung/?path=//usr/share/vim/vim80/lang/pt_BR HTTP/1.1" 404 1251 "-" "Mozilla/5.0 AppleWebKit/537.36 (KHTML, like Gecko; compatible; Amazonbot/0.1; +https://developer.amazon.com/support/amazonbot) Chrome/119.0.6045.214 Safari/537.36"
20.171.207.30 - - [29/Oct/2025:08:59:37 -0400] "GET /?path=//proc/self/root/proc/thread-self/root/proc/thread-self/root/proc/self/root/proc/self/root/proc/thread-self/root/proc/thread-self/root/lib/.build-id/0d HTTP/1.1" 200 0 "-" "Mozilla/5.0 AppleWebKit/537.36 (KHTML, like Gecko; compatible; GPTBot/1.2; +https://openai.com/gptbot)"
184.73.68.20 - - [29/Oct/2025:08:59:37 -0400] "GET /freispiele-blos-einzahlung2025-beste-freespins-kostenfrei/?path=//opt/cloudlinux/alt-php72/root/etc/sysconfig HTTP/1.1" 404 1251 "-" "Mozilla/5.0 AppleWebKit/537.36 (KHTML, like Gecko; compatible; Amazonbot/0.1; +https://developer.amazon.com/support/amazonbot) Chrome/119.0.6045.214 Safari/537.36"
20.171.207.30 - - [29/Oct/2025:08:59:40 -0400] "GET /?path=//proc/self/root/proc/thread-self/root/proc/thread-self/root/proc/self/root/proc/self/root/proc/thread-self/root/proc/thread-self/root/lib/.build-id/6b HTTP/1.1" 200 0 "-" "Mozilla/5.0 AppleWebKit/537.36 (KHTML, like Gecko; compatible; GPTBot/1.2; +https://openai.com/gptbot)"
44.209.187.99 - - [29/Oct/2025:08:59:43 -0400] "GET /spielsaal-qua-1-euroletten-einzahlung-2025-unser-besten-angebote-as-part-of-deutschland/?path=//opt/cloudlinux/alt-php81/root/etc/php.d HTTP/1.1" 403 1242 "-" "Mozilla/5.0 AppleWebKit/537.36 (KHTML, like Gecko; compatible; Amazonbot/0.1; +https://developer.amazon.com/support/amazonbot) Chrome/119.0.6045.214 Safari/537.36"
20.171.207.30 - - [29/Oct/2025:08:59:43 -0400] "GET /?path=//proc/self/root/proc/thread-self/root/proc/thread-self/root/proc/self/root/proc/self/root/proc/thread-self/root/proc/thread-self/root/lib/.build-id/5b HTTP/1.1" 200 0 "-" "Mozilla/5.0 AppleWebKit/537.36 (KHTML, like Gecko; compatible; GPTBot/1.2; +https://openai.com/gptbot)"
20.171.207.30 - - [29/Oct/2025:08:59:46 -0400] "GET /?path=//proc/self/root/proc/thread-self/root/proc/thread-self/root/proc/self/root/proc/self/root/proc/thread-self/root/proc/thread-self/root/lib/.build-id/65 HTTP/1.1" 200 0 "-" "Mozilla/5.0 AppleWebKit/537.36 (KHTML, like Gecko; compatible; GPTBot/1.2; +https://openai.com/gptbot)"
44.223.193.255 - - [29/Oct/2025:08:59:49 -0400] "GET /beste-versorger-provision/?path=//opt/cloudlinux/alt-php56/root/etc/mysql5.5 HTTP/1.1" 403 1242 "-" "Mozilla/5.0 AppleWebKit/537.36 (KHTML, like Gecko; compatible; Amazonbot/0.1; +https://developer.amazon.com/support/amazonbot) Chrome/119.0.6045.214 Safari/537.36"
40.77.167.44 - - [29/Oct/2025:08:59:49 -0400] "GET /items/1406518845.htm HTTP/1.1" 200 0 "-" "Mozilla/5.0 AppleWebKit/537.36 (KHTML, like Gecko; compatible; bingbot/2.0; +http://www.bing.com/bingbot.htm) Chrome/116.0.1938.76 Safari/537.36"
20.171.207.30 - - [29/Oct/2025:08:59:49 -0400] "GET /?path=//proc/self/root/proc/thread-self/root/proc/thread-self/root/proc/self/root/proc/self/root/proc/thread-self/root/proc/thread-self/root/lib/.build-id/23 HTTP/1.1" 200 0 "-" "Mozilla/5.0 AppleWebKit/537.36 (KHTML, like Gecko; compatible; GPTBot/1.2; +https://openai.com/gptbot)"
54.156.248.117 - - [29/Oct/2025:08:59:50 -0400] "GET /?path=//usr/share/locale/ng HTTP/1.1" 200 0 "-" "Mozilla/5.0 AppleWebKit/537.36 (KHTML, like Gecko; compatible; Amazonbot/0.1; +https://developer.amazon.com/support/amazonbot) Chrome/119.0.6045.214 Safari/537.36"
66.249.65.197 - - [29/Oct/2025:08:59:52 -0400] "GET /q-~238Wk6jDcbDZjFtm0LZkgnRN4McBGk5kk28745/ HTTP/1.1" 200 0 "-" "Mozilla/5.0 (Linux; Android 6.0.1; Nexus 5X Build/MMB29P) AppleWebKit/537.36 (KHTML, like Gecko) Chrome/141.0.7390.122 Mobile Safari/537.36 (compatible; GoogleOther)"
20.171.207.30 - - [29/Oct/2025:08:59:53 -0400] "GET /?path=//proc/self/root/proc/thread-self/root/proc/thread-self/root/proc/self/root/proc/self/root/proc/thread-self/root/proc/thread-self/root/lib/.build-id/33 HTTP/1.1" 200 0 "-" "Mozilla/5.0 AppleWebKit/537.36 (KHTML, like Gecko; compatible; GPTBot/1.2; +https://openai.com/gptbot)"
114.119.136.3 - - [29/Oct/2025:08:59:54 -0400] "GET /slot-spirit-of-adventure-by-pragmatic-play-demo-free-play?fileloc=//lib64/xtables/libip6t_eui64.so&path=//lib64/xtables HTTP/1.1" 200 0 "https://creativefinishings.com/slot-spirit-of-adventure-by-pragmatic-play-demo-free-play?path=//lib64/xtables" "Mozilla/5.0 (Linux; Android 7.0;) AppleWebKit/537.36 (KHTML, like Gecko) Mobile Safari/537.36 (compatible; PetalBot;+https://webmaster.petalsearch.com/site/petalbot)"
216.73.216.157 - - [29/Oct/2025:08:59:54 -0400] "GET /'?fileloc=%2F%2Fusr%2Flib%2Fmodules%2F4.18.0-553.70.1.lve.el8.x86_64%2Fkernel%2Fdrivers%2Fscsi%2Fqla2xxx%2Fqla2xxx.ko.xz&path=%2F%2Fusr%2Flib%2Fmodules%2F4.18.0-553.70.1.lve.el8.x86_64%2Fkernel%2Fdrivers%2Fscsi%2Fqla2xxx HTTP/1.1" 200 0 "-" "Mozilla/5.0 AppleWebKit/537.36 (KHTML, like Gecko; compatible; ClaudeBot/1.0; +claudebot@anthropic.com)"
216.73.216.157 - - [29/Oct/2025:08:59:54 -0400] "GET /'?fileloc=%2F%2Fusr%2Flib%2Fmodules%2F4.18.0-553.70.1.lve.el8.x86_64%2Fkernel%2Fsound%2Fpci%2Fice1712%2Fsnd-ice17xx-ak4xxx.ko.xz&path=%2F%2Fusr%2Flib%2Fmodules%2F4.18.0-553.70.1.lve.el8.x86_64%2Fkernel%2Fsound%2Fpci%2Fice1712 HTTP/1.1" 200 0 "-" "Mozilla/5.0 AppleWebKit/537.36 (KHTML, like Gecko; compatible; ClaudeBot/1.0; +claudebot@anthropic.com)"
216.73.216.157 - - [29/Oct/2025:08:59:54 -0400] "GET /'?fileloc=%2F%2Fusr%2Flib%2Fmodules%2F4.18.0-553.70.1.lve.el8.x86_64%2Fkernel%2Fdrivers%2Fscsi%2Fqla4xxx%2Fqla4xxx.ko.xz&path=%2F%2Fusr%2Flib%2Fmodules%2F4.18.0-553.70.1.lve.el8.x86_64%2Fkernel%2Fdrivers%2Fscsi%2Fqla4xxx HTTP/1.1" 200 0 "-" "Mozilla/5.0 AppleWebKit/537.36 (KHTML, like Gecko; compatible; ClaudeBot/1.0; +claudebot@anthropic.com)"
216.73.216.157 - - [29/Oct/2025:08:59:54 -0400] "GET /'?fileloc=%2F%2Fusr%2Flib%2Fmodules%2F4.18.0-553.70.1.lve.el8.x86_64%2Fkernel%2Farch%2Fx86%2Fcrypto%2Fcast6-avx-x86_64.ko.xz&path=%2F%2Fusr%2Flib%2Fmodules%2F4.18.0-553.70.1.lve.el8.x86_64%2Fkernel%2Farch%2Fx86%2Fcrypto HTTP/1.1" 200 0 "-" "Mozilla/5.0 AppleWebKit/537.36 (KHTML, like Gecko; compatible; ClaudeBot/1.0; +claudebot@anthropic.com)"
216.73.216.157 - - [29/Oct/2025:08:59:55 -0400] "GET /'?fileloc=%2F%2Fusr%2Flib%2Fmodules%2F4.18.0-553.70.1.lve.el8.x86_64%2Fkernel%2Farch%2Fx86%2Fcrypto%2Fcast5-avx-x86_64.ko.xz&path=%2F%2Fusr%2Flib%2Fmodules%2F4.18.0-553.70.1.lve.el8.x86_64%2Fkernel%2Farch%2Fx86%2Fcrypto HTTP/1.1" 200 0 "-" "Mozilla/5.0 AppleWebKit/537.36 (KHTML, like Gecko; compatible; ClaudeBot/1.0; +claudebot@anthropic.com)"
216.73.216.157 - - [29/Oct/2025:08:59:55 -0400] "GET /'?fileloc=%2F%2Fusr%2Flib%2Fmodules%2F4.18.0-553.70.1.lve.el8.x86_64%2Fkernel%2Farch%2Fx86%2Fcrypto%2Fserpent-avx-x86_64.ko.xz&path=%2F%2Fusr%2Flib%2Fmodules%2F4.18.0-553.70.1.lve.el8.x86_64%2Fkernel%2Farch%2Fx86%2Fcrypto HTTP/1.1" 200 0 "-" "Mozilla/5.0 AppleWebKit/537.36 (KHTML, like Gecko; compatible; ClaudeBot/1.0; +claudebot@anthropic.com)"
216.73.216.157 - - [29/Oct/2025:08:59:55 -0400] "GET /'?fileloc=%2F%2Fusr%2Flib%2Fmodules%2F4.18.0-553.70.1.lve.el8.x86_64%2Fkernel%2Farch%2Fx86%2Fcrypto%2Ftwofish-avx-x86_64.ko.xz&path=%2F%2Fusr%2Flib%2Fmodules%2F4.18.0-553.70.1.lve.el8.x86_64%2Fkernel%2Farch%2Fx86%2Fcrypto HTTP/1.1" 200 0 "-" "Mozilla/5.0 AppleWebKit/537.36 (KHTML, like Gecko; compatible; ClaudeBot/1.0; +claudebot@anthropic.com)"
216.73.216.157 - - [29/Oct/2025:08:59:55 -0400] "GET /'?fileloc=%2F%2Fusr%2Flib%2Fmodules%2F4.18.0-553.70.1.lve.el8.x86_64%2Fkernel%2Farch%2Fx86%2Fcrypto%2Fblowfish-x86_64.ko.xz&path=%2F%2Fusr%2Flib%2Fmodules%2F4.18.0-553.70.1.lve.el8.x86_64%2Fkernel%2Farch%2Fx86%2Fcrypto HTTP/1.1" 200 0 "-" "Mozilla/5.0 AppleWebKit/537.36 (KHTML, like Gecko; compatible; ClaudeBot/1.0; +claudebot@anthropic.com)"
216.73.216.157 - - [29/Oct/2025:08:59:55 -0400] "GET /'?fileloc=%2F%2Fusr%2Flib%2Fmodules%2F4.18.0-553.70.1.lve.el8.x86_64%2Fkernel%2Farch%2Fx86%2Fcrypto%2Fdes3_ede-x86_64.ko.xz&path=%2F%2Fusr%2Flib%2Fmodules%2F4.18.0-553.70.1.lve.el8.x86_64%2Fkernel%2Farch%2Fx86%2Fcrypto HTTP/1.1" 200 0 "-" "Mozilla/5.0 AppleWebKit/537.36 (KHTML, like Gecko; compatible; ClaudeBot/1.0; +claudebot@anthropic.com)"
216.73.216.157 - - [29/Oct/2025:08:59:55 -0400] "GET /'?fileloc=%2F%2Fusr%2Flib%2Fmodules%2F4.18.0-553.70.1.lve.el8.x86_64%2Fkernel%2Farch%2Fx86%2Fcrypto%2Fcamellia-aesni-avx2.ko.xz&path=%2F%2Fusr%2Flib%2Fmodules%2F4.18.0-553.70.1.lve.el8.x86_64%2Fkernel%2Farch%2Fx86%2Fcrypto HTTP/1.1" 200 0 "-" "Mozilla/5.0 AppleWebKit/537.36 (KHTML, like Gecko; compatible; ClaudeBot/1.0; +claudebot@anthropic.com)"
216.73.216.157 - - [29/Oct/2025:08:59:55 -0400] "GET /'?fileloc=%2F%2Fusr%2Flib%2Fmodules%2F4.18.0-553.70.1.lve.el8.x86_64%2Fkernel%2Farch%2Fx86%2Fcrypto%2Fcamellia-x86_64.ko.xz&path=%2F%2Fusr%2Flib%2Fmodules%2F4.18.0-553.70.1.lve.el8.x86_64%2Fkernel%2Farch%2Fx86%2Fcrypto HTTP/1.1" 200 0 "-" "Mozilla/5.0 AppleWebKit/537.36 (KHTML, like Gecko; compatible; ClaudeBot/1.0; +claudebot@anthropic.com)"
216.73.216.157 - - [29/Oct/2025:08:59:55 -0400] "GET /'?fileloc=%2F%2Fusr%2Flib%2Fmodules%2F4.18.0-553.70.1.lve.el8.x86_64%2Fkernel%2Fdrivers%2Fnvme%2Ftarget%2Fnvmet-fc.ko.xz&path=%2F%2Fusr%2Flib%2Fmodules%2F4.18.0-553.70.1.lve.el8.x86_64%2Fkernel%2Fdrivers%2Fnvme%2Ftarget HTTP/1.1" 200 0 "-" "Mozilla/5.0 AppleWebKit/537.36 (KHTML, like Gecko; compatible; ClaudeBot/1.0; +claudebot@anthropic.com)"
52.44.229.124 - - [29/Oct/2025:08:59:55 -0400] "GET /portfolio-commercial?path=//proc/self/root/var/cpanel/php/sessions/ea-php54 HTTP/1.1" 200 0 "-" "Mozilla/5.0 AppleWebKit/537.36 (KHTML, like Gecko; compatible; Amazonbot/0.1; +https://developer.amazon.com/support/amazonbot) Chrome/119.0.6045.214 Safari/537.36"
216.73.216.157 - - [29/Oct/2025:08:59:55 -0400] "GET /'?fileloc=%2F%2Fusr%2Flib%2Fmodules%2F4.18.0-553.70.1.lve.el8.x86_64%2Fkernel%2Fdrivers%2Fwatchdog%2FiTCO_wdt.ko.xz&path=%2F%2Fusr%2Flib%2Fmodules%2F4.18.0-553.70.1.lve.el8.x86_64%2Fkernel%2Fdrivers%2Fwatchdog HTTP/1.1" 200 0 "-" "Mozilla/5.0 AppleWebKit/537.36 (KHTML, like Gecko; compatible; ClaudeBot/1.0; +claudebot@anthropic.com)"
216.73.216.157 - - [29/Oct/2025:08:59:55 -0400] "GET /'?fileloc=%2F%2Fusr%2Flib%2Fmodules%2F4.18.0-553.70.1.lve.el8.x86_64%2Fkernel%2Farch%2Fx86%2Fcrypto%2Fserpent-sse2-x86_64.ko.xz&path=%2F%2Fusr%2Flib%2Fmodules%2F4.18.0-553.70.1.lve.el8.x86_64%2Fkernel%2Farch%2Fx86%2Fcrypto HTTP/1.1" 200 0 "-" "Mozilla/5.0 AppleWebKit/537.36 (KHTML, like Gecko; compatible; ClaudeBot/1.0; +claudebot@anthropic.com)"
216.73.216.157 - - [29/Oct/2025:08:59:55 -0400] "GET /'?fileloc=%2F%2Fusr%2Flib%2Fmodules%2F4.18.0-553.70.1.lve.el8.x86_64%2Fkernel%2Fdrivers%2Fscsi%2Fbnx2fc%2Fbnx2fc.ko.xz&path=%2F%2Fusr%2Flib%2Fmodules%2F4.18.0-553.70.1.lve.el8.x86_64%2Fkernel%2Fdrivers%2Fscsi%2Fbnx2fc HTTP/1.1" 200 0 "-" "Mozilla/5.0 AppleWebKit/537.36 (KHTML, like Gecko; compatible; ClaudeBot/1.0; +claudebot@anthropic.com)"
216.73.216.157 - - [29/Oct/2025:08:59:56 -0400] "GET /'?fileloc=%2F%2Fusr%2Flib%2Fmodules%2F4.18.0-553.70.1.lve.el8.x86_64%2Fkernel%2Fdrivers%2Fhv%2Fhv_vmbus.ko.xz&path=%2F%2Fusr%2Flib%2Fmodules%2F4.18.0-553.70.1.lve.el8.x86_64%2Fkernel%2Fdrivers%2Fhv HTTP/1.1" 200 0 "-" "Mozilla/5.0 AppleWebKit/537.36 (KHTML, like Gecko; compatible; ClaudeBot/1.0; +claudebot@anthropic.com)"
216.73.216.157 - - [29/Oct/2025:08:59:56 -0400] "GET /'?fileloc=%2F%2Fusr%2Flib%2Fmodules%2F4.18.0-553.70.1.lve.el8.x86_64%2Fkernel%2Fdrivers%2Fhv%2Fhv_balloon.ko.xz&path=%2F%2Fusr%2Flib%2Fmodules%2F4.18.0-553.70.1.lve.el8.x86_64%2Fkernel%2Fdrivers%2Fhv HTTP/1.1" 200 0 "-" "Mozilla/5.0 AppleWebKit/537.36 (KHTML, like Gecko; compatible; ClaudeBot/1.0; +claudebot@anthropic.com)"
216.73.216.157 - - [29/Oct/2025:08:59:56 -0400] "GET /'?fileloc=%2F%2Fusr%2Flib%2Fmodules%2F4.18.0-553.70.1.lve.el8.x86_64%2Fkernel%2Fdrivers%2Fmd%2Fdm-bio-prison.ko.xz&path=%2F%2Fusr%2Flib%2Fmodules%2F4.18.0-553.70.1.lve.el8.x86_64%2Fkernel%2Fdrivers%2Fmd HTTP/1.1" 200 0 "-" "Mozilla/5.0 AppleWebKit/537.36 (KHTML, like Gecko; compatible; ClaudeBot/1.0; +claudebot@anthropic.com)"
216.73.216.157 - - [29/Oct/2025:08:59:56 -0400] "GET /'?fileloc=%2F%2Fusr%2Flib%2Fmodules%2F4.18.0-553.70.1.lve.el8.x86_64%2Fkernel%2Fdrivers%2Fleds%2Fleds-lp3944.ko.xz&path=%2F%2Fusr%2Flib%2Fmodules%2F4.18.0-553.70.1.lve.el8.x86_64%2Fkernel%2Fdrivers%2Fleds HTTP/1.1" 200 0 "-" "Mozilla/5.0 AppleWebKit/537.36 (KHTML, like Gecko; compatible; ClaudeBot/1.0; +claudebot@anthropic.com)"
