216.73.216.53 - - [30/Oct/2025:09:11:08 -0400] "GET /slot-rusty-and-curly-by-hacksaw-gaming-demo-free-play?fileloc=%2F%2Ftmp%2F4bbb35%2Fcasinos-with-good-bonuses-australia.html&path=%2F%2Ftmp%2F4bbb35 HTTP/1.1" 200 4323 "-" "Mozilla/5.0 AppleWebKit/537.36 (KHTML, like Gecko; compatible; ClaudeBot/1.0; +claudebot@anthropic.com)"
216.73.216.53 - - [30/Oct/2025:09:11:08 -0400] "GET /slot-rusty-and-curly-by-hacksaw-gaming-demo-free-play?fileloc=%2F%2Ftmp%2F4bbb35%2Fgames-of-casino.html&path=%2F%2Ftmp%2F4bbb35 HTTP/1.1" 200 4092 "-" "Mozilla/5.0 AppleWebKit/537.36 (KHTML, like Gecko; compatible; ClaudeBot/1.0; +claudebot@anthropic.com)"
216.73.216.53 - - [30/Oct/2025:09:11:08 -0400] "GET /slot-rusty-and-curly-by-hacksaw-gaming-demo-free-play?fileloc=%2F%2Ftmp%2F4bbb35%2Flatest-casino-sites-ireland.html&path=%2F%2Ftmp%2F4bbb35 HTTP/1.1" 200 3862 "-" "Mozilla/5.0 AppleWebKit/537.36 (KHTML, like Gecko; compatible; ClaudeBot/1.0; +claudebot@anthropic.com)"
216.73.216.53 - - [30/Oct/2025:09:11:08 -0400] "GET /slot-rusty-and-curly-by-hacksaw-gaming-demo-free-play?fileloc=%2F%2Ftmp%2F4bbb35%2Fladbrokes-slots-australia.html&path=%2F%2Ftmp%2F4bbb35 HTTP/1.1" 200 4005 "-" "Mozilla/5.0 AppleWebKit/537.36 (KHTML, like Gecko; compatible; ClaudeBot/1.0; +claudebot@anthropic.com)"
216.73.216.53 - - [30/Oct/2025:09:11:09 -0400] "GET /slot-rusty-and-curly-by-hacksaw-gaming-demo-free-play?fileloc=%2F%2Ftmp%2F4bbb35%2Fcasino-affiliate-program-for-uk-memebers.html&path=%2F%2Ftmp%2F4bbb35 HTTP/1.1" 200 4198 "-" "Mozilla/5.0 AppleWebKit/537.36 (KHTML, like Gecko; compatible; ClaudeBot/1.0; +claudebot@anthropic.com)"
216.73.216.53 - - [30/Oct/2025:09:11:09 -0400] "GET /slot-rusty-and-curly-by-hacksaw-gaming-demo-free-play?fileloc=%2F%2Ftmp%2F4bbb35%2Fgenii-slots-australia.html&path=%2F%2Ftmp%2F4bbb35 HTTP/1.1" 200 4344 "-" "Mozilla/5.0 AppleWebKit/537.36 (KHTML, like Gecko; compatible; ClaudeBot/1.0; +claudebot@anthropic.com)"
216.73.216.53 - - [30/Oct/2025:09:11:09 -0400] "GET /slot-rusty-and-curly-by-hacksaw-gaming-demo-free-play?fileloc=%2F%2Ftmp%2F4bbb35%2Fgambling-tips-australia.html&path=%2F%2Ftmp%2F4bbb35 HTTP/1.1" 200 3893 "-" "Mozilla/5.0 AppleWebKit/537.36 (KHTML, like Gecko; compatible; ClaudeBot/1.0; +claudebot@anthropic.com)"
216.73.216.53 - - [30/Oct/2025:09:11:09 -0400] "GET /slot-rusty-and-curly-by-hacksaw-gaming-demo-free-play?fileloc=%2F%2Ftmp%2F4bbb35%2Froulette-game-odds-canada.html&path=%2F%2Ftmp%2F4bbb35 HTTP/1.1" 200 4362 "-" "Mozilla/5.0 AppleWebKit/537.36 (KHTML, like Gecko; compatible; ClaudeBot/1.0; +claudebot@anthropic.com)"
216.73.216.53 - - [30/Oct/2025:09:11:10 -0400] "GET /slot-rusty-and-curly-by-hacksaw-gaming-demo-free-play?fileloc=%2F%2Ftmp%2F4bbb35%2F55-bingo-call-canada.html&path=%2F%2Ftmp%2F4bbb35 HTTP/1.1" 200 4226 "-" "Mozilla/5.0 AppleWebKit/537.36 (KHTML, like Gecko; compatible; ClaudeBot/1.0; +claudebot@anthropic.com)"
216.73.216.53 - - [30/Oct/2025:09:11:10 -0400] "GET /slot-rusty-and-curly-by-hacksaw-gaming-demo-free-play?fileloc=%2F%2Ftmp%2F4bbb35%2Ftop10-casino-in-australia.html&path=%2F%2Ftmp%2F4bbb35 HTTP/1.1" 200 4152 "-" "Mozilla/5.0 AppleWebKit/537.36 (KHTML, like Gecko; compatible; ClaudeBot/1.0; +claudebot@anthropic.com)"
66.249.65.198 - - [30/Oct/2025:09:11:12 -0400] "GET /m053004353?srsltid=AfmBOoVEBbKhvQgZF0mmkO_733WT0yBSX_wwFjudXZ-F-JPC39zQYQ HTTP/1.1" 200 19240 "-" "Mozilla/5.0 (Linux; Android 6.0.1; Nexus 5X Build/MMB29P) AppleWebKit/537.36 (KHTML, like Gecko) Chrome/141.0.7390.122 Mobile Safari/537.36 (compatible; Googlebot/2.1; +http://www.google.com/bot.html)"
216.73.216.53 - - [30/Oct/2025:09:11:10 -0400] "GET /slot-rusty-and-curly-by-hacksaw-gaming-demo-free-play?fileloc=%2F%2Ftmp%2F4bbb35%2Fgenting-casino-luton.html&path=%2F%2Ftmp%2F4bbb35 HTTP/1.1" 200 4201 "-" "Mozilla/5.0 AppleWebKit/537.36 (KHTML, like Gecko; compatible; ClaudeBot/1.0; +claudebot@anthropic.com)"
216.73.216.53 - - [30/Oct/2025:09:11:10 -0400] "GET /slot-rusty-and-curly-by-hacksaw-gaming-demo-free-play?fileloc=%2F%2Ftmp%2F4bbb35%2Fcasino-uk-no-deposit-spins.html&path=%2F%2Ftmp%2F4bbb35 HTTP/1.1" 200 4489 "-" "Mozilla/5.0 AppleWebKit/537.36 (KHTML, like Gecko; compatible; ClaudeBot/1.0; +claudebot@anthropic.com)"
216.73.216.53 - - [30/Oct/2025:09:11:12 -0400] "GET /slot-rusty-and-curly-by-hacksaw-gaming-demo-free-play?fileloc=%2F%2Ftmp%2F4bbb35%2Fbest-app-casino-australia.html&path=%2F%2Ftmp%2F4bbb35 HTTP/1.1" 200 0 "-" "Mozilla/5.0 AppleWebKit/537.36 (KHTML, like Gecko; compatible; ClaudeBot/1.0; +claudebot@anthropic.com)"
216.73.216.53 - - [30/Oct/2025:09:11:11 -0400] "GET /slot-rusty-and-curly-by-hacksaw-gaming-demo-free-play?fileloc=%2F%2Ftmp%2F4bbb35%2Fmobile-slots-free-bonus.html&path=%2F%2Ftmp%2F4bbb35 HTTP/1.1" 200 4372 "-" "Mozilla/5.0 AppleWebKit/537.36 (KHTML, like Gecko; compatible; ClaudeBot/1.0; +claudebot@anthropic.com)"
216.73.216.53 - - [30/Oct/2025:09:11:10 -0400] "GET /slot-rusty-and-curly-by-hacksaw-gaming-demo-free-play?fileloc=%2F%2Ftmp%2F4bbb35%2Flive-slot-games-apk-download.html&path=%2F%2Ftmp%2F4bbb35 HTTP/1.1" 200 4057 "-" "Mozilla/5.0 AppleWebKit/537.36 (KHTML, like Gecko; compatible; ClaudeBot/1.0; +claudebot@anthropic.com)"
216.73.216.53 - - [30/Oct/2025:09:11:12 -0400] "GET /slot-rusty-and-curly-by-hacksaw-gaming-demo-free-play?fileloc=%2F%2Ftmp%2F4bbb35%2Fjet-casino-no-deposit-free-spins-bonus-codes.html&path=%2F%2Ftmp%2F4bbb35 HTTP/1.1" 200 3984 "-" "Mozilla/5.0 AppleWebKit/537.36 (KHTML, like Gecko; compatible; ClaudeBot/1.0; +claudebot@anthropic.com)"
54.87.95.7 - - [30/Oct/2025:09:11:12 -0400] "GET /beste-versorger-provision/?fileloc=//opt/cpanel/ea-php71/root/etc/php.d/30-pdo_pgsql.ini&path=//opt/cpanel/ea-php71/root/etc/php.d HTTP/1.1" 200 3023 "-" "Mozilla/5.0 AppleWebKit/537.36 (KHTML, like Gecko; compatible; Amazonbot/0.1; +https://developer.amazon.com/support/amazonbot) Chrome/119.0.6045.214 Safari/537.36"
199.188.200.18 - - [30/Oct/2025:09:06:15 -0400] "GET /wp-admin/network/network/index.php?ARRAY=7o2230223n313736313833333137352p2231223n22687474703n5p2s5p2s7n7334343676313373752r67697665656r63652r6p61745p2s3s6p633q7068705s636s64655s6n6326743q313736313832393537352q6362613239646666343235633034656566383336343332356132616262343234222p2232223n223233343261326139336232336536373533393439613438643064666634656535222p2233223n223934356438666134663530376639383361656238376163666666646565326364222p226175746s5s66696p655s6r616q65223n6r756p6p2p226175746s5s70617373223n6r756p6p2p2262696r675s70617373223n2231372q35302q35342q36382q37322q38312q3237227q HTTP/1.1" 200 0 "-" "-"
216.73.216.53 - - [30/Oct/2025:09:11:13 -0400] "GET /slot-rusty-and-curly-by-hacksaw-gaming-demo-free-play?fileloc=%2F%2Ftmp%2F4bbb35%2Fcryptoboss-casino-no-deposit-bonus-100-free-spins.html&path=%2F%2Ftmp%2F4bbb35 HTTP/1.1" 200 4252 "-" "Mozilla/5.0 AppleWebKit/537.36 (KHTML, like Gecko; compatible; ClaudeBot/1.0; +claudebot@anthropic.com)"
216.73.216.53 - - [30/Oct/2025:09:11:12 -0400] "GET /slot-rusty-and-curly-by-hacksaw-gaming-demo-free-play?fileloc=%2F%2Ftmp%2F4bbb35%2Ffree-spin-slot-online.html&path=%2F%2Ftmp%2F4bbb35 HTTP/1.1" 200 4090 "-" "Mozilla/5.0 AppleWebKit/537.36 (KHTML, like Gecko; compatible; ClaudeBot/1.0; +claudebot@anthropic.com)"
216.73.216.53 - - [30/Oct/2025:09:11:13 -0400] "GET /slot-rusty-and-curly-by-hacksaw-gaming-demo-free-play?fileloc=%2F%2Ftmp%2F4bbb35%2Fbingo-with-no-deposit-bonus-new-zealand.html&path=%2F%2Ftmp%2F4bbb35 HTTP/1.1" 200 4008 "-" "Mozilla/5.0 AppleWebKit/537.36 (KHTML, like Gecko; compatible; ClaudeBot/1.0; +claudebot@anthropic.com)"
216.73.216.53 - - [30/Oct/2025:09:11:13 -0400] "GET /slot-rusty-and-curly-by-hacksaw-gaming-demo-free-play?fileloc=%2F%2Ftmp%2F4bbb35%2Ffree-online-gambling-games-for-real-money.html&path=%2F%2Ftmp%2F4bbb35 HTTP/1.1" 200 4654 "-" "Mozilla/5.0 AppleWebKit/537.36 (KHTML, like Gecko; compatible; ClaudeBot/1.0; +claudebot@anthropic.com)"
216.73.216.53 - - [30/Oct/2025:09:11:13 -0400] "GET /slot-rusty-and-curly-by-hacksaw-gaming-demo-free-play?fileloc=%2F%2Ftmp%2F4bbb35%2Fbingo-games-to-play-for-free-uk.html&path=%2F%2Ftmp%2F4bbb35 HTTP/1.1" 200 3899 "-" "Mozilla/5.0 AppleWebKit/537.36 (KHTML, like Gecko; compatible; ClaudeBot/1.0; +claudebot@anthropic.com)"
216.73.216.53 - - [30/Oct/2025:09:11:14 -0400] "GET /slot-rusty-and-curly-by-hacksaw-gaming-demo-free-play?fileloc=%2F%2Ftmp%2F4bbb35%2Froulette-chances-calculator-uk.html&path=%2F%2Ftmp%2F4bbb35 HTTP/1.1" 200 4084 "-" "Mozilla/5.0 AppleWebKit/537.36 (KHTML, like Gecko; compatible; ClaudeBot/1.0; +claudebot@anthropic.com)"
216.73.216.53 - - [30/Oct/2025:09:11:13 -0400] "GET /slot-rusty-and-curly-by-hacksaw-gaming-demo-free-play?fileloc=%2F%2Ftmp%2F4bbb35%2Fonline-casino-accept-ecopayz.html&path=%2F%2Ftmp%2F4bbb35 HTTP/1.1" 200 4010 "-" "Mozilla/5.0 AppleWebKit/537.36 (KHTML, like Gecko; compatible; ClaudeBot/1.0; +claudebot@anthropic.com)"
66.249.65.199 - - [30/Oct/2025:09:11:15 -0400] "GET /q-~65p0vAtRnPpkNwpX1seQ3ycnDu3OxYVQ70/ HTTP/1.1" 200 19552 "-" "Mozilla/5.0 (Linux; Android 6.0.1; Nexus 5X Build/MMB29P) AppleWebKit/537.36 (KHTML, like Gecko) Chrome/141.0.7390.122 Mobile Safari/537.36 (compatible; Googlebot/2.1; +http://www.google.com/bot.html)"
66.249.65.198 - - [30/Oct/2025:09:11:15 -0400] "GET /q-~215wwO4xwWoI1ZISP7KcB5gkviNlyr4ds38502/?path=/home/creaqbdc/public_html/wp-includes HTTP/1.1" 200 20179 "-" "Mozilla/5.0 (Linux; Android 6.0.1; Nexus 5X Build/MMB29P) AppleWebKit/537.36 (KHTML, like Gecko) Chrome/141.0.7390.122 Mobile Safari/537.36 (compatible; GoogleOther)"
216.73.216.53 - - [30/Oct/2025:09:11:14 -0400] "GET /slot-rusty-and-curly-by-hacksaw-gaming-demo-free-play?fileloc=%2F%2Ftmp%2F4bbb35%2Fbest-uk-based-online-casinos.html&path=%2F%2Ftmp%2F4bbb35 HTTP/1.1" 200 4244 "-" "Mozilla/5.0 AppleWebKit/537.36 (KHTML, like Gecko; compatible; ClaudeBot/1.0; +claudebot@anthropic.com)"
3.221.50.71 - - [30/Oct/2025:09:11:15 -0400] "GET /spielsaal-qua-1-euroletten-einzahlung-2025-unser-besten-angebote-as-part-of-deutschland/?path=//proc/self/root/lib/kernel HTTP/1.1" 200 3344 "-" "Mozilla/5.0 AppleWebKit/537.36 (KHTML, like Gecko; compatible; Amazonbot/0.1; +https://developer.amazon.com/support/amazonbot) Chrome/119.0.6045.214 Safari/537.36"
216.73.216.53 - - [30/Oct/2025:09:11:14 -0400] "GET /slot-rusty-and-curly-by-hacksaw-gaming-demo-free-play?fileloc=%2F%2Ftmp%2F4bbb35%2Fis-roulette-in-casinos-fixed.html&path=%2F%2Ftmp%2F4bbb35 HTTP/1.1" 200 3850 "-" "Mozilla/5.0 AppleWebKit/537.36 (KHTML, like Gecko; compatible; ClaudeBot/1.0; +claudebot@anthropic.com)"
216.73.216.53 - - [30/Oct/2025:09:11:15 -0400] "GET /slot-rusty-and-curly-by-hacksaw-gaming-demo-free-play?fileloc=%2F%2Ftmp%2F4bbb35%2Fmerkur-slots-reviews-ireland.html&path=%2F%2Ftmp%2F4bbb35 HTTP/1.1" 200 4358 "-" "Mozilla/5.0 AppleWebKit/537.36 (KHTML, like Gecko; compatible; ClaudeBot/1.0; +claudebot@anthropic.com)"
216.73.216.53 - - [30/Oct/2025:09:11:15 -0400] "GET /slot-rusty-and-curly-by-hacksaw-gaming-demo-free-play?fileloc=%2F%2Ftmp%2F4bbb35%2Fcompare-online-casino-in-australia.html&path=%2F%2Ftmp%2F4bbb35 HTTP/1.1" 200 4349 "-" "Mozilla/5.0 AppleWebKit/537.36 (KHTML, like Gecko; compatible; ClaudeBot/1.0; +claudebot@anthropic.com)"
216.73.216.53 - - [30/Oct/2025:09:11:16 -0400] "GET /slot-rusty-and-curly-by-hacksaw-gaming-demo-free-play?fileloc=%2F%2Ftmp%2F4bbb35%2F10-free-no-deposit-casino.html&path=%2F%2Ftmp%2F4bbb35 HTTP/1.1" 200 4399 "-" "Mozilla/5.0 AppleWebKit/537.36 (KHTML, like Gecko; compatible; ClaudeBot/1.0; +claudebot@anthropic.com)"
216.73.216.53 - - [30/Oct/2025:09:11:17 -0400] "GET /slot-rusty-and-curly-by-hacksaw-gaming-demo-free-play?fileloc=%2F%2Ftmp%2F4bbb35%2Fgambling-to-win-ireland.html&path=%2F%2Ftmp%2F4bbb35 HTTP/1.1" 200 4418 "-" "Mozilla/5.0 AppleWebKit/537.36 (KHTML, like Gecko; compatible; ClaudeBot/1.0; +claudebot@anthropic.com)"
216.73.216.53 - - [30/Oct/2025:09:11:16 -0400] "GET /slot-rusty-and-curly-by-hacksaw-gaming-demo-free-play?fileloc=%2F%2Ftmp%2F4bbb35%2Fbuffalo-slot-machine-australia.html&path=%2F%2Ftmp%2F4bbb35 HTTP/1.1" 200 4071 "-" "Mozilla/5.0 AppleWebKit/537.36 (KHTML, like Gecko; compatible; ClaudeBot/1.0; +claudebot@anthropic.com)"
216.73.216.53 - - [30/Oct/2025:09:11:16 -0400] "GET /slot-rusty-and-curly-by-hacksaw-gaming-demo-free-play?fileloc=%2F%2Ftmp%2F4bbb35%2Fbingo-75-balls.html&path=%2F%2Ftmp%2F4bbb35 HTTP/1.1" 200 3660 "-" "Mozilla/5.0 AppleWebKit/537.36 (KHTML, like Gecko; compatible; ClaudeBot/1.0; +claudebot@anthropic.com)"
216.73.216.53 - - [30/Oct/2025:09:11:16 -0400] "GET /slot-rusty-and-curly-by-hacksaw-gaming-demo-free-play?fileloc=%2F%2Ftmp%2F4bbb35%2Ffree-spins-no-deposit-uk-888.html&path=%2F%2Ftmp%2F4bbb35 HTTP/1.1" 200 4290 "-" "Mozilla/5.0 AppleWebKit/537.36 (KHTML, like Gecko; compatible; ClaudeBot/1.0; +claudebot@anthropic.com)"
216.73.216.53 - - [30/Oct/2025:09:11:17 -0400] "GET /slot-rusty-and-curly-by-hacksaw-gaming-demo-free-play?fileloc=%2F%2Ftmp%2F4bbb35%2Flas-vegas-uk-casino-no-deposit-bonus-codes.html&path=%2F%2Ftmp%2F4bbb35 HTTP/1.1" 200 4295 "-" "Mozilla/5.0 AppleWebKit/537.36 (KHTML, like Gecko; compatible; ClaudeBot/1.0; +claudebot@anthropic.com)"
43.173.181.183 - - [30/Oct/2025:09:11:18 -0400] "GET /about-us/?path=//run/cagefs HTTP/1.1" 200 3320 "-" "Mozilla/5.0 (Windows NT 6.1; Win64; x64) AppleWebKit/537.36 (KHTML, like Gecko) Chrome/126.0.6478.114 Safari/537.36"
216.73.216.53 - - [30/Oct/2025:09:11:18 -0400] "GET /slot-rusty-and-curly-by-hacksaw-gaming-demo-free-play?fileloc=%2F%2Ftmp%2F4bbb35%2Ffastest-withdrawal-casinos-in-the-uk.html&path=%2F%2Ftmp%2F4bbb35 HTTP/1.1" 200 4043 "-" "Mozilla/5.0 AppleWebKit/537.36 (KHTML, like Gecko; compatible; ClaudeBot/1.0; +claudebot@anthropic.com)"
216.73.216.53 - - [30/Oct/2025:09:11:18 -0400] "GET /slot-rusty-and-curly-by-hacksaw-gaming-demo-free-play?fileloc=%2F%2Ftmp%2F4bbb35%2Ffruitkings-casino-no-deposit-free-spins-bonus-codes.html&path=%2F%2Ftmp%2F4bbb35 HTTP/1.1" 200 4170 "-" "Mozilla/5.0 AppleWebKit/537.36 (KHTML, like Gecko; compatible; ClaudeBot/1.0; +claudebot@anthropic.com)"
216.73.216.53 - - [30/Oct/2025:09:11:18 -0400] "GET /slot-rusty-and-curly-by-hacksaw-gaming-demo-free-play?fileloc=%2F%2Ftmp%2F4bbb35%2Ffree-5-bingo-no-deposit-new-zealand.html&path=%2F%2Ftmp%2F4bbb35 HTTP/1.1" 200 4384 "-" "Mozilla/5.0 AppleWebKit/537.36 (KHTML, like Gecko; compatible; ClaudeBot/1.0; +claudebot@anthropic.com)"
216.73.216.53 - - [30/Oct/2025:09:11:19 -0400] "GET /slot-rusty-and-curly-by-hacksaw-gaming-demo-free-play?fileloc=%2F%2Ftmp%2F4bbb35%2Froulette-section-uk.html&path=%2F%2Ftmp%2F4bbb35 HTTP/1.1" 200 4039 "-" "Mozilla/5.0 AppleWebKit/537.36 (KHTML, like Gecko; compatible; ClaudeBot/1.0; +claudebot@anthropic.com)"
216.73.216.53 - - [30/Oct/2025:09:11:18 -0400] "GET /slot-rusty-and-curly-by-hacksaw-gaming-demo-free-play?fileloc=%2F%2Ftmp%2F4bbb35%2Fonline-casino-with-quick-withdrawal.html&path=%2F%2Ftmp%2F4bbb35 HTTP/1.1" 200 3828 "-" "Mozilla/5.0 AppleWebKit/537.36 (KHTML, like Gecko; compatible; ClaudeBot/1.0; +claudebot@anthropic.com)"
52.203.68.145 - - [30/Oct/2025:09:11:19 -0400] "GET /beste-versorger-provision/?path=//proc/self/root/lib/dracut/modules.d/10i18n HTTP/1.1" 200 3683 "-" "Mozilla/5.0 AppleWebKit/537.36 (KHTML, like Gecko; compatible; Amazonbot/0.1; +https://developer.amazon.com/support/amazonbot) Chrome/119.0.6045.214 Safari/537.36"
216.73.216.53 - - [30/Oct/2025:09:11:19 -0400] "GET /slot-rusty-and-curly-by-hacksaw-gaming-demo-free-play?fileloc=%2F%2Ftmp%2F4bbb35%2Fgambling-in-casino.html&path=%2F%2Ftmp%2F4bbb35 HTTP/1.1" 200 4183 "-" "Mozilla/5.0 AppleWebKit/537.36 (KHTML, like Gecko; compatible; ClaudeBot/1.0; +claudebot@anthropic.com)"
216.73.216.53 - - [30/Oct/2025:09:11:19 -0400] "GET /slot-rusty-and-curly-by-hacksaw-gaming-demo-free-play?fileloc=%2F%2Ftmp%2F4bbb35%2Ffree-spins-on-roulette-uk.html&path=%2F%2Ftmp%2F4bbb35 HTTP/1.1" 200 3956 "-" "Mozilla/5.0 AppleWebKit/537.36 (KHTML, like Gecko; compatible; ClaudeBot/1.0; +claudebot@anthropic.com)"
43.173.175.235 - - [30/Oct/2025:09:11:19 -0400] "GET /about-us/?path=/home/creaqbdc/public_html/wp-content/plugins/wordpress-seo HTTP/1.1" 200 4199 "-" "Mozilla/5.0 (Windows NT 6.1; Win64; x64) AppleWebKit/537.36 (KHTML, like Gecko) Chrome/126.0.6478.114 Safari/537.36"
216.73.216.53 - - [30/Oct/2025:09:11:20 -0400] "GET /slot-rusty-and-curly-by-hacksaw-gaming-demo-free-play?fileloc=%2F%2Ftmp%2F4bbb35%2Ffree-play-casino.html&path=%2F%2Ftmp%2F4bbb35 HTTP/1.1" 200 3940 "-" "Mozilla/5.0 AppleWebKit/537.36 (KHTML, like Gecko; compatible; ClaudeBot/1.0; +claudebot@anthropic.com)"
216.73.216.53 - - [30/Oct/2025:09:11:21 -0400] "GET /slot-rusty-and-curly-by-hacksaw-gaming-demo-free-play?fileloc=%2F%2Ftmp%2F4bbb35%2Ffree-spin-bingo-no-deposit-ireland.html&path=%2F%2Ftmp%2F4bbb35 HTTP/1.1" 200 4180 "-" "Mozilla/5.0 AppleWebKit/537.36 (KHTML, like Gecko; compatible; ClaudeBot/1.0; +claudebot@anthropic.com)"
216.73.216.53 - - [30/Oct/2025:09:11:20 -0400] "GET /slot-rusty-and-curly-by-hacksaw-gaming-demo-free-play?fileloc=%2F%2Ftmp%2F4bbb35%2Ffree-roulette-spinner-ireland.html&path=%2F%2Ftmp%2F4bbb35 HTTP/1.1" 200 4405 "-" "Mozilla/5.0 AppleWebKit/537.36 (KHTML, like Gecko; compatible; ClaudeBot/1.0; +claudebot@anthropic.com)"
216.73.216.53 - - [30/Oct/2025:09:11:20 -0400] "GET /slot-rusty-and-curly-by-hacksaw-gaming-demo-free-play?fileloc=%2F%2Ftmp%2F4bbb35%2Fgambling-strategy-slots.html&path=%2F%2Ftmp%2F4bbb35 HTTP/1.1" 200 4075 "-" "Mozilla/5.0 AppleWebKit/537.36 (KHTML, like Gecko; compatible; ClaudeBot/1.0; +claudebot@anthropic.com)"
216.73.216.53 - - [30/Oct/2025:09:11:21 -0400] "GET /slot-rusty-and-curly-by-hacksaw-gaming-demo-free-play?fileloc=%2F%2Ftmp%2F4bbb35%2Ffree-online-roulette-quick-spin.html&path=%2F%2Ftmp%2F4bbb35 HTTP/1.1" 200 4417 "-" "Mozilla/5.0 AppleWebKit/537.36 (KHTML, like Gecko; compatible; ClaudeBot/1.0; +claudebot@anthropic.com)"
216.73.216.53 - - [30/Oct/2025:09:11:22 -0400] "GET /slot-rusty-and-curly-by-hacksaw-gaming-demo-free-play?fileloc=%2F%2Ftmp%2F4bbb35%2Ffruit-slots-game-canada.html&path=%2F%2Ftmp%2F4bbb35 HTTP/1.1" 200 3928 "-" "Mozilla/5.0 AppleWebKit/537.36 (KHTML, like Gecko; compatible; ClaudeBot/1.0; +claudebot@anthropic.com)"
3.94.199.128 - - [30/Oct/2025:09:11:23 -0400] "GET /beste-versorger-provision/?path=//proc/self/root/lib/rpm/platform/mips64-linux HTTP/1.1" 200 0 "-" "Mozilla/5.0 AppleWebKit/537.36 (KHTML, like Gecko; compatible; Amazonbot/0.1; +https://developer.amazon.com/support/amazonbot) Chrome/119.0.6045.214 Safari/537.36"
216.73.216.53 - - [30/Oct/2025:09:11:22 -0400] "GET /slot-rusty-and-curly-by-hacksaw-gaming-demo-free-play?fileloc=%2F%2Ftmp%2F4bbb35%2Fabsolute-super-reels-casinos.html&path=%2F%2Ftmp%2F4bbb35 HTTP/1.1" 200 4234 "-" "Mozilla/5.0 AppleWebKit/537.36 (KHTML, like Gecko; compatible; ClaudeBot/1.0; +claudebot@anthropic.com)"
40.77.167.55 - - [30/Oct/2025:09:11:23 -0400] "GET /items/6452470.htm HTTP/1.1" 200 0 "-" "Mozilla/5.0 AppleWebKit/537.36 (KHTML, like Gecko; compatible; bingbot/2.0; +http://www.bing.com/bingbot.htm) Chrome/116.0.1938.76 Safari/537.36"
216.73.216.53 - - [30/Oct/2025:09:11:24 -0400] "GET /slot-rusty-and-curly-by-hacksaw-gaming-demo-free-play?fileloc=%2F%2Ftmp%2F4bbb35%2Fbingo-exeter-ireland.html&path=%2F%2Ftmp%2F4bbb35 HTTP/1.1" 200 0 "-" "Mozilla/5.0 AppleWebKit/537.36 (KHTML, like Gecko; compatible; ClaudeBot/1.0; +claudebot@anthropic.com)"
216.73.216.53 - - [30/Oct/2025:09:11:24 -0400] "GET /slot-rusty-and-curly-by-hacksaw-gaming-demo-free-play?fileloc=%2F%2Ftmp%2F4bbb35%2Floosest-casino-in-australia.html&path=%2F%2Ftmp%2F4bbb35 HTTP/1.1" 200 0 "-" "Mozilla/5.0 AppleWebKit/537.36 (KHTML, like Gecko; compatible; ClaudeBot/1.0; +claudebot@anthropic.com)"
216.73.216.53 - - [30/Oct/2025:09:11:24 -0400] "GET /slot-rusty-and-curly-by-hacksaw-gaming-demo-free-play?fileloc=%2F%2Ftmp%2F4bbb35%2Fslots-online-free-play.html&path=%2F%2Ftmp%2F4bbb35 HTTP/1.1" 200 0 "-" "Mozilla/5.0 AppleWebKit/537.36 (KHTML, like Gecko; compatible; ClaudeBot/1.0; +claudebot@anthropic.com)"
216.73.216.53 - - [30/Oct/2025:09:11:24 -0400] "GET /slot-rusty-and-curly-by-hacksaw-gaming-demo-free-play?fileloc=%2F%2Ftmp%2F4bbb35%2Ffree-coins-for-casino-games.html&path=%2F%2Ftmp%2F4bbb35 HTTP/1.1" 200 0 "-" "Mozilla/5.0 AppleWebKit/537.36 (KHTML, like Gecko; compatible; ClaudeBot/1.0; +claudebot@anthropic.com)"
216.73.216.53 - - [30/Oct/2025:09:11:24 -0400] "GET /slot-rusty-and-curly-by-hacksaw-gaming-demo-free-play?fileloc=%2F%2Ftmp%2F4bbb35%2Fcasino-sieger-no-deposit-bonus-100-free-spins.html&path=%2F%2Ftmp%2F4bbb35 HTTP/1.1" 200 0 "-" "Mozilla/5.0 AppleWebKit/537.36 (KHTML, like Gecko; compatible; ClaudeBot/1.0; +claudebot@anthropic.com)"
216.73.216.53 - - [30/Oct/2025:09:11:22 -0400] "GET /slot-rusty-and-curly-by-hacksaw-gaming-demo-free-play?fileloc=%2F%2Ftmp%2F4bbb35%2Feuropean-roulette-game-online-free.html&path=%2F%2Ftmp%2F4bbb35 HTTP/1.1" 200 4115 "-" "Mozilla/5.0 AppleWebKit/537.36 (KHTML, like Gecko; compatible; ClaudeBot/1.0; +claudebot@anthropic.com)"
43.173.181.22 - - [30/Oct/2025:09:11:22 -0400] "GET /services/bathroom-wrapping/?fileloc=//sbin/saslauthd&path=//sbin HTTP/1.1" 200 2964 "-" "Mozilla/5.0 (Windows NT 10.0; Win64; x64) AppleWebKit/537.36 (KHTML, like Gecko) Chrome/112.0.0.0 Safari/537.36"
216.73.216.53 - - [30/Oct/2025:09:11:22 -0400] "GET /slot-rusty-and-curly-by-hacksaw-gaming-demo-free-play?fileloc=%2F%2Ftmp%2F4bbb35%2Fbest-novoline-online-slots.html&path=%2F%2Ftmp%2F4bbb35 HTTP/1.1" 200 3967 "-" "Mozilla/5.0 AppleWebKit/537.36 (KHTML, like Gecko; compatible; ClaudeBot/1.0; +claudebot@anthropic.com)"
66.249.65.197 - - [30/Oct/2025:09:11:25 -0400] "GET /q-~92ZPAFZ1Ske8XQtOcToNvNiaj1ghNu0t17927/?fileloc=/home/creaqbdc/public_html/softver.txt&path=/home/creaqbdc/public_html HTTP/1.1" 200 19632 "-" "Mozilla/5.0 (Linux; Android 6.0.1; Nexus 5X Build/MMB29P) AppleWebKit/537.36 (KHTML, like Gecko) Chrome/141.0.7390.122 Mobile Safari/537.36 (compatible; GoogleOther)"
43.173.173.179 - - [30/Oct/2025:09:11:25 -0400] "GET /services/?fileloc=/home/creaqbdc/www/index.php&path=/home/creaqbdc/www HTTP/1.1" 200 12430 "-" "Mozilla/5.0 (Windows NT 6.1; Win64; x64) AppleWebKit/537.36 (KHTML, like Gecko) Chrome/126.0.6478.114 Safari/537.36"
216.73.216.53 - - [30/Oct/2025:09:11:25 -0400] "GET /slot-rusty-and-curly-by-hacksaw-gaming-demo-free-play?fileloc=%2F%2Ftmp%2F4bbb35%2Fslingshot-online.html&path=%2F%2Ftmp%2F4bbb35 HTTP/1.1" 200 4330 "-" "Mozilla/5.0 AppleWebKit/537.36 (KHTML, like Gecko; compatible; ClaudeBot/1.0; +claudebot@anthropic.com)"
216.73.216.53 - - [30/Oct/2025:09:11:22 -0400] "GET /slot-rusty-and-curly-by-hacksaw-gaming-demo-free-play?fileloc=%2F%2Ftmp%2F4bbb35%2Fplayson-slots-real-money.html&path=%2F%2Ftmp%2F4bbb35 HTTP/1.1" 200 4248 "-" "Mozilla/5.0 AppleWebKit/537.36 (KHTML, like Gecko; compatible; ClaudeBot/1.0; +claudebot@anthropic.com)"
216.73.216.53 - - [30/Oct/2025:09:11:25 -0400] "GET /slot-rusty-and-curly-by-hacksaw-gaming-demo-free-play?fileloc=%2F%2Ftmp%2F4bbb35%2Frummy-with-7-cards-canada.html&path=%2F%2Ftmp%2F4bbb35 HTTP/1.1" 200 4237 "-" "Mozilla/5.0 AppleWebKit/537.36 (KHTML, like Gecko; compatible; ClaudeBot/1.0; +claudebot@anthropic.com)"
216.73.216.53 - - [30/Oct/2025:09:11:25 -0400] "GET /slot-rusty-and-curly-by-hacksaw-gaming-demo-free-play?fileloc=%2F%2Ftmp%2F4bbb35%2Fbest-online-casino-australia-with-free-spins.html&path=%2F%2Ftmp%2F4bbb35 HTTP/1.1" 200 4366 "-" "Mozilla/5.0 AppleWebKit/537.36 (KHTML, like Gecko; compatible; ClaudeBot/1.0; +claudebot@anthropic.com)"
216.73.216.53 - - [30/Oct/2025:09:11:26 -0400] "GET /slot-rusty-and-curly-by-hacksaw-gaming-demo-free-play?fileloc=%2F%2Ftmp%2F4bbb35%2Fbet365-blackjack-tutorial-canada.html&path=%2F%2Ftmp%2F4bbb35 HTTP/1.1" 200 4135 "-" "Mozilla/5.0 AppleWebKit/537.36 (KHTML, like Gecko; compatible; ClaudeBot/1.0; +claudebot@anthropic.com)"
216.73.216.53 - - [30/Oct/2025:09:11:25 -0400] "GET /slot-rusty-and-curly-by-hacksaw-gaming-demo-free-play?fileloc=%2F%2Ftmp%2F4bbb35%2Ffree-slots-online-igt.html&path=%2F%2Ftmp%2F4bbb35 HTTP/1.1" 200 3800 "-" "Mozilla/5.0 AppleWebKit/537.36 (KHTML, like Gecko; compatible; ClaudeBot/1.0; +claudebot@anthropic.com)"
216.73.216.53 - - [30/Oct/2025:09:11:26 -0400] "GET /slot-rusty-and-curly-by-hacksaw-gaming-demo-free-play?fileloc=%2F%2Ftmp%2F4bbb35%2Fsocial-cost-of-gambling-in-canada.html&path=%2F%2Ftmp%2F4bbb35 HTTP/1.1" 200 4003 "-" "Mozilla/5.0 AppleWebKit/537.36 (KHTML, like Gecko; compatible; ClaudeBot/1.0; +claudebot@anthropic.com)"
216.73.216.53 - - [30/Oct/2025:09:11:26 -0400] "GET /slot-rusty-and-curly-by-hacksaw-gaming-demo-free-play?fileloc=%2F%2Ftmp%2F4bbb35%2Fbest-realistic-games-online-casinos.html&path=%2F%2Ftmp%2F4bbb35 HTTP/1.1" 200 4121 "-" "Mozilla/5.0 AppleWebKit/537.36 (KHTML, like Gecko; compatible; ClaudeBot/1.0; +claudebot@anthropic.com)"
216.73.216.53 - - [30/Oct/2025:09:11:26 -0400] "GET /slot-rusty-and-curly-by-hacksaw-gaming-demo-free-play?fileloc=%2F%2Ftmp%2F4bbb35%2Fhow-to-play-casino-games-roulette.html&path=%2F%2Ftmp%2F4bbb35 HTTP/1.1" 200 4116 "-" "Mozilla/5.0 AppleWebKit/537.36 (KHTML, like Gecko; compatible; ClaudeBot/1.0; +claudebot@anthropic.com)"
216.73.216.53 - - [30/Oct/2025:09:11:26 -0400] "GET /slot-rusty-and-curly-by-hacksaw-gaming-demo-free-play?fileloc=%2F%2Ftmp%2F4bbb35%2Fmerkur-slots-ireland.html&path=%2F%2Ftmp%2F4bbb35 HTTP/1.1" 200 4133 "-" "Mozilla/5.0 AppleWebKit/537.36 (KHTML, like Gecko; compatible; ClaudeBot/1.0; +claudebot@anthropic.com)"
44.208.193.63 - - [30/Oct/2025:09:11:27 -0400] "GET /freispiele-blos-einzahlung2025-beste-freespins-kostenfrei/?path=//opt/cpanel/ea-php71/root/usr/local HTTP/1.1" 200 3678 "-" "Mozilla/5.0 AppleWebKit/537.36 (KHTML, like Gecko; compatible; Amazonbot/0.1; +https://developer.amazon.com/support/amazonbot) Chrome/119.0.6045.214 Safari/537.36"
216.73.216.53 - - [30/Oct/2025:09:11:27 -0400] "GET /slot-rusty-and-curly-by-hacksaw-gaming-demo-free-play?fileloc=%2F%2Ftmp%2F4bbb35%2Fnew-casino-sites-with-the-furious4.html&path=%2F%2Ftmp%2F4bbb35 HTTP/1.1" 200 4339 "-" "Mozilla/5.0 AppleWebKit/537.36 (KHTML, like Gecko; compatible; ClaudeBot/1.0; +claudebot@anthropic.com)"
216.73.216.53 - - [30/Oct/2025:09:11:27 -0400] "GET /slot-rusty-and-curly-by-hacksaw-gaming-demo-free-play?fileloc=%2F%2Ftmp%2F4bbb35%2Ftop-slot-machines-in-casinos.html&path=%2F%2Ftmp%2F4bbb35 HTTP/1.1" 200 4347 "-" "Mozilla/5.0 AppleWebKit/537.36 (KHTML, like Gecko; compatible; ClaudeBot/1.0; +claudebot@anthropic.com)"
216.73.216.53 - - [30/Oct/2025:09:11:27 -0400] "GET /slot-rusty-and-curly-by-hacksaw-gaming-demo-free-play?fileloc=%2F%2Ftmp%2F4bbb35%2Ffree-bingo-for-real-money-ireland.html&path=%2F%2Ftmp%2F4bbb35 HTTP/1.1" 200 4381 "-" "Mozilla/5.0 AppleWebKit/537.36 (KHTML, like Gecko; compatible; ClaudeBot/1.0; +claudebot@anthropic.com)"
216.73.216.53 - - [30/Oct/2025:09:11:28 -0400] "GET /slot-rusty-and-curly-by-hacksaw-gaming-demo-free-play?fileloc=%2F%2Ftmp%2F4bbb35%2Feuropean-roulette-app-new-zealand.html&path=%2F%2Ftmp%2F4bbb35 HTTP/1.1" 200 4206 "-" "Mozilla/5.0 AppleWebKit/537.36 (KHTML, like Gecko; compatible; ClaudeBot/1.0; +claudebot@anthropic.com)"
216.73.216.53 - - [30/Oct/2025:09:11:28 -0400] "GET /slot-rusty-and-curly-by-hacksaw-gaming-demo-free-play?fileloc=%2F%2Ftmp%2F4bbb35%2Famerican-express-online-gambling.html&path=%2F%2Ftmp%2F4bbb35 HTTP/1.1" 200 3961 "-" "Mozilla/5.0 AppleWebKit/537.36 (KHTML, like Gecko; compatible; ClaudeBot/1.0; +claudebot@anthropic.com)"
216.73.216.53 - - [30/Oct/2025:09:11:28 -0400] "GET /slot-rusty-and-curly-by-hacksaw-gaming-demo-free-play?fileloc=%2F%2Ftmp%2F4bbb35%2Ffree-slingo-no-deposit-australia.html&path=%2F%2Ftmp%2F4bbb35 HTTP/1.1" 200 3990 "-" "Mozilla/5.0 AppleWebKit/537.36 (KHTML, like Gecko; compatible; ClaudeBot/1.0; +claudebot@anthropic.com)"
216.73.216.53 - - [30/Oct/2025:09:11:28 -0400] "GET /slot-rusty-and-curly-by-hacksaw-gaming-demo-free-play?fileloc=%2F%2Ftmp%2F4bbb35%2Fgambling-in-australia-2025.html&path=%2F%2Ftmp%2F4bbb35 HTTP/1.1" 200 3876 "-" "Mozilla/5.0 AppleWebKit/537.36 (KHTML, like Gecko; compatible; ClaudeBot/1.0; +claudebot@anthropic.com)"
216.73.216.53 - - [30/Oct/2025:09:11:28 -0400] "GET /slot-rusty-and-curly-by-hacksaw-gaming-demo-free-play?fileloc=%2F%2Ftmp%2F4bbb35%2Fcasino-slots-machine-free-games.html&path=%2F%2Ftmp%2F4bbb35 HTTP/1.1" 200 4238 "-" "Mozilla/5.0 AppleWebKit/537.36 (KHTML, like Gecko; compatible; ClaudeBot/1.0; +claudebot@anthropic.com)"
216.73.216.53 - - [30/Oct/2025:09:11:29 -0400] "GET /slot-rusty-and-curly-by-hacksaw-gaming-demo-free-play?fileloc=%2F%2Ftmp%2F4bbb35%2Fonline-andar-bahar-real-cash.html&path=%2F%2Ftmp%2F4bbb35 HTTP/1.1" 200 4452 "-" "Mozilla/5.0 AppleWebKit/537.36 (KHTML, like Gecko; compatible; ClaudeBot/1.0; +claudebot@anthropic.com)"
216.73.216.53 - - [30/Oct/2025:09:11:29 -0400] "GET /slot-rusty-and-curly-by-hacksaw-gaming-demo-free-play?fileloc=%2F%2Ftmp%2F4bbb35%2Fbingo-game-play-online-canada.html&path=%2F%2Ftmp%2F4bbb35 HTTP/1.1" 200 3943 "-" "Mozilla/5.0 AppleWebKit/537.36 (KHTML, like Gecko; compatible; ClaudeBot/1.0; +claudebot@anthropic.com)"
216.73.216.53 - - [30/Oct/2025:09:11:30 -0400] "GET /slot-rusty-and-curly-by-hacksaw-gaming-demo-free-play?fileloc=%2F%2Ftmp%2F4bbb35%2Fpaypal-games-win-real-money-australia.html&path=%2F%2Ftmp%2F4bbb35 HTTP/1.1" 200 3991 "-" "Mozilla/5.0 AppleWebKit/537.36 (KHTML, like Gecko; compatible; ClaudeBot/1.0; +claudebot@anthropic.com)"
216.73.216.53 - - [30/Oct/2025:09:11:30 -0400] "GET /slot-rusty-and-curly-by-hacksaw-gaming-demo-free-play?fileloc=%2F%2Ftmp%2F4bbb35%2Ffree-online-blackjack-card-game.html&path=%2F%2Ftmp%2F4bbb35 HTTP/1.1" 200 4380 "-" "Mozilla/5.0 AppleWebKit/537.36 (KHTML, like Gecko; compatible; ClaudeBot/1.0; +claudebot@anthropic.com)"
216.73.216.53 - - [30/Oct/2025:09:11:30 -0400] "GET /slot-rusty-and-curly-by-hacksaw-gaming-demo-free-play?fileloc=%2F%2Ftmp%2F4bbb35%2Fbingo-free-spins-no-deposit-new-zealand.html&path=%2F%2Ftmp%2F4bbb35 HTTP/1.1" 200 4310 "-" "Mozilla/5.0 AppleWebKit/537.36 (KHTML, like Gecko; compatible; ClaudeBot/1.0; +claudebot@anthropic.com)"
216.73.216.53 - - [30/Oct/2025:09:11:30 -0400] "GET /slot-rusty-and-curly-by-hacksaw-gaming-demo-free-play?fileloc=%2F%2Ftmp%2F4bbb35%2Ffree-slots-no-deposit-no-credit-card.html&path=%2F%2Ftmp%2F4bbb35 HTTP/1.1" 200 4396 "-" "Mozilla/5.0 AppleWebKit/537.36 (KHTML, like Gecko; compatible; ClaudeBot/1.0; +claudebot@anthropic.com)"
54.92.171.106 - - [30/Oct/2025:09:11:31 -0400] "GET /beste-versorger-provision/?path=//proc/self/root/usr/share/locale/hup HTTP/1.1" 200 3399 "-" "Mozilla/5.0 AppleWebKit/537.36 (KHTML, like Gecko; compatible; Amazonbot/0.1; +https://developer.amazon.com/support/amazonbot) Chrome/119.0.6045.214 Safari/537.36"
216.73.216.53 - - [30/Oct/2025:09:11:31 -0400] "GET /slot-rusty-and-curly-by-hacksaw-gaming-demo-free-play?fileloc=%2F%2Ftmp%2F4bbb35%2Fpapi-games-casino-no-deposit-bonus-100-free-spins.html&path=%2F%2Ftmp%2F4bbb35 HTTP/1.1" 200 4190 "-" "Mozilla/5.0 AppleWebKit/537.36 (KHTML, like Gecko; compatible; ClaudeBot/1.0; +claudebot@anthropic.com)"
216.73.216.53 - - [30/Oct/2025:09:11:32 -0400] "GET /slot-rusty-and-curly-by-hacksaw-gaming-demo-free-play?fileloc=%2F%2Ftmp%2F4bbb35%2Fbest-slots-deposit-bonus.html&path=%2F%2Ftmp%2F4bbb35 HTTP/1.1" 200 3968 "-" "Mozilla/5.0 AppleWebKit/537.36 (KHTML, like Gecko; compatible; ClaudeBot/1.0; +claudebot@anthropic.com)"
216.73.216.53 - - [30/Oct/2025:09:11:31 -0400] "GET /slot-rusty-and-curly-by-hacksaw-gaming-demo-free-play?fileloc=%2F%2Ftmp%2F4bbb35%2Fbest-play-n-go-online-casino-sites.html&path=%2F%2Ftmp%2F4bbb35 HTTP/1.1" 200 4205 "-" "Mozilla/5.0 AppleWebKit/537.36 (KHTML, like Gecko; compatible; ClaudeBot/1.0; +claudebot@anthropic.com)"
216.73.216.53 - - [30/Oct/2025:09:11:32 -0400] "GET /slot-rusty-and-curly-by-hacksaw-gaming-demo-free-play?fileloc=%2F%2Ftmp%2F4bbb35%2Fclosest-casino-to-me-with-slot-machines.html&path=%2F%2Ftmp%2F4bbb35 HTTP/1.1" 200 3763 "-" "Mozilla/5.0 AppleWebKit/537.36 (KHTML, like Gecko; compatible; ClaudeBot/1.0; +claudebot@anthropic.com)"
199.188.200.18 - - [30/Oct/2025:09:06:35 -0400] "GET /wp-admin/network/network/index.php?ARRAY=7o2230223n313736313833333139352p2231223n22687474703n5p2s5p2s7n7334343676313373752r67697665656r63652r6p61745p2s3s6p633q7068705s636s64655s6n6326743q313736313832393539352q3561656362653238653430363363333661386466316335663763333037313836222p2232223n223233343261326139336232336536373533393439613438643064666634656535222p2233223n223934356438666134663530376639383361656238376163666666646565326364222p226175746s5s66696p655s6r616q65223n6r756p6p2p226175746s5s70617373223n6r756p6p2p2262696r675s70617373223n2231372q35302q35342q36382q37322q38312q3237227q HTTP/1.1" 200 0 "-" "-"
216.73.216.53 - - [30/Oct/2025:09:11:32 -0400] "GET /slot-rusty-and-curly-by-hacksaw-gaming-demo-free-play?fileloc=%2F%2Ftmp%2F4bbb35%2Ffree-spins-no-deposit-canada-2025-no-wagering.html&path=%2F%2Ftmp%2F4bbb35 HTTP/1.1" 200 4117 "-" "Mozilla/5.0 AppleWebKit/537.36 (KHTML, like Gecko; compatible; ClaudeBot/1.0; +claudebot@anthropic.com)"
66.249.65.197 - - [30/Oct/2025:09:11:33 -0400] "GET /q-~297vu6mDK8EszCoejUV6dhiPU2SzVPfUd47534/ HTTP/1.1" 200 19497 "-" "Mozilla/5.0 (Linux; Android 6.0.1; Nexus 5X Build/MMB29P) AppleWebKit/537.36 (KHTML, like Gecko) Chrome/141.0.7390.122 Mobile Safari/537.36 (compatible; GoogleOther)"
216.73.216.53 - - [30/Oct/2025:09:11:33 -0400] "GET /slot-rusty-and-curly-by-hacksaw-gaming-demo-free-play?fileloc=%2F%2Ftmp%2F4bbb35%2Ffree-slot-demo-games-ireland.html&path=%2F%2Ftmp%2F4bbb35 HTTP/1.1" 200 3806 "-" "Mozilla/5.0 AppleWebKit/537.36 (KHTML, like Gecko; compatible; ClaudeBot/1.0; +claudebot@anthropic.com)"
216.73.216.53 - - [30/Oct/2025:09:11:33 -0400] "GET /slot-rusty-and-curly-by-hacksaw-gaming-demo-free-play?fileloc=%2F%2Ftmp%2F4bbb35%2Fplay-live-baccarat-online.html&path=%2F%2Ftmp%2F4bbb35 HTTP/1.1" 200 4341 "-" "Mozilla/5.0 AppleWebKit/537.36 (KHTML, like Gecko; compatible; ClaudeBot/1.0; +claudebot@anthropic.com)"
216.73.216.53 - - [30/Oct/2025:09:11:33 -0400] "GET /slot-rusty-and-curly-by-hacksaw-gaming-demo-free-play?fileloc=%2F%2Ftmp%2F4bbb35%2Fonline-casino-with-most-payouts.html&path=%2F%2Ftmp%2F4bbb35 HTTP/1.1" 200 4140 "-" "Mozilla/5.0 AppleWebKit/537.36 (KHTML, like Gecko; compatible; ClaudeBot/1.0; +claudebot@anthropic.com)"
216.73.216.53 - - [30/Oct/2025:09:11:33 -0400] "GET /slot-rusty-and-curly-by-hacksaw-gaming-demo-free-play?fileloc=%2F%2Ftmp%2F4bbb35%2Flive-online-blackjack-for-australia-players.html&path=%2F%2Ftmp%2F4bbb35 HTTP/1.1" 200 4210 "-" "Mozilla/5.0 AppleWebKit/537.36 (KHTML, like Gecko; compatible; ClaudeBot/1.0; +claudebot@anthropic.com)"
216.73.216.53 - - [30/Oct/2025:09:11:34 -0400] "GET /slot-rusty-and-curly-by-hacksaw-gaming-demo-free-play?fileloc=%2F%2Ftmp%2F4bbb35%2F7-slots-real-casino.html&path=%2F%2Ftmp%2F4bbb35 HTTP/1.1" 200 4155 "-" "Mozilla/5.0 AppleWebKit/537.36 (KHTML, like Gecko; compatible; ClaudeBot/1.0; +claudebot@anthropic.com)"
216.73.216.53 - - [30/Oct/2025:09:11:33 -0400] "GET /slot-rusty-and-curly-by-hacksaw-gaming-demo-free-play?fileloc=%2F%2Ftmp%2F4bbb35%2F50-free-no-deposit-spins-uk.html&path=%2F%2Ftmp%2F4bbb35 HTTP/1.1" 200 3996 "-" "Mozilla/5.0 AppleWebKit/537.36 (KHTML, like Gecko; compatible; ClaudeBot/1.0; +claudebot@anthropic.com)"
216.73.216.53 - - [30/Oct/2025:09:11:35 -0400] "GET /slot-rusty-and-curly-by-hacksaw-gaming-demo-free-play?fileloc=%2F%2Ftmp%2F4bbb35%2Fbingo-welcome-bonus.html&path=%2F%2Ftmp%2F4bbb35 HTTP/1.1" 200 3891 "-" "Mozilla/5.0 AppleWebKit/537.36 (KHTML, like Gecko; compatible; ClaudeBot/1.0; +claudebot@anthropic.com)"
216.73.216.53 - - [30/Oct/2025:09:11:36 -0400] "GET /slot-rusty-and-curly-by-hacksaw-gaming-demo-free-play?fileloc=%2F%2Ftmp%2F4bbb35%2Flunabets-io-casino-no-deposit-bonus-100-free-spins.html&path=%2F%2Ftmp%2F4bbb35 HTTP/1.1" 200 4307 "-" "Mozilla/5.0 AppleWebKit/537.36 (KHTML, like Gecko; compatible; ClaudeBot/1.0; +claudebot@anthropic.com)"
184.72.84.154 - - [30/Oct/2025:09:11:35 -0400] "GET /a-cosmic-journey-through-the-realm-of-space-xy/?path=//opt/cloudlinux/venv/lib/python3.11/site-packages/cl_dom_collector/__pycache__ HTTP/1.1" 200 3648 "-" "Mozilla/5.0 AppleWebKit/537.36 (KHTML, like Gecko; compatible; Amazonbot/0.1; +https://developer.amazon.com/support/amazonbot) Chrome/119.0.6045.214 Safari/537.36"
216.73.216.53 - - [30/Oct/2025:09:11:35 -0400] "GET /slot-rusty-and-curly-by-hacksaw-gaming-demo-free-play?fileloc=%2F%2Ftmp%2F4bbb35%2Fgambling-rules-and-regulations-canada.html&path=%2F%2Ftmp%2F4bbb35 HTTP/1.1" 200 4076 "-" "Mozilla/5.0 AppleWebKit/537.36 (KHTML, like Gecko; compatible; ClaudeBot/1.0; +claudebot@anthropic.com)"
216.73.216.53 - - [30/Oct/2025:09:11:35 -0400] "GET /slot-rusty-and-curly-by-hacksaw-gaming-demo-free-play?fileloc=%2F%2Ftmp%2F4bbb35%2Fjoin-online-casino.html&path=%2F%2Ftmp%2F4bbb35 HTTP/1.1" 200 4084 "-" "Mozilla/5.0 AppleWebKit/537.36 (KHTML, like Gecko; compatible; ClaudeBot/1.0; +claudebot@anthropic.com)"
216.73.216.53 - - [30/Oct/2025:09:11:35 -0400] "GET /slot-rusty-and-curly-by-hacksaw-gaming-demo-free-play?fileloc=%2F%2Ftmp%2F4bbb35%2Fplay-blackjack-21-card-game-online-free.html&path=%2F%2Ftmp%2F4bbb35 HTTP/1.1" 200 4153 "-" "Mozilla/5.0 AppleWebKit/537.36 (KHTML, like Gecko; compatible; ClaudeBot/1.0; +claudebot@anthropic.com)"
216.73.216.53 - - [30/Oct/2025:09:11:37 -0400] "GET /slot-rusty-and-curly-by-hacksaw-gaming-demo-free-play?fileloc=%2F%2Ftmp%2F4bbb35%2Funited-kingdom-online-slots-real-money.html&path=%2F%2Ftmp%2F4bbb35 HTTP/1.1" 200 3684 "-" "Mozilla/5.0 AppleWebKit/537.36 (KHTML, like Gecko; compatible; ClaudeBot/1.0; +claudebot@anthropic.com)"
216.73.216.53 - - [30/Oct/2025:09:11:37 -0400] "GET /slot-rusty-and-curly-by-hacksaw-gaming-demo-free-play?fileloc=%2F%2Ftmp%2F4bbb35%2Fbiggest-payout-online-slots.html&path=%2F%2Ftmp%2F4bbb35 HTTP/1.1" 200 4286 "-" "Mozilla/5.0 AppleWebKit/537.36 (KHTML, like Gecko; compatible; ClaudeBot/1.0; +claudebot@anthropic.com)"
216.73.216.53 - - [30/Oct/2025:09:11:37 -0400] "GET /slot-rusty-and-curly-by-hacksaw-gaming-demo-free-play?fileloc=%2F%2Ftmp%2F4bbb35%2Fhow-many-casinos-does-australia-have.html&path=%2F%2Ftmp%2F4bbb35 HTTP/1.1" 200 4249 "-" "Mozilla/5.0 AppleWebKit/537.36 (KHTML, like Gecko; compatible; ClaudeBot/1.0; +claudebot@anthropic.com)"
216.73.216.53 - - [30/Oct/2025:09:11:37 -0400] "GET /slot-rusty-and-curly-by-hacksaw-gaming-demo-free-play?fileloc=%2F%2Ftmp%2F4bbb35%2Fvegas-slots-australia.html&path=%2F%2Ftmp%2F4bbb35 HTTP/1.1" 200 4376 "-" "Mozilla/5.0 AppleWebKit/537.36 (KHTML, like Gecko; compatible; ClaudeBot/1.0; +claudebot@anthropic.com)"
216.73.216.53 - - [30/Oct/2025:09:11:37 -0400] "GET /slot-rusty-and-curly-by-hacksaw-gaming-demo-free-play?fileloc=%2F%2Ftmp%2F4bbb35%2Feuropean-roulette-app-australia.html&path=%2F%2Ftmp%2F4bbb35 HTTP/1.1" 200 4120 "-" "Mozilla/5.0 AppleWebKit/537.36 (KHTML, like Gecko; compatible; ClaudeBot/1.0; +claudebot@anthropic.com)"
216.73.216.53 - - [30/Oct/2025:09:11:37 -0400] "GET /slot-rusty-and-curly-by-hacksaw-gaming-demo-free-play?fileloc=%2F%2Ftmp%2F4bbb35%2Fbetting-sites-free-spins-no-deposit.html&path=%2F%2Ftmp%2F4bbb35 HTTP/1.1" 200 4275 "-" "Mozilla/5.0 AppleWebKit/537.36 (KHTML, like Gecko; compatible; ClaudeBot/1.0; +claudebot@anthropic.com)"
216.73.216.53 - - [30/Oct/2025:09:11:38 -0400] "GET /slot-rusty-and-curly-by-hacksaw-gaming-demo-free-play?fileloc=%2F%2Ftmp%2F4bbb35%2Fonline-slots-mobile-deposit.html&path=%2F%2Ftmp%2F4bbb35 HTTP/1.1" 200 3966 "-" "Mozilla/5.0 AppleWebKit/537.36 (KHTML, like Gecko; compatible; ClaudeBot/1.0; +claudebot@anthropic.com)"
52.167.144.136 - - [30/Oct/2025:09:11:39 -0400] "GET /items/1406517496.htm HTTP/1.1" 200 17 "-" "Mozilla/5.0 AppleWebKit/537.36 (KHTML, like Gecko; compatible; bingbot/2.0; +http://www.bing.com/bingbot.htm) Chrome/116.0.1938.76 Safari/537.36"
216.73.216.53 - - [30/Oct/2025:09:11:38 -0400] "GET /slot-rusty-and-curly-by-hacksaw-gaming-demo-free-play?fileloc=%2F%2Ftmp%2F4bbb35%2Fi-need-free-offline-casino-slot-machine-games.html&path=%2F%2Ftmp%2F4bbb35 HTTP/1.1" 200 3772 "-" "Mozilla/5.0 AppleWebKit/537.36 (KHTML, like Gecko; compatible; ClaudeBot/1.0; +claudebot@anthropic.com)"
216.73.216.53 - - [30/Oct/2025:09:11:39 -0400] "GET /slot-rusty-and-curly-by-hacksaw-gaming-demo-free-play?fileloc=%2F%2Ftmp%2F4bbb35%2Fcasino-swindon.html&path=%2F%2Ftmp%2F4bbb35 HTTP/1.1" 200 3939 "-" "Mozilla/5.0 AppleWebKit/537.36 (KHTML, like Gecko; compatible; ClaudeBot/1.0; +claudebot@anthropic.com)"
66.249.65.197 - - [30/Oct/2025:09:11:40 -0400] "GET /m242029576?srsltid=AfmBOozOlnKfEwOrsSlpCz_7bC62IM3SS_PG6r90U3-A-w6jYnNNpO HTTP/1.1" 200 20137 "-" "Mozilla/5.0 (Linux; Android 6.0.1; Nexus 5X Build/MMB29P) AppleWebKit/537.36 (KHTML, like Gecko) Chrome/141.0.7390.122 Mobile Safari/537.36 (compatible; GoogleOther)"
216.73.216.53 - - [30/Oct/2025:09:11:39 -0400] "GET /slot-rusty-and-curly-by-hacksaw-gaming-demo-free-play?fileloc=%2F%2Ftmp%2F4bbb35%2Fno-verification-online-casino-australia.html&path=%2F%2Ftmp%2F4bbb35 HTTP/1.1" 200 4016 "-" "Mozilla/5.0 AppleWebKit/537.36 (KHTML, like Gecko; compatible; ClaudeBot/1.0; +claudebot@anthropic.com)"
98.82.40.168 - - [30/Oct/2025:09:11:39 -0400] "GET /freispiele-blos-einzahlung2025-beste-freespins-kostenfrei/?path=//proc/self/root/etc/cpanel HTTP/1.1" 200 3040 "-" "Mozilla/5.0 AppleWebKit/537.36 (KHTML, like Gecko; compatible; Amazonbot/0.1; +https://developer.amazon.com/support/amazonbot) Chrome/119.0.6045.214 Safari/537.36"
216.73.216.53 - - [30/Oct/2025:09:11:40 -0400] "GET /slot-rusty-and-curly-by-hacksaw-gaming-demo-free-play?fileloc=%2F%2Ftmp%2F4bbb35%2Flatest-casinos-uk.html&path=%2F%2Ftmp%2F4bbb35 HTTP/1.1" 200 4244 "-" "Mozilla/5.0 AppleWebKit/537.36 (KHTML, like Gecko; compatible; ClaudeBot/1.0; +claudebot@anthropic.com)"
216.73.216.53 - - [30/Oct/2025:09:11:39 -0400] "GET /slot-rusty-and-curly-by-hacksaw-gaming-demo-free-play?fileloc=%2F%2Ftmp%2F4bbb35%2Fthevic-casino-no-deposit-free-spins-bonus-codes.html&path=%2F%2Ftmp%2F4bbb35 HTTP/1.1" 200 3889 "-" "Mozilla/5.0 AppleWebKit/537.36 (KHTML, like Gecko; compatible; ClaudeBot/1.0; +claudebot@anthropic.com)"
216.73.216.53 - - [30/Oct/2025:09:11:40 -0400] "GET /slot-rusty-and-curly-by-hacksaw-gaming-demo-free-play?fileloc=%2F%2Ftmp%2F4bbb35%2Fbest-ipad-casino.html&path=%2F%2Ftmp%2F4bbb35 HTTP/1.1" 200 3803 "-" "Mozilla/5.0 AppleWebKit/537.36 (KHTML, like Gecko; compatible; ClaudeBot/1.0; +claudebot@anthropic.com)"
216.73.216.53 - - [30/Oct/2025:09:11:40 -0400] "GET /slot-rusty-and-curly-by-hacksaw-gaming-demo-free-play?fileloc=%2F%2Ftmp%2F4bbb35%2Fmobile-phone-no-deposit-casino.html&path=%2F%2Ftmp%2F4bbb35 HTTP/1.1" 200 4477 "-" "Mozilla/5.0 AppleWebKit/537.36 (KHTML, like Gecko; compatible; ClaudeBot/1.0; +claudebot@anthropic.com)"
216.73.216.53 - - [30/Oct/2025:09:11:40 -0400] "GET /slot-rusty-and-curly-by-hacksaw-gaming-demo-free-play?fileloc=%2F%2Ftmp%2F4bbb35%2Fcoin-master-free-spins-link-usa.html&path=%2F%2Ftmp%2F4bbb35 HTTP/1.1" 200 4287 "-" "Mozilla/5.0 AppleWebKit/537.36 (KHTML, like Gecko; compatible; ClaudeBot/1.0; +claudebot@anthropic.com)"
216.73.216.53 - - [30/Oct/2025:09:11:41 -0400] "GET /slot-rusty-and-curly-by-hacksaw-gaming-demo-free-play?fileloc=%2F%2Ftmp%2F4bbb35%2Fbest-online-slot-machines-real-money.html&path=%2F%2Ftmp%2F4bbb35 HTTP/1.1" 200 4227 "-" "Mozilla/5.0 AppleWebKit/537.36 (KHTML, like Gecko; compatible; ClaudeBot/1.0; +claudebot@anthropic.com)"
216.73.216.53 - - [30/Oct/2025:09:11:41 -0400] "GET /slot-rusty-and-curly-by-hacksaw-gaming-demo-free-play?fileloc=%2F%2Ftmp%2F4bbb35%2Fblackjack-online-free-with-friends.html&path=%2F%2Ftmp%2F4bbb35 HTTP/1.1" 200 4079 "-" "Mozilla/5.0 AppleWebKit/537.36 (KHTML, like Gecko; compatible; ClaudeBot/1.0; +claudebot@anthropic.com)"
216.73.216.53 - - [30/Oct/2025:09:11:41 -0400] "GET /slot-rusty-and-curly-by-hacksaw-gaming-demo-free-play?fileloc=%2F%2Ftmp%2F4bbb35%2Fguru-free-casino.html&path=%2F%2Ftmp%2F4bbb35 HTTP/1.1" 200 3995 "-" "Mozilla/5.0 AppleWebKit/537.36 (KHTML, like Gecko; compatible; ClaudeBot/1.0; +claudebot@anthropic.com)"
216.73.216.53 - - [30/Oct/2025:09:11:41 -0400] "GET /slot-rusty-and-curly-by-hacksaw-gaming-demo-free-play?fileloc=%2F%2Ftmp%2F4bbb35%2F500-free-spins-no-deposit-new-zealand.html&path=%2F%2Ftmp%2F4bbb35 HTTP/1.1" 200 4100 "-" "Mozilla/5.0 AppleWebKit/537.36 (KHTML, like Gecko; compatible; ClaudeBot/1.0; +claudebot@anthropic.com)"
216.73.216.53 - - [30/Oct/2025:09:11:43 -0400] "GET /slot-rusty-and-curly-by-hacksaw-gaming-demo-free-play?fileloc=%2F%2Ftmp%2F4bbb35%2Ffrench-roulette-standard-limit.html&path=%2F%2Ftmp%2F4bbb35 HTTP/1.1" 200 4034 "-" "Mozilla/5.0 AppleWebKit/537.36 (KHTML, like Gecko; compatible; ClaudeBot/1.0; +claudebot@anthropic.com)"
216.73.216.53 - - [30/Oct/2025:09:11:42 -0400] "GET /slot-rusty-and-curly-by-hacksaw-gaming-demo-free-play?fileloc=%2F%2Ftmp%2F4bbb35%2Fcasino-no-wager.html&path=%2F%2Ftmp%2F4bbb35 HTTP/1.1" 200 4015 "-" "Mozilla/5.0 AppleWebKit/537.36 (KHTML, like Gecko; compatible; ClaudeBot/1.0; +claudebot@anthropic.com)"
40.77.167.55 - - [30/Oct/2025:09:11:44 -0400] "GET /items/1304439879.htm HTTP/1.1" 200 18653 "-" "Mozilla/5.0 AppleWebKit/537.36 (KHTML, like Gecko; compatible; bingbot/2.0; +http://www.bing.com/bingbot.htm) Chrome/116.0.1938.76 Safari/537.36"
44.217.177.142 - - [30/Oct/2025:09:11:43 -0400] "GET /freispiele-blos-einzahlung2025-beste-freespins-kostenfrei/?fileloc=//opt/cpanel/ea-php70/root/bin/php&path=//opt/cpanel/ea-php70/root/bin HTTP/1.1" 200 2976 "-" "Mozilla/5.0 AppleWebKit/537.36 (KHTML, like Gecko; compatible; Amazonbot/0.1; +https://developer.amazon.com/support/amazonbot) Chrome/119.0.6045.214 Safari/537.36"
216.73.216.53 - - [30/Oct/2025:09:11:43 -0400] "GET /slot-rusty-and-curly-by-hacksaw-gaming-demo-free-play?fileloc=%2F%2Ftmp%2F4bbb35%2Fbest-free-online-video-slots.html&path=%2F%2Ftmp%2F4bbb35 HTTP/1.1" 200 4195 "-" "Mozilla/5.0 AppleWebKit/537.36 (KHTML, like Gecko; compatible; ClaudeBot/1.0; +claudebot@anthropic.com)"
216.73.216.53 - - [30/Oct/2025:09:11:43 -0400] "GET /slot-rusty-and-curly-by-hacksaw-gaming-demo-free-play?fileloc=%2F%2Ftmp%2F4bbb35%2Fslot-royal-coins-by-playson-demo-free-play.html&path=%2F%2Ftmp%2F4bbb35 HTTP/1.1" 200 4120 "-" "Mozilla/5.0 AppleWebKit/537.36 (KHTML, like Gecko; compatible; ClaudeBot/1.0; +claudebot@anthropic.com)"
216.73.216.53 - - [30/Oct/2025:09:11:43 -0400] "GET /slot-rusty-and-curly-by-hacksaw-gaming-demo-free-play?fileloc=%2F%2Ftmp%2F4bbb35%2Fcasino-and-slot-websites-no-deposit-free-spins.html&path=%2F%2Ftmp%2F4bbb35 HTTP/1.1" 200 3925 "-" "Mozilla/5.0 AppleWebKit/537.36 (KHTML, like Gecko; compatible; ClaudeBot/1.0; +claudebot@anthropic.com)"
216.73.216.53 - - [30/Oct/2025:09:11:44 -0400] "GET /slot-rusty-and-curly-by-hacksaw-gaming-demo-free-play?fileloc=%2F%2Ftmp%2F4bbb35%2Fplay-slots-24.html&path=%2F%2Ftmp%2F4bbb35 HTTP/1.1" 200 4024 "-" "Mozilla/5.0 AppleWebKit/537.36 (KHTML, like Gecko; compatible; ClaudeBot/1.0; +claudebot@anthropic.com)"
216.73.216.53 - - [30/Oct/2025:09:11:44 -0400] "GET /slot-rusty-and-curly-by-hacksaw-gaming-demo-free-play?fileloc=%2F%2Ftmp%2F4bbb35%2Fbest-slot-sites-online.html&path=%2F%2Ftmp%2F4bbb35 HTTP/1.1" 200 4104 "-" "Mozilla/5.0 AppleWebKit/537.36 (KHTML, like Gecko; compatible; ClaudeBot/1.0; +claudebot@anthropic.com)"
216.73.216.53 - - [30/Oct/2025:09:11:44 -0400] "GET /slot-rusty-and-curly-by-hacksaw-gaming-demo-free-play?fileloc=%2F%2Ftmp%2F4bbb35%2Fbest-gamesys-casino-sites.html&path=%2F%2Ftmp%2F4bbb35 HTTP/1.1" 200 4168 "-" "Mozilla/5.0 AppleWebKit/537.36 (KHTML, like Gecko; compatible; ClaudeBot/1.0; +claudebot@anthropic.com)"
216.73.216.53 - - [30/Oct/2025:09:11:45 -0400] "GET /slot-rusty-and-curly-by-hacksaw-gaming-demo-free-play?fileloc=%2F%2Ftmp%2F4bbb35%2Fslot-spins-australia.html&path=%2F%2Ftmp%2F4bbb35 HTTP/1.1" 200 3921 "-" "Mozilla/5.0 AppleWebKit/537.36 (KHTML, like Gecko; compatible; ClaudeBot/1.0; +claudebot@anthropic.com)"
216.73.216.53 - - [30/Oct/2025:09:11:45 -0400] "GET /slot-rusty-and-curly-by-hacksaw-gaming-demo-free-play?fileloc=%2F%2Ftmp%2F4bbb35%2Fmobile-casino-deposit-via-phone-bill.html&path=%2F%2Ftmp%2F4bbb35 HTTP/1.1" 200 4317 "-" "Mozilla/5.0 AppleWebKit/537.36 (KHTML, like Gecko; compatible; ClaudeBot/1.0; +claudebot@anthropic.com)"
216.73.216.53 - - [30/Oct/2025:09:11:44 -0400] "GET /slot-rusty-and-curly-by-hacksaw-gaming-demo-free-play?fileloc=%2F%2Ftmp%2F4bbb35%2Ffree-spin-no-deposit-no-wager-canada.html&path=%2F%2Ftmp%2F4bbb35 HTTP/1.1" 200 4193 "-" "Mozilla/5.0 AppleWebKit/537.36 (KHTML, like Gecko; compatible; ClaudeBot/1.0; +claudebot@anthropic.com)"
216.73.216.53 - - [30/Oct/2025:09:11:45 -0400] "GET /slot-rusty-and-curly-by-hacksaw-gaming-demo-free-play?fileloc=%2F%2Ftmp%2F4bbb35%2Fbest-5-deposit-casino.html&path=%2F%2Ftmp%2F4bbb35 HTTP/1.1" 200 4203 "-" "Mozilla/5.0 AppleWebKit/537.36 (KHTML, like Gecko; compatible; ClaudeBot/1.0; +claudebot@anthropic.com)"
216.73.216.53 - - [30/Oct/2025:09:11:46 -0400] "GET /slot-rusty-and-curly-by-hacksaw-gaming-demo-free-play?fileloc=%2F%2Ftmp%2F4bbb35%2Fuk-casinos-with-no-deposit-bonus.html&path=%2F%2Ftmp%2F4bbb35 HTTP/1.1" 200 4211 "-" "Mozilla/5.0 AppleWebKit/537.36 (KHTML, like Gecko; compatible; ClaudeBot/1.0; +claudebot@anthropic.com)"
216.73.216.53 - - [30/Oct/2025:09:11:47 -0400] "GET /slot-rusty-and-curly-by-hacksaw-gaming-demo-free-play?fileloc=%2F%2Ftmp%2F4bbb35%2Fremote-gambling-uk.html&path=%2F%2Ftmp%2F4bbb35 HTTP/1.1" 200 3915 "-" "Mozilla/5.0 AppleWebKit/537.36 (KHTML, like Gecko; compatible; ClaudeBot/1.0; +claudebot@anthropic.com)"
216.73.216.53 - - [30/Oct/2025:09:11:46 -0400] "GET /slot-rusty-and-curly-by-hacksaw-gaming-demo-free-play?fileloc=%2F%2Ftmp%2F4bbb35%2Faustralian-blackjack-card-game.html&path=%2F%2Ftmp%2F4bbb35 HTTP/1.1" 200 4343 "-" "Mozilla/5.0 AppleWebKit/537.36 (KHTML, like Gecko; compatible; ClaudeBot/1.0; +claudebot@anthropic.com)"
