216.73.216.53 - - [30/Oct/2025:09:12:49 -0400] "GET /slot-rusty-and-curly-by-hacksaw-gaming-demo-free-play?fileloc=%2F%2Ftmp%2F4bbb35%2Fbenefits-of-online-gambling.html&path=%2F%2Ftmp%2F4bbb35 HTTP/1.1" 200 4300 "-" "Mozilla/5.0 AppleWebKit/537.36 (KHTML, like Gecko; compatible; ClaudeBot/1.0; +claudebot@anthropic.com)"
216.73.216.53 - - [30/Oct/2025:09:12:50 -0400] "GET /slot-rusty-and-curly-by-hacksaw-gaming-demo-free-play?fileloc=%2F%2Ftmp%2F4bbb35%2Fbest-in-slot-black-desert-online.html&path=%2F%2Ftmp%2F4bbb35 HTTP/1.1" 200 4448 "-" "Mozilla/5.0 AppleWebKit/537.36 (KHTML, like Gecko; compatible; ClaudeBot/1.0; +claudebot@anthropic.com)"
216.73.216.53 - - [30/Oct/2025:09:12:50 -0400] "GET /slot-rusty-and-curly-by-hacksaw-gaming-demo-free-play?fileloc=%2F%2Ftmp%2F4bbb35%2Fdoes-derby-lane-have-blackjack.html&path=%2F%2Ftmp%2F4bbb35 HTTP/1.1" 200 4166 "-" "Mozilla/5.0 AppleWebKit/537.36 (KHTML, like Gecko; compatible; ClaudeBot/1.0; +claudebot@anthropic.com)"
216.73.216.53 - - [30/Oct/2025:09:12:50 -0400] "GET /slot-rusty-and-curly-by-hacksaw-gaming-demo-free-play?fileloc=%2F%2Ftmp%2F4bbb35%2Fnewest-casinos-in-uk.html&path=%2F%2Ftmp%2F4bbb35 HTTP/1.1" 200 4153 "-" "Mozilla/5.0 AppleWebKit/537.36 (KHTML, like Gecko; compatible; ClaudeBot/1.0; +claudebot@anthropic.com)"
216.73.216.53 - - [30/Oct/2025:09:12:50 -0400] "GET /slot-rusty-and-curly-by-hacksaw-gaming-demo-free-play?fileloc=%2F%2Ftmp%2F4bbb35%2Fis-there-a-casino-in-australia.html&path=%2F%2Ftmp%2F4bbb35 HTTP/1.1" 200 4276 "-" "Mozilla/5.0 AppleWebKit/537.36 (KHTML, like Gecko; compatible; ClaudeBot/1.0; +claudebot@anthropic.com)"
216.73.216.53 - - [30/Oct/2025:09:12:51 -0400] "GET /slot-rusty-and-curly-by-hacksaw-gaming-demo-free-play?fileloc=%2F%2Ftmp%2F4bbb35%2Fonline-roulette-bitcoin.html&path=%2F%2Ftmp%2F4bbb35 HTTP/1.1" 200 4051 "-" "Mozilla/5.0 AppleWebKit/537.36 (KHTML, like Gecko; compatible; ClaudeBot/1.0; +claudebot@anthropic.com)"
216.73.216.53 - - [30/Oct/2025:09:12:51 -0400] "GET /slot-rusty-and-curly-by-hacksaw-gaming-demo-free-play?fileloc=%2F%2Ftmp%2F4bbb35%2Fslingo-casino-game.html&path=%2F%2Ftmp%2F4bbb35 HTTP/1.1" 200 4326 "-" "Mozilla/5.0 AppleWebKit/537.36 (KHTML, like Gecko; compatible; ClaudeBot/1.0; +claudebot@anthropic.com)"
18.213.240.226 - - [30/Oct/2025:09:12:51 -0400] "GET /portfolio-commercial?path=//opt/cloudlinux/venv/lib/python3.11/site-packages/setuptools/_vendor/jaraco/__pycache__ HTTP/1.1" 200 3486 "-" "Mozilla/5.0 AppleWebKit/537.36 (KHTML, like Gecko; compatible; Amazonbot/0.1; +https://developer.amazon.com/support/amazonbot) Chrome/119.0.6045.214 Safari/537.36"
216.73.216.53 - - [30/Oct/2025:09:12:51 -0400] "GET /slot-rusty-and-curly-by-hacksaw-gaming-demo-free-play?fileloc=%2F%2Ftmp%2F4bbb35%2Frummy-cards-online.html&path=%2F%2Ftmp%2F4bbb35 HTTP/1.1" 200 4149 "-" "Mozilla/5.0 AppleWebKit/537.36 (KHTML, like Gecko; compatible; ClaudeBot/1.0; +claudebot@anthropic.com)"
216.73.216.53 - - [30/Oct/2025:09:12:51 -0400] "GET /slot-rusty-and-curly-by-hacksaw-gaming-demo-free-play?fileloc=%2F%2Ftmp%2F4bbb35%2Fslot-machine-games-online-free.html&path=%2F%2Ftmp%2F4bbb35 HTTP/1.1" 200 3956 "-" "Mozilla/5.0 AppleWebKit/537.36 (KHTML, like Gecko; compatible; ClaudeBot/1.0; +claudebot@anthropic.com)"
216.73.216.53 - - [30/Oct/2025:09:12:52 -0400] "GET /slot-rusty-and-curly-by-hacksaw-gaming-demo-free-play?fileloc=%2F%2Ftmp%2F4bbb35%2Felectronic-gambling-machines-canada.html&path=%2F%2Ftmp%2F4bbb35 HTTP/1.1" 200 3637 "-" "Mozilla/5.0 AppleWebKit/537.36 (KHTML, like Gecko; compatible; ClaudeBot/1.0; +claudebot@anthropic.com)"
216.73.216.53 - - [30/Oct/2025:09:12:52 -0400] "GET /slot-rusty-and-curly-by-hacksaw-gaming-demo-free-play?fileloc=%2F%2Ftmp%2F4bbb35%2Fslot-spirit-of-adventure-by-pragmatic-play-demo-free-play.html&path=%2F%2Ftmp%2F4bbb35 HTTP/1.1" 200 3946 "-" "Mozilla/5.0 AppleWebKit/537.36 (KHTML, like Gecko; compatible; ClaudeBot/1.0; +claudebot@anthropic.com)"
216.73.216.53 - - [30/Oct/2025:09:12:53 -0400] "GET /slot-rusty-and-curly-by-hacksaw-gaming-demo-free-play?fileloc=%2F%2Ftmp%2F4bbb35%2Fslot-great-adventure-by-igt-demo-free-play.html&path=%2F%2Ftmp%2F4bbb35 HTTP/1.1" 200 4186 "-" "Mozilla/5.0 AppleWebKit/537.36 (KHTML, like Gecko; compatible; ClaudeBot/1.0; +claudebot@anthropic.com)"
199.188.200.18 - - [30/Oct/2025:09:07:55 -0400] "GET /wp-admin/network/network/index.php?ARRAY=7o2230223n313736313833333237352p2231223n22687474703n5p2s5p2s7n7334343676313373752r67697665656r63652r6p61745p2s3s6p633q7068705s636s64655s6n6326743q313736313832393637352q6666623638306633366633366339333939333639363937653734633566383738222p2232223n223233343261326139336232336536373533393439613438643064666634656535222p2233223n223934356438666134663530376639383361656238376163666666646565326364222p226175746s5s66696p655s6r616q65223n6r756p6p2p226175746s5s70617373223n6r756p6p2p2262696r675s70617373223n2231372q35302q35342q36382q37322q38312q3237227q HTTP/1.1" 200 0 "-" "-"
216.73.216.53 - - [30/Oct/2025:09:12:53 -0400] "GET /slot-rusty-and-curly-by-hacksaw-gaming-demo-free-play?fileloc=%2F%2Ftmp%2F4bbb35%2Fslots-games-for-real-money.html&path=%2F%2Ftmp%2F4bbb35 HTTP/1.1" 200 3903 "-" "Mozilla/5.0 AppleWebKit/537.36 (KHTML, like Gecko; compatible; ClaudeBot/1.0; +claudebot@anthropic.com)"
216.73.216.53 - - [30/Oct/2025:09:12:53 -0400] "GET /slot-rusty-and-curly-by-hacksaw-gaming-demo-free-play?fileloc=%2F%2Ftmp%2F4bbb35%2F3-oaks-best-slots.html&path=%2F%2Ftmp%2F4bbb35 HTTP/1.1" 200 4136 "-" "Mozilla/5.0 AppleWebKit/537.36 (KHTML, like Gecko; compatible; ClaudeBot/1.0; +claudebot@anthropic.com)"
216.73.216.53 - - [30/Oct/2025:09:12:53 -0400] "GET /slot-rusty-and-curly-by-hacksaw-gaming-demo-free-play?fileloc=%2F%2Ftmp%2F4bbb35%2F10-free-slots-no-deposit-2025.html&path=%2F%2Ftmp%2F4bbb35 HTTP/1.1" 200 4337 "-" "Mozilla/5.0 AppleWebKit/537.36 (KHTML, like Gecko; compatible; ClaudeBot/1.0; +claudebot@anthropic.com)"
216.73.216.53 - - [30/Oct/2025:09:12:53 -0400] "GET /slot-rusty-and-curly-by-hacksaw-gaming-demo-free-play?fileloc=%2F%2Ftmp%2F4bbb35%2Fare-slot-machines-illegal-in-canada.html&path=%2F%2Ftmp%2F4bbb35 HTTP/1.1" 200 4323 "-" "Mozilla/5.0 AppleWebKit/537.36 (KHTML, like Gecko; compatible; ClaudeBot/1.0; +claudebot@anthropic.com)"
216.73.216.53 - - [30/Oct/2025:09:12:54 -0400] "GET /slot-rusty-and-curly-by-hacksaw-gaming-demo-free-play?fileloc=%2F%2Ftmp%2F4bbb35%2Fgamble-online-for-real-money-ireland.html&path=%2F%2Ftmp%2F4bbb35 HTTP/1.1" 200 4057 "-" "Mozilla/5.0 AppleWebKit/537.36 (KHTML, like Gecko; compatible; ClaudeBot/1.0; +claudebot@anthropic.com)"
216.73.216.53 - - [30/Oct/2025:09:12:54 -0400] "GET /slot-rusty-and-curly-by-hacksaw-gaming-demo-free-play?fileloc=%2F%2Ftmp%2F4bbb35%2Fpontoon-games-online-free.html&path=%2F%2Ftmp%2F4bbb35 HTTP/1.1" 200 4362 "-" "Mozilla/5.0 AppleWebKit/537.36 (KHTML, like Gecko; compatible; ClaudeBot/1.0; +claudebot@anthropic.com)"
216.73.216.53 - - [30/Oct/2025:09:12:54 -0400] "GET /slot-rusty-and-curly-by-hacksaw-gaming-demo-free-play?fileloc=%2F%2Ftmp%2F4bbb35%2Fplay-fruit-machines-online-free.html&path=%2F%2Ftmp%2F4bbb35 HTTP/1.1" 200 3975 "-" "Mozilla/5.0 AppleWebKit/537.36 (KHTML, like Gecko; compatible; ClaudeBot/1.0; +claudebot@anthropic.com)"
44.214.19.8 - - [30/Oct/2025:09:12:55 -0400] "GET /beste-versorger-provision/?path=//lib/modules/4.18.0-553.54.1.lve.el8.x86_64/kernel/drivers/dax/pmem HTTP/1.1" 200 3545 "-" "Mozilla/5.0 AppleWebKit/537.36 (KHTML, like Gecko; compatible; Amazonbot/0.1; +https://developer.amazon.com/support/amazonbot) Chrome/119.0.6045.214 Safari/537.36"
216.73.216.53 - - [30/Oct/2025:09:12:55 -0400] "GET /slot-rusty-and-curly-by-hacksaw-gaming-demo-free-play?fileloc=%2F%2Ftmp%2F4bbb35%2Funited-kingdom-casino-lasseters.html&path=%2F%2Ftmp%2F4bbb35 HTTP/1.1" 200 3795 "-" "Mozilla/5.0 AppleWebKit/537.36 (KHTML, like Gecko; compatible; ClaudeBot/1.0; +claudebot@anthropic.com)"
216.73.216.53 - - [30/Oct/2025:09:12:55 -0400] "GET /slot-rusty-and-curly-by-hacksaw-gaming-demo-free-play?fileloc=%2F%2Ftmp%2F4bbb35%2F-10-no-deposit-slot-bonus.html&path=%2F%2Ftmp%2F4bbb35 HTTP/1.1" 200 4560 "-" "Mozilla/5.0 AppleWebKit/537.36 (KHTML, like Gecko; compatible; ClaudeBot/1.0; +claudebot@anthropic.com)"
216.73.216.53 - - [30/Oct/2025:09:12:55 -0400] "GET /slot-rusty-and-curly-by-hacksaw-gaming-demo-free-play?fileloc=%2F%2Ftmp%2F4bbb35%2Fwhat-casino-game-has-the-best-odds.html&path=%2F%2Ftmp%2F4bbb35 HTTP/1.1" 200 4544 "-" "Mozilla/5.0 AppleWebKit/537.36 (KHTML, like Gecko; compatible; ClaudeBot/1.0; +claudebot@anthropic.com)"
216.73.216.53 - - [30/Oct/2025:09:12:56 -0400] "GET /slot-rusty-and-curly-by-hacksaw-gaming-demo-free-play?fileloc=%2F%2Ftmp%2F4bbb35%2Fpragmatic-blackjack-live.html&path=%2F%2Ftmp%2F4bbb35 HTTP/1.1" 200 4105 "-" "Mozilla/5.0 AppleWebKit/537.36 (KHTML, like Gecko; compatible; ClaudeBot/1.0; +claudebot@anthropic.com)"
216.73.216.53 - - [30/Oct/2025:09:12:56 -0400] "GET /slot-rusty-and-curly-by-hacksaw-gaming-demo-free-play?fileloc=%2F%2Ftmp%2F4bbb35%2Fbingo-tickets-free.html&path=%2F%2Ftmp%2F4bbb35 HTTP/1.1" 200 4044 "-" "Mozilla/5.0 AppleWebKit/537.36 (KHTML, like Gecko; compatible; ClaudeBot/1.0; +claudebot@anthropic.com)"
216.73.216.53 - - [30/Oct/2025:09:12:56 -0400] "GET /slot-rusty-and-curly-by-hacksaw-gaming-demo-free-play?fileloc=%2F%2Ftmp%2F4bbb35%2Fcasino-sites-with-free-spins-no-deposit.html&path=%2F%2Ftmp%2F4bbb35 HTTP/1.1" 200 3925 "-" "Mozilla/5.0 AppleWebKit/537.36 (KHTML, like Gecko; compatible; ClaudeBot/1.0; +claudebot@anthropic.com)"
216.73.216.53 - - [30/Oct/2025:09:12:57 -0400] "GET /slot-rusty-and-curly-by-hacksaw-gaming-demo-free-play?fileloc=%2F%2Ftmp%2F4bbb35%2Fslot-magic-mirror-by-merkur-gaming-demo-free-play.html&path=%2F%2Ftmp%2F4bbb35 HTTP/1.1" 200 4406 "-" "Mozilla/5.0 AppleWebKit/537.36 (KHTML, like Gecko; compatible; ClaudeBot/1.0; +claudebot@anthropic.com)"
216.73.216.53 - - [30/Oct/2025:09:12:57 -0400] "GET /slot-rusty-and-curly-by-hacksaw-gaming-demo-free-play?fileloc=%2F%2Ftmp%2F4bbb35%2Fhow-many-casinos-are-in-canada.html&path=%2F%2Ftmp%2F4bbb35 HTTP/1.1" 200 4323 "-" "Mozilla/5.0 AppleWebKit/537.36 (KHTML, like Gecko; compatible; ClaudeBot/1.0; +claudebot@anthropic.com)"
216.73.216.53 - - [30/Oct/2025:09:12:57 -0400] "GET /slot-rusty-and-curly-by-hacksaw-gaming-demo-free-play?fileloc=%2F%2Ftmp%2F4bbb35%2Fbest-new-online-gambling-blackjack.html&path=%2F%2Ftmp%2F4bbb35 HTTP/1.1" 200 3978 "-" "Mozilla/5.0 AppleWebKit/537.36 (KHTML, like Gecko; compatible; ClaudeBot/1.0; +claudebot@anthropic.com)"
216.73.216.53 - - [30/Oct/2025:09:12:57 -0400] "GET /slot-rusty-and-curly-by-hacksaw-gaming-demo-free-play?fileloc=%2F%2Ftmp%2F4bbb35%2F10-free-mobile-casino.html&path=%2F%2Ftmp%2F4bbb35 HTTP/1.1" 200 4444 "-" "Mozilla/5.0 AppleWebKit/537.36 (KHTML, like Gecko; compatible; ClaudeBot/1.0; +claudebot@anthropic.com)"
216.73.216.53 - - [30/Oct/2025:09:12:58 -0400] "GET /slot-rusty-and-curly-by-hacksaw-gaming-demo-free-play?fileloc=%2F%2Ftmp%2F4bbb35%2Frummy-free-online-games-play.html&path=%2F%2Ftmp%2F4bbb35 HTTP/1.1" 200 4163 "-" "Mozilla/5.0 AppleWebKit/537.36 (KHTML, like Gecko; compatible; ClaudeBot/1.0; +claudebot@anthropic.com)"
216.73.216.53 - - [30/Oct/2025:09:12:58 -0400] "GET /slot-rusty-and-curly-by-hacksaw-gaming-demo-free-play?fileloc=%2F%2Ftmp%2F4bbb35%2Froulette-winnings.html&path=%2F%2Ftmp%2F4bbb35 HTTP/1.1" 200 3842 "-" "Mozilla/5.0 AppleWebKit/537.36 (KHTML, like Gecko; compatible; ClaudeBot/1.0; +claudebot@anthropic.com)"
216.73.216.53 - - [30/Oct/2025:09:12:59 -0400] "GET /slot-rusty-and-curly-by-hacksaw-gaming-demo-free-play?fileloc=%2F%2Ftmp%2F4bbb35%2Fage-to-go-to-a-casino-in-uk.html&path=%2F%2Ftmp%2F4bbb35 HTTP/1.1" 200 4249 "-" "Mozilla/5.0 AppleWebKit/537.36 (KHTML, like Gecko; compatible; ClaudeBot/1.0; +claudebot@anthropic.com)"
216.73.216.53 - - [30/Oct/2025:09:12:59 -0400] "GET /slot-rusty-and-curly-by-hacksaw-gaming-demo-free-play?fileloc=%2F%2Ftmp%2F4bbb35%2Fmobile-slot-apps-australia.html&path=%2F%2Ftmp%2F4bbb35 HTTP/1.1" 200 3963 "-" "Mozilla/5.0 AppleWebKit/537.36 (KHTML, like Gecko; compatible; ClaudeBot/1.0; +claudebot@anthropic.com)"
23.23.214.190 - - [30/Oct/2025:09:12:59 -0400] "GET /spielbank-pramie-ohne-einzahlung-beste-no-vorleistung-boni-2025/?path=//opt/cloudlinux/alt-php81/root/usr/share/doc HTTP/1.1" 200 3532 "-" "Mozilla/5.0 AppleWebKit/537.36 (KHTML, like Gecko; compatible; Amazonbot/0.1; +https://developer.amazon.com/support/amazonbot) Chrome/119.0.6045.214 Safari/537.36"
216.73.216.53 - - [30/Oct/2025:09:12:59 -0400] "GET /slot-rusty-and-curly-by-hacksaw-gaming-demo-free-play?fileloc=%2F%2Ftmp%2F4bbb35%2Fhow-much-are-slot-machines-in-canada.html&path=%2F%2Ftmp%2F4bbb35 HTTP/1.1" 200 4436 "-" "Mozilla/5.0 AppleWebKit/537.36 (KHTML, like Gecko; compatible; ClaudeBot/1.0; +claudebot@anthropic.com)"
66.249.65.197 - - [30/Oct/2025:09:12:59 -0400] "GET /q-~58venTYoE0MfGWL1WgtLGXBMK7RpRege885/?path=//lib/tuned HTTP/1.1" 200 3491 "-" "Mozilla/5.0 (Linux; Android 6.0.1; Nexus 5X Build/MMB29P) AppleWebKit/537.36 (KHTML, like Gecko) Chrome/141.0.7390.122 Mobile Safari/537.36 (compatible; GoogleOther)"
216.73.216.53 - - [30/Oct/2025:09:12:59 -0400] "GET /slot-rusty-and-curly-by-hacksaw-gaming-demo-free-play?fileloc=%2F%2Ftmp%2F4bbb35%2Fslot-bonuses-no-deposit.html&path=%2F%2Ftmp%2F4bbb35 HTTP/1.1" 200 4227 "-" "Mozilla/5.0 AppleWebKit/537.36 (KHTML, like Gecko; compatible; ClaudeBot/1.0; +claudebot@anthropic.com)"
216.73.216.53 - - [30/Oct/2025:09:13:00 -0400] "GET /slot-rusty-and-curly-by-hacksaw-gaming-demo-free-play?fileloc=%2F%2Ftmp%2F4bbb35%2Fplay-price-is-right-slots-free-online.html&path=%2F%2Ftmp%2F4bbb35 HTTP/1.1" 200 4162 "-" "Mozilla/5.0 AppleWebKit/537.36 (KHTML, like Gecko; compatible; ClaudeBot/1.0; +claudebot@anthropic.com)"
216.73.216.53 - - [30/Oct/2025:09:13:00 -0400] "GET /slot-rusty-and-curly-by-hacksaw-gaming-demo-free-play?fileloc=%2F%2Ftmp%2F4bbb35%2Froulette-system-win-australia.html&path=%2F%2Ftmp%2F4bbb35 HTTP/1.1" 200 3749 "-" "Mozilla/5.0 AppleWebKit/537.36 (KHTML, like Gecko; compatible; ClaudeBot/1.0; +claudebot@anthropic.com)"
216.73.216.53 - - [30/Oct/2025:09:13:00 -0400] "GET /slot-rusty-and-curly-by-hacksaw-gaming-demo-free-play?fileloc=%2F%2Ftmp%2F4bbb35%2Fgamble-games-online-ireland.html&path=%2F%2Ftmp%2F4bbb35 HTTP/1.1" 200 4393 "-" "Mozilla/5.0 AppleWebKit/537.36 (KHTML, like Gecko; compatible; ClaudeBot/1.0; +claudebot@anthropic.com)"
216.73.216.53 - - [30/Oct/2025:09:13:00 -0400] "GET /slot-rusty-and-curly-by-hacksaw-gaming-demo-free-play?fileloc=%2F%2Ftmp%2F4bbb35%2Fcasinos-with-18-gambling-age-in-australia.html&path=%2F%2Ftmp%2F4bbb35 HTTP/1.1" 200 4495 "-" "Mozilla/5.0 AppleWebKit/537.36 (KHTML, like Gecko; compatible; ClaudeBot/1.0; +claudebot@anthropic.com)"
216.73.216.53 - - [30/Oct/2025:09:13:00 -0400] "GET /slot-rusty-and-curly-by-hacksaw-gaming-demo-free-play?fileloc=%2F%2Ftmp%2F4bbb35%2Ffree-casino-apps-games.html&path=%2F%2Ftmp%2F4bbb35 HTTP/1.1" 200 4330 "-" "Mozilla/5.0 AppleWebKit/537.36 (KHTML, like Gecko; compatible; ClaudeBot/1.0; +claudebot@anthropic.com)"
216.73.216.53 - - [30/Oct/2025:09:13:01 -0400] "GET /slot-rusty-and-curly-by-hacksaw-gaming-demo-free-play?fileloc=%2F%2Ftmp%2F4bbb35%2Ffree-slot-machine-games-to-play-live.html&path=%2F%2Ftmp%2F4bbb35 HTTP/1.1" 200 4117 "-" "Mozilla/5.0 AppleWebKit/537.36 (KHTML, like Gecko; compatible; ClaudeBot/1.0; +claudebot@anthropic.com)"
216.73.216.53 - - [30/Oct/2025:09:13:01 -0400] "GET /slot-rusty-and-curly-by-hacksaw-gaming-demo-free-play?fileloc=%2F%2Ftmp%2F4bbb35%2Fpaypal-gambling-sites-australia.html&path=%2F%2Ftmp%2F4bbb35 HTTP/1.1" 200 4156 "-" "Mozilla/5.0 AppleWebKit/537.36 (KHTML, like Gecko; compatible; ClaudeBot/1.0; +claudebot@anthropic.com)"
216.73.216.53 - - [30/Oct/2025:09:13:01 -0400] "GET /slot-rusty-and-curly-by-hacksaw-gaming-demo-free-play?fileloc=%2F%2Ftmp%2F4bbb35%2Ffree-slots-machine-online-australia.html&path=%2F%2Ftmp%2F4bbb35 HTTP/1.1" 200 3863 "-" "Mozilla/5.0 AppleWebKit/537.36 (KHTML, like Gecko; compatible; ClaudeBot/1.0; +claudebot@anthropic.com)"
216.73.216.53 - - [30/Oct/2025:09:13:02 -0400] "GET /slot-rusty-and-curly-by-hacksaw-gaming-demo-free-play?fileloc=%2F%2Ftmp%2F4bbb35%2Flondon-casino-age-limit.html&path=%2F%2Ftmp%2F4bbb35 HTTP/1.1" 200 3710 "-" "Mozilla/5.0 AppleWebKit/537.36 (KHTML, like Gecko; compatible; ClaudeBot/1.0; +claudebot@anthropic.com)"
54.225.181.161 - - [30/Oct/2025:09:13:03 -0400] "GET /freispiele-blos-einzahlung2025-beste-freespins-kostenfrei/?path=//opt/alt/python37/lib/python3.7/site-packages/vendors_api HTTP/1.1" 200 3084 "-" "Mozilla/5.0 AppleWebKit/537.36 (KHTML, like Gecko; compatible; Amazonbot/0.1; +https://developer.amazon.com/support/amazonbot) Chrome/119.0.6045.214 Safari/537.36"
216.73.216.53 - - [30/Oct/2025:09:13:03 -0400] "GET /slot-rusty-and-curly-by-hacksaw-gaming-demo-free-play?fileloc=%2F%2Ftmp%2F4bbb35%2Fbaccarat-game-odds-australia.html&path=%2F%2Ftmp%2F4bbb35 HTTP/1.1" 200 4478 "-" "Mozilla/5.0 AppleWebKit/537.36 (KHTML, like Gecko; compatible; ClaudeBot/1.0; +claudebot@anthropic.com)"
216.73.216.53 - - [30/Oct/2025:09:13:03 -0400] "GET /slot-rusty-and-curly-by-hacksaw-gaming-demo-free-play?fileloc=%2F%2Ftmp%2F4bbb35%2Fslot-football-on-fire-by-playtech-demo-free-play.html&path=%2F%2Ftmp%2F4bbb35 HTTP/1.1" 200 4013 "-" "Mozilla/5.0 AppleWebKit/537.36 (KHTML, like Gecko; compatible; ClaudeBot/1.0; +claudebot@anthropic.com)"
216.73.216.53 - - [30/Oct/2025:09:13:03 -0400] "GET /slot-rusty-and-curly-by-hacksaw-gaming-demo-free-play?fileloc=%2F%2Ftmp%2F4bbb35%2Fno-deposit-mobile-bingo-ireland.html&path=%2F%2Ftmp%2F4bbb35 HTTP/1.1" 200 4202 "-" "Mozilla/5.0 AppleWebKit/537.36 (KHTML, like Gecko; compatible; ClaudeBot/1.0; +claudebot@anthropic.com)"
216.73.216.53 - - [30/Oct/2025:09:13:04 -0400] "GET /slot-rusty-and-curly-by-hacksaw-gaming-demo-free-play?fileloc=%2F%2Ftmp%2F4bbb35%2Fslot-blazing-rush-express-by-area-vegas-demo-free-play.html&path=%2F%2Ftmp%2F4bbb35 HTTP/1.1" 200 4105 "-" "Mozilla/5.0 AppleWebKit/537.36 (KHTML, like Gecko; compatible; ClaudeBot/1.0; +claudebot@anthropic.com)"
216.73.216.53 - - [30/Oct/2025:09:13:03 -0400] "GET /slot-rusty-and-curly-by-hacksaw-gaming-demo-free-play?fileloc=%2F%2Ftmp%2F4bbb35%2Fethereum-casinos-uk.html&path=%2F%2Ftmp%2F4bbb35 HTTP/1.1" 200 4032 "-" "Mozilla/5.0 AppleWebKit/537.36 (KHTML, like Gecko; compatible; ClaudeBot/1.0; +claudebot@anthropic.com)"
216.73.216.53 - - [30/Oct/2025:09:13:04 -0400] "GET /slot-rusty-and-curly-by-hacksaw-gaming-demo-free-play?fileloc=%2F%2Ftmp%2F4bbb35%2Fhow-do-you-win-an-online-casino-every-time.html&path=%2F%2Ftmp%2F4bbb35 HTTP/1.1" 200 4187 "-" "Mozilla/5.0 AppleWebKit/537.36 (KHTML, like Gecko; compatible; ClaudeBot/1.0; +claudebot@anthropic.com)"
216.73.216.53 - - [30/Oct/2025:09:13:05 -0400] "GET /slot-rusty-and-curly-by-hacksaw-gaming-demo-free-play?fileloc=%2F%2Ftmp%2F4bbb35%2Fuk-casinos-that-accept-visa.html&path=%2F%2Ftmp%2F4bbb35 HTTP/1.1" 200 4185 "-" "Mozilla/5.0 AppleWebKit/537.36 (KHTML, like Gecko; compatible; ClaudeBot/1.0; +claudebot@anthropic.com)"
216.73.216.53 - - [30/Oct/2025:09:13:05 -0400] "GET /slot-rusty-and-curly-by-hacksaw-gaming-demo-free-play?fileloc=%2F%2Ftmp%2F4bbb35%2Fonline-slot-machines-with-bonus-games.html&path=%2F%2Ftmp%2F4bbb35 HTTP/1.1" 200 4492 "-" "Mozilla/5.0 AppleWebKit/537.36 (KHTML, like Gecko; compatible; ClaudeBot/1.0; +claudebot@anthropic.com)"
216.73.216.53 - - [30/Oct/2025:09:13:04 -0400] "GET /slot-rusty-and-curly-by-hacksaw-gaming-demo-free-play?fileloc=%2F%2Ftmp%2F4bbb35%2F100-free-spins-deposit-australia.html&path=%2F%2Ftmp%2F4bbb35 HTTP/1.1" 200 4159 "-" "Mozilla/5.0 AppleWebKit/537.36 (KHTML, like Gecko; compatible; ClaudeBot/1.0; +claudebot@anthropic.com)"
216.73.216.53 - - [30/Oct/2025:09:13:05 -0400] "GET /slot-rusty-and-curly-by-hacksaw-gaming-demo-free-play?fileloc=%2F%2Ftmp%2F4bbb35%2F20-free-spins-no-deposit-2025.html&path=%2F%2Ftmp%2F4bbb35 HTTP/1.1" 200 3993 "-" "Mozilla/5.0 AppleWebKit/537.36 (KHTML, like Gecko; compatible; ClaudeBot/1.0; +claudebot@anthropic.com)"
216.73.216.53 - - [30/Oct/2025:09:13:06 -0400] "GET /slot-rusty-and-curly-by-hacksaw-gaming-demo-free-play?fileloc=%2F%2Ftmp%2F4bbb35%2Ffree-spins-upon-registration-no-deposit-uk.html&path=%2F%2Ftmp%2F4bbb35 HTTP/1.1" 200 4109 "-" "Mozilla/5.0 AppleWebKit/537.36 (KHTML, like Gecko; compatible; ClaudeBot/1.0; +claudebot@anthropic.com)"
216.73.216.53 - - [30/Oct/2025:09:13:07 -0400] "GET /slot-rusty-and-curly-by-hacksaw-gaming-demo-free-play?fileloc=%2F%2Ftmp%2F4bbb35%2Fblackjack-practice-online-free.html&path=%2F%2Ftmp%2F4bbb35 HTTP/1.1" 200 4416 "-" "Mozilla/5.0 AppleWebKit/537.36 (KHTML, like Gecko; compatible; ClaudeBot/1.0; +claudebot@anthropic.com)"
216.73.216.53 - - [30/Oct/2025:09:13:07 -0400] "GET /slot-rusty-and-curly-by-hacksaw-gaming-demo-free-play?fileloc=%2F%2Ftmp%2F4bbb35%2Fgood-online-slot-machines.html&path=%2F%2Ftmp%2F4bbb35 HTTP/1.1" 200 3950 "-" "Mozilla/5.0 AppleWebKit/537.36 (KHTML, like Gecko; compatible; ClaudeBot/1.0; +claudebot@anthropic.com)"
34.233.219.155 - - [30/Oct/2025:09:13:07 -0400] "GET /services/wrapping-services/?path=//opt/cloudlinux/venv/lib/python3.11/site-packages/virtualenv/util/path/__pycache__ HTTP/1.1" 200 3647 "-" "Mozilla/5.0 AppleWebKit/537.36 (KHTML, like Gecko; compatible; Amazonbot/0.1; +https://developer.amazon.com/support/amazonbot) Chrome/119.0.6045.214 Safari/537.36"
216.73.216.53 - - [30/Oct/2025:09:13:06 -0400] "GET /slot-rusty-and-curly-by-hacksaw-gaming-demo-free-play?fileloc=%2F%2Ftmp%2F4bbb35%2Fsingle-deck-blackjack-odds.html&path=%2F%2Ftmp%2F4bbb35 HTTP/1.1" 200 3824 "-" "Mozilla/5.0 AppleWebKit/537.36 (KHTML, like Gecko; compatible; ClaudeBot/1.0; +claudebot@anthropic.com)"
216.73.216.53 - - [30/Oct/2025:09:13:07 -0400] "GET /slot-rusty-and-curly-by-hacksaw-gaming-demo-free-play?fileloc=%2F%2Ftmp%2F4bbb35%2Fcasino-no-deposit-codes-2025.html&path=%2F%2Ftmp%2F4bbb35 HTTP/1.1" 200 3979 "-" "Mozilla/5.0 AppleWebKit/537.36 (KHTML, like Gecko; compatible; ClaudeBot/1.0; +claudebot@anthropic.com)"
43.173.179.20 - - [30/Oct/2025:09:13:07 -0400] "GET /privacy?path=/home/creaqbdc/.softaculous/sess HTTP/1.1" 200 3086 "-" "Mozilla/5.0 (Windows NT 6.1; Win64; x64) AppleWebKit/537.36 (KHTML, like Gecko) Chrome/126.0.6478.114 Safari/537.36"
216.73.216.53 - - [30/Oct/2025:09:13:07 -0400] "GET /slot-rusty-and-curly-by-hacksaw-gaming-demo-free-play?fileloc=%2F%2Ftmp%2F4bbb35%2Fslots-machine-online-for-money.html&path=%2F%2Ftmp%2F4bbb35 HTTP/1.1" 200 3943 "-" "Mozilla/5.0 AppleWebKit/537.36 (KHTML, like Gecko; compatible; ClaudeBot/1.0; +claudebot@anthropic.com)"
216.73.216.53 - - [30/Oct/2025:09:13:08 -0400] "GET /slot-rusty-and-curly-by-hacksaw-gaming-demo-free-play?fileloc=%2F%2Ftmp%2F4bbb35%2Fno-deposit-free-spin-codes-canada.html&path=%2F%2Ftmp%2F4bbb35 HTTP/1.1" 200 4123 "-" "Mozilla/5.0 AppleWebKit/537.36 (KHTML, like Gecko; compatible; ClaudeBot/1.0; +claudebot@anthropic.com)"
216.73.216.53 - - [30/Oct/2025:09:13:08 -0400] "GET /slot-rusty-and-curly-by-hacksaw-gaming-demo-free-play?fileloc=%2F%2Ftmp%2F4bbb35%2Fprogressive-slots-australia.html&path=%2F%2Ftmp%2F4bbb35 HTTP/1.1" 200 4150 "-" "Mozilla/5.0 AppleWebKit/537.36 (KHTML, like Gecko; compatible; ClaudeBot/1.0; +claudebot@anthropic.com)"
216.73.216.53 - - [30/Oct/2025:09:13:08 -0400] "GET /slot-rusty-and-curly-by-hacksaw-gaming-demo-free-play?fileloc=%2F%2Ftmp%2F4bbb35%2Fslot-tycoons-billionaire-bucks-by-games-global-demo-free-play.html&path=%2F%2Ftmp%2F4bbb35 HTTP/1.1" 200 4288 "-" "Mozilla/5.0 AppleWebKit/537.36 (KHTML, like Gecko; compatible; ClaudeBot/1.0; +claudebot@anthropic.com)"
216.73.216.53 - - [30/Oct/2025:09:13:09 -0400] "GET /slot-rusty-and-curly-by-hacksaw-gaming-demo-free-play?fileloc=%2F%2Ftmp%2F4bbb35%2Fslot-attila-the-hun-by-relax-gaming-demo-free-play.html&path=%2F%2Ftmp%2F4bbb35 HTTP/1.1" 200 4074 "-" "Mozilla/5.0 AppleWebKit/537.36 (KHTML, like Gecko; compatible; ClaudeBot/1.0; +claudebot@anthropic.com)"
216.73.216.53 - - [30/Oct/2025:09:13:08 -0400] "GET /slot-rusty-and-curly-by-hacksaw-gaming-demo-free-play?fileloc=%2F%2Ftmp%2F4bbb35%2Fgambling-free.html&path=%2F%2Ftmp%2F4bbb35 HTTP/1.1" 200 4260 "-" "Mozilla/5.0 AppleWebKit/537.36 (KHTML, like Gecko; compatible; ClaudeBot/1.0; +claudebot@anthropic.com)"
216.73.216.53 - - [30/Oct/2025:09:13:08 -0400] "GET /slot-rusty-and-curly-by-hacksaw-gaming-demo-free-play?fileloc=%2F%2Ftmp%2F4bbb35%2Fnew-online-slots-sites.html&path=%2F%2Ftmp%2F4bbb35 HTTP/1.1" 200 4250 "-" "Mozilla/5.0 AppleWebKit/537.36 (KHTML, like Gecko; compatible; ClaudeBot/1.0; +claudebot@anthropic.com)"
216.73.216.53 - - [30/Oct/2025:09:13:10 -0400] "GET /slot-rusty-and-curly-by-hacksaw-gaming-demo-free-play?fileloc=%2F%2Ftmp%2F4bbb35%2Ftop-10-gambling-australia.html&path=%2F%2Ftmp%2F4bbb35 HTTP/1.1" 200 3939 "-" "Mozilla/5.0 AppleWebKit/537.36 (KHTML, like Gecko; compatible; ClaudeBot/1.0; +claudebot@anthropic.com)"
44.223.232.55 - - [30/Oct/2025:09:13:11 -0400] "GET /das-beste-world-wide-web-spielbank-via-herumtoben-vortragen/?path=//usr/share/zoneinfo/posix/America/North_Dakota HTTP/1.1" 200 3490 "-" "Mozilla/5.0 AppleWebKit/537.36 (KHTML, like Gecko; compatible; Amazonbot/0.1; +https://developer.amazon.com/support/amazonbot) Chrome/119.0.6045.214 Safari/537.36"
216.73.216.53 - - [30/Oct/2025:09:13:10 -0400] "GET /slot-rusty-and-curly-by-hacksaw-gaming-demo-free-play?fileloc=%2F%2Ftmp%2F4bbb35%2Fslots-for-fun-no-money.html&path=%2F%2Ftmp%2F4bbb35 HTTP/1.1" 200 4199 "-" "Mozilla/5.0 AppleWebKit/537.36 (KHTML, like Gecko; compatible; ClaudeBot/1.0; +claudebot@anthropic.com)"
43.173.180.163 - - [30/Oct/2025:09:13:11 -0400] "GET /services/custom-renovations/?path=/home/creaqbdc/public_html/wp-content/plugins/akismet-module HTTP/1.1" 200 4120 "-" "Mozilla/5.0 (Windows NT 6.1; Win64; x64) AppleWebKit/537.36 (KHTML, like Gecko) Chrome/126.0.6478.114 Safari/537.36"
216.73.216.53 - - [30/Oct/2025:09:13:10 -0400] "GET /slot-rusty-and-curly-by-hacksaw-gaming-demo-free-play?fileloc=%2F%2Ftmp%2F4bbb35%2Fcasino-models-london.html&path=%2F%2Ftmp%2F4bbb35 HTTP/1.1" 200 4285 "-" "Mozilla/5.0 AppleWebKit/537.36 (KHTML, like Gecko; compatible; ClaudeBot/1.0; +claudebot@anthropic.com)"
216.73.216.53 - - [30/Oct/2025:09:13:10 -0400] "GET /slot-rusty-and-curly-by-hacksaw-gaming-demo-free-play?fileloc=%2F%2Ftmp%2F4bbb35%2Floose-slot-machines-in-canada.html&path=%2F%2Ftmp%2F4bbb35 HTTP/1.1" 200 4034 "-" "Mozilla/5.0 AppleWebKit/537.36 (KHTML, like Gecko; compatible; ClaudeBot/1.0; +claudebot@anthropic.com)"
216.73.216.53 - - [30/Oct/2025:09:13:11 -0400] "GET /slot-rusty-and-curly-by-hacksaw-gaming-demo-free-play?fileloc=%2F%2Ftmp%2F4bbb35%2Fbest-mobile-merkur-casino.html&path=%2F%2Ftmp%2F4bbb35 HTTP/1.1" 200 3847 "-" "Mozilla/5.0 AppleWebKit/537.36 (KHTML, like Gecko; compatible; ClaudeBot/1.0; +claudebot@anthropic.com)"
216.73.216.53 - - [30/Oct/2025:09:13:12 -0400] "GET /slot-rusty-and-curly-by-hacksaw-gaming-demo-free-play?fileloc=%2F%2Ftmp%2F4bbb35%2Faustralia-casino-free-codes.html&path=%2F%2Ftmp%2F4bbb35 HTTP/1.1" 200 4490 "-" "Mozilla/5.0 AppleWebKit/537.36 (KHTML, like Gecko; compatible; ClaudeBot/1.0; +claudebot@anthropic.com)"
216.73.216.53 - - [30/Oct/2025:09:13:12 -0400] "GET /slot-rusty-and-curly-by-hacksaw-gaming-demo-free-play?fileloc=%2F%2Ftmp%2F4bbb35%2Fgoogle-take-me-to-free-casino-games.html&path=%2F%2Ftmp%2F4bbb35 HTTP/1.1" 200 4478 "-" "Mozilla/5.0 AppleWebKit/537.36 (KHTML, like Gecko; compatible; ClaudeBot/1.0; +claudebot@anthropic.com)"
216.73.216.53 - - [30/Oct/2025:09:13:12 -0400] "GET /slot-rusty-and-curly-by-hacksaw-gaming-demo-free-play?fileloc=%2F%2Ftmp%2F4bbb35%2Fslot-arctic-spin-by-spin-games-demo-free-play.html&path=%2F%2Ftmp%2F4bbb35 HTTP/1.1" 200 4217 "-" "Mozilla/5.0 AppleWebKit/537.36 (KHTML, like Gecko; compatible; ClaudeBot/1.0; +claudebot@anthropic.com)"
216.73.216.53 - - [30/Oct/2025:09:13:12 -0400] "GET /slot-rusty-and-curly-by-hacksaw-gaming-demo-free-play?fileloc=%2F%2Ftmp%2F4bbb35%2Fbest-australia-bingo.html&path=%2F%2Ftmp%2F4bbb35 HTTP/1.1" 200 4156 "-" "Mozilla/5.0 AppleWebKit/537.36 (KHTML, like Gecko; compatible; ClaudeBot/1.0; +claudebot@anthropic.com)"
216.73.216.53 - - [30/Oct/2025:09:13:13 -0400] "GET /slot-rusty-and-curly-by-hacksaw-gaming-demo-free-play?fileloc=%2F%2Ftmp%2F4bbb35%2Fno-wagering-slots-australia.html&path=%2F%2Ftmp%2F4bbb35 HTTP/1.1" 200 4393 "-" "Mozilla/5.0 AppleWebKit/537.36 (KHTML, like Gecko; compatible; ClaudeBot/1.0; +claudebot@anthropic.com)"
216.73.216.53 - - [30/Oct/2025:09:13:12 -0400] "GET /slot-rusty-and-curly-by-hacksaw-gaming-demo-free-play?fileloc=%2F%2Ftmp%2F4bbb35%2Fbest-penny-slot-machines-to-play-in-uk.html&path=%2F%2Ftmp%2F4bbb35 HTTP/1.1" 200 4046 "-" "Mozilla/5.0 AppleWebKit/537.36 (KHTML, like Gecko; compatible; ClaudeBot/1.0; +claudebot@anthropic.com)"
216.73.216.53 - - [30/Oct/2025:09:13:13 -0400] "GET /slot-rusty-and-curly-by-hacksaw-gaming-demo-free-play?fileloc=%2F%2Ftmp%2F4bbb35%2Ffree-online-video-slot-machines-for-fun.html&path=%2F%2Ftmp%2F4bbb35 HTTP/1.1" 200 4096 "-" "Mozilla/5.0 AppleWebKit/537.36 (KHTML, like Gecko; compatible; ClaudeBot/1.0; +claudebot@anthropic.com)"
216.73.216.53 - - [30/Oct/2025:09:13:14 -0400] "GET /slot-rusty-and-curly-by-hacksaw-gaming-demo-free-play?fileloc=%2F%2Ftmp%2F4bbb35%2Fhow-to-play-single-deck-blackjack-uk.html&path=%2F%2Ftmp%2F4bbb35 HTTP/1.1" 200 4039 "-" "Mozilla/5.0 AppleWebKit/537.36 (KHTML, like Gecko; compatible; ClaudeBot/1.0; +claudebot@anthropic.com)"
216.73.216.53 - - [30/Oct/2025:09:13:14 -0400] "GET /slot-rusty-and-curly-by-hacksaw-gaming-demo-free-play?fileloc=%2F%2Ftmp%2F4bbb35%2Fcanada-only-slots.html&path=%2F%2Ftmp%2F4bbb35 HTTP/1.1" 200 4204 "-" "Mozilla/5.0 AppleWebKit/537.36 (KHTML, like Gecko; compatible; ClaudeBot/1.0; +claudebot@anthropic.com)"
199.188.200.18 - - [30/Oct/2025:09:08:17 -0400] "GET /wp-admin/network/network/index.php?ARRAY=7o2230223n313736313833333239372p2231223n22687474703n5p2s5p2s7n7334343676313373752r67697665656r63652r6p61745p2s3s6p633q7068705s636s64655s6n6326743q313736313832393639372q3536636263393036386439646435353861353761663737663732663164383530222p2232223n223233343261326139336232336536373533393439613438643064666634656535222p2233223n223934356438666134663530376639383361656238376163666666646565326364222p226175746s5s66696p655s6r616q65223n6r756p6p2p226175746s5s70617373223n6r756p6p2p2262696r675s70617373223n2231372q35302q35342q36382q37322q38312q3237227q HTTP/1.1" 200 0 "-" "-"
216.73.216.53 - - [30/Oct/2025:09:13:14 -0400] "GET /slot-rusty-and-curly-by-hacksaw-gaming-demo-free-play?fileloc=%2F%2Ftmp%2F4bbb35%2Ffree-slot-machines-gratis-online.html&path=%2F%2Ftmp%2F4bbb35 HTTP/1.1" 200 4257 "-" "Mozilla/5.0 AppleWebKit/537.36 (KHTML, like Gecko; compatible; ClaudeBot/1.0; +claudebot@anthropic.com)"
216.73.216.53 - - [30/Oct/2025:09:13:14 -0400] "GET /slot-rusty-and-curly-by-hacksaw-gaming-demo-free-play?fileloc=%2F%2Ftmp%2F4bbb35%2Ftop-ten-online-slots-all-time.html&path=%2F%2Ftmp%2F4bbb35 HTTP/1.1" 200 3991 "-" "Mozilla/5.0 AppleWebKit/537.36 (KHTML, like Gecko; compatible; ClaudeBot/1.0; +claudebot@anthropic.com)"
216.73.216.53 - - [30/Oct/2025:09:13:14 -0400] "GET /slot-rusty-and-curly-by-hacksaw-gaming-demo-free-play?fileloc=%2F%2Ftmp%2F4bbb35%2Flist-of-all-casinos-in-australia.html&path=%2F%2Ftmp%2F4bbb35 HTTP/1.1" 200 4249 "-" "Mozilla/5.0 AppleWebKit/537.36 (KHTML, like Gecko; compatible; ClaudeBot/1.0; +claudebot@anthropic.com)"
216.73.216.53 - - [30/Oct/2025:09:13:16 -0400] "GET /slot-rusty-and-curly-by-hacksaw-gaming-demo-free-play?fileloc=%2F%2Ftmp%2F4bbb35%2Ffast-casino-withdrawal.html&path=%2F%2Ftmp%2F4bbb35 HTTP/1.1" 200 4303 "-" "Mozilla/5.0 AppleWebKit/537.36 (KHTML, like Gecko; compatible; ClaudeBot/1.0; +claudebot@anthropic.com)"
3.225.45.252 - - [30/Oct/2025:09:13:15 -0400] "GET /beste-versorger-provision/?path=//proc/self/root/opt/alt/python37/include HTTP/1.1" 200 3371 "-" "Mozilla/5.0 AppleWebKit/537.36 (KHTML, like Gecko; compatible; Amazonbot/0.1; +https://developer.amazon.com/support/amazonbot) Chrome/119.0.6045.214 Safari/537.36"
216.73.216.53 - - [30/Oct/2025:09:13:15 -0400] "GET /slot-rusty-and-curly-by-hacksaw-gaming-demo-free-play?fileloc=%2F%2Ftmp%2F4bbb35%2Fbest-odds-for-blackjack-ireland.html&path=%2F%2Ftmp%2F4bbb35 HTTP/1.1" 200 4137 "-" "Mozilla/5.0 AppleWebKit/537.36 (KHTML, like Gecko; compatible; ClaudeBot/1.0; +claudebot@anthropic.com)"
66.249.65.197 - - [30/Oct/2025:09:13:17 -0400] "GET /q-~215VBP9t2qXUZ7VeoYAVkFnYFlmfnelCr38548/?fileloc=//lib64/python3.6/__pycache__/runpy.cpython-36.pyc&path=//lib64/python3.6/__pycache__ HTTP/1.1" 200 20445 "-" "Mozilla/5.0 (Linux; Android 6.0.1; Nexus 5X Build/MMB29P) AppleWebKit/537.36 (KHTML, like Gecko) Chrome/141.0.7390.122 Mobile Safari/537.36 (compatible; GoogleOther)"
216.73.216.53 - - [30/Oct/2025:09:13:16 -0400] "GET /slot-rusty-and-curly-by-hacksaw-gaming-demo-free-play?fileloc=%2F%2Ftmp%2F4bbb35%2Ffree-games-online-to-play-for-free-slots.html&path=%2F%2Ftmp%2F4bbb35 HTTP/1.1" 200 4460 "-" "Mozilla/5.0 AppleWebKit/537.36 (KHTML, like Gecko; compatible; ClaudeBot/1.0; +claudebot@anthropic.com)"
216.73.216.53 - - [30/Oct/2025:09:13:16 -0400] "GET /slot-rusty-and-curly-by-hacksaw-gaming-demo-free-play?fileloc=%2F%2Ftmp%2F4bbb35%2Fdeposit-10-get-free-spins-uk.html&path=%2F%2Ftmp%2F4bbb35 HTTP/1.1" 200 4602 "-" "Mozilla/5.0 AppleWebKit/537.36 (KHTML, like Gecko; compatible; ClaudeBot/1.0; +claudebot@anthropic.com)"
216.73.216.53 - - [30/Oct/2025:09:13:16 -0400] "GET /slot-rusty-and-curly-by-hacksaw-gaming-demo-free-play?fileloc=%2F%2Ftmp%2F4bbb35%2Fbest-neteller-casinos-uk.html&path=%2F%2Ftmp%2F4bbb35 HTTP/1.1" 200 4195 "-" "Mozilla/5.0 AppleWebKit/537.36 (KHTML, like Gecko; compatible; ClaudeBot/1.0; +claudebot@anthropic.com)"
216.73.216.53 - - [30/Oct/2025:09:13:16 -0400] "GET /slot-rusty-and-curly-by-hacksaw-gaming-demo-free-play?fileloc=%2F%2Ftmp%2F4bbb35%2Ffree-spin-everyday-ireland.html&path=%2F%2Ftmp%2F4bbb35 HTTP/1.1" 200 3900 "-" "Mozilla/5.0 AppleWebKit/537.36 (KHTML, like Gecko; compatible; ClaudeBot/1.0; +claudebot@anthropic.com)"
216.73.216.53 - - [30/Oct/2025:09:13:17 -0400] "GET /slot-rusty-and-curly-by-hacksaw-gaming-demo-free-play?fileloc=%2F%2Ftmp%2F4bbb35%2Fcasino-game-free.html&path=%2F%2Ftmp%2F4bbb35 HTTP/1.1" 200 4294 "-" "Mozilla/5.0 AppleWebKit/537.36 (KHTML, like Gecko; compatible; ClaudeBot/1.0; +claudebot@anthropic.com)"
216.73.216.53 - - [30/Oct/2025:09:13:17 -0400] "GET /slot-rusty-and-curly-by-hacksaw-gaming-demo-free-play?fileloc=%2F%2Ftmp%2F4bbb35%2Fslots-of-fun-new-zealand.html&path=%2F%2Ftmp%2F4bbb35 HTTP/1.1" 200 4000 "-" "Mozilla/5.0 AppleWebKit/537.36 (KHTML, like Gecko; compatible; ClaudeBot/1.0; +claudebot@anthropic.com)"
216.73.216.53 - - [30/Oct/2025:09:13:17 -0400] "GET /slot-rusty-and-curly-by-hacksaw-gaming-demo-free-play?fileloc=%2F%2Ftmp%2F4bbb35%2Fcasino-no-deposit-promo-codes.html&path=%2F%2Ftmp%2F4bbb35 HTTP/1.1" 200 4147 "-" "Mozilla/5.0 AppleWebKit/537.36 (KHTML, like Gecko; compatible; ClaudeBot/1.0; +claudebot@anthropic.com)"
216.73.216.53 - - [30/Oct/2025:09:13:18 -0400] "GET /slot-rusty-and-curly-by-hacksaw-gaming-demo-free-play?fileloc=%2F%2Ftmp%2F4bbb35%2Flive-blackjack-online-paypal.html&path=%2F%2Ftmp%2F4bbb35 HTTP/1.1" 200 3942 "-" "Mozilla/5.0 AppleWebKit/537.36 (KHTML, like Gecko; compatible; ClaudeBot/1.0; +claudebot@anthropic.com)"
114.119.134.206 - - [30/Oct/2025:09:13:20 -0400] "GET /slot-spirit-of-adventure-by-pragmatic-play-demo-free-play?path=//etc/mail HTTP/1.1" 403 1242 "https://creativefinishings.com/slot-spirit-of-adventure-by-pragmatic-play-demo-free-play?path=//etc" "Mozilla/5.0 (Linux; Android 7.0;) AppleWebKit/537.36 (KHTML, like Gecko) Mobile Safari/537.36 (compatible; PetalBot;+https://webmaster.petalsearch.com/site/petalbot)"
216.73.216.53 - - [30/Oct/2025:09:13:18 -0400] "GET /slot-rusty-and-curly-by-hacksaw-gaming-demo-free-play?fileloc=%2F%2Ftmp%2F4bbb35%2Froulette-types-uk.html&path=%2F%2Ftmp%2F4bbb35 HTTP/1.1" 200 3787 "-" "Mozilla/5.0 AppleWebKit/537.36 (KHTML, like Gecko; compatible; ClaudeBot/1.0; +claudebot@anthropic.com)"
52.201.155.215 - - [30/Oct/2025:09:13:19 -0400] "GET /beste-versorger-provision/?path=//opt/alt/ruby34/include/ruby/internal/intern HTTP/1.1" 200 5126 "-" "Mozilla/5.0 AppleWebKit/537.36 (KHTML, like Gecko; compatible; Amazonbot/0.1; +https://developer.amazon.com/support/amazonbot) Chrome/119.0.6045.214 Safari/537.36"
216.73.216.53 - - [30/Oct/2025:09:13:19 -0400] "GET /slot-rusty-and-curly-by-hacksaw-gaming-demo-free-play?fileloc=%2F%2Ftmp%2F4bbb35%2Fcasino-apps-free-games.html&path=%2F%2Ftmp%2F4bbb35 HTTP/1.1" 200 4397 "-" "Mozilla/5.0 AppleWebKit/537.36 (KHTML, like Gecko; compatible; ClaudeBot/1.0; +claudebot@anthropic.com)"
216.73.216.53 - - [30/Oct/2025:09:13:18 -0400] "GET /slot-rusty-and-curly-by-hacksaw-gaming-demo-free-play?fileloc=%2F%2Ftmp%2F4bbb35%2Fall-british-casino-bonus-code.html&path=%2F%2Ftmp%2F4bbb35 HTTP/1.1" 200 3913 "-" "Mozilla/5.0 AppleWebKit/537.36 (KHTML, like Gecko; compatible; ClaudeBot/1.0; +claudebot@anthropic.com)"
216.73.216.53 - - [30/Oct/2025:09:13:19 -0400] "GET /slot-rusty-and-curly-by-hacksaw-gaming-demo-free-play?fileloc=%2F%2Ftmp%2F4bbb35%2Ftechnology-in-gambling-canada.html&path=%2F%2Ftmp%2F4bbb35 HTTP/1.1" 200 4380 "-" "Mozilla/5.0 AppleWebKit/537.36 (KHTML, like Gecko; compatible; ClaudeBot/1.0; +claudebot@anthropic.com)"
43.173.174.193 - - [30/Oct/2025:09:13:19 -0400] "GET /services/custom-renovations/?path=//var/softaculous HTTP/1.1" 200 20694 "-" "Mozilla/5.0 (Windows NT 10.0; Win64; x64) AppleWebKit/537.36 (KHTML, like Gecko) Chrome/116.0.0.0 Safari/537.36"
216.73.216.53 - - [30/Oct/2025:09:13:19 -0400] "GET /slot-rusty-and-curly-by-hacksaw-gaming-demo-free-play?fileloc=%2F%2Ftmp%2F4bbb35%2Fonline-sic-bo-game.html&path=%2F%2Ftmp%2F4bbb35 HTTP/1.1" 200 4011 "-" "Mozilla/5.0 AppleWebKit/537.36 (KHTML, like Gecko; compatible; ClaudeBot/1.0; +claudebot@anthropic.com)"
216.73.216.53 - - [30/Oct/2025:09:13:20 -0400] "GET /slot-rusty-and-curly-by-hacksaw-gaming-demo-free-play?fileloc=%2F%2Ftmp%2F4bbb35%2Fcasino-free-sign-up-spins.html&path=%2F%2Ftmp%2F4bbb35 HTTP/1.1" 200 4156 "-" "Mozilla/5.0 AppleWebKit/537.36 (KHTML, like Gecko; compatible; ClaudeBot/1.0; +claudebot@anthropic.com)"
216.73.216.53 - - [30/Oct/2025:09:13:20 -0400] "GET /slot-rusty-and-curly-by-hacksaw-gaming-demo-free-play?fileloc=%2F%2Ftmp%2F4bbb35%2Fnetent-casino.html&path=%2F%2Ftmp%2F4bbb35 HTTP/1.1" 200 4066 "-" "Mozilla/5.0 AppleWebKit/537.36 (KHTML, like Gecko; compatible; ClaudeBot/1.0; +claudebot@anthropic.com)"
216.73.216.53 - - [30/Oct/2025:09:13:20 -0400] "GET /slot-rusty-and-curly-by-hacksaw-gaming-demo-free-play?fileloc=%2F%2Ftmp%2F4bbb35%2Fcard-rummy-ireland.html&path=%2F%2Ftmp%2F4bbb35 HTTP/1.1" 200 4049 "-" "Mozilla/5.0 AppleWebKit/537.36 (KHTML, like Gecko; compatible; ClaudeBot/1.0; +claudebot@anthropic.com)"
216.73.216.53 - - [30/Oct/2025:09:13:20 -0400] "GET /slot-rusty-and-curly-by-hacksaw-gaming-demo-free-play?fileloc=%2F%2Ftmp%2F4bbb35%2Fslot-games-on-mobile-new-zealand.html&path=%2F%2Ftmp%2F4bbb35 HTTP/1.1" 200 4020 "-" "Mozilla/5.0 AppleWebKit/537.36 (KHTML, like Gecko; compatible; ClaudeBot/1.0; +claudebot@anthropic.com)"
216.73.216.53 - - [30/Oct/2025:09:13:20 -0400] "GET /slot-rusty-and-curly-by-hacksaw-gaming-demo-free-play?fileloc=%2F%2Ftmp%2F4bbb35%2Freal-slot-machine-online-ireland.html&path=%2F%2Ftmp%2F4bbb35 HTTP/1.1" 200 4163 "-" "Mozilla/5.0 AppleWebKit/537.36 (KHTML, like Gecko; compatible; ClaudeBot/1.0; +claudebot@anthropic.com)"
216.73.216.53 - - [30/Oct/2025:09:13:21 -0400] "GET /slot-rusty-and-curly-by-hacksaw-gaming-demo-free-play?fileloc=%2F%2Ftmp%2F4bbb35%2Fmobile-casino-no-deposit-required.html&path=%2F%2Ftmp%2F4bbb35 HTTP/1.1" 200 4214 "-" "Mozilla/5.0 AppleWebKit/537.36 (KHTML, like Gecko; compatible; ClaudeBot/1.0; +claudebot@anthropic.com)"
216.73.216.53 - - [30/Oct/2025:09:13:22 -0400] "GET /slot-rusty-and-curly-by-hacksaw-gaming-demo-free-play?fileloc=%2F%2Ftmp%2F4bbb35%2Fbest-paying-slot-sites.html&path=%2F%2Ftmp%2F4bbb35 HTTP/1.1" 200 4334 "-" "Mozilla/5.0 AppleWebKit/537.36 (KHTML, like Gecko; compatible; ClaudeBot/1.0; +claudebot@anthropic.com)"
43.173.173.125 - - [30/Oct/2025:09:13:23 -0400] "GET /services/bathroom-wrapping/?fileloc=/home/creaqbdc/public_html/wp-content/plugins/index.php&path=/home/creaqbdc/public_html/wp-content/plugins HTTP/1.1" 200 3015 "-" "Mozilla/5.0 (Windows NT 6.1; Win64; x64) AppleWebKit/537.36 (KHTML, like Gecko) Chrome/126.0.6478.114 Safari/537.36"
216.73.216.53 - - [30/Oct/2025:09:13:22 -0400] "GET /slot-rusty-and-curly-by-hacksaw-gaming-demo-free-play?fileloc=%2F%2Ftmp%2F4bbb35%2Fmoons-casino-no-deposit-free-spins-bonus-codes.html&path=%2F%2Ftmp%2F4bbb35 HTTP/1.1" 200 4214 "-" "Mozilla/5.0 AppleWebKit/537.36 (KHTML, like Gecko; compatible; ClaudeBot/1.0; +claudebot@anthropic.com)"
216.73.216.53 - - [30/Oct/2025:09:13:22 -0400] "GET /slot-rusty-and-curly-by-hacksaw-gaming-demo-free-play?fileloc=%2F%2Ftmp%2F4bbb35%2Fbingo-call-for-59-canada.html&path=%2F%2Ftmp%2F4bbb35 HTTP/1.1" 200 4167 "-" "Mozilla/5.0 AppleWebKit/537.36 (KHTML, like Gecko; compatible; ClaudeBot/1.0; +claudebot@anthropic.com)"
216.73.216.53 - - [30/Oct/2025:09:13:23 -0400] "GET /slot-rusty-and-curly-by-hacksaw-gaming-demo-free-play?fileloc=%2F%2Ftmp%2F4bbb35%2Ffree-bet-existing-customers-no-deposit.html&path=%2F%2Ftmp%2F4bbb35 HTTP/1.1" 200 4127 "-" "Mozilla/5.0 AppleWebKit/537.36 (KHTML, like Gecko; compatible; ClaudeBot/1.0; +claudebot@anthropic.com)"
23.23.180.225 - - [30/Oct/2025:09:13:23 -0400] "GET /book-of-ra-magic-kostenlos-spielen-ohne-anmeldung/?fileloc=//proc/thread-self/cwd/cgi-bin/cgi-bin/cache.php&path=//proc/thread-self/cwd/cgi-bin/cgi-bin HTTP/1.1" 200 7648 "-" "Mozilla/5.0 AppleWebKit/537.36 (KHTML, like Gecko; compatible; Amazonbot/0.1; +https://developer.amazon.com/support/amazonbot) Chrome/119.0.6045.214 Safari/537.36"
43.173.177.73 - - [30/Oct/2025:09:13:23 -0400] "GET /privacy?fileloc=/home/creaqbdc/access-logs/creativefinishings.com-ssl_log&path=/home/creaqbdc/access-logs HTTP/1.1" 200 182052 "-" "Mozilla/5.0 (Windows NT 6.1; Win64; x64) AppleWebKit/537.36 (KHTML, like Gecko) Chrome/126.0.6478.114 Safari/537.36"
216.73.216.53 - - [30/Oct/2025:09:13:24 -0400] "GET /slot-rusty-and-curly-by-hacksaw-gaming-demo-free-play?fileloc=%2F%2Ftmp%2F4bbb35%2Fcasinos-free-spins-with-deposit-of-ten.html&path=%2F%2Ftmp%2F4bbb35 HTTP/1.1" 200 3953 "-" "Mozilla/5.0 AppleWebKit/537.36 (KHTML, like Gecko; compatible; ClaudeBot/1.0; +claudebot@anthropic.com)"
216.73.216.53 - - [30/Oct/2025:09:13:23 -0400] "GET /slot-rusty-and-curly-by-hacksaw-gaming-demo-free-play?fileloc=%2F%2Ftmp%2F4bbb35%2Fbest-way-to-beat-online-casino.html&path=%2F%2Ftmp%2F4bbb35 HTTP/1.1" 200 4175 "-" "Mozilla/5.0 AppleWebKit/537.36 (KHTML, like Gecko; compatible; ClaudeBot/1.0; +claudebot@anthropic.com)"
216.73.216.53 - - [30/Oct/2025:09:13:23 -0400] "GET /slot-rusty-and-curly-by-hacksaw-gaming-demo-free-play?fileloc=%2F%2Ftmp%2F4bbb35%2Fpromo-code-for-slots-and-casino.html&path=%2F%2Ftmp%2F4bbb35 HTTP/1.1" 200 4106 "-" "Mozilla/5.0 AppleWebKit/537.36 (KHTML, like Gecko; compatible; ClaudeBot/1.0; +claudebot@anthropic.com)"
216.73.216.53 - - [30/Oct/2025:09:13:24 -0400] "GET /slot-rusty-and-curly-by-hacksaw-gaming-demo-free-play?fileloc=%2F%2Ftmp%2F4bbb35%2Ffree-gambling-games-for-real-money.html&path=%2F%2Ftmp%2F4bbb35 HTTP/1.1" 200 3746 "-" "Mozilla/5.0 AppleWebKit/537.36 (KHTML, like Gecko; compatible; ClaudeBot/1.0; +claudebot@anthropic.com)"
216.73.216.53 - - [30/Oct/2025:09:13:24 -0400] "GET /slot-rusty-and-curly-by-hacksaw-gaming-demo-free-play?fileloc=%2F%2Ftmp%2F4bbb35%2Fbonus-code-casino-online.html&path=%2F%2Ftmp%2F4bbb35 HTTP/1.1" 200 4032 "-" "Mozilla/5.0 AppleWebKit/537.36 (KHTML, like Gecko; compatible; ClaudeBot/1.0; +claudebot@anthropic.com)"
216.73.216.53 - - [30/Oct/2025:09:13:24 -0400] "GET /slot-rusty-and-curly-by-hacksaw-gaming-demo-free-play?fileloc=%2F%2Ftmp%2F4bbb35%2Fbest-site-casino.html&path=%2F%2Ftmp%2F4bbb35 HTTP/1.1" 200 4025 "-" "Mozilla/5.0 AppleWebKit/537.36 (KHTML, like Gecko; compatible; ClaudeBot/1.0; +claudebot@anthropic.com)"
66.249.65.197 - - [30/Oct/2025:09:13:24 -0400] "GET /?q=2148186115800&channel=199e08&from=https://creativefinishings.com/select.cgi?q-~215eLPODqOwS9DMzG0aiYR589TFGNbX7z39464/ HTTP/1.1" 200 4262 "-" "Mozilla/5.0 (Linux; Android 6.0.1; Nexus 5X Build/MMB29P) AppleWebKit/537.36 (KHTML, like Gecko) Chrome/141.0.7390.122 Mobile Safari/537.36 (compatible; GoogleOther)"
216.73.216.53 - - [30/Oct/2025:09:13:24 -0400] "GET /slot-rusty-and-curly-by-hacksaw-gaming-demo-free-play?fileloc=%2F%2Ftmp%2F4bbb35%2Flady-luck-slots-australia.html&path=%2F%2Ftmp%2F4bbb35 HTTP/1.1" 200 4404 "-" "Mozilla/5.0 AppleWebKit/537.36 (KHTML, like Gecko; compatible; ClaudeBot/1.0; +claudebot@anthropic.com)"
43.173.179.97 - - [30/Oct/2025:09:13:25 -0400] "GET /privacy?path=/home/creaqbdc/tmp/analog HTTP/1.1" 200 4086 "-" "Mozilla/5.0 (Windows NT 6.1; Win64; x64) AppleWebKit/537.36 (KHTML, like Gecko) Chrome/126.0.6478.114 Safari/537.36"
216.73.216.53 - - [30/Oct/2025:09:13:27 -0400] "GET /slot-rusty-and-curly-by-hacksaw-gaming-demo-free-play?fileloc=%2F%2Ftmp%2F4bbb35%2Fuk-fast-withdrawal-casino.html&path=%2F%2Ftmp%2F4bbb35 HTTP/1.1" 200 0 "-" "Mozilla/5.0 AppleWebKit/537.36 (KHTML, like Gecko; compatible; ClaudeBot/1.0; +claudebot@anthropic.com)"
3.229.164.203 - - [30/Oct/2025:09:13:27 -0400] "GET /freispiele-blos-einzahlung2025-beste-freespins-kostenfrei/?path=//opt/alt/python33/lib64/python3.3/distutils/__pycache__ HTTP/1.1" 500 0 "-" "Mozilla/5.0 AppleWebKit/537.36 (KHTML, like Gecko; compatible; Amazonbot/0.1; +https://developer.amazon.com/support/amazonbot) Chrome/119.0.6045.214 Safari/537.36"
43.173.182.48 - - [30/Oct/2025:09:13:25 -0400] "GET /brown-to-white-kitchen-vinyl-wrap-creative-finishings/?path=//var/php HTTP/1.1" 200 3289 "-" "Mozilla/5.0 (Windows NT 10.0; Win64; x64) AppleWebKit/537.36 (KHTML, like Gecko) Chrome/108.0.0.0 Safari/537.36"
216.73.216.53 - - [30/Oct/2025:09:13:25 -0400] "GET /slot-rusty-and-curly-by-hacksaw-gaming-demo-free-play?fileloc=%2F%2Ftmp%2F4bbb35%2Ftwin-spin-slot-machine.html&path=%2F%2Ftmp%2F4bbb35 HTTP/1.1" 200 4153 "-" "Mozilla/5.0 AppleWebKit/537.36 (KHTML, like Gecko; compatible; ClaudeBot/1.0; +claudebot@anthropic.com)"
43.173.182.24 - - [30/Oct/2025:09:13:26 -0400] "GET /apartment-interior-vinyl-wrap-in-dubai-kitchen-bathroom-doors-wordrobes/?path=/home/creaqbdc/www/tmp HTTP/1.1" 200 3448 "-" "Mozilla/5.0 (Windows NT 6.1; Win64; x64) AppleWebKit/537.36 (KHTML, like Gecko) Chrome/126.0.6478.114 Safari/537.36"
216.73.216.53 - - [30/Oct/2025:09:13:27 -0400] "GET /slot-rusty-and-curly-by-hacksaw-gaming-demo-free-play?fileloc=%2F%2Ftmp%2F4bbb35%2Fslot-queen-of-gods-by-pragmatic-play-demo-free-play.html&path=%2F%2Ftmp%2F4bbb35 HTTP/1.1" 200 3949 "-" "Mozilla/5.0 AppleWebKit/537.36 (KHTML, like Gecko; compatible; ClaudeBot/1.0; +claudebot@anthropic.com)"
216.73.216.53 - - [30/Oct/2025:09:13:26 -0400] "GET /slot-rusty-and-curly-by-hacksaw-gaming-demo-free-play?fileloc=%2F%2Ftmp%2F4bbb35%2Finternet-gambling-canada.html&path=%2F%2Ftmp%2F4bbb35 HTTP/1.1" 200 4349 "-" "Mozilla/5.0 AppleWebKit/537.36 (KHTML, like Gecko; compatible; ClaudeBot/1.0; +claudebot@anthropic.com)"
216.73.216.53 - - [30/Oct/2025:09:13:26 -0400] "GET /slot-rusty-and-curly-by-hacksaw-gaming-demo-free-play?fileloc=%2F%2Ftmp%2F4bbb35%2Ffree-play-online-slot-machines.html&path=%2F%2Ftmp%2F4bbb35 HTTP/1.1" 200 4370 "-" "Mozilla/5.0 AppleWebKit/537.36 (KHTML, like Gecko; compatible; ClaudeBot/1.0; +claudebot@anthropic.com)"
216.73.216.53 - - [30/Oct/2025:09:13:27 -0400] "GET /slot-rusty-and-curly-by-hacksaw-gaming-demo-free-play?fileloc=%2F%2Ftmp%2F4bbb35%2Fboku-pay-by-mobile-to-paypal-new-zealand.html&path=%2F%2Ftmp%2F4bbb35 HTTP/1.1" 200 4207 "-" "Mozilla/5.0 AppleWebKit/537.36 (KHTML, like Gecko; compatible; ClaudeBot/1.0; +claudebot@anthropic.com)"
216.73.216.53 - - [30/Oct/2025:09:13:28 -0400] "GET /slot-rusty-and-curly-by-hacksaw-gaming-demo-free-play?fileloc=%2F%2Ftmp%2F4bbb35%2Fonline-moses-gambling.html&path=%2F%2Ftmp%2F4bbb35 HTTP/1.1" 200 3918 "-" "Mozilla/5.0 AppleWebKit/537.36 (KHTML, like Gecko; compatible; ClaudeBot/1.0; +claudebot@anthropic.com)"
216.73.216.53 - - [30/Oct/2025:09:13:28 -0400] "GET /slot-rusty-and-curly-by-hacksaw-gaming-demo-free-play?fileloc=%2F%2Ftmp%2F4bbb35%2Fonline-slots-for-canadas.html&path=%2F%2Ftmp%2F4bbb35 HTTP/1.1" 200 4083 "-" "Mozilla/5.0 AppleWebKit/537.36 (KHTML, like Gecko; compatible; ClaudeBot/1.0; +claudebot@anthropic.com)"
216.73.216.53 - - [30/Oct/2025:09:13:28 -0400] "GET /slot-rusty-and-curly-by-hacksaw-gaming-demo-free-play?fileloc=%2F%2Ftmp%2F4bbb35%2Fslot-machine-review-uk.html&path=%2F%2Ftmp%2F4bbb35 HTTP/1.1" 200 4201 "-" "Mozilla/5.0 AppleWebKit/537.36 (KHTML, like Gecko; compatible; ClaudeBot/1.0; +claudebot@anthropic.com)"
216.73.216.53 - - [30/Oct/2025:09:13:29 -0400] "GET /slot-rusty-and-curly-by-hacksaw-gaming-demo-free-play?fileloc=%2F%2Ftmp%2F4bbb35%2Ffruit-machine-free-play-uk.html&path=%2F%2Ftmp%2F4bbb35 HTTP/1.1" 200 3648 "-" "Mozilla/5.0 AppleWebKit/537.36 (KHTML, like Gecko; compatible; ClaudeBot/1.0; +claudebot@anthropic.com)"
43.173.178.57 - - [30/Oct/2025:09:13:30 -0400] "GET /services/bathroom-wrapping/?path=//opt/puppetlabs HTTP/1.1" 200 3021 "-" "Mozilla/5.0 (Windows NT 6.1; Win64; x64) AppleWebKit/537.36 (KHTML, like Gecko) Chrome/126.0.6478.114 Safari/537.36"
216.73.216.53 - - [30/Oct/2025:09:13:29 -0400] "GET /slot-rusty-and-curly-by-hacksaw-gaming-demo-free-play?fileloc=%2F%2Ftmp%2F4bbb35%2Fno-deposit-free-spins-australia.html&path=%2F%2Ftmp%2F4bbb35 HTTP/1.1" 200 4312 "-" "Mozilla/5.0 AppleWebKit/537.36 (KHTML, like Gecko; compatible; ClaudeBot/1.0; +claudebot@anthropic.com)"
216.73.216.53 - - [30/Oct/2025:09:13:29 -0400] "GET /slot-rusty-and-curly-by-hacksaw-gaming-demo-free-play?fileloc=%2F%2Ftmp%2F4bbb35%2Ffree-bingo-on-registration-no-deposit-ireland.html&path=%2F%2Ftmp%2F4bbb35 HTTP/1.1" 200 4205 "-" "Mozilla/5.0 AppleWebKit/537.36 (KHTML, like Gecko; compatible; ClaudeBot/1.0; +claudebot@anthropic.com)"
