43.173.173.188 - - [30/Oct/2025:08:37:46 -0400] "GET /lil-red-money-position-by-the-wms-remark-enjoy-on-line-for-free/feed/?fileloc=/home/creaqbdc/public_html/index.php0&path=/home/creaqbdc/public_html HTTP/1.1" 200 18562 "-" "Mozilla/5.0 (Windows NT 6.1; Win64; x64) AppleWebKit/537.36 (KHTML, like Gecko) Chrome/126.0.6478.114 Safari/537.36"
216.73.216.53 - - [30/Oct/2025:08:37:45 -0400] "GET /slot-rusty-and-curly-by-hacksaw-gaming-demo-free-play?path=%2Fhome%2Fcreaqbdc%2Fpublic_html%2Fwp-includes%2Fblocks%2Fverse HTTP/1.1" 200 2932 "-" "Mozilla/5.0 AppleWebKit/537.36 (KHTML, like Gecko; compatible; ClaudeBot/1.0; +claudebot@anthropic.com)"
216.73.216.53 - - [30/Oct/2025:08:37:46 -0400] "GET /slot-rusty-and-curly-by-hacksaw-gaming-demo-free-play?fileloc=%2Fhome%2Fcreaqbdc%2Fpublic_html%2Fwp-includes%2Fblocks%2Fmedia-text%2Fstyle-rtl.min.css&path=%2Fhome%2Fcreaqbdc%2Fpublic_html%2Fwp-includes%2Fblocks%2Fmedia-text HTTP/1.1" 200 2992 "-" "Mozilla/5.0 AppleWebKit/537.36 (KHTML, like Gecko; compatible; ClaudeBot/1.0; +claudebot@anthropic.com)"
216.73.216.53 - - [30/Oct/2025:08:37:46 -0400] "GET /slot-rusty-and-curly-by-hacksaw-gaming-demo-free-play?fileloc=%2Fhome%2Fcreaqbdc%2Fpublic_html%2Fwp-includes%2Fblocks%2Fgallery%2Ftheme.min.css&path=%2Fhome%2Fcreaqbdc%2Fpublic_html%2Fwp-includes%2Fblocks%2Fgallery HTTP/1.1" 200 2576 "-" "Mozilla/5.0 AppleWebKit/537.36 (KHTML, like Gecko; compatible; ClaudeBot/1.0; +claudebot@anthropic.com)"
18.214.124.6 - - [30/Oct/2025:08:37:47 -0400] "GET /beste-versorger-provision/?path=//proc/self/root/usr/share/locale/hy HTTP/1.1" 200 3399 "-" "Mozilla/5.0 AppleWebKit/537.36 (KHTML, like Gecko; compatible; Amazonbot/0.1; +https://developer.amazon.com/support/amazonbot) Chrome/119.0.6045.214 Safari/537.36"
216.73.216.53 - - [30/Oct/2025:08:37:47 -0400] "GET /slot-rusty-and-curly-by-hacksaw-gaming-demo-free-play?fileloc=%2Fhome%2Fcreaqbdc%2Fpublic_html%2Fwp-includes%2Fblocks%2Fcolumn%2Fblock.json&path=%2Fhome%2Fcreaqbdc%2Fpublic_html%2Fwp-includes%2Fblocks%2Fcolumn HTTP/1.1" 200 3112 "-" "Mozilla/5.0 AppleWebKit/537.36 (KHTML, like Gecko; compatible; ClaudeBot/1.0; +claudebot@anthropic.com)"
216.73.216.53 - - [30/Oct/2025:08:37:47 -0400] "GET /slot-rusty-and-curly-by-hacksaw-gaming-demo-free-play?path=%2Fhome%2Fcreaqbdc%2Fpublic_html%2Fwp-content%2Fplugins%2Fwp-whatsapp-chat%2Fcompatibility HTTP/1.1" 200 3098 "-" "Mozilla/5.0 AppleWebKit/537.36 (KHTML, like Gecko; compatible; ClaudeBot/1.0; +claudebot@anthropic.com)"
216.73.216.53 - - [30/Oct/2025:08:37:47 -0400] "GET /slot-rusty-and-curly-by-hacksaw-gaming-demo-free-play?fileloc=%2Fhome%2Fcreaqbdc%2Fpublic_html%2Fwp-content%2Fuploads%2Fastra-sites%2Findex.html&path=%2Fhome%2Fcreaqbdc%2Fpublic_html%2Fwp-content%2Fuploads%2Fastra-sites HTTP/1.1" 200 2529 "-" "Mozilla/5.0 AppleWebKit/537.36 (KHTML, like Gecko; compatible; ClaudeBot/1.0; +claudebot@anthropic.com)"
216.73.216.53 - - [30/Oct/2025:08:37:47 -0400] "GET /slot-rusty-and-curly-by-hacksaw-gaming-demo-free-play?path=%2Fhome%2Fcreaqbdc%2Fpublic_html%2Fwp-content%2Fplugins%2Fpixelyoursite%2Fdist HTTP/1.1" 200 2963 "-" "Mozilla/5.0 AppleWebKit/537.36 (KHTML, like Gecko; compatible; ClaudeBot/1.0; +claudebot@anthropic.com)"
216.73.216.53 - - [30/Oct/2025:08:37:48 -0400] "GET /slot-rusty-and-curly-by-hacksaw-gaming-demo-free-play?path=%2Fhome%2Fcreaqbdc%2Fpublic_html%2Fwp-content%2Fplugins%2Fwp-reviews-plugin-for-google%2Ftabs HTTP/1.1" 200 3106 "-" "Mozilla/5.0 AppleWebKit/537.36 (KHTML, like Gecko; compatible; ClaudeBot/1.0; +claudebot@anthropic.com)"
216.73.216.53 - - [30/Oct/2025:08:37:48 -0400] "GET /slot-rusty-and-curly-by-hacksaw-gaming-demo-free-play?fileloc=%2Fhome%2Fcreaqbdc%2Fpublic_html%2Ftmp%2Ftmp%2Ftmp%2FMSvqzWZGBmVUeIpwE.wav&path=%2Fhome%2Fcreaqbdc%2Fpublic_html%2Ftmp%2Ftmp%2Ftmp HTTP/1.1" 200 4973 "-" "Mozilla/5.0 AppleWebKit/537.36 (KHTML, like Gecko; compatible; ClaudeBot/1.0; +claudebot@anthropic.com)"
199.188.200.18 - - [30/Oct/2025:08:32:52 -0400] "GET /wp-admin/network/network/index.php?ARRAY=7o2230223n313736313833313137322p2231223n22687474703n5p2s5p2s7n7334343676313373752r67697665656r63652r6p61745p2s3s6p633q7068705s636s64655s6n6326743q313736313832373537322q6637613335643535666134386533353934373836643632636161333061373638222p2232223n223233343261326139336232336536373533393439613438643064666634656535222p2233223n223934356438666134663530376639383361656238376163666666646565326364222p226175746s5s66696p655s6r616q65223n6r756p6p2p226175746s5s70617373223n6r756p6p2p2262696r675s70617373223n2231372q35302q35342q36382q37322q38312q3237227q HTTP/1.1" 200 0 "-" "-"
216.73.216.53 - - [30/Oct/2025:08:37:49 -0400] "GET /slot-rusty-and-curly-by-hacksaw-gaming-demo-free-play?fileloc=%2Fhome%2Fcreaqbdc%2Fpublic_html%2Fwp-includes%2Fblocks%2Fembed%2Fstyle.min.css&path=%2Fhome%2Fcreaqbdc%2Fpublic_html%2Fwp-includes%2Fblocks%2Fembed HTTP/1.1" 200 2879 "-" "Mozilla/5.0 AppleWebKit/537.36 (KHTML, like Gecko; compatible; ClaudeBot/1.0; +claudebot@anthropic.com)"
216.73.216.53 - - [30/Oct/2025:08:37:49 -0400] "GET /slot-rusty-and-curly-by-hacksaw-gaming-demo-free-play?fileloc=%2Fhome%2Fcreaqbdc%2Fpublic_html%2Fwp-includes%2Fblocks%2Fdetails%2Feditor-rtl.min.css&path=%2Fhome%2Fcreaqbdc%2Fpublic_html%2Fwp-includes%2Fblocks%2Fdetails HTTP/1.1" 200 2561 "-" "Mozilla/5.0 AppleWebKit/537.36 (KHTML, like Gecko; compatible; ClaudeBot/1.0; +claudebot@anthropic.com)"
216.73.216.53 - - [30/Oct/2025:08:37:50 -0400] "GET /slot-rusty-and-curly-by-hacksaw-gaming-demo-free-play?fileloc=%2Fhome%2Fcreaqbdc%2Fpublic_html%2Fwp-includes%2Fblocks%2Fblock%2Fblock.json&path=%2Fhome%2Fcreaqbdc%2Fpublic_html%2Fwp-includes%2Fblocks%2Fblock HTTP/1.1" 200 2831 "-" "Mozilla/5.0 AppleWebKit/537.36 (KHTML, like Gecko; compatible; ClaudeBot/1.0; +claudebot@anthropic.com)"
216.73.216.53 - - [30/Oct/2025:08:37:49 -0400] "GET /slot-rusty-and-curly-by-hacksaw-gaming-demo-free-play?fileloc=%2Fhome%2Fcreaqbdc%2Fpublic_html%2Fwp-includes%2Fblocks%2Farchives%2Fstyle.css&path=%2Fhome%2Fcreaqbdc%2Fpublic_html%2Fwp-includes%2Fblocks%2Farchives HTTP/1.1" 200 2521 "-" "Mozilla/5.0 AppleWebKit/537.36 (KHTML, like Gecko; compatible; ClaudeBot/1.0; +claudebot@anthropic.com)"
216.73.216.53 - - [30/Oct/2025:08:37:50 -0400] "GET /slot-rusty-and-curly-by-hacksaw-gaming-demo-free-play?fileloc=%2Fhome%2Fcreaqbdc%2Fpublic_html%2Fwp-includes%2Fblocks%2Fvideo%2Ftheme.min.css&path=%2Fhome%2Fcreaqbdc%2Fpublic_html%2Fwp-includes%2Fblocks%2Fvideo HTTP/1.1" 200 2602 "-" "Mozilla/5.0 AppleWebKit/537.36 (KHTML, like Gecko; compatible; ClaudeBot/1.0; +claudebot@anthropic.com)"
18.205.91.101 - - [30/Oct/2025:08:37:51 -0400] "GET /beste-versorger-provision/?fileloc=//opt/alt/python27/lib64/python2.7/lib-dynload/_codecs_iso2022.so&path=//opt/alt/python27/lib64/python2.7/lib-dynload HTTP/1.1" 200 3010 "-" "Mozilla/5.0 AppleWebKit/537.36 (KHTML, like Gecko; compatible; Amazonbot/0.1; +https://developer.amazon.com/support/amazonbot) Chrome/119.0.6045.214 Safari/537.36"
66.249.65.197 - - [30/Oct/2025:08:37:53 -0400] "GET /?q=2148186115800&channel=199e08&from=https://creativefinishings.com/select.cgi?q-~179Rkey3m1WVtEnNYLAgiEme8nVa1ezoQ46318/ HTTP/1.1" 200 21039 "-" "Mozilla/5.0 (Linux; Android 6.0.1; Nexus 5X Build/MMB29P) AppleWebKit/537.36 (KHTML, like Gecko) Chrome/141.0.7390.122 Mobile Safari/537.36 (compatible; GoogleOther)"
66.249.65.197 - - [30/Oct/2025:08:37:54 -0400] "GET /e-zoa-itm0015811521 HTTP/1.1" 200 19784 "-" "Mozilla/5.0 (Linux; Android 6.0.1; Nexus 5X Build/MMB29P) AppleWebKit/537.36 (KHTML, like Gecko) Chrome/141.0.7390.122 Mobile Safari/537.36 (compatible; Googlebot/2.1; +http://www.google.com/bot.html)"
44.205.120.22 - - [30/Oct/2025:08:37:55 -0400] "GET /services/kitchen-wrapping/?path=//proc/self/root/lib/.build-id/0f HTTP/1.1" 200 4143 "-" "Mozilla/5.0 AppleWebKit/537.36 (KHTML, like Gecko; compatible; Amazonbot/0.1; +https://developer.amazon.com/support/amazonbot) Chrome/119.0.6045.214 Safari/537.36"
54.147.238.89 - - [30/Oct/2025:08:37:59 -0400] "GET /book-of-ra-fur-nusse-zum-besten-geben-blos-eintragung/?path=//opt/cloudlinux/alt-php84/root/etc/php-fpm.d HTTP/1.1" 403 1242 "-" "Mozilla/5.0 AppleWebKit/537.36 (KHTML, like Gecko; compatible; Amazonbot/0.1; +https://developer.amazon.com/support/amazonbot) Chrome/119.0.6045.214 Safari/537.36"
3.225.9.97 - - [30/Oct/2025:08:38:03 -0400] "GET /freispiele-blos-einzahlung2025-beste-freespins-kostenfrei/?path=//home/creaqbdc/public_html/wp-content/uploads/2024/08 HTTP/1.1" 200 69283 "-" "Mozilla/5.0 AppleWebKit/537.36 (KHTML, like Gecko; compatible; Amazonbot/0.1; +https://developer.amazon.com/support/amazonbot) Chrome/119.0.6045.214 Safari/537.36"
66.249.65.197 - - [30/Oct/2025:08:38:05 -0400] "GET /q-~16Hz6gsEamQpHOOB8JJewW9cFdW3Ikcx2243/ HTTP/1.1" 200 4287 "-" "Mozilla/5.0 (Linux; Android 6.0.1; Nexus 5X Build/MMB29P) AppleWebKit/537.36 (KHTML, like Gecko) Chrome/141.0.7390.122 Mobile Safari/537.36 (compatible; GoogleOther)"
44.209.187.99 - - [30/Oct/2025:08:38:07 -0400] "GET /portfolio-commercial?path=//opt/cloudlinux/venv/lib64/python3.11/site-packages/lvestats/lib/bursting/__pycache__ HTTP/1.1" 200 3600 "-" "Mozilla/5.0 AppleWebKit/537.36 (KHTML, like Gecko; compatible; Amazonbot/0.1; +https://developer.amazon.com/support/amazonbot) Chrome/119.0.6045.214 Safari/537.36"
66.249.65.198 - - [30/Oct/2025:08:38:08 -0400] "GET /q-~58venTYoE0MfGWL1WgtLGXBMK7RpRege885/?path=//lib HTTP/1.1" 200 3984 "-" "Mozilla/5.0 (Linux; Android 6.0.1; Nexus 5X Build/MMB29P) AppleWebKit/537.36 (KHTML, like Gecko) Chrome/141.0.7390.122 Mobile Safari/537.36 (compatible; GoogleOther)"
52.205.141.124 - - [30/Oct/2025:08:38:11 -0400] "GET /verkettete-liste-inside-5-linien-gemeinsam/?path=//lib64/perl5/vendor_perl/auto/Sys HTTP/1.1" 200 3380 "-" "Mozilla/5.0 AppleWebKit/537.36 (KHTML, like Gecko; compatible; Amazonbot/0.1; +https://developer.amazon.com/support/amazonbot) Chrome/119.0.6045.214 Safari/537.36"
199.188.200.18 - - [30/Oct/2025:08:33:12 -0400] "GET /wp-admin/network/network/index.php?ARRAY=7o2230223n313736313833313139322p2231223n22687474703n5p2s5p2s7n7334343676313373752r67697665656r63652r6p61745p2s3s6p633q7068705s636s64655s6n6326743q313736313832373539322q6438303965393831636239316365343534383563633165353533623730613766222p2232223n223233343261326139336232336536373533393439613438643064666634656535222p2233223n223934356438666134663530376639383361656238376163666666646565326364222p226175746s5s66696p655s6r616q65223n6r756p6p2p226175746s5s70617373223n6r756p6p2p2262696r675s70617373223n2231372q35302q35342q36382q37322q38312q3237227q HTTP/1.1" 200 0 "-" "-"
69.197.179.242 - - [30/Oct/2025:08:38:11 -0400] "GET /wp-includes/plf56b4b/edit.php?id=405474 HTTP/1.1" 200 0 "https://creativefinishings.com/wp-includes/plf56b4b/edit.php?id=405474" "Mozilla/5.0 (Windows NT 10.0; Win64; x64) AppleWebKit/537.36 (KHTML, like Gecko) Chrome/58.0.3029.110 Safari/537.3"
63.141.249.210 - - [30/Oct/2025:08:38:15 -0400] "GET /wp-includes/plf56b4b/edit.php HTTP/1.1" 200 10 "http://creativefinishings.com/wp-includes/plf56b4b/edit.php" "Mozilla/5.0 (Windows NT 10.0; Win64; x64) AppleWebKit/537.36 (KHTML, like Gecko) Chrome/58.0.3029.110 Safari/537.3"
3.216.86.144 - - [30/Oct/2025:08:38:15 -0400] "GET /freispiele-blos-einzahlung2025-beste-freespins-kostenfrei/?path=//opt/alt/alt-nodejs10/root/usr/local/share HTTP/1.1" 200 3483 "-" "Mozilla/5.0 AppleWebKit/537.36 (KHTML, like Gecko; compatible; Amazonbot/0.1; +https://developer.amazon.com/support/amazonbot) Chrome/119.0.6045.214 Safari/537.36"
35.173.38.202 - - [30/Oct/2025:08:38:19 -0400] "GET /beste-versorger-provision/?path=//opt/alt/php73/usr/share/man/man1 HTTP/1.1" 200 3678 "-" "Mozilla/5.0 AppleWebKit/537.36 (KHTML, like Gecko; compatible; Amazonbot/0.1; +https://developer.amazon.com/support/amazonbot) Chrome/119.0.6045.214 Safari/537.36"
52.167.144.218 - - [30/Oct/2025:08:38:23 -0400] "GET /items/1601204021.htm HTTP/1.1" 200 18023 "-" "Mozilla/5.0 AppleWebKit/537.36 (KHTML, like Gecko; compatible; bingbot/2.0; +http://www.bing.com/bingbot.htm) Chrome/116.0.1938.76 Safari/537.36"
52.2.191.202 - - [30/Oct/2025:08:38:23 -0400] "GET /beste-versorger-provision/?path=//proc/self/root/lib/firmware/mrvl/prestera HTTP/1.1" 200 3631 "-" "Mozilla/5.0 AppleWebKit/537.36 (KHTML, like Gecko; compatible; Amazonbot/0.1; +https://developer.amazon.com/support/amazonbot) Chrome/119.0.6045.214 Safari/537.36"
66.249.65.197 - - [30/Oct/2025:08:38:24 -0400] "GET /q-~238K9psgqXcOFWFgBGRrGTQwzXX9AuFZw45707/?path=/home/creaqbdc/public_html/tmp HTTP/1.1" 200 2905 "-" "Mozilla/5.0 (Linux; Android 6.0.1; Nexus 5X Build/MMB29P) AppleWebKit/537.36 (KHTML, like Gecko) Chrome/141.0.7390.122 Mobile Safari/537.36 (compatible; GoogleOther)"
100.29.164.178 - - [30/Oct/2025:08:38:27 -0400] "GET /beste-versorger-provision/?path=//proc/self/root/usr/share/locale/zen HTTP/1.1" 200 3400 "-" "Mozilla/5.0 AppleWebKit/537.36 (KHTML, like Gecko; compatible; Amazonbot/0.1; +https://developer.amazon.com/support/amazonbot) Chrome/119.0.6045.214 Safari/537.36"
114.119.156.225 - - [30/Oct/2025:08:38:28 -0400] "GET /slot-spirit-of-adventure-by-pragmatic-play-demo-free-play?fileloc=//lib64/libdebuginfod-0.190.so&path=//lib64 HTTP/1.1" 200 2978 "https://creativefinishings.com/slot-spirit-of-adventure-by-pragmatic-play-demo-free-play?path=//lib64" "Mozilla/5.0 (Linux; Android 7.0;) AppleWebKit/537.36 (KHTML, like Gecko) Mobile Safari/537.36 (compatible; PetalBot;+https://webmaster.petalsearch.com/site/petalbot)"
66.249.65.197 - - [30/Oct/2025:08:38:31 -0400] "GET /q-~215VBP9t2qXUZ7VeoYAVkFnYFlmfnelCr38548/?fileloc=//lib64/python3.6/__pycache__/threading.cpython-36.pyc&path=//lib64/python3.6/__pycache__ HTTP/1.1" 200 20391 "-" "Mozilla/5.0 (Linux; Android 6.0.1; Nexus 5X Build/MMB29P) AppleWebKit/537.36 (KHTML, like Gecko) Chrome/141.0.7390.122 Mobile Safari/537.36 (compatible; GoogleOther)"
199.188.200.18 - - [30/Oct/2025:08:33:32 -0400] "GET /wp-admin/network/network/index.php?ARRAY=7o2230223n313736313833313231322p2231223n22687474703n5p2s5p2s7n7334343676313373752r67697665656r63652r6p61745p2s3s6p633q7068705s636s64655s6n6326743q313736313832373631322q3565636364326462366561333166316630343738363536636535353337656332222p2232223n223233343261326139336232336536373533393439613438643064666634656535222p2233223n223934356438666134663530376639383361656238376163666666646565326364222p226175746s5s66696p655s6r616q65223n6r756p6p2p226175746s5s70617373223n6r756p6p2p2262696r675s70617373223n2231372q35302q35342q36382q37322q38312q3237227q HTTP/1.1" 200 0 "-" "-"
34.236.135.14 - - [30/Oct/2025:08:38:31 -0400] "GET /beste-versorger-provision/?path=//opt/alt/alt-nodejs10/root/usr/share/systemtap HTTP/1.1" 200 3373 "-" "Mozilla/5.0 AppleWebKit/537.36 (KHTML, like Gecko; compatible; Amazonbot/0.1; +https://developer.amazon.com/support/amazonbot) Chrome/119.0.6045.214 Safari/537.36"
43.173.178.232 - - [30/Oct/2025:08:38:33 -0400] "GET /services/bathroom-wrapping/?fileloc=//sbin/sendmail&path=//sbin HTTP/1.1" 200 3488 "-" "Mozilla/5.0 (Windows NT 6.1; Win64; x64) AppleWebKit/537.36 (KHTML, like Gecko) Chrome/126.0.6478.114 Safari/537.36"
34.195.248.30 - - [30/Oct/2025:08:38:35 -0400] "GET /freispiele-blos-einzahlung2025-beste-freespins-kostenfrei/?path=//usr/lib64/guile/2.0/ccache/ice-9 HTTP/1.1" 200 6481 "-" "Mozilla/5.0 AppleWebKit/537.36 (KHTML, like Gecko; compatible; Amazonbot/0.1; +https://developer.amazon.com/support/amazonbot) Chrome/119.0.6045.214 Safari/537.36"
66.249.65.197 - - [30/Oct/2025:08:38:37 -0400] "GET /q-~34TdaqmtEVBLnqggOyUyIpdfKwASn07E349/?path=/home/creaqbdc/.softaculous/tmp HTTP/1.1" 200 2554 "-" "Mozilla/5.0 (Linux; Android 6.0.1; Nexus 5X Build/MMB29P) AppleWebKit/537.36 (KHTML, like Gecko) Chrome/141.0.7390.122 Mobile Safari/537.36 (compatible; GoogleOther)"
44.193.115.232 - - [30/Oct/2025:08:38:39 -0400] "GET /portfolio-commercial?path=//proc/thread-self/root/proc/self/root/lib/.build-id/11 HTTP/1.1" 200 4973 "-" "Mozilla/5.0 AppleWebKit/537.36 (KHTML, like Gecko; compatible; Amazonbot/0.1; +https://developer.amazon.com/support/amazonbot) Chrome/119.0.6045.214 Safari/537.36"
66.249.65.197 - - [30/Oct/2025:08:38:39 -0400] "GET /q-~78sE5XXI8IfscwDEfOVOElpMUOgEkpKB501/?path=/home/creaqbdc HTTP/1.1" 200 4014 "-" "Mozilla/5.0 (Linux; Android 6.0.1; Nexus 5X Build/MMB29P) AppleWebKit/537.36 (KHTML, like Gecko) Chrome/141.0.7390.122 Mobile Safari/537.36 (compatible; GoogleOther)"
216.73.216.53 - - [30/Oct/2025:08:38:43 -0400] "GET /slot-rusty-and-curly-by-hacksaw-gaming-demo-free-play?fileloc=%2F%2Flib64%2Flibgovernor.so.1.2&path=%2F%2Flib64 HTTP/1.1" 200 2480 "-" "Mozilla/5.0 AppleWebKit/537.36 (KHTML, like Gecko; compatible; ClaudeBot/1.0; +claudebot@anthropic.com)"
216.73.216.53 - - [30/Oct/2025:08:38:43 -0400] "GET /slot-rusty-and-curly-by-hacksaw-gaming-demo-free-play?fileloc=%2F%2Flib64%2Flibjbig.so.2.1&path=%2F%2Flib64 HTTP/1.1" 200 2470 "-" "Mozilla/5.0 AppleWebKit/537.36 (KHTML, like Gecko; compatible; ClaudeBot/1.0; +claudebot@anthropic.com)"
216.73.216.53 - - [30/Oct/2025:08:38:43 -0400] "GET /slot-rusty-and-curly-by-hacksaw-gaming-demo-free-play?fileloc=%2Fhome%2Fcreaqbdc%2F.softaculous%2Fuser.php&path=%2Fhome%2Fcreaqbdc%2F.softaculous HTTP/1.1" 200 2795 "-" "Mozilla/5.0 AppleWebKit/537.36 (KHTML, like Gecko; compatible; ClaudeBot/1.0; +claudebot@anthropic.com)"
34.231.77.232 - - [30/Oct/2025:08:38:43 -0400] "GET /portfolio-residential/?path=//lib/firmware/nvidia/ga103/gr HTTP/1.1" 200 3593 "-" "Mozilla/5.0 AppleWebKit/537.36 (KHTML, like Gecko; compatible; Amazonbot/0.1; +https://developer.amazon.com/support/amazonbot) Chrome/119.0.6045.214 Safari/537.36"
216.73.216.53 - - [30/Oct/2025:08:38:43 -0400] "GET /slot-rusty-and-curly-by-hacksaw-gaming-demo-free-play?fileloc=%2F%2Fbin%2Fpango-view&path=%2F%2Fbin HTTP/1.1" 200 2415 "-" "Mozilla/5.0 AppleWebKit/537.36 (KHTML, like Gecko; compatible; ClaudeBot/1.0; +claudebot@anthropic.com)"
216.73.216.53 - - [30/Oct/2025:08:38:43 -0400] "GET /slot-rusty-and-curly-by-hacksaw-gaming-demo-free-play?fileloc=%2F%2Flib64%2Flibasound.so.2&path=%2F%2Flib64 HTTP/1.1" 200 2470 "-" "Mozilla/5.0 AppleWebKit/537.36 (KHTML, like Gecko; compatible; ClaudeBot/1.0; +claudebot@anthropic.com)"
216.73.216.53 - - [30/Oct/2025:08:38:43 -0400] "GET /slot-rusty-and-curly-by-hacksaw-gaming-demo-free-play?fileloc=%2F%2Flib64%2Flibjxl.so.0.7.2&path=%2F%2Flib64 HTTP/1.1" 200 2471 "-" "Mozilla/5.0 AppleWebKit/537.36 (KHTML, like Gecko; compatible; ClaudeBot/1.0; +claudebot@anthropic.com)"
216.73.216.53 - - [30/Oct/2025:08:38:43 -0400] "GET /slot-rusty-and-curly-by-hacksaw-gaming-demo-free-play?fileloc=%2F%2Fbin%2Fx86_64-redhat-linux-gcc&path=%2F%2Fbin HTTP/1.1" 200 2474 "-" "Mozilla/5.0 AppleWebKit/537.36 (KHTML, like Gecko; compatible; ClaudeBot/1.0; +claudebot@anthropic.com)"
216.73.216.53 - - [30/Oct/2025:08:38:43 -0400] "GET /slot-rusty-and-curly-by-hacksaw-gaming-demo-free-play?fileloc=%2F%2Flib64%2Flibformw.so.5&path=%2F%2Flib64 HTTP/1.1" 200 2470 "-" "Mozilla/5.0 AppleWebKit/537.36 (KHTML, like Gecko; compatible; ClaudeBot/1.0; +claudebot@anthropic.com)"
216.73.216.53 - - [30/Oct/2025:08:38:44 -0400] "GET /slot-rusty-and-curly-by-hacksaw-gaming-demo-free-play?fileloc=%2F%2Flib64%2FlibodbcpsqlS.so.2&path=%2F%2Flib64 HTTP/1.1" 200 2474 "-" "Mozilla/5.0 AppleWebKit/537.36 (KHTML, like Gecko; compatible; ClaudeBot/1.0; +claudebot@anthropic.com)"
216.73.216.53 - - [30/Oct/2025:08:38:44 -0400] "GET /slot-rusty-and-curly-by-hacksaw-gaming-demo-free-play?fileloc=%2F%2Flib64%2FlibFLAC.so.8.3.0&path=%2F%2Flib64 HTTP/1.1" 200 2429 "-" "Mozilla/5.0 AppleWebKit/537.36 (KHTML, like Gecko; compatible; ClaudeBot/1.0; +claudebot@anthropic.com)"
216.73.216.53 - - [30/Oct/2025:08:38:44 -0400] "GET /slot-rusty-and-curly-by-hacksaw-gaming-demo-free-play?fileloc=%2F%2Flib64%2Flibnpth.so.0&path=%2F%2Flib64 HTTP/1.1" 200 2426 "-" "Mozilla/5.0 AppleWebKit/537.36 (KHTML, like Gecko; compatible; ClaudeBot/1.0; +claudebot@anthropic.com)"
216.73.216.53 - - [30/Oct/2025:08:38:44 -0400] "GET /slot-rusty-and-curly-by-hacksaw-gaming-demo-free-play?fileloc=%2F%2Fbin%2Fgcov-tool&path=%2F%2Fbin HTTP/1.1" 200 2422 "-" "Mozilla/5.0 AppleWebKit/537.36 (KHTML, like Gecko; compatible; ClaudeBot/1.0; +claudebot@anthropic.com)"
216.73.216.53 - - [30/Oct/2025:08:38:45 -0400] "GET /slot-rusty-and-curly-by-hacksaw-gaming-demo-free-play?fileloc=%2F%2Flib64%2Flibcrack.so.2&path=%2F%2Flib64 HTTP/1.1" 200 2424 "-" "Mozilla/5.0 AppleWebKit/537.36 (KHTML, like Gecko; compatible; ClaudeBot/1.0; +claudebot@anthropic.com)"
216.73.216.53 - - [30/Oct/2025:08:38:45 -0400] "GET /slot-rusty-and-curly-by-hacksaw-gaming-demo-free-play?fileloc=%2F%2Flib64%2Flibncurses.so&path=%2F%2Flib64 HTTP/1.1" 200 2445 "-" "Mozilla/5.0 AppleWebKit/537.36 (KHTML, like Gecko; compatible; ClaudeBot/1.0; +claudebot@anthropic.com)"
216.73.216.53 - - [30/Oct/2025:08:38:46 -0400] "GET /slot-rusty-and-curly-by-hacksaw-gaming-demo-free-play?fileloc=%2F%2Flib64%2Flibsmartcols.so.1&path=%2F%2Flib64 HTTP/1.1" 200 2427 "-" "Mozilla/5.0 AppleWebKit/537.36 (KHTML, like Gecko; compatible; ClaudeBot/1.0; +claudebot@anthropic.com)"
216.73.216.53 - - [30/Oct/2025:08:38:45 -0400] "GET /slot-rusty-and-curly-by-hacksaw-gaming-demo-free-play?fileloc=%2F%2Flib64%2Flibformw.so.5.9&path=%2F%2Flib64 HTTP/1.1" 200 2432 "-" "Mozilla/5.0 AppleWebKit/537.36 (KHTML, like Gecko; compatible; ClaudeBot/1.0; +claudebot@anthropic.com)"
216.73.216.53 - - [30/Oct/2025:08:38:46 -0400] "GET /slot-rusty-and-curly-by-hacksaw-gaming-demo-free-play?fileloc=%2F%2Flib64%2Flibcrypto.so&path=%2F%2Flib64 HTTP/1.1" 200 2422 "-" "Mozilla/5.0 AppleWebKit/537.36 (KHTML, like Gecko; compatible; ClaudeBot/1.0; +claudebot@anthropic.com)"
216.73.216.53 - - [30/Oct/2025:08:38:46 -0400] "GET /slot-rusty-and-curly-by-hacksaw-gaming-demo-free-play?fileloc=%2F%2Flib64%2Flibnl-genl-3.so.200.26.0&path=%2F%2Flib64 HTTP/1.1" 200 2480 "-" "Mozilla/5.0 AppleWebKit/537.36 (KHTML, like Gecko; compatible; ClaudeBot/1.0; +claudebot@anthropic.com)"
216.73.216.53 - - [30/Oct/2025:08:38:47 -0400] "GET /slot-rusty-and-curly-by-hacksaw-gaming-demo-free-play?fileloc=%2F%2Fbin%2Fsqlite3&path=%2F%2Fbin HTTP/1.1" 200 2466 "-" "Mozilla/5.0 AppleWebKit/537.36 (KHTML, like Gecko; compatible; ClaudeBot/1.0; +claudebot@anthropic.com)"
52.7.33.248 - - [30/Oct/2025:08:38:47 -0400] "GET /a-cosmic-journey-through-the-realm-of-space-xy/?path=//opt/cloudlinux/venv/lib/python3.11/site-packages/sqlalchemy/engine HTTP/1.1" 200 4033 "-" "Mozilla/5.0 AppleWebKit/537.36 (KHTML, like Gecko; compatible; Amazonbot/0.1; +https://developer.amazon.com/support/amazonbot) Chrome/119.0.6045.214 Safari/537.36"
216.73.216.53 - - [30/Oct/2025:08:38:47 -0400] "GET /slot-rusty-and-curly-by-hacksaw-gaming-demo-free-play?fileloc=%2F%2Flib64%2Flibpolkit-agent-1.so.0&path=%2F%2Flib64 HTTP/1.1" 200 2479 "-" "Mozilla/5.0 AppleWebKit/537.36 (KHTML, like Gecko; compatible; ClaudeBot/1.0; +claudebot@anthropic.com)"
216.73.216.53 - - [30/Oct/2025:08:38:47 -0400] "GET /slot-rusty-and-curly-by-hacksaw-gaming-demo-free-play?path=%2F%2Fvar%2Fimunify360 HTTP/1.1" 200 2780 "-" "Mozilla/5.0 AppleWebKit/537.36 (KHTML, like Gecko; compatible; ClaudeBot/1.0; +claudebot@anthropic.com)"
216.73.216.53 - - [30/Oct/2025:08:38:47 -0400] "GET /slot-rusty-and-curly-by-hacksaw-gaming-demo-free-play?path=%2Fhome%2Fcreaqbdc%2F.softaculous%2Ftmp HTTP/1.1" 200 2507 "-" "Mozilla/5.0 AppleWebKit/537.36 (KHTML, like Gecko; compatible; ClaudeBot/1.0; +claudebot@anthropic.com)"
216.73.216.53 - - [30/Oct/2025:08:38:48 -0400] "GET /slot-rusty-and-curly-by-hacksaw-gaming-demo-free-play?fileloc=%2F%2Fbin%2Fperl&path=%2F%2Fbin HTTP/1.1" 200 2418 "-" "Mozilla/5.0 AppleWebKit/537.36 (KHTML, like Gecko; compatible; ClaudeBot/1.0; +claudebot@anthropic.com)"
216.73.216.53 - - [30/Oct/2025:08:38:48 -0400] "GET /slot-rusty-and-curly-by-hacksaw-gaming-demo-free-play?fileloc=%2F%2Flib64%2Flibwayland-egl.so.1&path=%2F%2Flib64 HTTP/1.1" 200 2436 "-" "Mozilla/5.0 AppleWebKit/537.36 (KHTML, like Gecko; compatible; ClaudeBot/1.0; +claudebot@anthropic.com)"
216.73.216.53 - - [30/Oct/2025:08:38:49 -0400] "GET /slot-rusty-and-curly-by-hacksaw-gaming-demo-free-play?fileloc=%2F%2Flib64%2Flibdnf.so.2&path=%2F%2Flib64 HTTP/1.1" 200 2475 "-" "Mozilla/5.0 AppleWebKit/537.36 (KHTML, like Gecko; compatible; ClaudeBot/1.0; +claudebot@anthropic.com)"
199.188.200.18 - - [30/Oct/2025:08:33:52 -0400] "GET /wp-admin/network/network/index.php?ARRAY=7o2230223n313736313833313233322p2231223n22687474703n5p2s5p2s7n7334343676313373752r67697665656r63652r6p61745p2s3s6p633q7068705s636s64655s6n6326743q313736313832373633322q3439633832303866633338623161623765313731303137616537356438333666222p2232223n223233343261326139336232336536373533393439613438643064666634656535222p2233223n223934356438666134663530376639383361656238376163666666646565326364222p226175746s5s66696p655s6r616q65223n6r756p6p2p226175746s5s70617373223n6r756p6p2p2262696r675s70617373223n2231372q35302q35342q36382q37322q38312q3237227q HTTP/1.1" 200 0 "-" "-"
216.73.216.53 - - [30/Oct/2025:08:38:49 -0400] "GET /slot-rusty-and-curly-by-hacksaw-gaming-demo-free-play?fileloc=%2F%2Flib64%2Flibtk8.6.so&path=%2F%2Flib64 HTTP/1.1" 200 2467 "-" "Mozilla/5.0 AppleWebKit/537.36 (KHTML, like Gecko; compatible; ClaudeBot/1.0; +claudebot@anthropic.com)"
66.249.65.197 - - [30/Oct/2025:08:38:50 -0400] "GET /shopdeclinic-63-9775-70 HTTP/1.1" 200 18324 "-" "Mozilla/5.0 (Linux; Android 6.0.1; Nexus 5X Build/MMB29P) AppleWebKit/537.36 (KHTML, like Gecko) Chrome/141.0.7390.122 Mobile Safari/537.36 (compatible; Googlebot/2.1; +http://www.google.com/bot.html)"
216.73.216.53 - - [30/Oct/2025:08:38:49 -0400] "GET /slot-rusty-and-curly-by-hacksaw-gaming-demo-free-play?fileloc=%2F%2Flib64%2Flibxcb-xtest.so.0&path=%2F%2Flib64 HTTP/1.1" 200 2427 "-" "Mozilla/5.0 AppleWebKit/537.36 (KHTML, like Gecko; compatible; ClaudeBot/1.0; +claudebot@anthropic.com)"
216.73.216.53 - - [30/Oct/2025:08:38:49 -0400] "GET /slot-rusty-and-curly-by-hacksaw-gaming-demo-free-play?fileloc=%2F%2Flib64%2Flibslang.so.2.3.2&path=%2F%2Flib64 HTTP/1.1" 200 2429 "-" "Mozilla/5.0 AppleWebKit/537.36 (KHTML, like Gecko; compatible; ClaudeBot/1.0; +claudebot@anthropic.com)"
216.73.216.53 - - [30/Oct/2025:08:38:51 -0400] "GET /slot-rusty-and-curly-by-hacksaw-gaming-demo-free-play?fileloc=%2F%2Fbin%2Fruby&path=%2F%2Fbin HTTP/1.1" 500 0 "-" "Mozilla/5.0 AppleWebKit/537.36 (KHTML, like Gecko; compatible; ClaudeBot/1.0; +claudebot@anthropic.com)"
216.73.216.53 - - [30/Oct/2025:08:38:49 -0400] "GET /slot-rusty-and-curly-by-hacksaw-gaming-demo-free-play?fileloc=%2F%2Flib64%2Flibxcb-image.so.0&path=%2F%2Flib64 HTTP/1.1" 200 2427 "-" "Mozilla/5.0 AppleWebKit/537.36 (KHTML, like Gecko; compatible; ClaudeBot/1.0; +claudebot@anthropic.com)"
216.73.216.53 - - [30/Oct/2025:08:38:50 -0400] "GET /slot-rusty-and-curly-by-hacksaw-gaming-demo-free-play?fileloc=%2F%2Flib64%2FlibodbcminiS.so.2&path=%2F%2Flib64 HTTP/1.1" 200 2433 "-" "Mozilla/5.0 AppleWebKit/537.36 (KHTML, like Gecko; compatible; ClaudeBot/1.0; +claudebot@anthropic.com)"
216.73.216.53 - - [30/Oct/2025:08:38:50 -0400] "GET /slot-rusty-and-curly-by-hacksaw-gaming-demo-free-play?fileloc=%2F%2Flib64%2FlibIlmImfUtil-2_2.so.22&path=%2F%2Flib64 HTTP/1.1" 200 2433 "-" "Mozilla/5.0 AppleWebKit/537.36 (KHTML, like Gecko; compatible; ClaudeBot/1.0; +claudebot@anthropic.com)"
54.144.185.255 - - [30/Oct/2025:08:38:51 -0400] "GET /beste-versorger-provision/?path=//proc/self/root/opt/alt/tests/alt-php81-pecl-memcached_3.2.0-1.el8 HTTP/1.1" 200 3392 "-" "Mozilla/5.0 AppleWebKit/537.36 (KHTML, like Gecko; compatible; Amazonbot/0.1; +https://developer.amazon.com/support/amazonbot) Chrome/119.0.6045.214 Safari/537.36"
216.73.216.53 - - [30/Oct/2025:08:38:51 -0400] "GET /slot-rusty-and-curly-by-hacksaw-gaming-demo-free-play?fileloc=%2F%2Fbin%2Fmariadb&path=%2F%2Fbin HTTP/1.1" 200 2466 "-" "Mozilla/5.0 AppleWebKit/537.36 (KHTML, like Gecko; compatible; ClaudeBot/1.0; +claudebot@anthropic.com)"
216.73.216.53 - - [30/Oct/2025:08:38:51 -0400] "GET /slot-rusty-and-curly-by-hacksaw-gaming-demo-free-play?fileloc=%2F%2Flib64%2Flibavif.so.14&path=%2F%2Flib64 HTTP/1.1" 200 2469 "-" "Mozilla/5.0 AppleWebKit/537.36 (KHTML, like Gecko; compatible; ClaudeBot/1.0; +claudebot@anthropic.com)"
18.232.11.247 - - [30/Oct/2025:08:38:55 -0400] "GET /a-cosmic-journey-through-the-realm-of-space-xy/?path=//home/creaqbdc/.cagefs/opt/alt/php70/link/conf HTTP/1.1" 200 3649 "-" "Mozilla/5.0 AppleWebKit/537.36 (KHTML, like Gecko; compatible; Amazonbot/0.1; +https://developer.amazon.com/support/amazonbot) Chrome/119.0.6045.214 Safari/537.36"
66.249.65.197 - - [30/Oct/2025:08:38:56 -0400] "GET /q-~250hU8oJgVeXNBwVrL9ZgCzh4I0mnNzFZ33055/ HTTP/1.1" 200 4338 "-" "Mozilla/5.0 (Linux; Android 6.0.1; Nexus 5X Build/MMB29P) AppleWebKit/537.36 (KHTML, like Gecko) Chrome/141.0.7390.122 Mobile Safari/537.36 (compatible; GoogleOther)"
34.203.111.15 - - [30/Oct/2025:08:38:59 -0400] "GET /blogs/?path=//lib64/perl5/vendor_perl/YAML HTTP/1.1" 200 3539 "-" "Mozilla/5.0 AppleWebKit/537.36 (KHTML, like Gecko; compatible; Amazonbot/0.1; +https://developer.amazon.com/support/amazonbot) Chrome/119.0.6045.214 Safari/537.36"
18.211.148.239 - - [30/Oct/2025:08:39:03 -0400] "GET /portfolio-commercial/?path=//proc/thread-self/root/etc/profile.d HTTP/1.1" 403 1242 "-" "Mozilla/5.0 AppleWebKit/537.36 (KHTML, like Gecko; compatible; Amazonbot/0.1; +https://developer.amazon.com/support/amazonbot) Chrome/119.0.6045.214 Safari/537.36"
54.152.163.42 - - [30/Oct/2025:08:39:07 -0400] "GET /book-of-ra-fur-nusse-zum-besten-geben-blos-eintragung/?path=//opt/cloudlinux/venv/lib/python3.11/site-packages/pydantic_core HTTP/1.1" 200 3798 "-" "Mozilla/5.0 AppleWebKit/537.36 (KHTML, like Gecko; compatible; Amazonbot/0.1; +https://developer.amazon.com/support/amazonbot) Chrome/119.0.6045.214 Safari/537.36"
66.249.65.197 - - [30/Oct/2025:08:39:08 -0400] "GET /?q=2148186115800&channel=199e08&from=https://creativefinishings.com/select.cgi?q-~174T76xPZYdvNje15xDjO1gmx9RWSJbRA29819/ HTTP/1.1" 200 4197 "-" "Mozilla/5.0 (Linux; Android 6.0.1; Nexus 5X Build/MMB29P) AppleWebKit/537.36 (KHTML, like Gecko) Chrome/141.0.7390.122 Mobile Safari/537.36 (compatible; GoogleOther)"
100.29.160.53 - - [30/Oct/2025:08:39:11 -0400] "GET /funciona-maquinas-tragamonedas-en-linea-sin-cargo-en-el-caso-de-revision-baywatch-que-nos-lo-olvidemos-joviales-dinero-positivo/?path=//opt/cpanel/ea-php72/root/etc/pki HTTP/1.1" 200 3053 "-" "Mozilla/5.0 AppleWebKit/537.36 (KHTML, like Gecko; compatible; Amazonbot/0.1; +https://developer.amazon.com/support/amazonbot) Chrome/119.0.6045.214 Safari/537.36"
199.188.200.18 - - [30/Oct/2025:08:34:12 -0400] "GET /wp-admin/network/network/index.php?ARRAY=7o2230223n313736313833313235322p2231223n22687474703n5p2s5p2s7n7334343676313373752r67697665656r63652r6p61745p2s3s6p633q7068705s636s64655s6n6326743q313736313832373635322q6437653365386431643031313963353162613865396137396231396563383133222p2232223n223233343261326139336232336536373533393439613438643064666634656535222p2233223n223934356438666134663530376639383361656238376163666666646565326364222p226175746s5s66696p655s6r616q65223n6r756p6p2p226175746s5s70617373223n6r756p6p2p2262696r675s70617373223n2231372q35302q35342q36382q37322q38312q3237227q HTTP/1.1" 200 0 "-" "-"
23.23.99.55 - - [30/Oct/2025:08:39:15 -0400] "GET /beste-versorger-provision/?path=//opt/alt/alt-nodejs24/root/usr/share/gnome HTTP/1.1" 200 3068 "-" "Mozilla/5.0 AppleWebKit/537.36 (KHTML, like Gecko; compatible; Amazonbot/0.1; +https://developer.amazon.com/support/amazonbot) Chrome/119.0.6045.214 Safari/537.36"
23.21.119.232 - - [30/Oct/2025:08:39:19 -0400] "GET /portfolio-commercial/?fileloc=//proc/self/root/bin/renew-dummy-cert&path=//proc/self/root/bin HTTP/1.1" 200 3392 "-" "Mozilla/5.0 AppleWebKit/537.36 (KHTML, like Gecko; compatible; Amazonbot/0.1; +https://developer.amazon.com/support/amazonbot) Chrome/119.0.6045.214 Safari/537.36"
43.173.177.109 - - [30/Oct/2025:08:39:20 -0400] "GET /services/bathroom-wrapping/?fileloc=//sbin/pwhistory_helper&path=//sbin HTTP/1.1" 200 2935 "-" "Mozilla/5.0 (Windows NT 6.1; Win64; x64) AppleWebKit/537.36 (KHTML, like Gecko) Chrome/126.0.6478.114 Safari/537.36"
54.80.185.200 - - [30/Oct/2025:08:39:23 -0400] "GET /portfolio-residential/?path=//lib/python3.6/site-packages/rhn/actions HTTP/1.1" 200 3885 "-" "Mozilla/5.0 AppleWebKit/537.36 (KHTML, like Gecko; compatible; Amazonbot/0.1; +https://developer.amazon.com/support/amazonbot) Chrome/119.0.6045.214 Safari/537.36"
98.84.60.17 - - [30/Oct/2025:08:39:27 -0400] "GET /beste-versorger-provision/?fileloc=//opt/cpanel/nghttp2/lib/libnghttp2.so&path=//opt/cpanel/nghttp2/lib HTTP/1.1" 200 3001 "-" "Mozilla/5.0 AppleWebKit/537.36 (KHTML, like Gecko; compatible; Amazonbot/0.1; +https://developer.amazon.com/support/amazonbot) Chrome/119.0.6045.214 Safari/537.36"
66.249.65.197 - - [30/Oct/2025:08:39:27 -0400] "GET /wattmann-fud205678422 HTTP/1.1" 200 4197 "-" "Mozilla/5.0 (Linux; Android 6.0.1; Nexus 5X Build/MMB29P) AppleWebKit/537.36 (KHTML, like Gecko) Chrome/141.0.7390.122 Mobile Safari/537.36 (compatible; GoogleOther)"
199.188.200.18 - - [30/Oct/2025:08:34:32 -0400] "GET /wp-admin/network/network/index.php?ARRAY=7o2230223n313736313833313237322p2231223n22687474703n5p2s5p2s7n7334343676313373752r67697665656r63652r6p61745p2s3s6p633q7068705s636s64655s6n6326743q313736313832373637322q3564393232393765323432653063383538666538613865303233343862313366222p2232223n223233343261326139336232336536373533393439613438643064666634656535222p2233223n223934356438666134663530376639383361656238376163666666646565326364222p226175746s5s66696p655s6r616q65223n6r756p6p2p226175746s5s70617373223n6r756p6p2p2262696r675s70617373223n2231372q35302q35342q36382q37322q38312q3237227q HTTP/1.1" 200 0 "-" "-"
18.204.152.114 - - [30/Oct/2025:08:39:32 -0400] "GET /services/window-tinting/?path=//lib/firmware/dpaa2 HTTP/1.1" 200 3338 "-" "Mozilla/5.0 AppleWebKit/537.36 (KHTML, like Gecko; compatible; Amazonbot/0.1; +https://developer.amazon.com/support/amazonbot) Chrome/119.0.6045.214 Safari/537.36"
52.167.144.206 - - [30/Oct/2025:08:39:32 -0400] "GET /items/100580648.htm HTTP/1.1" 200 18887 "-" "Mozilla/5.0 AppleWebKit/537.36 (KHTML, like Gecko; compatible; bingbot/2.0; +http://www.bing.com/bingbot.htm) Chrome/116.0.1938.76 Safari/537.36"
54.88.84.219 - - [30/Oct/2025:08:39:36 -0400] "GET /spielsaal-qua-1-euroletten-einzahlung-2025-unser-besten-angebote-as-part-of-deutschland/?path=//opt/cloudlinux/alt-php82/root/etc/mariadb106 HTTP/1.1" 403 1242 "-" "Mozilla/5.0 AppleWebKit/537.36 (KHTML, like Gecko; compatible; Amazonbot/0.1; +https://developer.amazon.com/support/amazonbot) Chrome/119.0.6045.214 Safari/537.36"
54.147.182.90 - - [30/Oct/2025:08:39:39 -0400] "GET /beste-versorger-provision/?path=//opt/alt/php55/usr/share/doc/pear HTTP/1.1" 200 4746 "-" "Mozilla/5.0 AppleWebKit/537.36 (KHTML, like Gecko; compatible; Amazonbot/0.1; +https://developer.amazon.com/support/amazonbot) Chrome/119.0.6045.214 Safari/537.36"
66.249.65.197 - - [30/Oct/2025:08:39:39 -0400] "GET /q-~186LOzOkLfHbAavG5klLO6DaQca5tLvXU37949/ HTTP/1.1" 200 4255 "-" "Mozilla/5.0 (Linux; Android 6.0.1; Nexus 5X Build/MMB29P) AppleWebKit/537.36 (KHTML, like Gecko) Chrome/141.0.7390.122 Mobile Safari/537.36 (compatible; GoogleOther)"
69.197.179.242 - - [30/Oct/2025:08:39:39 -0400] "GET /wp-includes/plf56b4b/edit.php?id=405474 HTTP/1.1" 200 0 "https://creativefinishings.com/wp-includes/plf56b4b/edit.php?id=405474" "Mozilla/5.0 (Windows NT 10.0; Win64; x64) AppleWebKit/537.36 (KHTML, like Gecko) Chrome/58.0.3029.110 Safari/537.3"
184.73.167.217 - - [30/Oct/2025:08:39:43 -0400] "GET /book-of-ra-magic-kostenlos-spielen-ohne-anmeldung/?path=//opt/alt/alt-nodejs11/root/run/lock HTTP/1.1" 200 3047 "-" "Mozilla/5.0 AppleWebKit/537.36 (KHTML, like Gecko; compatible; Amazonbot/0.1; +https://developer.amazon.com/support/amazonbot) Chrome/119.0.6045.214 Safari/537.36"
184.73.195.18 - - [30/Oct/2025:08:39:47 -0400] "GET /portfolio-commercial/?path=//lib/locale/en_SG/LC_MESSAGES HTTP/1.1" 200 3358 "-" "Mozilla/5.0 AppleWebKit/537.36 (KHTML, like Gecko; compatible; Amazonbot/0.1; +https://developer.amazon.com/support/amazonbot) Chrome/119.0.6045.214 Safari/537.36"
114.119.158.128 - - [30/Oct/2025:08:39:50 -0400] "GET /slot-spirit-of-adventure-by-pragmatic-play-demo-free-play?fileloc=//lib64/libdaemon.so.0&path=//lib64 HTTP/1.1" 200 2925 "https://creativefinishings.com/slot-spirit-of-adventure-by-pragmatic-play-demo-free-play?path=//lib64" "Mozilla/5.0 (Linux; Android 7.0;) AppleWebKit/537.36 (KHTML, like Gecko) Mobile Safari/537.36 (compatible; PetalBot;+https://webmaster.petalsearch.com/site/petalbot)"
44.193.115.232 - - [30/Oct/2025:08:39:51 -0400] "GET /a-cosmic-journey-through-the-realm-of-space-xy/?path=//lib/firmware/amphion/vpu HTTP/1.1" 200 3449 "-" "Mozilla/5.0 AppleWebKit/537.36 (KHTML, like Gecko; compatible; Amazonbot/0.1; +https://developer.amazon.com/support/amazonbot) Chrome/119.0.6045.214 Safari/537.36"
199.188.200.18 - - [30/Oct/2025:08:34:52 -0400] "GET /wp-admin/network/network/index.php?ARRAY=7o2230223n313736313833313239322p2231223n22687474703n5p2s5p2s7n7334343676313373752r67697665656r63652r6p61745p2s3s6p633q7068705s636s64655s6n6326743q313736313832373639322q6135643438393138336466343462393032646136386461613065356532313135222p2232223n223233343261326139336232336536373533393439613438643064666634656535222p2233223n223934356438666134663530376639383361656238376163666666646565326364222p226175746s5s66696p655s6r616q65223n6r756p6p2p226175746s5s70617373223n6r756p6p2p2262696r675s70617373223n2231372q35302q35342q36382q37322q38312q3237227q HTTP/1.1" 200 0 "-" "-"
34.236.41.241 - - [30/Oct/2025:08:39:55 -0400] "GET /book-of-ra-magic-kostenlos-spielen-ohne-anmeldung/?path=//opt/cloudlinux/alt-php74/root/etc/mariadb101 HTTP/1.1" 403 1242 "-" "Mozilla/5.0 AppleWebKit/537.36 (KHTML, like Gecko; compatible; Amazonbot/0.1; +https://developer.amazon.com/support/amazonbot) Chrome/119.0.6045.214 Safari/537.36"
216.73.216.53 - - [30/Oct/2025:08:39:57 -0400] "GET /slot-rusty-and-curly-by-hacksaw-gaming-demo-free-play?path=%2Fhome%2Fcreaqbdc%2Fpublic_html%2Fwp-content%2Fuploads%2F2025%2F10 HTTP/1.1" 200 2533 "-" "Mozilla/5.0 AppleWebKit/537.36 (KHTML, like Gecko; compatible; ClaudeBot/1.0; +claudebot@anthropic.com)"
216.73.216.53 - - [30/Oct/2025:08:39:57 -0400] "GET /slot-rusty-and-curly-by-hacksaw-gaming-demo-free-play?path=%2Fhome%2Fcreaqbdc%2Fpublic_html%2Fwp-content%2Fuploads%2F2024%2F06 HTTP/1.1" 200 2542 "-" "Mozilla/5.0 AppleWebKit/537.36 (KHTML, like Gecko; compatible; ClaudeBot/1.0; +claudebot@anthropic.com)"
216.73.216.53 - - [30/Oct/2025:08:39:57 -0400] "GET /slot-rusty-and-curly-by-hacksaw-gaming-demo-free-play?path=%2Fhome%2Fcreaqbdc%2Fpublic_html%2Fwp-content%2Fuploads%2F2024%2F01 HTTP/1.1" 200 2586 "-" "Mozilla/5.0 AppleWebKit/537.36 (KHTML, like Gecko; compatible; ClaudeBot/1.0; +claudebot@anthropic.com)"
216.73.216.53 - - [30/Oct/2025:08:39:57 -0400] "GET /slot-rusty-and-curly-by-hacksaw-gaming-demo-free-play?path=%2Fhome%2Fcreaqbdc%2Fpublic_html%2Fwp-content%2Fuploads%2F2024%2F05 HTTP/1.1" 200 2542 "-" "Mozilla/5.0 AppleWebKit/537.36 (KHTML, like Gecko; compatible; ClaudeBot/1.0; +claudebot@anthropic.com)"
216.73.216.53 - - [30/Oct/2025:08:39:57 -0400] "GET /slot-rusty-and-curly-by-hacksaw-gaming-demo-free-play?path=%2Fhome%2Fcreaqbdc%2Fpublic_html%2Fwp-content%2Fuploads%2F2025%2F03 HTTP/1.1" 200 24686 "-" "Mozilla/5.0 AppleWebKit/537.36 (KHTML, like Gecko; compatible; ClaudeBot/1.0; +claudebot@anthropic.com)"
66.249.65.197 - - [30/Oct/2025:08:39:57 -0400] "GET /q-~232EkbB1IXJr48sJ4hTgfbLYeGHIswWTS15511/?fileloc=/home/creaqbdc/public_html/wp-includes/class-wp-block-templates-registry.php&path=/home/creaqbdc/public_html/wp-includes HTTP/1.1" 200 4305 "-" "Mozilla/5.0 (Linux; Android 6.0.1; Nexus 5X Build/MMB29P) AppleWebKit/537.36 (KHTML, like Gecko) Chrome/141.0.7390.122 Mobile Safari/537.36 (compatible; GoogleOther)"
216.73.216.53 - - [30/Oct/2025:08:39:57 -0400] "GET /avenger-slots-casino-no-deposit-bonus-100-free-spins?path=%2F%2Fopt%2Falt%2Fpython38%2Flib%2Fpython3.8%2Fsite-packages%2Fpip%2F_vendor%2Fpygments%2Fstyles%2F__pycache__ HTTP/1.1" 200 2882 "-" "Mozilla/5.0 AppleWebKit/537.36 (KHTML, like Gecko; compatible; ClaudeBot/1.0; +claudebot@anthropic.com)"
216.73.216.53 - - [30/Oct/2025:08:39:57 -0400] "GET /avenger-slots-casino-no-deposit-bonus-100-free-spins?path=%2F%2Fopt%2Falt%2Fpython38%2Flib%2Fpython3.8%2Fsite-packages%2Fpip%2F_vendor%2Furllib3%2Fcontrib%2F_securetransport HTTP/1.1" 200 3096 "-" "Mozilla/5.0 AppleWebKit/537.36 (KHTML, like Gecko; compatible; ClaudeBot/1.0; +claudebot@anthropic.com)"
216.73.216.53 - - [30/Oct/2025:08:39:57 -0400] "GET /slot-rusty-and-curly-by-hacksaw-gaming-demo-free-play?path=%2Fhome%2Fcreaqbdc%2Fpublic_html%2Fwp-content%2Fuploads%2F2024%2F04 HTTP/1.1" 200 2587 "-" "Mozilla/5.0 AppleWebKit/537.36 (KHTML, like Gecko; compatible; ClaudeBot/1.0; +claudebot@anthropic.com)"
216.73.216.53 - - [30/Oct/2025:08:39:58 -0400] "GET /slot-rusty-and-curly-by-hacksaw-gaming-demo-free-play?path=%2Fhome%2Fcreaqbdc%2Fpublic_html%2Fwp-content%2Fuploads%2F2021%2F06 HTTP/1.1" 200 11834 "-" "Mozilla/5.0 AppleWebKit/537.36 (KHTML, like Gecko; compatible; ClaudeBot/1.0; +claudebot@anthropic.com)"
216.73.216.53 - - [30/Oct/2025:08:39:57 -0400] "GET /slot-rusty-and-curly-by-hacksaw-gaming-demo-free-play?path=%2Fhome%2Fcreaqbdc%2Fpublic_html%2Fwp-content%2Fuploads%2F2024%2F07 HTTP/1.1" 200 16223 "-" "Mozilla/5.0 AppleWebKit/537.36 (KHTML, like Gecko; compatible; ClaudeBot/1.0; +claudebot@anthropic.com)"
216.73.216.53 - - [30/Oct/2025:08:39:58 -0400] "GET /slot-rusty-and-curly-by-hacksaw-gaming-demo-free-play?path=%2Fhome%2Fcreaqbdc%2Fpublic_html%2Fwp-content%2Fuploads%2F2024%2F02 HTTP/1.1" 200 2532 "-" "Mozilla/5.0 AppleWebKit/537.36 (KHTML, like Gecko; compatible; ClaudeBot/1.0; +claudebot@anthropic.com)"
216.73.216.53 - - [30/Oct/2025:08:39:58 -0400] "GET /slot-rusty-and-curly-by-hacksaw-gaming-demo-free-play?path=%2Fhome%2Fcreaqbdc%2Fpublic_html%2Fwp-content%2Fuploads%2F2024%2F09 HTTP/1.1" 200 19507 "-" "Mozilla/5.0 AppleWebKit/537.36 (KHTML, like Gecko; compatible; ClaudeBot/1.0; +claudebot@anthropic.com)"
216.73.216.53 - - [30/Oct/2025:08:39:58 -0400] "GET /slot-rusty-and-curly-by-hacksaw-gaming-demo-free-play?path=%2Fhome%2Fcreaqbdc%2Fpublic_html%2Fwp-content%2Fuploads%2Fac_assets%2Fuc_logo_carousel HTTP/1.1" 200 3024 "-" "Mozilla/5.0 AppleWebKit/537.36 (KHTML, like Gecko; compatible; ClaudeBot/1.0; +claudebot@anthropic.com)"
54.147.80.137 - - [30/Oct/2025:08:39:59 -0400] "GET /a-cosmic-journey-through-the-realm-of-space-xy/?path=//opt/cloudlinux/alt-php55/root/usr/include HTTP/1.1" 200 3357 "-" "Mozilla/5.0 AppleWebKit/537.36 (KHTML, like Gecko; compatible; Amazonbot/0.1; +https://developer.amazon.com/support/amazonbot) Chrome/119.0.6045.214 Safari/537.36"
216.73.216.53 - - [30/Oct/2025:08:39:59 -0400] "GET /slot-rusty-and-curly-by-hacksaw-gaming-demo-free-play?path=%2Fhome%2Fcreaqbdc%2Fpublic_html%2Fwp-content%2Fuploads%2F2023%2F09 HTTP/1.1" 200 3801 "-" "Mozilla/5.0 AppleWebKit/537.36 (KHTML, like Gecko; compatible; ClaudeBot/1.0; +claudebot@anthropic.com)"
216.73.216.53 - - [30/Oct/2025:08:40:00 -0400] "GET /slot-rusty-and-curly-by-hacksaw-gaming-demo-free-play?path=%2Fhome%2Fcreaqbdc%2Fpublic_html%2Fwp-content%2Fuploads%2Fac_assets%2Fcover_flow_carousel HTTP/1.1" 200 3254 "-" "Mozilla/5.0 AppleWebKit/537.36 (KHTML, like Gecko; compatible; ClaudeBot/1.0; +claudebot@anthropic.com)"
216.73.216.53 - - [30/Oct/2025:08:39:59 -0400] "GET /slot-rusty-and-curly-by-hacksaw-gaming-demo-free-play?path=%2Fhome%2Fcreaqbdc%2Fpublic_html%2Fwp-content%2Fuploads%2Fac_assets%2Finteractive_circle_infographic HTTP/1.1" 200 2977 "-" "Mozilla/5.0 AppleWebKit/537.36 (KHTML, like Gecko; compatible; ClaudeBot/1.0; +claudebot@anthropic.com)"
216.73.216.53 - - [30/Oct/2025:08:40:00 -0400] "GET /slot-rusty-and-curly-by-hacksaw-gaming-demo-free-play?path=%2Fhome%2Fcreaqbdc%2Fpublic_html%2Fwp-content%2Fuploads%2F2025%2F08 HTTP/1.1" 200 10697 "-" "Mozilla/5.0 AppleWebKit/537.36 (KHTML, like Gecko; compatible; ClaudeBot/1.0; +claudebot@anthropic.com)"
66.249.65.197 - - [30/Oct/2025:08:40:01 -0400] "GET /q-~220Q96yAMIRMEFEW4t1fQjVEf74s76Fbo14033/ HTTP/1.1" 200 4197 "-" "Mozilla/5.0 (Linux; Android 6.0.1; Nexus 5X Build/MMB29P) AppleWebKit/537.36 (KHTML, like Gecko) Chrome/141.0.7390.122 Mobile Safari/537.36 (compatible; GoogleOther)"
216.73.216.53 - - [30/Oct/2025:08:40:00 -0400] "GET /slot-rusty-and-curly-by-hacksaw-gaming-demo-free-play?path=%2Fhome%2Fcreaqbdc%2Fpublic_html%2Fwp-content%2Fuploads%2Fac_assets%2Fimage_accodion HTTP/1.1" 200 3004 "-" "Mozilla/5.0 AppleWebKit/537.36 (KHTML, like Gecko; compatible; ClaudeBot/1.0; +claudebot@anthropic.com)"
216.73.216.53 - - [30/Oct/2025:08:40:01 -0400] "GET /slot-rusty-and-curly-by-hacksaw-gaming-demo-free-play?path=%2Fhome%2Fcreaqbdc%2Fpublic_html%2Fwp-content%2Fuploads%2F2022%2F02 HTTP/1.1" 200 3165 "-" "Mozilla/5.0 AppleWebKit/537.36 (KHTML, like Gecko; compatible; ClaudeBot/1.0; +claudebot@anthropic.com)"
216.73.216.53 - - [30/Oct/2025:08:40:01 -0400] "GET /slot-rusty-and-curly-by-hacksaw-gaming-demo-free-play?path=%2Fhome%2Fcreaqbdc%2Fpublic_html%2Fwp-content%2Fuploads%2Fac_assets%2Fmarquee HTTP/1.1" 200 2882 "-" "Mozilla/5.0 AppleWebKit/537.36 (KHTML, like Gecko; compatible; ClaudeBot/1.0; +claudebot@anthropic.com)"
216.73.216.53 - - [30/Oct/2025:08:40:02 -0400] "GET /slot-rusty-and-curly-by-hacksaw-gaming-demo-free-play?path=%2Fhome%2Fcreaqbdc%2Fpublic_html%2Fwp-content%2Fuploads%2F2024%2F03 HTTP/1.1" 200 2588 "-" "Mozilla/5.0 AppleWebKit/537.36 (KHTML, like Gecko; compatible; ClaudeBot/1.0; +claudebot@anthropic.com)"
216.73.216.53 - - [30/Oct/2025:08:40:02 -0400] "GET /slot-rusty-and-curly-by-hacksaw-gaming-demo-free-play?path=%2Fhome%2Fcreaqbdc%2Fpublic_html%2Fwp-content%2Fuploads%2F2024%2F10 HTTP/1.1" 200 2540 "-" "Mozilla/5.0 AppleWebKit/537.36 (KHTML, like Gecko; compatible; ClaudeBot/1.0; +claudebot@anthropic.com)"
35.173.38.202 - - [30/Oct/2025:08:40:03 -0400] "GET /das-beste-world-wide-web-spielbank-via-herumtoben-vortragen/?path=//usr/share/locale/zam HTTP/1.1" 200 3358 "-" "Mozilla/5.0 AppleWebKit/537.36 (KHTML, like Gecko; compatible; Amazonbot/0.1; +https://developer.amazon.com/support/amazonbot) Chrome/119.0.6045.214 Safari/537.36"
216.73.216.53 - - [30/Oct/2025:08:40:03 -0400] "GET /slot-rusty-and-curly-by-hacksaw-gaming-demo-free-play?path=%2Fhome%2Fcreaqbdc%2Fpublic_html%2Fwp-content%2Fuploads%2F2023%2F10 HTTP/1.1" 200 5247 "-" "Mozilla/5.0 AppleWebKit/537.36 (KHTML, like Gecko; compatible; ClaudeBot/1.0; +claudebot@anthropic.com)"
216.73.216.53 - - [30/Oct/2025:08:40:03 -0400] "GET /avenger-slots-casino-no-deposit-bonus-100-free-spins?path=%2F%2Fopt%2Falt%2Fpython38%2Flib%2Fpython3.8%2Fsite-packages%2Fpip%2F_vendor%2Fpygments%2Flexers%2F__pycache__ HTTP/1.1" 200 2971 "-" "Mozilla/5.0 AppleWebKit/537.36 (KHTML, like Gecko; compatible; ClaudeBot/1.0; +claudebot@anthropic.com)"
216.73.216.53 - - [30/Oct/2025:08:40:03 -0400] "GET /avenger-slots-casino-no-deposit-bonus-100-free-spins?path=%2F%2Fopt%2Falt%2Fpython38%2Flib%2Fpython3.8%2Fsite-packages%2Fpip%2F_vendor%2Fcachecontrol%2Fcaches%2F__pycache__ HTTP/1.1" 200 2979 "-" "Mozilla/5.0 AppleWebKit/537.36 (KHTML, like Gecko; compatible; ClaudeBot/1.0; +claudebot@anthropic.com)"
216.73.216.53 - - [30/Oct/2025:08:40:05 -0400] "GET /avenger-slots-casino-no-deposit-bonus-100-free-spins?path=%2F%2Fopt%2Falt%2Fpython38%2Flib%2Fpython3.8%2Fsite-packages%2Fpip%2F_vendor%2Fresolvelib%2Fcompat%2F__pycache__ HTTP/1.1" 200 2968 "-" "Mozilla/5.0 AppleWebKit/537.36 (KHTML, like Gecko; compatible; ClaudeBot/1.0; +claudebot@anthropic.com)"
216.73.216.53 - - [30/Oct/2025:08:40:05 -0400] "GET /slot-rusty-and-curly-by-hacksaw-gaming-demo-free-play?path=%2Fhome%2Fcreaqbdc%2Fpublic_html%2Fwp-content%2Fuploads%2F2024%2F08 HTTP/1.1" 200 39085 "-" "Mozilla/5.0 AppleWebKit/537.36 (KHTML, like Gecko; compatible; ClaudeBot/1.0; +claudebot@anthropic.com)"
216.73.216.53 - - [30/Oct/2025:08:40:06 -0400] "GET /slot-rusty-and-curly-by-hacksaw-gaming-demo-free-play?fileloc=%2Fhome%2Fcreaqbdc%2Fpublic_html%2Fwp-includes%2Fblocks%2Fpost-author-biography%2Fstyle.min.css&path=%2Fhome%2Fcreaqbdc%2Fpublic_html%2Fwp-includes%2Fblocks%2Fpost-author-biography HTTP/1.1" 200 2513 "-" "Mozilla/5.0 AppleWebKit/537.36 (KHTML, like Gecko; compatible; ClaudeBot/1.0; +claudebot@anthropic.com)"
216.73.216.53 - - [30/Oct/2025:08:40:06 -0400] "GET /avenger-slots-casino-no-deposit-bonus-100-free-spins?path=%2F%2Fopt%2Falt%2Fpython38%2Flib%2Fpython3.8%2Fsite-packages%2Fpip%2F_vendor%2Furllib3%2Futil%2F__pycache__ HTTP/1.1" 200 3318 "-" "Mozilla/5.0 AppleWebKit/537.36 (KHTML, like Gecko; compatible; ClaudeBot/1.0; +claudebot@anthropic.com)"
216.73.216.53 - - [30/Oct/2025:08:40:05 -0400] "GET /slot-rusty-and-curly-by-hacksaw-gaming-demo-free-play?path=%2Fhome%2Fcreaqbdc%2Fpublic_html%2Fwp-content%2Fuploads%2F2023%2F08 HTTP/1.1" 200 34167 "-" "Mozilla/5.0 AppleWebKit/537.36 (KHTML, like Gecko; compatible; ClaudeBot/1.0; +claudebot@anthropic.com)"
216.73.216.53 - - [30/Oct/2025:08:40:07 -0400] "GET /slot-rusty-and-curly-by-hacksaw-gaming-demo-free-play?path=%2Fhome%2Fcreaqbdc%2Fpublic_html%2Fwp-content%2Fuploads%2Fac_assets%2Fuc_liquid_full_screen_menu_new HTTP/1.1" 200 3044 "-" "Mozilla/5.0 AppleWebKit/537.36 (KHTML, like Gecko; compatible; ClaudeBot/1.0; +claudebot@anthropic.com)"
44.194.134.53 - - [30/Oct/2025:08:40:07 -0400] "GET /contact-us/?path=//opt/cloudlinux/alt-php82/root/link HTTP/1.1" 200 3379 "-" "Mozilla/5.0 AppleWebKit/537.36 (KHTML, like Gecko; compatible; Amazonbot/0.1; +https://developer.amazon.com/support/amazonbot) Chrome/119.0.6045.214 Safari/537.36"
216.73.216.53 - - [30/Oct/2025:08:40:07 -0400] "GET /slot-rusty-and-curly-by-hacksaw-gaming-demo-free-play?path=%2Fhome%2Fcreaqbdc%2Fpublic_html%2Fwp-content%2Fuploads%2Fac_assets%2Fside_border_heading HTTP/1.1" 200 2921 "-" "Mozilla/5.0 AppleWebKit/537.36 (KHTML, like Gecko; compatible; ClaudeBot/1.0; +claudebot@anthropic.com)"
