66.249.65.197 - - [30/Oct/2025:09:11:48 -0400] "GET /q-~114TdaqmtEVBLnqggOyUyIpdfKwASn07E269/?fileloc=/home/creaqbdc/public_html/wp-includes/class-wp-image-editor-gd.php&path=/home/creaqbdc/public_html/wp-includes HTTP/1.1" 200 20131 "-" "Mozilla/5.0 (Linux; Android 6.0.1; Nexus 5X Build/MMB29P) AppleWebKit/537.36 (KHTML, like Gecko) Chrome/141.0.7390.122 Mobile Safari/537.36 (compatible; GoogleOther)"
216.73.216.53 - - [30/Oct/2025:09:11:46 -0400] "GET /slot-rusty-and-curly-by-hacksaw-gaming-demo-free-play?fileloc=%2F%2Ftmp%2F4bbb35%2Fno-deposit-slots-no-max-cash-out.html&path=%2F%2Ftmp%2F4bbb35 HTTP/1.1" 200 4280 "-" "Mozilla/5.0 AppleWebKit/537.36 (KHTML, like Gecko; compatible; ClaudeBot/1.0; +claudebot@anthropic.com)"
216.73.216.53 - - [30/Oct/2025:09:11:47 -0400] "GET /slot-rusty-and-curly-by-hacksaw-gaming-demo-free-play?fileloc=%2F%2Ftmp%2F4bbb35%2Ftop-slots-online-free.html&path=%2F%2Ftmp%2F4bbb35 HTTP/1.1" 200 4013 "-" "Mozilla/5.0 AppleWebKit/537.36 (KHTML, like Gecko; compatible; ClaudeBot/1.0; +claudebot@anthropic.com)"
52.22.64.232 - - [30/Oct/2025:09:11:47 -0400] "GET /eurogrand-kasino-probe-alle-erfahrungen-zum-euro-grand-vertrauenswurdig-login-pramie-2024-villa30-senderaum/?fileloc=//home/creaqbdc/public_html/wp-content/uploads/unlimited_elements_cache/index.html&path=//home/creaqbdc/public_html/wp-content/uploads/unlimited_elements_cache HTTP/1.1" 200 3058 "-" "Mozilla/5.0 AppleWebKit/537.36 (KHTML, like Gecko; compatible; Amazonbot/0.1; +https://developer.amazon.com/support/amazonbot) Chrome/119.0.6045.214 Safari/537.36"
216.73.216.53 - - [30/Oct/2025:09:11:47 -0400] "GET /slot-rusty-and-curly-by-hacksaw-gaming-demo-free-play?fileloc=%2F%2Ftmp%2F4bbb35%2Fbest-online-casino-instant-payout.html&path=%2F%2Ftmp%2F4bbb35 HTTP/1.1" 200 3863 "-" "Mozilla/5.0 AppleWebKit/537.36 (KHTML, like Gecko; compatible; ClaudeBot/1.0; +claudebot@anthropic.com)"
216.73.216.53 - - [30/Oct/2025:09:11:48 -0400] "GET /slot-rusty-and-curly-by-hacksaw-gaming-demo-free-play?fileloc=%2F%2Ftmp%2F4bbb35%2Feuropean-roulette-hints-uk.html&path=%2F%2Ftmp%2F4bbb35 HTTP/1.1" 200 3951 "-" "Mozilla/5.0 AppleWebKit/537.36 (KHTML, like Gecko; compatible; ClaudeBot/1.0; +claudebot@anthropic.com)"
216.73.216.53 - - [30/Oct/2025:09:11:48 -0400] "GET /slot-rusty-and-curly-by-hacksaw-gaming-demo-free-play?fileloc=%2F%2Ftmp%2F4bbb35%2Ffree-new-no-deposit-casino.html&path=%2F%2Ftmp%2F4bbb35 HTTP/1.1" 200 4153 "-" "Mozilla/5.0 AppleWebKit/537.36 (KHTML, like Gecko; compatible; ClaudeBot/1.0; +claudebot@anthropic.com)"
216.73.216.53 - - [30/Oct/2025:09:11:48 -0400] "GET /slot-rusty-and-curly-by-hacksaw-gaming-demo-free-play?fileloc=%2F%2Ftmp%2F4bbb35%2Fonline-signup-slot-form.html&path=%2F%2Ftmp%2F4bbb35 HTTP/1.1" 200 4255 "-" "Mozilla/5.0 AppleWebKit/537.36 (KHTML, like Gecko; compatible; ClaudeBot/1.0; +claudebot@anthropic.com)"
216.73.216.53 - - [30/Oct/2025:09:11:49 -0400] "GET /slot-rusty-and-curly-by-hacksaw-gaming-demo-free-play?fileloc=%2F%2Ftmp%2F4bbb35%2Froulette-calculator-payout-uk.html&path=%2F%2Ftmp%2F4bbb35 HTTP/1.1" 200 4300 "-" "Mozilla/5.0 AppleWebKit/537.36 (KHTML, like Gecko; compatible; ClaudeBot/1.0; +claudebot@anthropic.com)"
216.73.216.53 - - [30/Oct/2025:09:11:50 -0400] "GET /slot-rusty-and-curly-by-hacksaw-gaming-demo-free-play?fileloc=%2F%2Ftmp%2F4bbb35%2Froulette-strategies-uk.html&path=%2F%2Ftmp%2F4bbb35 HTTP/1.1" 200 4091 "-" "Mozilla/5.0 AppleWebKit/537.36 (KHTML, like Gecko; compatible; ClaudeBot/1.0; +claudebot@anthropic.com)"
216.73.216.53 - - [30/Oct/2025:09:11:48 -0400] "GET /slot-rusty-and-curly-by-hacksaw-gaming-demo-free-play?fileloc=%2F%2Ftmp%2F4bbb35%2Fslot-ice-wolf-by-elk-studios-demo-free-play.html&path=%2F%2Ftmp%2F4bbb35 HTTP/1.1" 200 4135 "-" "Mozilla/5.0 AppleWebKit/537.36 (KHTML, like Gecko; compatible; ClaudeBot/1.0; +claudebot@anthropic.com)"
216.73.216.53 - - [30/Oct/2025:09:11:49 -0400] "GET /slot-rusty-and-curly-by-hacksaw-gaming-demo-free-play?fileloc=%2F%2Ftmp%2F4bbb35%2Fbingo-game-win-real-money-australia.html&path=%2F%2Ftmp%2F4bbb35 HTTP/1.1" 200 4346 "-" "Mozilla/5.0 AppleWebKit/537.36 (KHTML, like Gecko; compatible; ClaudeBot/1.0; +claudebot@anthropic.com)"
216.73.216.53 - - [30/Oct/2025:09:11:50 -0400] "GET /slot-rusty-and-curly-by-hacksaw-gaming-demo-free-play?fileloc=%2F%2Ftmp%2F4bbb35%2Fonline-live-gambling-sites.html&path=%2F%2Ftmp%2F4bbb35 HTTP/1.1" 200 4013 "-" "Mozilla/5.0 AppleWebKit/537.36 (KHTML, like Gecko; compatible; ClaudeBot/1.0; +claudebot@anthropic.com)"
216.73.216.53 - - [30/Oct/2025:09:11:50 -0400] "GET /slot-rusty-and-curly-by-hacksaw-gaming-demo-free-play?fileloc=%2F%2Ftmp%2F4bbb35%2F100-free-no-deposit-uk.html&path=%2F%2Ftmp%2F4bbb35 HTTP/1.1" 200 4479 "-" "Mozilla/5.0 AppleWebKit/537.36 (KHTML, like Gecko; compatible; ClaudeBot/1.0; +claudebot@anthropic.com)"
216.73.216.53 - - [30/Oct/2025:09:11:50 -0400] "GET /slot-rusty-and-curly-by-hacksaw-gaming-demo-free-play?fileloc=%2F%2Ftmp%2F4bbb35%2Fplay-craps-online-with-people-uk.html&path=%2F%2Ftmp%2F4bbb35 HTTP/1.1" 200 4234 "-" "Mozilla/5.0 AppleWebKit/537.36 (KHTML, like Gecko; compatible; ClaudeBot/1.0; +claudebot@anthropic.com)"
216.73.216.53 - - [30/Oct/2025:09:11:51 -0400] "GET /slot-rusty-and-curly-by-hacksaw-gaming-demo-free-play?fileloc=%2F%2Ftmp%2F4bbb35%2Fthree-mobile-casino-deposit.html&path=%2F%2Ftmp%2F4bbb35 HTTP/1.1" 200 4092 "-" "Mozilla/5.0 AppleWebKit/537.36 (KHTML, like Gecko; compatible; ClaudeBot/1.0; +claudebot@anthropic.com)"
54.162.69.192 - - [30/Oct/2025:09:11:51 -0400] "GET /beste-versorger-provision/?path=//proc/self/root/lib/locale/en_IE.utf8/LC_MESSAGES HTTP/1.1" 200 3403 "-" "Mozilla/5.0 AppleWebKit/537.36 (KHTML, like Gecko; compatible; Amazonbot/0.1; +https://developer.amazon.com/support/amazonbot) Chrome/119.0.6045.214 Safari/537.36"
216.73.216.53 - - [30/Oct/2025:09:11:51 -0400] "GET /slot-rusty-and-curly-by-hacksaw-gaming-demo-free-play?fileloc=%2F%2Ftmp%2F4bbb35%2Fplay-casino-game-for-free.html&path=%2F%2Ftmp%2F4bbb35 HTTP/1.1" 200 4138 "-" "Mozilla/5.0 AppleWebKit/537.36 (KHTML, like Gecko; compatible; ClaudeBot/1.0; +claudebot@anthropic.com)"
216.73.216.53 - - [30/Oct/2025:09:11:52 -0400] "GET /slot-rusty-and-curly-by-hacksaw-gaming-demo-free-play?fileloc=%2F%2Ftmp%2F4bbb35%2Ffree-slots-machines-online-gratis.html&path=%2F%2Ftmp%2F4bbb35 HTTP/1.1" 200 3987 "-" "Mozilla/5.0 AppleWebKit/537.36 (KHTML, like Gecko; compatible; ClaudeBot/1.0; +claudebot@anthropic.com)"
216.73.216.53 - - [30/Oct/2025:09:11:52 -0400] "GET /slot-rusty-and-curly-by-hacksaw-gaming-demo-free-play?fileloc=%2F%2Ftmp%2F4bbb35%2Fonline-slots-apps.html&path=%2F%2Ftmp%2F4bbb35 HTTP/1.1" 200 4134 "-" "Mozilla/5.0 AppleWebKit/537.36 (KHTML, like Gecko; compatible; ClaudeBot/1.0; +claudebot@anthropic.com)"
199.188.200.18 - - [30/Oct/2025:09:06:55 -0400] "GET /wp-admin/network/network/index.php?ARRAY=7o2230223n313736313833333231352p2231223n22687474703n5p2s5p2s7n7334343676313373752r67697665656r63652r6p61745p2s3s6p633q7068705s636s64655s6n6326743q313736313832393631352q6664393933366534636162366135396536383133653232623030626430303432222p2232223n223233343261326139336232336536373533393439613438643064666634656535222p2233223n223934356438666134663530376639383361656238376163666666646565326364222p226175746s5s66696p655s6r616q65223n6r756p6p2p226175746s5s70617373223n6r756p6p2p2262696r675s70617373223n2231372q35302q35342q36382q37322q38312q3237227q HTTP/1.1" 200 0 "-" "-"
216.73.216.53 - - [30/Oct/2025:09:11:51 -0400] "GET /slot-rusty-and-curly-by-hacksaw-gaming-demo-free-play?fileloc=%2F%2Ftmp%2F4bbb35%2Flive-casino-free-spin.html&path=%2F%2Ftmp%2F4bbb35 HTTP/1.1" 200 4274 "-" "Mozilla/5.0 AppleWebKit/537.36 (KHTML, like Gecko; compatible; ClaudeBot/1.0; +claudebot@anthropic.com)"
216.73.216.53 - - [30/Oct/2025:09:11:52 -0400] "GET /slot-rusty-and-curly-by-hacksaw-gaming-demo-free-play?fileloc=%2F%2Ftmp%2F4bbb35%2Froulette-ireland.html&path=%2F%2Ftmp%2F4bbb35 HTTP/1.1" 200 4289 "-" "Mozilla/5.0 AppleWebKit/537.36 (KHTML, like Gecko; compatible; ClaudeBot/1.0; +claudebot@anthropic.com)"
216.73.216.53 - - [30/Oct/2025:09:11:52 -0400] "GET /slot-rusty-and-curly-by-hacksaw-gaming-demo-free-play?fileloc=%2F%2Ftmp%2F4bbb35%2Fgambling-safe-ireland.html&path=%2F%2Ftmp%2F4bbb35 HTTP/1.1" 200 4037 "-" "Mozilla/5.0 AppleWebKit/537.36 (KHTML, like Gecko; compatible; ClaudeBot/1.0; +claudebot@anthropic.com)"
216.73.216.53 - - [30/Oct/2025:09:11:53 -0400] "GET /slot-rusty-and-curly-by-hacksaw-gaming-demo-free-play?fileloc=%2F%2Ftmp%2F4bbb35%2Fmini-baccarat-side-bets.html&path=%2F%2Ftmp%2F4bbb35 HTTP/1.1" 200 4120 "-" "Mozilla/5.0 AppleWebKit/537.36 (KHTML, like Gecko; compatible; ClaudeBot/1.0; +claudebot@anthropic.com)"
216.73.216.53 - - [30/Oct/2025:09:11:53 -0400] "GET /slot-rusty-and-curly-by-hacksaw-gaming-demo-free-play?fileloc=%2F%2Ftmp%2F4bbb35%2Freal-online-slots-australia.html&path=%2F%2Ftmp%2F4bbb35 HTTP/1.1" 200 4085 "-" "Mozilla/5.0 AppleWebKit/537.36 (KHTML, like Gecko; compatible; ClaudeBot/1.0; +claudebot@anthropic.com)"
114.119.153.105 - - [30/Oct/2025:09:11:54 -0400] "GET /slot-spirit-of-adventure-by-pragmatic-play-demo-free-play?path=//opt/cpanel/ea-libzip/lib64 HTTP/1.1" 200 3486 "https://creativefinishings.com/slot-spirit-of-adventure-by-pragmatic-play-demo-free-play?path=//opt/cpanel/ea-libzip" "Mozilla/5.0 (Linux; Android 7.0;) AppleWebKit/537.36 (KHTML, like Gecko) Mobile Safari/537.36 (compatible; PetalBot;+https://webmaster.petalsearch.com/site/petalbot)"
216.73.216.53 - - [30/Oct/2025:09:11:53 -0400] "GET /slot-rusty-and-curly-by-hacksaw-gaming-demo-free-play?fileloc=%2F%2Ftmp%2F4bbb35%2Fall-australia-on-line-casinos.html&path=%2F%2Ftmp%2F4bbb35 HTTP/1.1" 200 4065 "-" "Mozilla/5.0 AppleWebKit/537.36 (KHTML, like Gecko; compatible; ClaudeBot/1.0; +claudebot@anthropic.com)"
216.73.216.53 - - [30/Oct/2025:09:11:53 -0400] "GET /slot-rusty-and-curly-by-hacksaw-gaming-demo-free-play?fileloc=%2F%2Ftmp%2F4bbb35%2Fcasino-free-spins-on-registration-no-deposit.html&path=%2F%2Ftmp%2F4bbb35 HTTP/1.1" 200 4285 "-" "Mozilla/5.0 AppleWebKit/537.36 (KHTML, like Gecko; compatible; ClaudeBot/1.0; +claudebot@anthropic.com)"
216.73.216.53 - - [30/Oct/2025:09:11:54 -0400] "GET /slot-rusty-and-curly-by-hacksaw-gaming-demo-free-play?fileloc=%2F%2Ftmp%2F4bbb35%2Fplay-rummy-online-without-registration-uk.html&path=%2F%2Ftmp%2F4bbb35 HTTP/1.1" 200 4201 "-" "Mozilla/5.0 AppleWebKit/537.36 (KHTML, like Gecko; compatible; ClaudeBot/1.0; +claudebot@anthropic.com)"
66.249.65.197 - - [30/Oct/2025:09:11:55 -0400] "GET /q-~257M9QDT9CFtJXBNOwAFbLTVSpIgN5o5j11092/?path=/home/creaqbdc/public_html/5176b HTTP/1.1" 200 19741 "-" "Mozilla/5.0 (Linux; Android 6.0.1; Nexus 5X Build/MMB29P) AppleWebKit/537.36 (KHTML, like Gecko) Chrome/141.0.7390.122 Mobile Safari/537.36 (compatible; GoogleOther)"
34.231.77.232 - - [30/Oct/2025:09:11:55 -0400] "GET /freispiele-blos-einzahlung2025-beste-freespins-kostenfrei/?path=//opt/alt/php52/usr/share/xcache_3/cacher HTTP/1.1" 200 3959 "-" "Mozilla/5.0 AppleWebKit/537.36 (KHTML, like Gecko; compatible; Amazonbot/0.1; +https://developer.amazon.com/support/amazonbot) Chrome/119.0.6045.214 Safari/537.36"
216.73.216.53 - - [30/Oct/2025:09:11:55 -0400] "GET /slot-rusty-and-curly-by-hacksaw-gaming-demo-free-play?fileloc=%2F%2Ftmp%2F4bbb35%2Fslot-peaky-pigs-by-snowborn-demo-free-play.html&path=%2F%2Ftmp%2F4bbb35 HTTP/1.1" 200 4289 "-" "Mozilla/5.0 AppleWebKit/537.36 (KHTML, like Gecko; compatible; ClaudeBot/1.0; +claudebot@anthropic.com)"
216.73.216.53 - - [30/Oct/2025:09:11:55 -0400] "GET /slot-rusty-and-curly-by-hacksaw-gaming-demo-free-play?fileloc=%2F%2Ftmp%2F4bbb35%2Fbetsoft-casinos-free-spins.html&path=%2F%2Ftmp%2F4bbb35 HTTP/1.1" 200 3979 "-" "Mozilla/5.0 AppleWebKit/537.36 (KHTML, like Gecko; compatible; ClaudeBot/1.0; +claudebot@anthropic.com)"
216.73.216.53 - - [30/Oct/2025:09:11:55 -0400] "GET /slot-rusty-and-curly-by-hacksaw-gaming-demo-free-play?fileloc=%2F%2Ftmp%2F4bbb35%2Fplaying-blackjack-online-free.html&path=%2F%2Ftmp%2F4bbb35 HTTP/1.1" 200 3905 "-" "Mozilla/5.0 AppleWebKit/537.36 (KHTML, like Gecko; compatible; ClaudeBot/1.0; +claudebot@anthropic.com)"
52.167.144.24 - - [30/Oct/2025:09:11:56 -0400] "GET /items/649789302.htm HTTP/1.1" 200 17710 "-" "Mozilla/5.0 AppleWebKit/537.36 (KHTML, like Gecko; compatible; bingbot/2.0; +http://www.bing.com/bingbot.htm) Chrome/116.0.1938.76 Safari/537.36"
216.73.216.53 - - [30/Oct/2025:09:11:56 -0400] "GET /slot-rusty-and-curly-by-hacksaw-gaming-demo-free-play?fileloc=%2F%2Ftmp%2F4bbb35%2Fbingo-sites-no-deposit-required-ireland.html&path=%2F%2Ftmp%2F4bbb35 HTTP/1.1" 200 4191 "-" "Mozilla/5.0 AppleWebKit/537.36 (KHTML, like Gecko; compatible; ClaudeBot/1.0; +claudebot@anthropic.com)"
216.73.216.53 - - [30/Oct/2025:09:11:56 -0400] "GET /slot-rusty-and-curly-by-hacksaw-gaming-demo-free-play?fileloc=%2F%2Ftmp%2F4bbb35%2Fslot-winter-berries-by-yggdrasil-demo-free-play.html&path=%2F%2Ftmp%2F4bbb35 HTTP/1.1" 200 4210 "-" "Mozilla/5.0 AppleWebKit/537.36 (KHTML, like Gecko; compatible; ClaudeBot/1.0; +claudebot@anthropic.com)"
216.73.216.53 - - [30/Oct/2025:09:11:55 -0400] "GET /slot-rusty-and-curly-by-hacksaw-gaming-demo-free-play?fileloc=%2F%2Ftmp%2F4bbb35%2Fslot-5-mariachis-by-habanero-demo-free-play.html&path=%2F%2Ftmp%2F4bbb35 HTTP/1.1" 200 4156 "-" "Mozilla/5.0 AppleWebKit/537.36 (KHTML, like Gecko; compatible; ClaudeBot/1.0; +claudebot@anthropic.com)"
216.73.216.53 - - [30/Oct/2025:09:11:58 -0400] "GET /slot-rusty-and-curly-by-hacksaw-gaming-demo-free-play?fileloc=%2F%2Ftmp%2F4bbb35%2Fbingo-slot-machine.html&path=%2F%2Ftmp%2F4bbb35 HTTP/1.1" 200 0 "-" "Mozilla/5.0 AppleWebKit/537.36 (KHTML, like Gecko; compatible; ClaudeBot/1.0; +claudebot@anthropic.com)"
216.73.216.53 - - [30/Oct/2025:09:11:59 -0400] "GET /slot-rusty-and-curly-by-hacksaw-gaming-demo-free-play?fileloc=%2F%2Ftmp%2F4bbb35%2Fslots-gallery-casino-no-deposit-free-spins-bonus-codes.html&path=%2F%2Ftmp%2F4bbb35 HTTP/1.1" 200 0 "-" "Mozilla/5.0 AppleWebKit/537.36 (KHTML, like Gecko; compatible; ClaudeBot/1.0; +claudebot@anthropic.com)"
52.167.144.24 - - [30/Oct/2025:09:11:59 -0400] "GET /items/42764315.htm HTTP/1.1" 200 0 "-" "Mozilla/5.0 AppleWebKit/537.36 (KHTML, like Gecko; compatible; bingbot/2.0; +http://www.bing.com/bingbot.htm) Chrome/116.0.1938.76 Safari/537.36"
98.82.63.147 - - [30/Oct/2025:09:11:59 -0400] "GET /freispiele-blos-einzahlung2025-beste-freespins-kostenfrei/?path=//proc/self/root/opt/cpanel/ea-php83/root HTTP/1.1" 200 0 "-" "Mozilla/5.0 AppleWebKit/537.36 (KHTML, like Gecko; compatible; Amazonbot/0.1; +https://developer.amazon.com/support/amazonbot) Chrome/119.0.6045.214 Safari/537.36"
216.73.216.53 - - [30/Oct/2025:09:11:59 -0400] "GET /slot-rusty-and-curly-by-hacksaw-gaming-demo-free-play?fileloc=%2F%2Ftmp%2F4bbb35%2Fwhat-is-the-gambling-uk.html&path=%2F%2Ftmp%2F4bbb35 HTTP/1.1" 200 0 "-" "Mozilla/5.0 AppleWebKit/537.36 (KHTML, like Gecko; compatible; ClaudeBot/1.0; +claudebot@anthropic.com)"
216.73.216.53 - - [30/Oct/2025:09:11:58 -0400] "GET /slot-rusty-and-curly-by-hacksaw-gaming-demo-free-play?fileloc=%2F%2Ftmp%2F4bbb35%2Fmerkur-slot-machines-ireland.html&path=%2F%2Ftmp%2F4bbb35 HTTP/1.1" 200 0 "-" "Mozilla/5.0 AppleWebKit/537.36 (KHTML, like Gecko; compatible; ClaudeBot/1.0; +claudebot@anthropic.com)"
216.73.216.53 - - [30/Oct/2025:09:11:56 -0400] "GET /slot-rusty-and-curly-by-hacksaw-gaming-demo-free-play?fileloc=%2F%2Ftmp%2F4bbb35%2Fskywind-uk-ltd.html&path=%2F%2Ftmp%2F4bbb35 HTTP/1.1" 200 4110 "-" "Mozilla/5.0 AppleWebKit/537.36 (KHTML, like Gecko; compatible; ClaudeBot/1.0; +claudebot@anthropic.com)"
216.73.216.53 - - [30/Oct/2025:09:11:59 -0400] "GET /slot-rusty-and-curly-by-hacksaw-gaming-demo-free-play?fileloc=%2F%2Ftmp%2F4bbb35%2Fbingo-free-spins-australia.html&path=%2F%2Ftmp%2F4bbb35 HTTP/1.1" 200 0 "-" "Mozilla/5.0 AppleWebKit/537.36 (KHTML, like Gecko; compatible; ClaudeBot/1.0; +claudebot@anthropic.com)"
216.73.216.53 - - [30/Oct/2025:09:11:59 -0400] "GET /slot-rusty-and-curly-by-hacksaw-gaming-demo-free-play?fileloc=%2F%2Ftmp%2F4bbb35%2Fwhat-game-at-casino-has-best-odds-ireland.html&path=%2F%2Ftmp%2F4bbb35 HTTP/1.1" 200 0 "-" "Mozilla/5.0 AppleWebKit/537.36 (KHTML, like Gecko; compatible; ClaudeBot/1.0; +claudebot@anthropic.com)"
216.73.216.53 - - [30/Oct/2025:09:12:00 -0400] "GET /slot-rusty-and-curly-by-hacksaw-gaming-demo-free-play?fileloc=%2F%2Ftmp%2F4bbb35%2Fare-the-slot-machines-in-australia-rigged.html&path=%2F%2Ftmp%2F4bbb35 HTTP/1.1" 200 0 "-" "Mozilla/5.0 AppleWebKit/537.36 (KHTML, like Gecko; compatible; ClaudeBot/1.0; +claudebot@anthropic.com)"
216.73.216.53 - - [30/Oct/2025:09:12:00 -0400] "GET /slot-rusty-and-curly-by-hacksaw-gaming-demo-free-play?fileloc=%2F%2Ftmp%2F4bbb35%2Fcredit-cards-that-work-for-online-gambling.html&path=%2F%2Ftmp%2F4bbb35 HTTP/1.1" 200 0 "-" "Mozilla/5.0 AppleWebKit/537.36 (KHTML, like Gecko; compatible; ClaudeBot/1.0; +claudebot@anthropic.com)"
216.73.216.53 - - [30/Oct/2025:09:12:00 -0400] "GET /slot-rusty-and-curly-by-hacksaw-gaming-demo-free-play?fileloc=%2F%2Ftmp%2F4bbb35%2Ffree-gambling-no-deposit-australia.html&path=%2F%2Ftmp%2F4bbb35 HTTP/1.1" 200 0 "-" "Mozilla/5.0 AppleWebKit/537.36 (KHTML, like Gecko; compatible; ClaudeBot/1.0; +claudebot@anthropic.com)"
216.73.216.53 - - [30/Oct/2025:09:12:00 -0400] "GET /slot-rusty-and-curly-by-hacksaw-gaming-demo-free-play?fileloc=%2F%2Ftmp%2F4bbb35%2Fmobile-slots-no-deposit-bonuses.html&path=%2F%2Ftmp%2F4bbb35 HTTP/1.1" 200 0 "-" "Mozilla/5.0 AppleWebKit/537.36 (KHTML, like Gecko; compatible; ClaudeBot/1.0; +claudebot@anthropic.com)"
216.73.216.53 - - [30/Oct/2025:09:12:00 -0400] "GET /slot-rusty-and-curly-by-hacksaw-gaming-demo-free-play?fileloc=%2F%2Ftmp%2F4bbb35%2Fslot-ultimate-hot-by-igt-demo-free-play.html&path=%2F%2Ftmp%2F4bbb35 HTTP/1.1" 200 0 "-" "Mozilla/5.0 AppleWebKit/537.36 (KHTML, like Gecko; compatible; ClaudeBot/1.0; +claudebot@anthropic.com)"
216.73.216.53 - - [30/Oct/2025:09:12:00 -0400] "GET /slot-rusty-and-curly-by-hacksaw-gaming-demo-free-play?fileloc=%2F%2Ftmp%2F4bbb35%2Fgambling-age-new-zealand.html&path=%2F%2Ftmp%2F4bbb35 HTTP/1.1" 200 0 "-" "Mozilla/5.0 AppleWebKit/537.36 (KHTML, like Gecko; compatible; ClaudeBot/1.0; +claudebot@anthropic.com)"
216.73.216.53 - - [30/Oct/2025:09:12:00 -0400] "GET /slot-rusty-and-curly-by-hacksaw-gaming-demo-free-play?fileloc=%2F%2Ftmp%2F4bbb35%2Fcasinos-with-no-deposit-bonuses.html&path=%2F%2Ftmp%2F4bbb35 HTTP/1.1" 200 0 "-" "Mozilla/5.0 AppleWebKit/537.36 (KHTML, like Gecko; compatible; ClaudeBot/1.0; +claudebot@anthropic.com)"
216.73.216.53 - - [30/Oct/2025:09:12:00 -0400] "GET /slot-rusty-and-curly-by-hacksaw-gaming-demo-free-play?fileloc=%2F%2Ftmp%2F4bbb35%2Fslots-deposit-by-phone.html&path=%2F%2Ftmp%2F4bbb35 HTTP/1.1" 200 0 "-" "Mozilla/5.0 AppleWebKit/537.36 (KHTML, like Gecko; compatible; ClaudeBot/1.0; +claudebot@anthropic.com)"
216.73.216.53 - - [30/Oct/2025:09:12:00 -0400] "GET /slot-rusty-and-curly-by-hacksaw-gaming-demo-free-play?fileloc=%2F%2Ftmp%2F4bbb35%2Flegalizing-online-gambling.html&path=%2F%2Ftmp%2F4bbb35 HTTP/1.1" 200 0 "-" "Mozilla/5.0 AppleWebKit/537.36 (KHTML, like Gecko; compatible; ClaudeBot/1.0; +claudebot@anthropic.com)"
216.73.216.53 - - [30/Oct/2025:09:11:57 -0400] "GET /slot-rusty-and-curly-by-hacksaw-gaming-demo-free-play?fileloc=%2F%2Ftmp%2F4bbb35%2Flatest-casino-australia.html&path=%2F%2Ftmp%2F4bbb35 HTTP/1.1" 200 4337 "-" "Mozilla/5.0 AppleWebKit/537.36 (KHTML, like Gecko; compatible; ClaudeBot/1.0; +claudebot@anthropic.com)"
216.73.216.53 - - [30/Oct/2025:09:11:57 -0400] "GET /slot-rusty-and-curly-by-hacksaw-gaming-demo-free-play?fileloc=%2F%2Ftmp%2F4bbb35%2Ffree-bingo-real-money.html&path=%2F%2Ftmp%2F4bbb35 HTTP/1.1" 200 3991 "-" "Mozilla/5.0 AppleWebKit/537.36 (KHTML, like Gecko; compatible; ClaudeBot/1.0; +claudebot@anthropic.com)"
216.73.216.53 - - [30/Oct/2025:09:12:00 -0400] "GET /slot-rusty-and-curly-by-hacksaw-gaming-demo-free-play?fileloc=%2F%2Ftmp%2F4bbb35%2Fcards-king-of-spades.html&path=%2F%2Ftmp%2F4bbb35 HTTP/1.1" 200 0 "-" "Mozilla/5.0 AppleWebKit/537.36 (KHTML, like Gecko; compatible; ClaudeBot/1.0; +claudebot@anthropic.com)"
216.73.216.53 - - [30/Oct/2025:09:12:01 -0400] "GET /slot-rusty-and-curly-by-hacksaw-gaming-demo-free-play?fileloc=%2F%2Ftmp%2F4bbb35%2Fplay-aviator-slot-online.html&path=%2F%2Ftmp%2F4bbb35 HTTP/1.1" 200 0 "-" "Mozilla/5.0 AppleWebKit/537.36 (KHTML, like Gecko; compatible; ClaudeBot/1.0; +claudebot@anthropic.com)"
216.73.216.53 - - [30/Oct/2025:09:12:01 -0400] "GET /slot-rusty-and-curly-by-hacksaw-gaming-demo-free-play?fileloc=%2F%2Ftmp%2F4bbb35%2Fhow-to-get-credit-card-money-back-from-online-casino.html&path=%2F%2Ftmp%2F4bbb35 HTTP/1.1" 200 0 "-" "Mozilla/5.0 AppleWebKit/537.36 (KHTML, like Gecko; compatible; ClaudeBot/1.0; +claudebot@anthropic.com)"
216.73.216.53 - - [30/Oct/2025:09:12:01 -0400] "GET /slot-rusty-and-curly-by-hacksaw-gaming-demo-free-play?fileloc=%2F%2Ftmp%2F4bbb35%2Froulette-auto-wheel.html&path=%2F%2Ftmp%2F4bbb35 HTTP/1.1" 200 0 "-" "Mozilla/5.0 AppleWebKit/537.36 (KHTML, like Gecko; compatible; ClaudeBot/1.0; +claudebot@anthropic.com)"
216.73.216.53 - - [30/Oct/2025:09:12:01 -0400] "GET /slot-rusty-and-curly-by-hacksaw-gaming-demo-free-play?fileloc=%2F%2Ftmp%2F4bbb35%2Fplay-roulette-for-fun-free.html&path=%2F%2Ftmp%2F4bbb35 HTTP/1.1" 200 0 "-" "Mozilla/5.0 AppleWebKit/537.36 (KHTML, like Gecko; compatible; ClaudeBot/1.0; +claudebot@anthropic.com)"
216.73.216.53 - - [30/Oct/2025:09:11:57 -0400] "GET /slot-rusty-and-curly-by-hacksaw-gaming-demo-free-play?fileloc=%2F%2Ftmp%2F4bbb35%2Fbingo-in-edinburgh-uk.html&path=%2F%2Ftmp%2F4bbb35 HTTP/1.1" 200 4322 "-" "Mozilla/5.0 AppleWebKit/537.36 (KHTML, like Gecko; compatible; ClaudeBot/1.0; +claudebot@anthropic.com)"
216.73.216.53 - - [30/Oct/2025:09:12:01 -0400] "GET /slot-rusty-and-curly-by-hacksaw-gaming-demo-free-play?fileloc=%2F%2Ftmp%2F4bbb35%2Fbingo-brighton-line-ireland.html&path=%2F%2Ftmp%2F4bbb35 HTTP/1.1" 200 0 "-" "Mozilla/5.0 AppleWebKit/537.36 (KHTML, like Gecko; compatible; ClaudeBot/1.0; +claudebot@anthropic.com)"
216.73.216.53 - - [30/Oct/2025:09:12:01 -0400] "GET /slot-rusty-and-curly-by-hacksaw-gaming-demo-free-play?fileloc=%2F%2Ftmp%2F4bbb35%2Flive-casino-free-chips.html&path=%2F%2Ftmp%2F4bbb35 HTTP/1.1" 200 0 "-" "Mozilla/5.0 AppleWebKit/537.36 (KHTML, like Gecko; compatible; ClaudeBot/1.0; +claudebot@anthropic.com)"
216.73.216.53 - - [30/Oct/2025:09:12:01 -0400] "GET /slot-rusty-and-curly-by-hacksaw-gaming-demo-free-play?fileloc=%2F%2Ftmp%2F4bbb35%2Fcasino-with-pay-by-mobile.html&path=%2F%2Ftmp%2F4bbb35 HTTP/1.1" 200 0 "-" "Mozilla/5.0 AppleWebKit/537.36 (KHTML, like Gecko; compatible; ClaudeBot/1.0; +claudebot@anthropic.com)"
216.73.216.53 - - [30/Oct/2025:09:12:01 -0400] "GET /slot-rusty-and-curly-by-hacksaw-gaming-demo-free-play?fileloc=%2F%2Ftmp%2F4bbb35%2Ffree-no-deposit-bingo-ireland.html&path=%2F%2Ftmp%2F4bbb35 HTTP/1.1" 200 0 "-" "Mozilla/5.0 AppleWebKit/537.36 (KHTML, like Gecko; compatible; ClaudeBot/1.0; +claudebot@anthropic.com)"
216.73.216.53 - - [30/Oct/2025:09:12:01 -0400] "GET /slot-rusty-and-curly-by-hacksaw-gaming-demo-free-play?fileloc=%2F%2Ftmp%2F4bbb35%2Ffree-slots-no-deposit-no-card-details-ireland.html&path=%2F%2Ftmp%2F4bbb35 HTTP/1.1" 200 0 "-" "Mozilla/5.0 AppleWebKit/537.36 (KHTML, like Gecko; compatible; ClaudeBot/1.0; +claudebot@anthropic.com)"
66.249.65.198 - - [30/Oct/2025:09:12:02 -0400] "GET /tool-gym-ga512drgx-genntei HTTP/1.1" 200 18970 "-" "Mozilla/5.0 (Linux; Android 6.0.1; Nexus 5X Build/MMB29P) AppleWebKit/537.36 (KHTML, like Gecko) Chrome/141.0.7390.122 Mobile Safari/537.36 (compatible; Googlebot/2.1; +http://www.google.com/bot.html)"
216.73.216.53 - - [30/Oct/2025:09:12:02 -0400] "GET /slot-rusty-and-curly-by-hacksaw-gaming-demo-free-play?fileloc=%2F%2Ftmp%2F4bbb35%2Fcasino-online-on-win.html&path=%2F%2Ftmp%2F4bbb35 HTTP/1.1" 200 4172 "-" "Mozilla/5.0 AppleWebKit/537.36 (KHTML, like Gecko; compatible; ClaudeBot/1.0; +claudebot@anthropic.com)"
216.73.216.53 - - [30/Oct/2025:09:12:01 -0400] "GET /slot-rusty-and-curly-by-hacksaw-gaming-demo-free-play?fileloc=%2F%2Ftmp%2F4bbb35%2Fnew-gambling-site-australia.html&path=%2F%2Ftmp%2F4bbb35 HTTP/1.1" 200 4118 "-" "Mozilla/5.0 AppleWebKit/537.36 (KHTML, like Gecko; compatible; ClaudeBot/1.0; +claudebot@anthropic.com)"
216.73.216.53 - - [30/Oct/2025:09:12:02 -0400] "GET /slot-rusty-and-curly-by-hacksaw-gaming-demo-free-play?fileloc=%2F%2Ftmp%2F4bbb35%2Fbingo-sign-up-australia.html&path=%2F%2Ftmp%2F4bbb35 HTTP/1.1" 200 4160 "-" "Mozilla/5.0 AppleWebKit/537.36 (KHTML, like Gecko; compatible; ClaudeBot/1.0; +claudebot@anthropic.com)"
216.73.216.53 - - [30/Oct/2025:09:12:02 -0400] "GET /slot-rusty-and-curly-by-hacksaw-gaming-demo-free-play?fileloc=%2F%2Ftmp%2F4bbb35%2Fslots-bets.html&path=%2F%2Ftmp%2F4bbb35 HTTP/1.1" 200 4097 "-" "Mozilla/5.0 AppleWebKit/537.36 (KHTML, like Gecko; compatible; ClaudeBot/1.0; +claudebot@anthropic.com)"
216.73.216.53 - - [30/Oct/2025:09:12:02 -0400] "GET /slot-rusty-and-curly-by-hacksaw-gaming-demo-free-play?fileloc=%2F%2Ftmp%2F4bbb35%2Ffree-slot-machines-australia.html&path=%2F%2Ftmp%2F4bbb35 HTTP/1.1" 200 4145 "-" "Mozilla/5.0 AppleWebKit/537.36 (KHTML, like Gecko; compatible; ClaudeBot/1.0; +claudebot@anthropic.com)"
216.73.216.53 - - [30/Oct/2025:09:12:02 -0400] "GET /slot-rusty-and-curly-by-hacksaw-gaming-demo-free-play?fileloc=%2F%2Ftmp%2F4bbb35%2Funited-kingdom-roulette-wheel.html&path=%2F%2Ftmp%2F4bbb35 HTTP/1.1" 200 3992 "-" "Mozilla/5.0 AppleWebKit/537.36 (KHTML, like Gecko; compatible; ClaudeBot/1.0; +claudebot@anthropic.com)"
216.73.216.53 - - [30/Oct/2025:09:12:02 -0400] "GET /slot-rusty-and-curly-by-hacksaw-gaming-demo-free-play?fileloc=%2F%2Ftmp%2F4bbb35%2Fslots-real-money.html&path=%2F%2Ftmp%2F4bbb35 HTTP/1.1" 200 4280 "-" "Mozilla/5.0 AppleWebKit/537.36 (KHTML, like Gecko; compatible; ClaudeBot/1.0; +claudebot@anthropic.com)"
216.73.216.53 - - [30/Oct/2025:09:12:02 -0400] "GET /slot-rusty-and-curly-by-hacksaw-gaming-demo-free-play?fileloc=%2F%2Ftmp%2F4bbb35%2Famerican-roulette-rules.html&path=%2F%2Ftmp%2F4bbb35 HTTP/1.1" 200 4182 "-" "Mozilla/5.0 AppleWebKit/537.36 (KHTML, like Gecko; compatible; ClaudeBot/1.0; +claudebot@anthropic.com)"
216.73.216.53 - - [30/Oct/2025:09:12:02 -0400] "GET /slot-rusty-and-curly-by-hacksaw-gaming-demo-free-play?fileloc=%2F%2Ftmp%2F4bbb35%2Feuropean-blackjack-turbo-online.html&path=%2F%2Ftmp%2F4bbb35 HTTP/1.1" 200 4181 "-" "Mozilla/5.0 AppleWebKit/537.36 (KHTML, like Gecko; compatible; ClaudeBot/1.0; +claudebot@anthropic.com)"
66.249.65.198 - - [30/Oct/2025:09:12:03 -0400] "GET /m090045218?srsltid=AfmBOoFBhFCFcbinF1lsCj_jCX9evH7Qc_EVJ5BUjt-U-eT6g43vh1 HTTP/1.1" 200 19863 "-" "Mozilla/5.0 (Linux; Android 6.0.1; Nexus 5X Build/MMB29P) AppleWebKit/537.36 (KHTML, like Gecko) Chrome/141.0.7390.122 Mobile Safari/537.36 (compatible; GoogleOther)"
216.73.216.53 - - [30/Oct/2025:09:12:02 -0400] "GET /slot-rusty-and-curly-by-hacksaw-gaming-demo-free-play?fileloc=%2F%2Ftmp%2F4bbb35%2Fbingo-sites-that-take-paypal-uk.html&path=%2F%2Ftmp%2F4bbb35 HTTP/1.1" 200 4053 "-" "Mozilla/5.0 AppleWebKit/537.36 (KHTML, like Gecko; compatible; ClaudeBot/1.0; +claudebot@anthropic.com)"
98.83.94.113 - - [30/Oct/2025:09:12:03 -0400] "GET /portfolio-commercial/?path=//lib64/python3.6/site-packages/hawkey/test HTTP/1.1" 200 3569 "-" "Mozilla/5.0 AppleWebKit/537.36 (KHTML, like Gecko; compatible; Amazonbot/0.1; +https://developer.amazon.com/support/amazonbot) Chrome/119.0.6045.214 Safari/537.36"
216.73.216.53 - - [30/Oct/2025:09:12:03 -0400] "GET /slot-rusty-and-curly-by-hacksaw-gaming-demo-free-play?fileloc=%2F%2Ftmp%2F4bbb35%2Fnewest-online-slots-uk.html&path=%2F%2Ftmp%2F4bbb35 HTTP/1.1" 200 4158 "-" "Mozilla/5.0 AppleWebKit/537.36 (KHTML, like Gecko; compatible; ClaudeBot/1.0; +claudebot@anthropic.com)"
216.73.216.53 - - [30/Oct/2025:09:12:03 -0400] "GET /slot-rusty-and-curly-by-hacksaw-gaming-demo-free-play?fileloc=%2F%2Ftmp%2F4bbb35%2Fhow-online-casino-work.html&path=%2F%2Ftmp%2F4bbb35 HTTP/1.1" 200 4108 "-" "Mozilla/5.0 AppleWebKit/537.36 (KHTML, like Gecko; compatible; ClaudeBot/1.0; +claudebot@anthropic.com)"
216.73.216.53 - - [30/Oct/2025:09:12:03 -0400] "GET /slot-rusty-and-curly-by-hacksaw-gaming-demo-free-play?fileloc=%2F%2Ftmp%2F4bbb35%2Fslotty-way-casino-no-deposit-free-spins-bonus-codes.html&path=%2F%2Ftmp%2F4bbb35 HTTP/1.1" 200 4295 "-" "Mozilla/5.0 AppleWebKit/537.36 (KHTML, like Gecko; compatible; ClaudeBot/1.0; +claudebot@anthropic.com)"
216.73.216.53 - - [30/Oct/2025:09:12:04 -0400] "GET /slot-rusty-and-curly-by-hacksaw-gaming-demo-free-play?fileloc=%2F%2Ftmp%2F4bbb35%2Fcasino-with-pay-by-mobile-ireland.html&path=%2F%2Ftmp%2F4bbb35 HTTP/1.1" 200 4107 "-" "Mozilla/5.0 AppleWebKit/537.36 (KHTML, like Gecko; compatible; ClaudeBot/1.0; +claudebot@anthropic.com)"
216.73.216.53 - - [30/Oct/2025:09:12:05 -0400] "GET /slot-rusty-and-curly-by-hacksaw-gaming-demo-free-play?fileloc=%2F%2Ftmp%2F4bbb35%2Fcheating-united-kingdom-roulette.html&path=%2F%2Ftmp%2F4bbb35 HTTP/1.1" 200 4154 "-" "Mozilla/5.0 AppleWebKit/537.36 (KHTML, like Gecko; compatible; ClaudeBot/1.0; +claudebot@anthropic.com)"
216.73.216.53 - - [30/Oct/2025:09:12:04 -0400] "GET /slot-rusty-and-curly-by-hacksaw-gaming-demo-free-play?fileloc=%2F%2Ftmp%2F4bbb35%2Fcasino-with-free-coins.html&path=%2F%2Ftmp%2F4bbb35 HTTP/1.1" 200 4097 "-" "Mozilla/5.0 AppleWebKit/537.36 (KHTML, like Gecko; compatible; ClaudeBot/1.0; +claudebot@anthropic.com)"
216.73.216.53 - - [30/Oct/2025:09:12:05 -0400] "GET /slot-rusty-and-curly-by-hacksaw-gaming-demo-free-play?fileloc=%2F%2Ftmp%2F4bbb35%2Fcasino-non-gamstop.html&path=%2F%2Ftmp%2F4bbb35 HTTP/1.1" 200 4174 "-" "Mozilla/5.0 AppleWebKit/537.36 (KHTML, like Gecko; compatible; ClaudeBot/1.0; +claudebot@anthropic.com)"
216.73.216.53 - - [30/Oct/2025:09:12:05 -0400] "GET /slot-rusty-and-curly-by-hacksaw-gaming-demo-free-play?fileloc=%2F%2Ftmp%2F4bbb35%2Fstrategies-for-roulette-at-casinos.html&path=%2F%2Ftmp%2F4bbb35 HTTP/1.1" 200 4038 "-" "Mozilla/5.0 AppleWebKit/537.36 (KHTML, like Gecko; compatible; ClaudeBot/1.0; +claudebot@anthropic.com)"
216.73.216.53 - - [30/Oct/2025:09:12:05 -0400] "GET /slot-rusty-and-curly-by-hacksaw-gaming-demo-free-play?fileloc=%2F%2Ftmp%2F4bbb35%2Fblackjack-double-exposure-uk.html&path=%2F%2Ftmp%2F4bbb35 HTTP/1.1" 200 4180 "-" "Mozilla/5.0 AppleWebKit/537.36 (KHTML, like Gecko; compatible; ClaudeBot/1.0; +claudebot@anthropic.com)"
216.73.216.53 - - [30/Oct/2025:09:12:05 -0400] "GET /slot-rusty-and-curly-by-hacksaw-gaming-demo-free-play?fileloc=%2F%2Ftmp%2F4bbb35%2Fbitcoin-no-deposit-casinos.html&path=%2F%2Ftmp%2F4bbb35 HTTP/1.1" 200 4130 "-" "Mozilla/5.0 AppleWebKit/537.36 (KHTML, like Gecko; compatible; ClaudeBot/1.0; +claudebot@anthropic.com)"
216.73.216.53 - - [30/Oct/2025:09:12:07 -0400] "GET /slot-rusty-and-curly-by-hacksaw-gaming-demo-free-play?fileloc=%2F%2Ftmp%2F4bbb35%2F10p-deposit-casino.html&path=%2F%2Ftmp%2F4bbb35 HTTP/1.1" 200 4301 "-" "Mozilla/5.0 AppleWebKit/537.36 (KHTML, like Gecko; compatible; ClaudeBot/1.0; +claudebot@anthropic.com)"
216.73.216.53 - - [30/Oct/2025:09:12:07 -0400] "GET /slot-rusty-and-curly-by-hacksaw-gaming-demo-free-play?fileloc=%2F%2Ftmp%2F4bbb35%2Fare-electronic-slot-machines-allowed-in-canada.html&path=%2F%2Ftmp%2F4bbb35 HTTP/1.1" 200 4001 "-" "Mozilla/5.0 AppleWebKit/537.36 (KHTML, like Gecko; compatible; ClaudeBot/1.0; +claudebot@anthropic.com)"
216.73.216.53 - - [30/Oct/2025:09:12:07 -0400] "GET /slot-rusty-and-curly-by-hacksaw-gaming-demo-free-play?fileloc=%2F%2Ftmp%2F4bbb35%2Ftips-to-blackjack-australia.html&path=%2F%2Ftmp%2F4bbb35 HTTP/1.1" 200 4374 "-" "Mozilla/5.0 AppleWebKit/537.36 (KHTML, like Gecko; compatible; ClaudeBot/1.0; +claudebot@anthropic.com)"
216.73.216.53 - - [30/Oct/2025:09:12:07 -0400] "GET /slot-rusty-and-curly-by-hacksaw-gaming-demo-free-play?fileloc=%2F%2Ftmp%2F4bbb35%2Fhouse-edge-casino.html&path=%2F%2Ftmp%2F4bbb35 HTTP/1.1" 200 3987 "-" "Mozilla/5.0 AppleWebKit/537.36 (KHTML, like Gecko; compatible; ClaudeBot/1.0; +claudebot@anthropic.com)"
34.225.24.180 - - [30/Oct/2025:09:12:07 -0400] "GET /beste-versorger-provision/?path=//opt/cloudlinux/alt-php82/root/usr/share/fpm HTTP/1.1" 200 3393 "-" "Mozilla/5.0 AppleWebKit/537.36 (KHTML, like Gecko; compatible; Amazonbot/0.1; +https://developer.amazon.com/support/amazonbot) Chrome/119.0.6045.214 Safari/537.36"
216.73.216.53 - - [30/Oct/2025:09:12:07 -0400] "GET /slot-rusty-and-curly-by-hacksaw-gaming-demo-free-play?fileloc=%2F%2Ftmp%2F4bbb35%2Fonline-pontoon-game-uk.html&path=%2F%2Ftmp%2F4bbb35 HTTP/1.1" 200 4323 "-" "Mozilla/5.0 AppleWebKit/537.36 (KHTML, like Gecko; compatible; ClaudeBot/1.0; +claudebot@anthropic.com)"
216.73.216.53 - - [30/Oct/2025:09:12:07 -0400] "GET /slot-rusty-and-curly-by-hacksaw-gaming-demo-free-play?fileloc=%2F%2Ftmp%2F4bbb35%2Ffree-games-to-play-slots-live.html&path=%2F%2Ftmp%2F4bbb35 HTTP/1.1" 200 4182 "-" "Mozilla/5.0 AppleWebKit/537.36 (KHTML, like Gecko; compatible; ClaudeBot/1.0; +claudebot@anthropic.com)"
216.73.216.53 - - [30/Oct/2025:09:12:08 -0400] "GET /slot-rusty-and-curly-by-hacksaw-gaming-demo-free-play?fileloc=%2F%2Ftmp%2F4bbb35%2Fslots-pay-by-mobile.html&path=%2F%2Ftmp%2F4bbb35 HTTP/1.1" 200 3913 "-" "Mozilla/5.0 AppleWebKit/537.36 (KHTML, like Gecko; compatible; ClaudeBot/1.0; +claudebot@anthropic.com)"
216.73.216.53 - - [30/Oct/2025:09:12:08 -0400] "GET /slot-rusty-and-curly-by-hacksaw-gaming-demo-free-play?fileloc=%2F%2Ftmp%2F4bbb35%2Fcredit-card-slot.html&path=%2F%2Ftmp%2F4bbb35 HTTP/1.1" 200 4103 "-" "Mozilla/5.0 AppleWebKit/537.36 (KHTML, like Gecko; compatible; ClaudeBot/1.0; +claudebot@anthropic.com)"
216.73.216.53 - - [30/Oct/2025:09:12:08 -0400] "GET /slot-rusty-and-curly-by-hacksaw-gaming-demo-free-play?fileloc=%2F%2Ftmp%2F4bbb35%2Fcasino-gambling-game-online.html&path=%2F%2Ftmp%2F4bbb35 HTTP/1.1" 200 3919 "-" "Mozilla/5.0 AppleWebKit/537.36 (KHTML, like Gecko; compatible; ClaudeBot/1.0; +claudebot@anthropic.com)"
216.73.216.53 - - [30/Oct/2025:09:12:09 -0400] "GET /slot-rusty-and-curly-by-hacksaw-gaming-demo-free-play?fileloc=%2F%2Ftmp%2F4bbb35%2Fblackjack-cards-game.html&path=%2F%2Ftmp%2F4bbb35 HTTP/1.1" 200 4026 "-" "Mozilla/5.0 AppleWebKit/537.36 (KHTML, like Gecko; compatible; ClaudeBot/1.0; +claudebot@anthropic.com)"
216.73.216.53 - - [30/Oct/2025:09:12:09 -0400] "GET /slot-rusty-and-curly-by-hacksaw-gaming-demo-free-play?fileloc=%2F%2Ftmp%2F4bbb35%2Fcasino-website-australia.html&path=%2F%2Ftmp%2F4bbb35 HTTP/1.1" 200 4285 "-" "Mozilla/5.0 AppleWebKit/537.36 (KHTML, like Gecko; compatible; ClaudeBot/1.0; +claudebot@anthropic.com)"
216.73.216.53 - - [30/Oct/2025:09:12:09 -0400] "GET /slot-rusty-and-curly-by-hacksaw-gaming-demo-free-play?fileloc=%2F%2Ftmp%2F4bbb35%2Fwhat-roulette-number-hits-the-most-australia.html&path=%2F%2Ftmp%2F4bbb35 HTTP/1.1" 200 3959 "-" "Mozilla/5.0 AppleWebKit/537.36 (KHTML, like Gecko; compatible; ClaudeBot/1.0; +claudebot@anthropic.com)"
216.73.216.53 - - [30/Oct/2025:09:12:10 -0400] "GET /slot-rusty-and-curly-by-hacksaw-gaming-demo-free-play?fileloc=%2F%2Ftmp%2F4bbb35%2Fslot-diamond-link-mighty-sevens-by-novomatic-demo-free-play.html&path=%2F%2Ftmp%2F4bbb35 HTTP/1.1" 200 4347 "-" "Mozilla/5.0 AppleWebKit/537.36 (KHTML, like Gecko; compatible; ClaudeBot/1.0; +claudebot@anthropic.com)"
216.73.216.53 - - [30/Oct/2025:09:12:10 -0400] "GET /slot-rusty-and-curly-by-hacksaw-gaming-demo-free-play?fileloc=%2F%2Ftmp%2F4bbb35%2F5-reel-drive-slot-with-best-rtp.html&path=%2F%2Ftmp%2F4bbb35 HTTP/1.1" 200 4396 "-" "Mozilla/5.0 AppleWebKit/537.36 (KHTML, like Gecko; compatible; ClaudeBot/1.0; +claudebot@anthropic.com)"
216.73.216.53 - - [30/Oct/2025:09:12:10 -0400] "GET /slot-rusty-and-curly-by-hacksaw-gaming-demo-free-play?fileloc=%2F%2Ftmp%2F4bbb35%2Fonline-casinos-instant-withdrawal.html&path=%2F%2Ftmp%2F4bbb35 HTTP/1.1" 200 3891 "-" "Mozilla/5.0 AppleWebKit/537.36 (KHTML, like Gecko; compatible; ClaudeBot/1.0; +claudebot@anthropic.com)"
216.73.216.53 - - [30/Oct/2025:09:12:10 -0400] "GET /slot-rusty-and-curly-by-hacksaw-gaming-demo-free-play?fileloc=%2F%2Ftmp%2F4bbb35%2F500-free-spins-australia.html&path=%2F%2Ftmp%2F4bbb35 HTTP/1.1" 200 4633 "-" "Mozilla/5.0 AppleWebKit/537.36 (KHTML, like Gecko; compatible; ClaudeBot/1.0; +claudebot@anthropic.com)"
216.73.216.53 - - [30/Oct/2025:09:12:11 -0400] "GET /slot-rusty-and-curly-by-hacksaw-gaming-demo-free-play?fileloc=%2F%2Ftmp%2F4bbb35%2Fslot-congo-cash-by-pragmatic-play-demo-free-play.html&path=%2F%2Ftmp%2F4bbb35 HTTP/1.1" 200 4314 "-" "Mozilla/5.0 AppleWebKit/537.36 (KHTML, like Gecko; compatible; ClaudeBot/1.0; +claudebot@anthropic.com)"
3.212.205.90 - - [30/Oct/2025:09:12:11 -0400] "GET /eurogrand-kasino-probe-alle-erfahrungen-zum-euro-grand-vertrauenswurdig-login-pramie-2024-villa30-senderaum/?path=//home/creaqbdc/www/wp-content/plugins/insert-headers-and-footers/admin HTTP/1.1" 200 3420 "-" "Mozilla/5.0 AppleWebKit/537.36 (KHTML, like Gecko; compatible; Amazonbot/0.1; +https://developer.amazon.com/support/amazonbot) Chrome/119.0.6045.214 Safari/537.36"
216.73.216.53 - - [30/Oct/2025:09:12:12 -0400] "GET /slot-rusty-and-curly-by-hacksaw-gaming-demo-free-play?fileloc=%2F%2Ftmp%2F4bbb35%2Fonline-casino-payment-methods.html&path=%2F%2Ftmp%2F4bbb35 HTTP/1.1" 200 4082 "-" "Mozilla/5.0 AppleWebKit/537.36 (KHTML, like Gecko; compatible; ClaudeBot/1.0; +claudebot@anthropic.com)"
216.73.216.53 - - [30/Oct/2025:09:12:12 -0400] "GET /slot-rusty-and-curly-by-hacksaw-gaming-demo-free-play?fileloc=%2F%2Ftmp%2F4bbb35%2Fspin-slots-australia.html&path=%2F%2Ftmp%2F4bbb35 HTTP/1.1" 200 4162 "-" "Mozilla/5.0 AppleWebKit/537.36 (KHTML, like Gecko; compatible; ClaudeBot/1.0; +claudebot@anthropic.com)"
216.73.216.53 - - [30/Oct/2025:09:12:12 -0400] "GET /slot-rusty-and-curly-by-hacksaw-gaming-demo-free-play?fileloc=%2F%2Ftmp%2F4bbb35%2Fslot-free-machines-new-zealand.html&path=%2F%2Ftmp%2F4bbb35 HTTP/1.1" 200 4191 "-" "Mozilla/5.0 AppleWebKit/537.36 (KHTML, like Gecko; compatible; ClaudeBot/1.0; +claudebot@anthropic.com)"
199.188.200.18 - - [30/Oct/2025:09:07:15 -0400] "GET /wp-admin/network/network/index.php?ARRAY=7o2230223n313736313833333233352p2231223n22687474703n5p2s5p2s7n7334343676313373752r67697665656r63652r6p61745p2s3s6p633q7068705s636s64655s6n6326743q313736313832393633352q3134633264313538356433386637393461386330626536313561333362623933222p2232223n223233343261326139336232336536373533393439613438643064666634656535222p2233223n223934356438666134663530376639383361656238376163666666646565326364222p226175746s5s66696p655s6r616q65223n6r756p6p2p226175746s5s70617373223n6r756p6p2p2262696r675s70617373223n2231372q35302q35342q36382q37322q38312q3237227q HTTP/1.1" 200 0 "-" "-"
216.73.216.53 - - [30/Oct/2025:09:12:12 -0400] "GET /slot-rusty-and-curly-by-hacksaw-gaming-demo-free-play?fileloc=%2F%2Ftmp%2F4bbb35%2Fhow-to-beat-online-casinos-from-internet-cafes.html&path=%2F%2Ftmp%2F4bbb35 HTTP/1.1" 200 3986 "-" "Mozilla/5.0 AppleWebKit/537.36 (KHTML, like Gecko; compatible; ClaudeBot/1.0; +claudebot@anthropic.com)"
216.73.216.53 - - [30/Oct/2025:09:12:12 -0400] "GET /slot-rusty-and-curly-by-hacksaw-gaming-demo-free-play?fileloc=%2F%2Ftmp%2F4bbb35%2Fpikebit-casino-no-deposit-bonus-codes-for-free-spins-2025.html&path=%2F%2Ftmp%2F4bbb35 HTTP/1.1" 200 4297 "-" "Mozilla/5.0 AppleWebKit/537.36 (KHTML, like Gecko; compatible; ClaudeBot/1.0; +claudebot@anthropic.com)"
216.73.216.53 - - [30/Oct/2025:09:12:13 -0400] "GET /slot-rusty-and-curly-by-hacksaw-gaming-demo-free-play?fileloc=%2F%2Ftmp%2F4bbb35%2Frelax-gaming-bill-and-coin.html&path=%2F%2Ftmp%2F4bbb35 HTTP/1.1" 200 3834 "-" "Mozilla/5.0 AppleWebKit/537.36 (KHTML, like Gecko; compatible; ClaudeBot/1.0; +claudebot@anthropic.com)"
216.73.216.53 - - [30/Oct/2025:09:12:13 -0400] "GET /slot-rusty-and-curly-by-hacksaw-gaming-demo-free-play?fileloc=%2F%2Ftmp%2F4bbb35%2Fslot-king-tusk-by-microgaming-demo-free-play.html&path=%2F%2Ftmp%2F4bbb35 HTTP/1.1" 200 4042 "-" "Mozilla/5.0 AppleWebKit/537.36 (KHTML, like Gecko; compatible; ClaudeBot/1.0; +claudebot@anthropic.com)"
47.128.41.69 - - [30/Oct/2025:09:12:14 -0400] "GET /residential/?fileloc=%2Fhome%2Fcreaqbdc%2Fpublic_html%2Fwp-admin%2Fadmin-functions.php&path=%2Fhome%2Fcreaqbdc%2Fpublic_html%2Fwp-admin HTTP/1.1" 200 2744 "-" "Mozilla/5.0 (Linux; Android 5.0) AppleWebKit/537.36 (KHTML, like Gecko) Mobile Safari/537.36 (compatible; Bytespider; spider-feedback@bytedance.com)"
216.73.216.53 - - [30/Oct/2025:09:12:13 -0400] "GET /slot-rusty-and-curly-by-hacksaw-gaming-demo-free-play?fileloc=%2F%2Ftmp%2F4bbb35%2Fblackjack-sap-canada.html&path=%2F%2Ftmp%2F4bbb35 HTTP/1.1" 200 4107 "-" "Mozilla/5.0 AppleWebKit/537.36 (KHTML, like Gecko; compatible; ClaudeBot/1.0; +claudebot@anthropic.com)"
216.73.216.53 - - [30/Oct/2025:09:12:13 -0400] "GET /slot-rusty-and-curly-by-hacksaw-gaming-demo-free-play?fileloc=%2F%2Ftmp%2F4bbb35%2Fslots-no-wagering-uk.html&path=%2F%2Ftmp%2F4bbb35 HTTP/1.1" 200 3862 "-" "Mozilla/5.0 AppleWebKit/537.36 (KHTML, like Gecko; compatible; ClaudeBot/1.0; +claudebot@anthropic.com)"
216.73.216.53 - - [30/Oct/2025:09:12:14 -0400] "GET /slot-rusty-and-curly-by-hacksaw-gaming-demo-free-play?fileloc=%2F%2Ftmp%2F4bbb35%2Fflash-online-casino.html&path=%2F%2Ftmp%2F4bbb35 HTTP/1.1" 200 4041 "-" "Mozilla/5.0 AppleWebKit/537.36 (KHTML, like Gecko; compatible; ClaudeBot/1.0; +claudebot@anthropic.com)"
216.73.216.53 - - [30/Oct/2025:09:12:16 -0400] "GET /slot-rusty-and-curly-by-hacksaw-gaming-demo-free-play?fileloc=%2F%2Ftmp%2F4bbb35%2Fmachine-blackjack-casino.html&path=%2F%2Ftmp%2F4bbb35 HTTP/1.1" 200 0 "-" "Mozilla/5.0 AppleWebKit/537.36 (KHTML, like Gecko; compatible; ClaudeBot/1.0; +claudebot@anthropic.com)"
216.73.216.53 - - [30/Oct/2025:09:12:17 -0400] "GET /slot-rusty-and-curly-by-hacksaw-gaming-demo-free-play?fileloc=%2F%2Ftmp%2F4bbb35%2Fdeposit-10-play-with-50-slots-australia.html&path=%2F%2Ftmp%2F4bbb35 HTTP/1.1" 200 0 "-" "Mozilla/5.0 AppleWebKit/537.36 (KHTML, like Gecko; compatible; ClaudeBot/1.0; +claudebot@anthropic.com)"
216.73.216.53 - - [30/Oct/2025:09:12:17 -0400] "GET /slot-rusty-and-curly-by-hacksaw-gaming-demo-free-play?fileloc=%2F%2Ftmp%2F4bbb35%2Ffree-spins-no-deposit-canada-casino-operators.html&path=%2F%2Ftmp%2F4bbb35 HTTP/1.1" 200 0 "-" "Mozilla/5.0 AppleWebKit/537.36 (KHTML, like Gecko; compatible; ClaudeBot/1.0; +claudebot@anthropic.com)"
216.73.216.53 - - [30/Oct/2025:09:12:17 -0400] "GET /slot-rusty-and-curly-by-hacksaw-gaming-demo-free-play?fileloc=%2F%2Ftmp%2F4bbb35%2Fslot-and-games-new-zealand.html&path=%2F%2Ftmp%2F4bbb35 HTTP/1.1" 200 0 "-" "Mozilla/5.0 AppleWebKit/537.36 (KHTML, like Gecko; compatible; ClaudeBot/1.0; +claudebot@anthropic.com)"
216.73.216.53 - - [30/Oct/2025:09:12:14 -0400] "GET /slot-rusty-and-curly-by-hacksaw-gaming-demo-free-play?fileloc=%2F%2Ftmp%2F4bbb35%2Fcraps-in-australia-casinos.html&path=%2F%2Ftmp%2F4bbb35 HTTP/1.1" 200 4239 "-" "Mozilla/5.0 AppleWebKit/537.36 (KHTML, like Gecko; compatible; ClaudeBot/1.0; +claudebot@anthropic.com)"
54.152.163.42 - - [30/Oct/2025:09:12:15 -0400] "GET /book-of-ra-magic-kostenlos-spielen-ohne-anmeldung/?path=//proc/self/root/opt/cloudlinux/alt-php82/root HTTP/1.1" 200 3510 "-" "Mozilla/5.0 AppleWebKit/537.36 (KHTML, like Gecko; compatible; Amazonbot/0.1; +https://developer.amazon.com/support/amazonbot) Chrome/119.0.6045.214 Safari/537.36"
216.73.216.53 - - [30/Oct/2025:09:12:14 -0400] "GET /slot-rusty-and-curly-by-hacksaw-gaming-demo-free-play?fileloc=%2F%2Ftmp%2F4bbb35%2Ffruit-slots-machine-uk.html&path=%2F%2Ftmp%2F4bbb35 HTTP/1.1" 200 3936 "-" "Mozilla/5.0 AppleWebKit/537.36 (KHTML, like Gecko; compatible; ClaudeBot/1.0; +claudebot@anthropic.com)"
216.73.216.53 - - [30/Oct/2025:09:12:15 -0400] "GET /slot-rusty-and-curly-by-hacksaw-gaming-demo-free-play?fileloc=%2F%2Flib64%2Fplymouth%2Fdetails.so&path=%2F%2Flib64%2Fplymouth HTTP/1.1" 200 2431 "-" "Mozilla/5.0 AppleWebKit/537.36 (KHTML, like Gecko; compatible; ClaudeBot/1.0; +claudebot@anthropic.com)"
216.73.216.53 - - [30/Oct/2025:09:12:15 -0400] "GET /slot-rusty-and-curly-by-hacksaw-gaming-demo-free-play?fileloc=%2F%2Ftmp%2F4bbb35%2Fuk-casino-bitcoin.html&path=%2F%2Ftmp%2F4bbb35 HTTP/1.1" 200 3894 "-" "Mozilla/5.0 AppleWebKit/537.36 (KHTML, like Gecko; compatible; ClaudeBot/1.0; +claudebot@anthropic.com)"
216.73.216.53 - - [30/Oct/2025:09:12:17 -0400] "GET /slot-rusty-and-curly-by-hacksaw-gaming-demo-free-play?fileloc=%2F%2Ftmp%2F4bbb35%2Fplinko-casino-no-deposit-free-spins-bonus-codes.html&path=%2F%2Ftmp%2F4bbb35 HTTP/1.1" 200 4169 "-" "Mozilla/5.0 AppleWebKit/537.36 (KHTML, like Gecko; compatible; ClaudeBot/1.0; +claudebot@anthropic.com)"
216.73.216.53 - - [30/Oct/2025:09:12:17 -0400] "GET /slot-rusty-and-curly-by-hacksaw-gaming-demo-free-play?fileloc=%2F%2Ftmp%2F4bbb35%2Flive-casino-unibet.html&path=%2F%2Ftmp%2F4bbb35 HTTP/1.1" 200 4275 "-" "Mozilla/5.0 AppleWebKit/537.36 (KHTML, like Gecko; compatible; ClaudeBot/1.0; +claudebot@anthropic.com)"
216.73.216.53 - - [30/Oct/2025:09:12:17 -0400] "GET /slot-rusty-and-curly-by-hacksaw-gaming-demo-free-play?fileloc=%2F%2Ftmp%2F4bbb35%2F00-roulette-odds.html&path=%2F%2Ftmp%2F4bbb35 HTTP/1.1" 200 4418 "-" "Mozilla/5.0 AppleWebKit/537.36 (KHTML, like Gecko; compatible; ClaudeBot/1.0; +claudebot@anthropic.com)"
216.73.216.53 - - [30/Oct/2025:09:12:17 -0400] "GET /slot-rusty-and-curly-by-hacksaw-gaming-demo-free-play?fileloc=%2F%2Ftmp%2F4bbb35%2Fbest-online-slot-games-app.html&path=%2F%2Ftmp%2F4bbb35 HTTP/1.1" 200 4413 "-" "Mozilla/5.0 AppleWebKit/537.36 (KHTML, like Gecko; compatible; ClaudeBot/1.0; +claudebot@anthropic.com)"
216.73.216.53 - - [30/Oct/2025:09:12:17 -0400] "GET /slot-rusty-and-curly-by-hacksaw-gaming-demo-free-play?fileloc=%2F%2Ftmp%2F4bbb35%2Fwhich-states-have-casinos-in-australia.html&path=%2F%2Ftmp%2F4bbb35 HTTP/1.1" 200 4152 "-" "Mozilla/5.0 AppleWebKit/537.36 (KHTML, like Gecko; compatible; ClaudeBot/1.0; +claudebot@anthropic.com)"
216.73.216.53 - - [30/Oct/2025:09:12:17 -0400] "GET /slot-rusty-and-curly-by-hacksaw-gaming-demo-free-play?fileloc=%2F%2Ftmp%2F4bbb35%2Fgambling-licence-holders-australia.html&path=%2F%2Ftmp%2F4bbb35 HTTP/1.1" 200 3956 "-" "Mozilla/5.0 AppleWebKit/537.36 (KHTML, like Gecko; compatible; ClaudeBot/1.0; +claudebot@anthropic.com)"
216.73.216.53 - - [30/Oct/2025:09:12:17 -0400] "GET /slot-rusty-and-curly-by-hacksaw-gaming-demo-free-play?fileloc=%2F%2Ftmp%2F4bbb35%2Fbest-bonus-gambling-sites.html&path=%2F%2Ftmp%2F4bbb35 HTTP/1.1" 200 4289 "-" "Mozilla/5.0 AppleWebKit/537.36 (KHTML, like Gecko; compatible; ClaudeBot/1.0; +claudebot@anthropic.com)"
66.249.65.198 - - [30/Oct/2025:09:12:18 -0400] "GET /q-~1geKZBaPdTu7ctjbI86QrrU8UrV7hgZ314/?path=/home/creaqbdc HTTP/1.1" 200 4014 "-" "Mozilla/5.0 (Linux; Android 6.0.1; Nexus 5X Build/MMB29P) AppleWebKit/537.36 (KHTML, like Gecko) Chrome/141.0.7390.122 Mobile Safari/537.36 (compatible; GoogleOther)"
216.73.216.53 - - [30/Oct/2025:09:12:18 -0400] "GET /slot-rusty-and-curly-by-hacksaw-gaming-demo-free-play?fileloc=%2F%2Ftmp%2F4bbb35%2F500-rummy-rules-uk.html&path=%2F%2Ftmp%2F4bbb35 HTTP/1.1" 200 4089 "-" "Mozilla/5.0 AppleWebKit/537.36 (KHTML, like Gecko; compatible; ClaudeBot/1.0; +claudebot@anthropic.com)"
216.73.216.53 - - [30/Oct/2025:09:12:19 -0400] "GET /slot-rusty-and-curly-by-hacksaw-gaming-demo-free-play?fileloc=%2F%2Ftmp%2F4bbb35%2Fslot-machines-play-free-new-zealand.html&path=%2F%2Ftmp%2F4bbb35 HTTP/1.1" 200 4222 "-" "Mozilla/5.0 AppleWebKit/537.36 (KHTML, like Gecko; compatible; ClaudeBot/1.0; +claudebot@anthropic.com)"
216.73.216.53 - - [30/Oct/2025:09:12:18 -0400] "GET /slot-rusty-and-curly-by-hacksaw-gaming-demo-free-play?fileloc=%2F%2Ftmp%2F4bbb35%2Fdeposit-casino-bonus-codes.html&path=%2F%2Ftmp%2F4bbb35 HTTP/1.1" 200 4190 "-" "Mozilla/5.0 AppleWebKit/537.36 (KHTML, like Gecko; compatible; ClaudeBot/1.0; +claudebot@anthropic.com)"
216.73.216.53 - - [30/Oct/2025:09:12:19 -0400] "GET /slot-rusty-and-curly-by-hacksaw-gaming-demo-free-play?fileloc=%2F%2Ftmp%2F4bbb35%2Ffree-online-slot-machines-with-bonuses.html&path=%2F%2Ftmp%2F4bbb35 HTTP/1.1" 200 4419 "-" "Mozilla/5.0 AppleWebKit/537.36 (KHTML, like Gecko; compatible; ClaudeBot/1.0; +claudebot@anthropic.com)"
216.73.216.53 - - [30/Oct/2025:09:12:19 -0400] "GET /slot-rusty-and-curly-by-hacksaw-gaming-demo-free-play?fileloc=%2F%2Ftmp%2F4bbb35%2Fwin-money-no-deposit.html&path=%2F%2Ftmp%2F4bbb35 HTTP/1.1" 200 4123 "-" "Mozilla/5.0 AppleWebKit/537.36 (KHTML, like Gecko; compatible; ClaudeBot/1.0; +claudebot@anthropic.com)"
216.73.216.53 - - [30/Oct/2025:09:12:20 -0400] "GET /slot-rusty-and-curly-by-hacksaw-gaming-demo-free-play?fileloc=%2F%2Ftmp%2F4bbb35%2Fdragon-tiger-rtp.html&path=%2F%2Ftmp%2F4bbb35 HTTP/1.1" 200 4231 "-" "Mozilla/5.0 AppleWebKit/537.36 (KHTML, like Gecko; compatible; ClaudeBot/1.0; +claudebot@anthropic.com)"
23.23.212.212 - - [30/Oct/2025:09:12:19 -0400] "GET /master-the-challenge-of-drop-the-boss-a-gamer-s/?path=//opt/cloudlinux/venv/lib/python3.11/site-packages/virtualenv/app_data/__pycache__ HTTP/1.1" 200 3744 "-" "Mozilla/5.0 AppleWebKit/537.36 (KHTML, like Gecko; compatible; Amazonbot/0.1; +https://developer.amazon.com/support/amazonbot) Chrome/119.0.6045.214 Safari/537.36"
216.73.216.53 - - [30/Oct/2025:09:12:20 -0400] "GET /slot-rusty-and-curly-by-hacksaw-gaming-demo-free-play?fileloc=%2F%2Ftmp%2F4bbb35%2Fonline-games-jackpot.html&path=%2F%2Ftmp%2F4bbb35 HTTP/1.1" 200 4206 "-" "Mozilla/5.0 AppleWebKit/537.36 (KHTML, like Gecko; compatible; ClaudeBot/1.0; +claudebot@anthropic.com)"
216.73.216.53 - - [30/Oct/2025:09:12:20 -0400] "GET /slot-rusty-and-curly-by-hacksaw-gaming-demo-free-play?fileloc=%2F%2Ftmp%2F4bbb35%2Fonline-casino-netent-new-zealand.html&path=%2F%2Ftmp%2F4bbb35 HTTP/1.1" 200 4370 "-" "Mozilla/5.0 AppleWebKit/537.36 (KHTML, like Gecko; compatible; ClaudeBot/1.0; +claudebot@anthropic.com)"
216.73.216.53 - - [30/Oct/2025:09:12:20 -0400] "GET /slot-rusty-and-curly-by-hacksaw-gaming-demo-free-play?fileloc=%2F%2Ftmp%2F4bbb35%2Fmobile-casino-deposit-100-free-spins.html&path=%2F%2Ftmp%2F4bbb35 HTTP/1.1" 200 4022 "-" "Mozilla/5.0 AppleWebKit/537.36 (KHTML, like Gecko; compatible; ClaudeBot/1.0; +claudebot@anthropic.com)"
