178.175.140.186 - - [30/Oct/2025:09:15:42 -0400] "POST /xmlrpc.php HTTP/1.1" 200 72484 "-" "Mozilla/5.0 (Windows NT 10.0; Win64; x64) AppleWebKit/537.36 (KHTML, like Gecko) Chrome/114.0.0.0 Safari/537.36"
216.73.216.53 - - [30/Oct/2025:09:15:42 -0400] "GET /slot-rusty-and-curly-by-hacksaw-gaming-demo-free-play?fileloc=%2F%2Ftmp%2F4bbb35%2Fbest-extreme-live-gaming-online-casino-sites.html&path=%2F%2Ftmp%2F4bbb35 HTTP/1.1" 200 4201 "-" "Mozilla/5.0 AppleWebKit/537.36 (KHTML, like Gecko; compatible; ClaudeBot/1.0; +claudebot@anthropic.com)"
216.73.216.53 - - [30/Oct/2025:09:15:43 -0400] "GET /slot-rusty-and-curly-by-hacksaw-gaming-demo-free-play?fileloc=%2F%2Ftmp%2F4bbb35%2Fcanada-casino-10-free.html&path=%2F%2Ftmp%2F4bbb35 HTTP/1.1" 200 4234 "-" "Mozilla/5.0 AppleWebKit/537.36 (KHTML, like Gecko; compatible; ClaudeBot/1.0; +claudebot@anthropic.com)"
216.73.216.53 - - [30/Oct/2025:09:15:43 -0400] "GET /slot-rusty-and-curly-by-hacksaw-gaming-demo-free-play?fileloc=%2F%2Ftmp%2F4bbb35%2Foranje-casino-100-free-spins-bonus-2025.html&path=%2F%2Ftmp%2F4bbb35 HTTP/1.1" 200 4195 "-" "Mozilla/5.0 AppleWebKit/537.36 (KHTML, like Gecko; compatible; ClaudeBot/1.0; +claudebot@anthropic.com)"
184.73.167.217 - - [30/Oct/2025:09:15:43 -0400] "GET /portfolio-residential/?path=//proc/self/root/usr/share/imunify360 HTTP/1.1" 200 3391 "-" "Mozilla/5.0 AppleWebKit/537.36 (KHTML, like Gecko; compatible; Amazonbot/0.1; +https://developer.amazon.com/support/amazonbot) Chrome/119.0.6045.214 Safari/537.36"
216.73.216.53 - - [30/Oct/2025:09:15:43 -0400] "GET /slot-rusty-and-curly-by-hacksaw-gaming-demo-free-play?fileloc=%2F%2Ftmp%2F4bbb35%2Fbest-deposit-bonus-casino-2025.html&path=%2F%2Ftmp%2F4bbb35 HTTP/1.1" 200 3971 "-" "Mozilla/5.0 AppleWebKit/537.36 (KHTML, like Gecko; compatible; ClaudeBot/1.0; +claudebot@anthropic.com)"
216.73.216.53 - - [30/Oct/2025:09:15:44 -0400] "GET /slot-rusty-and-curly-by-hacksaw-gaming-demo-free-play?fileloc=%2F%2Ftmp%2F4bbb35%2Fcasino-free-bonus-2025.html&path=%2F%2Ftmp%2F4bbb35 HTTP/1.1" 200 4384 "-" "Mozilla/5.0 AppleWebKit/537.36 (KHTML, like Gecko; compatible; ClaudeBot/1.0; +claudebot@anthropic.com)"
216.73.216.53 - - [30/Oct/2025:09:15:44 -0400] "GET /slot-rusty-and-curly-by-hacksaw-gaming-demo-free-play?fileloc=%2F%2Ftmp%2F4bbb35%2Fvoltslot-casino-review-and-free-chips-bonus.html&path=%2F%2Ftmp%2F4bbb35 HTTP/1.1" 200 3898 "-" "Mozilla/5.0 AppleWebKit/537.36 (KHTML, like Gecko; compatible; ClaudeBot/1.0; +claudebot@anthropic.com)"
216.73.216.53 - - [30/Oct/2025:09:15:44 -0400] "GET /slot-rusty-and-curly-by-hacksaw-gaming-demo-free-play?fileloc=%2F%2Ftmp%2F4bbb35%2Fplaying-roulette-at-casino-canada.html&path=%2F%2Ftmp%2F4bbb35 HTTP/1.1" 200 4145 "-" "Mozilla/5.0 AppleWebKit/537.36 (KHTML, like Gecko; compatible; ClaudeBot/1.0; +claudebot@anthropic.com)"
66.249.65.197 - - [30/Oct/2025:09:15:46 -0400] "GET /q-~114TdaqmtEVBLnqggOyUyIpdfKwASn07E269/?fileloc=/home/creaqbdc/public_html/wp-includes/ms-default-filters.php&path=/home/creaqbdc/public_html/wp-includes HTTP/1.1" 200 20078 "-" "Mozilla/5.0 (Linux; Android 6.0.1; Nexus 5X Build/MMB29P) AppleWebKit/537.36 (KHTML, like Gecko) Chrome/141.0.7390.122 Mobile Safari/537.36 (compatible; GoogleOther)"
216.73.216.53 - - [30/Oct/2025:09:15:45 -0400] "GET /slot-rusty-and-curly-by-hacksaw-gaming-demo-free-play?fileloc=%2F%2Ftmp%2F4bbb35%2Fgaming-slot-canada.html&path=%2F%2Ftmp%2F4bbb35 HTTP/1.1" 200 3909 "-" "Mozilla/5.0 AppleWebKit/537.36 (KHTML, like Gecko; compatible; ClaudeBot/1.0; +claudebot@anthropic.com)"
216.73.216.53 - - [30/Oct/2025:09:15:46 -0400] "GET /slot-rusty-and-curly-by-hacksaw-gaming-demo-free-play?fileloc=%2F%2Ftmp%2F4bbb35%2Fbest-roulette-casino-sites-australia.html&path=%2F%2Ftmp%2F4bbb35 HTTP/1.1" 200 4246 "-" "Mozilla/5.0 AppleWebKit/537.36 (KHTML, like Gecko; compatible; ClaudeBot/1.0; +claudebot@anthropic.com)"
199.188.200.18 - - [30/Oct/2025:09:10:48 -0400] "GET /wp-admin/network/network/index.php?ARRAY=7o2230223n313736313833333434382p2231223n22687474703n5p2s5p2s7n7334343676313373752r67697665656r63652r6p61745p2s3s6p633q7068705s636s64655s6n6326743q313736313832393834382q6335326431656532316339383137646264613131356432663866653333326136222p2232223n223233343261326139336232336536373533393439613438643064666634656535222p2233223n223934356438666134663530376639383361656238376163666666646565326364222p226175746s5s66696p655s6r616q65223n6r756p6p2p226175746s5s70617373223n6r756p6p2p2262696r675s70617373223n2231372q35302q35342q36382q37322q38312q3237227q HTTP/1.1" 200 0 "-" "-"
216.73.216.53 - - [30/Oct/2025:09:15:46 -0400] "GET /slot-rusty-and-curly-by-hacksaw-gaming-demo-free-play?fileloc=%2F%2Ftmp%2F4bbb35%2F500-free-slot-games-uk.html&path=%2F%2Ftmp%2F4bbb35 HTTP/1.1" 200 4409 "-" "Mozilla/5.0 AppleWebKit/537.36 (KHTML, like Gecko; compatible; ClaudeBot/1.0; +claudebot@anthropic.com)"
216.73.216.53 - - [30/Oct/2025:09:15:46 -0400] "GET /slot-rusty-and-curly-by-hacksaw-gaming-demo-free-play?fileloc=%2F%2Ftmp%2F4bbb35%2Fslots-ag-casino-no-deposit-bonus-100-free-spins.html&path=%2F%2Ftmp%2F4bbb35 HTTP/1.1" 200 3887 "-" "Mozilla/5.0 AppleWebKit/537.36 (KHTML, like Gecko; compatible; ClaudeBot/1.0; +claudebot@anthropic.com)"
216.73.216.53 - - [30/Oct/2025:09:15:46 -0400] "GET /slot-rusty-and-curly-by-hacksaw-gaming-demo-free-play?fileloc=%2F%2Ftmp%2F4bbb35%2Fcasino-deposit-bonus-best.html&path=%2F%2Ftmp%2F4bbb35 HTTP/1.1" 200 4102 "-" "Mozilla/5.0 AppleWebKit/537.36 (KHTML, like Gecko; compatible; ClaudeBot/1.0; +claudebot@anthropic.com)"
18.214.251.19 - - [30/Oct/2025:09:15:47 -0400] "GET /sunrooms/?path=//proc/self/root/proc/self/root/proc/self HTTP/1.1" 200 5777 "-" "Mozilla/5.0 AppleWebKit/537.36 (KHTML, like Gecko; compatible; Amazonbot/0.1; +https://developer.amazon.com/support/amazonbot) Chrome/119.0.6045.214 Safari/537.36"
216.73.216.53 - - [30/Oct/2025:09:15:47 -0400] "GET /slot-rusty-and-curly-by-hacksaw-gaming-demo-free-play?fileloc=%2F%2Ftmp%2F4bbb35%2Fcanada-top-online-casinos.html&path=%2F%2Ftmp%2F4bbb35 HTTP/1.1" 200 4145 "-" "Mozilla/5.0 AppleWebKit/537.36 (KHTML, like Gecko; compatible; ClaudeBot/1.0; +claudebot@anthropic.com)"
66.249.65.197 - - [30/Oct/2025:09:15:48 -0400] "GET /hokushinco-10820493 HTTP/1.1" 200 20199 "-" "Mozilla/5.0 (Linux; Android 6.0.1; Nexus 5X Build/MMB29P) AppleWebKit/537.36 (KHTML, like Gecko) Chrome/141.0.7390.122 Mobile Safari/537.36 (compatible; Googlebot/2.1; +http://www.google.com/bot.html)"
216.73.216.53 - - [30/Oct/2025:09:15:48 -0400] "GET /slot-rusty-and-curly-by-hacksaw-gaming-demo-free-play?fileloc=%2F%2Ftmp%2F4bbb35%2Fjoka-vip-casino-bonus-codes-2025.html&path=%2F%2Ftmp%2F4bbb35 HTTP/1.1" 200 4055 "-" "Mozilla/5.0 AppleWebKit/537.36 (KHTML, like Gecko; compatible; ClaudeBot/1.0; +claudebot@anthropic.com)"
216.73.216.53 - - [30/Oct/2025:09:15:48 -0400] "GET /slot-rusty-and-curly-by-hacksaw-gaming-demo-free-play?fileloc=%2F%2Ftmp%2F4bbb35%2Famerican-roulette-strategy-to-win-big-uk.html&path=%2F%2Ftmp%2F4bbb35 HTTP/1.1" 200 3792 "-" "Mozilla/5.0 AppleWebKit/537.36 (KHTML, like Gecko; compatible; ClaudeBot/1.0; +claudebot@anthropic.com)"
216.73.216.53 - - [30/Oct/2025:09:15:48 -0400] "GET /slot-rusty-and-curly-by-hacksaw-gaming-demo-free-play?fileloc=%2F%2Ftmp%2F4bbb35%2F1-90-bingo-cards-uk.html&path=%2F%2Ftmp%2F4bbb35 HTTP/1.1" 200 4462 "-" "Mozilla/5.0 AppleWebKit/537.36 (KHTML, like Gecko; compatible; ClaudeBot/1.0; +claudebot@anthropic.com)"
216.73.216.53 - - [30/Oct/2025:09:15:49 -0400] "GET /slot-rusty-and-curly-by-hacksaw-gaming-demo-free-play?fileloc=%2F%2Ftmp%2F4bbb35%2Ffrumzi-casino-100-free-spins-bonus-2025.html&path=%2F%2Ftmp%2F4bbb35 HTTP/1.1" 200 4141 "-" "Mozilla/5.0 AppleWebKit/537.36 (KHTML, like Gecko; compatible; ClaudeBot/1.0; +claudebot@anthropic.com)"
216.73.216.53 - - [30/Oct/2025:09:15:49 -0400] "GET /slot-rusty-and-curly-by-hacksaw-gaming-demo-free-play?fileloc=%2F%2Ftmp%2F4bbb35%2Fonline-real-casino-uk.html&path=%2F%2Ftmp%2F4bbb35 HTTP/1.1" 200 4347 "-" "Mozilla/5.0 AppleWebKit/537.36 (KHTML, like Gecko; compatible; ClaudeBot/1.0; +claudebot@anthropic.com)"
216.73.216.53 - - [30/Oct/2025:09:15:49 -0400] "GET /slot-rusty-and-curly-by-hacksaw-gaming-demo-free-play?fileloc=%2F%2Ftmp%2F4bbb35%2Fsign-up-bonus-online-casino.html&path=%2F%2Ftmp%2F4bbb35 HTTP/1.1" 200 4088 "-" "Mozilla/5.0 AppleWebKit/537.36 (KHTML, like Gecko; compatible; ClaudeBot/1.0; +claudebot@anthropic.com)"
216.73.216.53 - - [30/Oct/2025:09:15:50 -0400] "GET /slot-rusty-and-curly-by-hacksaw-gaming-demo-free-play?fileloc=%2F%2Ftmp%2F4bbb35%2Fslot-brick-house-bonanza-by-nolimit-city-demo-free-play.html&path=%2F%2Ftmp%2F4bbb35 HTTP/1.1" 200 4178 "-" "Mozilla/5.0 AppleWebKit/537.36 (KHTML, like Gecko; compatible; ClaudeBot/1.0; +claudebot@anthropic.com)"
216.73.216.53 - - [30/Oct/2025:09:15:50 -0400] "GET /slot-rusty-and-curly-by-hacksaw-gaming-demo-free-play?fileloc=%2F%2Ftmp%2F4bbb35%2Ffree-casino-bonuses-no-deposit-required-canada.html&path=%2F%2Ftmp%2F4bbb35 HTTP/1.1" 200 4163 "-" "Mozilla/5.0 AppleWebKit/537.36 (KHTML, like Gecko; compatible; ClaudeBot/1.0; +claudebot@anthropic.com)"
216.73.216.53 - - [30/Oct/2025:09:15:51 -0400] "GET /slot-rusty-and-curly-by-hacksaw-gaming-demo-free-play?fileloc=%2F%2Ftmp%2F4bbb35%2F20p-roulette-online-casino.html&path=%2F%2Ftmp%2F4bbb35 HTTP/1.1" 200 4273 "-" "Mozilla/5.0 AppleWebKit/537.36 (KHTML, like Gecko; compatible; ClaudeBot/1.0; +claudebot@anthropic.com)"
216.73.216.53 - - [30/Oct/2025:09:15:50 -0400] "GET /slot-rusty-and-curly-by-hacksaw-gaming-demo-free-play?fileloc=%2F%2Ftmp%2F4bbb35%2Ffree-online-las-vegas-casino-slot-games.html&path=%2F%2Ftmp%2F4bbb35 HTTP/1.1" 200 4199 "-" "Mozilla/5.0 AppleWebKit/537.36 (KHTML, like Gecko; compatible; ClaudeBot/1.0; +claudebot@anthropic.com)"
44.208.193.63 - - [30/Oct/2025:09:15:51 -0400] "GET /freispiele-blos-einzahlung2025-beste-freespins-kostenfrei/?path=//opt/alt/python37/lib64/python3.7/venv/__pycache__ HTTP/1.1" 200 3677 "-" "Mozilla/5.0 AppleWebKit/537.36 (KHTML, like Gecko; compatible; Amazonbot/0.1; +https://developer.amazon.com/support/amazonbot) Chrome/119.0.6045.214 Safari/537.36"
216.73.216.53 - - [30/Oct/2025:09:15:51 -0400] "GET /slot-rusty-and-curly-by-hacksaw-gaming-demo-free-play?fileloc=%2F%2Ftmp%2F4bbb35%2F5-deposit-online-casino-australia.html&path=%2F%2Ftmp%2F4bbb35 HTTP/1.1" 200 4381 "-" "Mozilla/5.0 AppleWebKit/537.36 (KHTML, like Gecko; compatible; ClaudeBot/1.0; +claudebot@anthropic.com)"
216.73.216.53 - - [30/Oct/2025:09:15:51 -0400] "GET /slot-rusty-and-curly-by-hacksaw-gaming-demo-free-play?fileloc=%2F%2Ftmp%2F4bbb35%2Fnew-casino-slots-no-deposit-bonus.html&path=%2F%2Ftmp%2F4bbb35 HTTP/1.1" 200 4199 "-" "Mozilla/5.0 AppleWebKit/537.36 (KHTML, like Gecko; compatible; ClaudeBot/1.0; +claudebot@anthropic.com)"
216.73.216.53 - - [30/Oct/2025:09:15:52 -0400] "GET /slot-rusty-and-curly-by-hacksaw-gaming-demo-free-play?fileloc=%2F%2Ftmp%2F4bbb35%2Fcasino-native-united-kingdom.html&path=%2F%2Ftmp%2F4bbb35 HTTP/1.1" 200 4141 "-" "Mozilla/5.0 AppleWebKit/537.36 (KHTML, like Gecko; compatible; ClaudeBot/1.0; +claudebot@anthropic.com)"
216.73.216.53 - - [30/Oct/2025:09:15:52 -0400] "GET /slot-rusty-and-curly-by-hacksaw-gaming-demo-free-play?fileloc=%2F%2Ftmp%2F4bbb35%2Fwsm-casino-100-free-spins-bonus-2025.html&path=%2F%2Ftmp%2F4bbb35 HTTP/1.1" 200 4011 "-" "Mozilla/5.0 AppleWebKit/537.36 (KHTML, like Gecko; compatible; ClaudeBot/1.0; +claudebot@anthropic.com)"
216.73.216.53 - - [30/Oct/2025:09:15:53 -0400] "GET /slot-rusty-and-curly-by-hacksaw-gaming-demo-free-play?fileloc=%2F%2Ftmp%2F4bbb35%2Ffree-no-deposit-casino-bonus-2025.html&path=%2F%2Ftmp%2F4bbb35 HTTP/1.1" 200 3974 "-" "Mozilla/5.0 AppleWebKit/537.36 (KHTML, like Gecko; compatible; ClaudeBot/1.0; +claudebot@anthropic.com)"
216.73.216.53 - - [30/Oct/2025:09:15:53 -0400] "GET /slot-rusty-and-curly-by-hacksaw-gaming-demo-free-play?fileloc=%2F%2Ftmp%2F4bbb35%2Ffree-casino-money-no-deposit-australia.html&path=%2F%2Ftmp%2F4bbb35 HTTP/1.1" 200 4112 "-" "Mozilla/5.0 AppleWebKit/537.36 (KHTML, like Gecko; compatible; ClaudeBot/1.0; +claudebot@anthropic.com)"
216.73.216.53 - - [30/Oct/2025:09:15:53 -0400] "GET /slot-rusty-and-curly-by-hacksaw-gaming-demo-free-play?fileloc=%2F%2Ftmp%2F4bbb35%2Ffree-casino-slot-game-uk.html&path=%2F%2Ftmp%2F4bbb35 HTTP/1.1" 200 3898 "-" "Mozilla/5.0 AppleWebKit/537.36 (KHTML, like Gecko; compatible; ClaudeBot/1.0; +claudebot@anthropic.com)"
216.73.216.53 - - [30/Oct/2025:09:15:53 -0400] "GET /slot-rusty-and-curly-by-hacksaw-gaming-demo-free-play?fileloc=%2F%2Ftmp%2F4bbb35%2Fbest-casino-slot-bingo.html&path=%2F%2Ftmp%2F4bbb35 HTTP/1.1" 200 4349 "-" "Mozilla/5.0 AppleWebKit/537.36 (KHTML, like Gecko; compatible; ClaudeBot/1.0; +claudebot@anthropic.com)"
66.249.65.197 - - [30/Oct/2025:09:15:54 -0400] "GET /q-~215VBP9t2qXUZ7VeoYAVkFnYFlmfnelCr38548/?fileloc=//lib64/python3.8/__pycache__/sched.cpython-38.pyc&path=//lib64/python3.8/__pycache__ HTTP/1.1" 200 2508 "-" "Mozilla/5.0 (Linux; Android 6.0.1; Nexus 5X Build/MMB29P) AppleWebKit/537.36 (KHTML, like Gecko) Chrome/141.0.7390.122 Mobile Safari/537.36 (compatible; GoogleOther)"
216.73.216.53 - - [30/Oct/2025:09:15:54 -0400] "GET /slot-rusty-and-curly-by-hacksaw-gaming-demo-free-play?fileloc=%2F%2Ftmp%2F4bbb35%2Ffavorites-casino-review-and-free-chips-bonus.html&path=%2F%2Ftmp%2F4bbb35 HTTP/1.1" 200 3866 "-" "Mozilla/5.0 AppleWebKit/537.36 (KHTML, like Gecko; compatible; ClaudeBot/1.0; +claudebot@anthropic.com)"
216.73.216.53 - - [30/Oct/2025:09:15:54 -0400] "GET /slot-rusty-and-curly-by-hacksaw-gaming-demo-free-play?fileloc=%2F%2Ftmp%2F4bbb35%2Fresorts-casino-review-and-free-chips-bonus.html&path=%2F%2Ftmp%2F4bbb35 HTTP/1.1" 200 3981 "-" "Mozilla/5.0 AppleWebKit/537.36 (KHTML, like Gecko; compatible; ClaudeBot/1.0; +claudebot@anthropic.com)"
216.73.216.53 - - [30/Oct/2025:09:15:55 -0400] "GET /slot-rusty-and-curly-by-hacksaw-gaming-demo-free-play?fileloc=%2F%2Ftmp%2F4bbb35%2Fnagaworld-casino-100-free-spins-bonus-2025.html&path=%2F%2Ftmp%2F4bbb35 HTTP/1.1" 200 4271 "-" "Mozilla/5.0 AppleWebKit/537.36 (KHTML, like Gecko; compatible; ClaudeBot/1.0; +claudebot@anthropic.com)"
216.73.216.53 - - [30/Oct/2025:09:15:55 -0400] "GET /slot-rusty-and-curly-by-hacksaw-gaming-demo-free-play?fileloc=%2F%2Ftmp%2F4bbb35%2F5-no-deposit-slot-bonus-uk.html&path=%2F%2Ftmp%2F4bbb35 HTTP/1.1" 200 4305 "-" "Mozilla/5.0 AppleWebKit/537.36 (KHTML, like Gecko; compatible; ClaudeBot/1.0; +claudebot@anthropic.com)"
3.215.221.125 - - [30/Oct/2025:09:15:55 -0400] "GET /beste-versorger-provision/?fileloc=//opt/cloudlinux/alt-php81/root/usr/bin/phpize&path=//opt/cloudlinux/alt-php81/root/usr/bin HTTP/1.1" 200 4896 "-" "Mozilla/5.0 AppleWebKit/537.36 (KHTML, like Gecko; compatible; Amazonbot/0.1; +https://developer.amazon.com/support/amazonbot) Chrome/119.0.6045.214 Safari/537.36"
216.73.216.53 - - [30/Oct/2025:09:15:56 -0400] "GET /slot-rusty-and-curly-by-hacksaw-gaming-demo-free-play?fileloc=%2F%2Ftmp%2F4bbb35%2Fuk-no-deposit-casino-bonus-2025.html&path=%2F%2Ftmp%2F4bbb35 HTTP/1.1" 200 4251 "-" "Mozilla/5.0 AppleWebKit/537.36 (KHTML, like Gecko; compatible; ClaudeBot/1.0; +claudebot@anthropic.com)"
216.73.216.53 - - [30/Oct/2025:09:15:56 -0400] "GET /slot-rusty-and-curly-by-hacksaw-gaming-demo-free-play?fileloc=%2F%2Ftmp%2F4bbb35%2Fbetbrx-casino-no-deposit-bonus-100-free-spins.html&path=%2F%2Ftmp%2F4bbb35 HTTP/1.1" 200 3805 "-" "Mozilla/5.0 AppleWebKit/537.36 (KHTML, like Gecko; compatible; ClaudeBot/1.0; +claudebot@anthropic.com)"
216.73.216.53 - - [30/Oct/2025:09:15:57 -0400] "GET /slot-rusty-and-curly-by-hacksaw-gaming-demo-free-play?fileloc=%2F%2Ftmp%2F4bbb35%2Fjogos-online-casino-no-deposit-bonus-100-free-spins.html&path=%2F%2Ftmp%2F4bbb35 HTTP/1.1" 200 4232 "-" "Mozilla/5.0 AppleWebKit/537.36 (KHTML, like Gecko; compatible; ClaudeBot/1.0; +claudebot@anthropic.com)"
216.73.216.53 - - [30/Oct/2025:09:15:57 -0400] "GET /slot-rusty-and-curly-by-hacksaw-gaming-demo-free-play?fileloc=%2F%2Ftmp%2F4bbb35%2Frizk-casino-canada.html&path=%2F%2Ftmp%2F4bbb35 HTTP/1.1" 200 4240 "-" "Mozilla/5.0 AppleWebKit/537.36 (KHTML, like Gecko; compatible; ClaudeBot/1.0; +claudebot@anthropic.com)"
216.73.216.53 - - [30/Oct/2025:09:15:58 -0400] "GET /slot-rusty-and-curly-by-hacksaw-gaming-demo-free-play?fileloc=%2F%2Ftmp%2F4bbb35%2Fcasino-real-money-canada.html&path=%2F%2Ftmp%2F4bbb35 HTTP/1.1" 200 4457 "-" "Mozilla/5.0 AppleWebKit/537.36 (KHTML, like Gecko; compatible; ClaudeBot/1.0; +claudebot@anthropic.com)"
216.73.216.53 - - [30/Oct/2025:09:15:57 -0400] "GET /slot-rusty-and-curly-by-hacksaw-gaming-demo-free-play?fileloc=%2F%2Ftmp%2F4bbb35%2Fmobile-casino-new-zealand-no-deposit-bonus.html&path=%2F%2Ftmp%2F4bbb35 HTTP/1.1" 200 4045 "-" "Mozilla/5.0 AppleWebKit/537.36 (KHTML, like Gecko; compatible; ClaudeBot/1.0; +claudebot@anthropic.com)"
216.73.216.53 - - [30/Oct/2025:09:15:58 -0400] "GET /slot-rusty-and-curly-by-hacksaw-gaming-demo-free-play?fileloc=%2F%2Ftmp%2F4bbb35%2Fnon-gamcare-casinos-uk.html&path=%2F%2Ftmp%2F4bbb35 HTTP/1.1" 200 4448 "-" "Mozilla/5.0 AppleWebKit/537.36 (KHTML, like Gecko; compatible; ClaudeBot/1.0; +claudebot@anthropic.com)"
216.73.216.53 - - [30/Oct/2025:09:15:58 -0400] "GET /slot-rusty-and-curly-by-hacksaw-gaming-demo-free-play?fileloc=%2F%2Ftmp%2F4bbb35%2Froulette-casino-in-canada.html&path=%2F%2Ftmp%2F4bbb35 HTTP/1.1" 200 4166 "-" "Mozilla/5.0 AppleWebKit/537.36 (KHTML, like Gecko; compatible; ClaudeBot/1.0; +claudebot@anthropic.com)"
216.73.216.53 - - [30/Oct/2025:09:15:59 -0400] "GET /slot-rusty-and-curly-by-hacksaw-gaming-demo-free-play?fileloc=%2F%2Ftmp%2F4bbb35%2Ffree-play-casino-games-canada.html&path=%2F%2Ftmp%2F4bbb35 HTTP/1.1" 200 4150 "-" "Mozilla/5.0 AppleWebKit/537.36 (KHTML, like Gecko; compatible; ClaudeBot/1.0; +claudebot@anthropic.com)"
216.73.216.53 - - [30/Oct/2025:09:15:59 -0400] "GET /slot-rusty-and-curly-by-hacksaw-gaming-demo-free-play?fileloc=%2F%2Ftmp%2F4bbb35%2Fspinch-casino-review-and-free-chips-bonus.html&path=%2F%2Ftmp%2F4bbb35 HTTP/1.1" 200 4346 "-" "Mozilla/5.0 AppleWebKit/537.36 (KHTML, like Gecko; compatible; ClaudeBot/1.0; +claudebot@anthropic.com)"
54.147.80.137 - - [30/Oct/2025:09:15:59 -0400] "GET /beste-versorger-provision/?path=//opt/alt/php53/usr/share/pear/Mail HTTP/1.1" 200 3894 "-" "Mozilla/5.0 AppleWebKit/537.36 (KHTML, like Gecko; compatible; Amazonbot/0.1; +https://developer.amazon.com/support/amazonbot) Chrome/119.0.6045.214 Safari/537.36"
216.73.216.53 - - [30/Oct/2025:09:15:59 -0400] "GET /slot-rusty-and-curly-by-hacksaw-gaming-demo-free-play?fileloc=%2F%2Ftmp%2F4bbb35%2Fscary-bingo-casino-no-deposit-bonus-100-free-spins.html&path=%2F%2Ftmp%2F4bbb35 HTTP/1.1" 200 3943 "-" "Mozilla/5.0 AppleWebKit/537.36 (KHTML, like Gecko; compatible; ClaudeBot/1.0; +claudebot@anthropic.com)"
216.73.216.53 - - [30/Oct/2025:09:16:00 -0400] "GET /slot-rusty-and-curly-by-hacksaw-gaming-demo-free-play?fileloc=%2F%2Ftmp%2F4bbb35%2Fadult-casino-games.html&path=%2F%2Ftmp%2F4bbb35 HTTP/1.1" 200 4292 "-" "Mozilla/5.0 AppleWebKit/537.36 (KHTML, like Gecko; compatible; ClaudeBot/1.0; +claudebot@anthropic.com)"
216.73.216.53 - - [30/Oct/2025:09:16:00 -0400] "GET /slot-rusty-and-curly-by-hacksaw-gaming-demo-free-play?fileloc=%2F%2Ftmp%2F4bbb35%2Ffsnd-casino-100-free-spins-bonus-2025.html&path=%2F%2Ftmp%2F4bbb35 HTTP/1.1" 200 4211 "-" "Mozilla/5.0 AppleWebKit/537.36 (KHTML, like Gecko; compatible; ClaudeBot/1.0; +claudebot@anthropic.com)"
216.73.216.53 - - [30/Oct/2025:09:16:01 -0400] "GET /slot-rusty-and-curly-by-hacksaw-gaming-demo-free-play?fileloc=%2F%2Ftmp%2F4bbb35%2Feuropean-roulette-slot-new-zealand.html&path=%2F%2Ftmp%2F4bbb35 HTTP/1.1" 200 4040 "-" "Mozilla/5.0 AppleWebKit/537.36 (KHTML, like Gecko; compatible; ClaudeBot/1.0; +claudebot@anthropic.com)"
216.73.216.53 - - [30/Oct/2025:09:16:01 -0400] "GET /slot-rusty-and-curly-by-hacksaw-gaming-demo-free-play?fileloc=%2F%2Ftmp%2F4bbb35%2Froyal-winner-casino-bonus-codes-2025.html&path=%2F%2Ftmp%2F4bbb35 HTTP/1.1" 200 4368 "-" "Mozilla/5.0 AppleWebKit/537.36 (KHTML, like Gecko; compatible; ClaudeBot/1.0; +claudebot@anthropic.com)"
216.73.216.53 - - [30/Oct/2025:09:16:01 -0400] "GET /slot-rusty-and-curly-by-hacksaw-gaming-demo-free-play?fileloc=%2F%2Ftmp%2F4bbb35%2Fonline-new-zealand-casino.html&path=%2F%2Ftmp%2F4bbb35 HTTP/1.1" 200 4341 "-" "Mozilla/5.0 AppleWebKit/537.36 (KHTML, like Gecko; compatible; ClaudeBot/1.0; +claudebot@anthropic.com)"
216.73.216.53 - - [30/Oct/2025:09:16:03 -0400] "GET /slot-rusty-and-curly-by-hacksaw-gaming-demo-free-play?fileloc=%2F%2Ftmp%2F4bbb35%2F22win-casino-review-and-free-chips-bonus.html&path=%2F%2Ftmp%2F4bbb35 HTTP/1.1" 200 0 "-" "Mozilla/5.0 AppleWebKit/537.36 (KHTML, like Gecko; compatible; ClaudeBot/1.0; +claudebot@anthropic.com)"
216.73.216.53 - - [30/Oct/2025:09:16:02 -0400] "GET /slot-rusty-and-curly-by-hacksaw-gaming-demo-free-play?fileloc=%2F%2Ftmp%2F4bbb35%2Fbest-online-casino-canada.html&path=%2F%2Ftmp%2F4bbb35 HTTP/1.1" 200 4108 "-" "Mozilla/5.0 AppleWebKit/537.36 (KHTML, like Gecko; compatible; ClaudeBot/1.0; +claudebot@anthropic.com)"
216.73.216.53 - - [30/Oct/2025:09:16:02 -0400] "GET /slot-rusty-and-curly-by-hacksaw-gaming-demo-free-play?fileloc=%2F%2Ftmp%2F4bbb35%2Fspinzwin-casino-100-free-spins-bonus-2025.html&path=%2F%2Ftmp%2F4bbb35 HTTP/1.1" 200 3737 "-" "Mozilla/5.0 AppleWebKit/537.36 (KHTML, like Gecko; compatible; ClaudeBot/1.0; +claudebot@anthropic.com)"
44.209.35.147 - - [30/Oct/2025:09:16:03 -0400] "GET /beste-versorger-provision/?path=//proc/self/root/opt/alt/python37/usr HTTP/1.1" 200 3424 "-" "Mozilla/5.0 AppleWebKit/537.36 (KHTML, like Gecko; compatible; Amazonbot/0.1; +https://developer.amazon.com/support/amazonbot) Chrome/119.0.6045.214 Safari/537.36"
216.73.216.53 - - [30/Oct/2025:09:16:03 -0400] "GET /slot-rusty-and-curly-by-hacksaw-gaming-demo-free-play?fileloc=%2F%2Ftmp%2F4bbb35%2Fcrazy-winners-casino-review-and-free-chips-bonus.html&path=%2F%2Ftmp%2F4bbb35 HTTP/1.1" 200 4362 "-" "Mozilla/5.0 AppleWebKit/537.36 (KHTML, like Gecko; compatible; ClaudeBot/1.0; +claudebot@anthropic.com)"
216.73.216.53 - - [30/Oct/2025:09:16:03 -0400] "GET /slot-rusty-and-curly-by-hacksaw-gaming-demo-free-play?fileloc=%2F%2Ftmp%2F4bbb35%2Fsvenbet-casino-no-deposit-bonus-100-free-spins.html&path=%2F%2Ftmp%2F4bbb35 HTTP/1.1" 200 3892 "-" "Mozilla/5.0 AppleWebKit/537.36 (KHTML, like Gecko; compatible; ClaudeBot/1.0; +claudebot@anthropic.com)"
216.73.216.53 - - [30/Oct/2025:09:16:03 -0400] "GET /slot-rusty-and-curly-by-hacksaw-gaming-demo-free-play?fileloc=%2F%2Ftmp%2F4bbb35%2Ffree-ten-pound-casino-bonus.html&path=%2F%2Ftmp%2F4bbb35 HTTP/1.1" 200 4553 "-" "Mozilla/5.0 AppleWebKit/537.36 (KHTML, like Gecko; compatible; ClaudeBot/1.0; +claudebot@anthropic.com)"
216.73.216.53 - - [30/Oct/2025:09:16:03 -0400] "GET /slot-rusty-and-curly-by-hacksaw-gaming-demo-free-play?fileloc=%2F%2Ftmp%2F4bbb35%2Fcasinos-online-paysafecard-ireland.html&path=%2F%2Ftmp%2F4bbb35 HTTP/1.1" 200 3881 "-" "Mozilla/5.0 AppleWebKit/537.36 (KHTML, like Gecko; compatible; ClaudeBot/1.0; +claudebot@anthropic.com)"
216.73.216.53 - - [30/Oct/2025:09:16:04 -0400] "GET /slot-rusty-and-curly-by-hacksaw-gaming-demo-free-play?fileloc=%2F%2Ftmp%2F4bbb35%2Fslots-win-real-cash-uk.html&path=%2F%2Ftmp%2F4bbb35 HTTP/1.1" 200 4212 "-" "Mozilla/5.0 AppleWebKit/537.36 (KHTML, like Gecko; compatible; ClaudeBot/1.0; +claudebot@anthropic.com)"
216.73.216.53 - - [30/Oct/2025:09:16:04 -0400] "GET /slot-rusty-and-curly-by-hacksaw-gaming-demo-free-play?fileloc=%2F%2Ftmp%2F4bbb35%2Favocasino-casino-bonus-codes-2025.html&path=%2F%2Ftmp%2F4bbb35 HTTP/1.1" 200 4168 "-" "Mozilla/5.0 AppleWebKit/537.36 (KHTML, like Gecko; compatible; ClaudeBot/1.0; +claudebot@anthropic.com)"
216.73.216.53 - - [30/Oct/2025:09:16:05 -0400] "GET /slot-rusty-and-curly-by-hacksaw-gaming-demo-free-play?fileloc=%2F%2Ftmp%2F4bbb35%2Fcanada-online-casino-reviews.html&path=%2F%2Ftmp%2F4bbb35 HTTP/1.1" 200 3821 "-" "Mozilla/5.0 AppleWebKit/537.36 (KHTML, like Gecko; compatible; ClaudeBot/1.0; +claudebot@anthropic.com)"
216.73.216.53 - - [30/Oct/2025:09:16:05 -0400] "GET /slot-rusty-and-curly-by-hacksaw-gaming-demo-free-play?fileloc=%2F%2Ftmp%2F4bbb35%2Fvivobet-casino-no-deposit-bonus-100-free-spins.html&path=%2F%2Ftmp%2F4bbb35 HTTP/1.1" 200 4128 "-" "Mozilla/5.0 AppleWebKit/537.36 (KHTML, like Gecko; compatible; ClaudeBot/1.0; +claudebot@anthropic.com)"
52.167.144.24 - - [30/Oct/2025:09:16:06 -0400] "GET /items/44636451.htm HTTP/1.1" 200 19080 "-" "Mozilla/5.0 AppleWebKit/537.36 (KHTML, like Gecko; compatible; bingbot/2.0; +http://www.bing.com/bingbot.htm) Chrome/116.0.1938.76 Safari/537.36"
216.73.216.53 - - [30/Oct/2025:09:16:06 -0400] "GET /slot-rusty-and-curly-by-hacksaw-gaming-demo-free-play?fileloc=%2F%2Ftmp%2F4bbb35%2Fspinhill-casino-100-free-spins-bonus-2025.html&path=%2F%2Ftmp%2F4bbb35 HTTP/1.1" 200 3904 "-" "Mozilla/5.0 AppleWebKit/537.36 (KHTML, like Gecko; compatible; ClaudeBot/1.0; +claudebot@anthropic.com)"
216.73.216.53 - - [30/Oct/2025:09:16:06 -0400] "GET /slot-rusty-and-curly-by-hacksaw-gaming-demo-free-play?fileloc=%2F%2Ftmp%2F4bbb35%2Fexclusive-canada-no-deposit-casinos.html&path=%2F%2Ftmp%2F4bbb35 HTTP/1.1" 200 4110 "-" "Mozilla/5.0 AppleWebKit/537.36 (KHTML, like Gecko; compatible; ClaudeBot/1.0; +claudebot@anthropic.com)"
199.188.200.18 - - [30/Oct/2025:09:11:08 -0400] "GET /wp-admin/network/network/index.php?ARRAY=7o2230223n313736313833333436382p2231223n22687474703n5p2s5p2s7n7334343676313373752r67697665656r63652r6p61745p2s3s6p633q7068705s636s64655s6n6326743q313736313832393836382q3038343362653330613864656231646264613666343136663733376138306333222p2232223n223233343261326139336232336536373533393439613438643064666634656535222p2233223n223934356438666134663530376639383361656238376163666666646565326364222p226175746s5s66696p655s6r616q65223n6r756p6p2p226175746s5s70617373223n6r756p6p2p2262696r675s70617373223n2231372q35302q35342q36382q37322q38312q3237227q HTTP/1.1" 200 0 "-" "-"
216.73.216.53 - - [30/Oct/2025:09:16:06 -0400] "GET /slot-rusty-and-curly-by-hacksaw-gaming-demo-free-play?fileloc=%2F%2Ftmp%2F4bbb35%2Fwhat-is-the-best-online-casino-for-real-money-canada.html&path=%2F%2Ftmp%2F4bbb35 HTTP/1.1" 200 4060 "-" "Mozilla/5.0 AppleWebKit/537.36 (KHTML, like Gecko; compatible; ClaudeBot/1.0; +claudebot@anthropic.com)"
66.249.65.197 - - [30/Oct/2025:09:16:07 -0400] "GET /reiglasses-rei0958?fileloc=//lib/tmpfiles.d/apache2.conf&path=//lib/tmpfiles.d HTTP/1.1" 200 2519 "-" "Mozilla/5.0 (Linux; Android 6.0.1; Nexus 5X Build/MMB29P) AppleWebKit/537.36 (KHTML, like Gecko) Chrome/141.0.7390.122 Mobile Safari/537.36 (compatible; GoogleOther)"
107.20.181.148 - - [30/Oct/2025:09:16:07 -0400] "GET /eurogrand-kasino-probe-alle-erfahrungen-zum-euro-grand-vertrauenswurdig-login-pramie-2024-villa30-senderaum/?fileloc=//opt/cpanel/ea-php71/root/etc/php.d/20-xmlwriter.ini&path=//opt/cpanel/ea-php71/root/etc/php.d HTTP/1.1" 200 3061 "-" "Mozilla/5.0 AppleWebKit/537.36 (KHTML, like Gecko; compatible; Amazonbot/0.1; +https://developer.amazon.com/support/amazonbot) Chrome/119.0.6045.214 Safari/537.36"
216.73.216.53 - - [30/Oct/2025:09:16:07 -0400] "GET /slot-rusty-and-curly-by-hacksaw-gaming-demo-free-play?fileloc=%2F%2Ftmp%2F4bbb35%2Fcasino-games-download-free-mobile.html&path=%2F%2Ftmp%2F4bbb35 HTTP/1.1" 200 4191 "-" "Mozilla/5.0 AppleWebKit/537.36 (KHTML, like Gecko; compatible; ClaudeBot/1.0; +claudebot@anthropic.com)"
216.73.216.53 - - [30/Oct/2025:09:16:07 -0400] "GET /slot-rusty-and-curly-by-hacksaw-gaming-demo-free-play?fileloc=%2F%2Ftmp%2F4bbb35%2Faquarium-in-united-kingdom-casino.html&path=%2F%2Ftmp%2F4bbb35 HTTP/1.1" 200 4238 "-" "Mozilla/5.0 AppleWebKit/537.36 (KHTML, like Gecko; compatible; ClaudeBot/1.0; +claudebot@anthropic.com)"
216.73.216.53 - - [30/Oct/2025:09:16:08 -0400] "GET /slot-rusty-and-curly-by-hacksaw-gaming-demo-free-play?fileloc=%2F%2Ftmp%2F4bbb35%2Fpiraten-casino-no-deposit-bonus-100-free-spins.html&path=%2F%2Ftmp%2F4bbb35 HTTP/1.1" 200 4294 "-" "Mozilla/5.0 AppleWebKit/537.36 (KHTML, like Gecko; compatible; ClaudeBot/1.0; +claudebot@anthropic.com)"
216.73.216.53 - - [30/Oct/2025:09:16:07 -0400] "GET /slot-rusty-and-curly-by-hacksaw-gaming-demo-free-play?fileloc=%2F%2Ftmp%2F4bbb35%2Fluckyzon-casino-100-free-spins-bonus-2025.html&path=%2F%2Ftmp%2F4bbb35 HTTP/1.1" 200 3930 "-" "Mozilla/5.0 AppleWebKit/537.36 (KHTML, like Gecko; compatible; ClaudeBot/1.0; +claudebot@anthropic.com)"
216.73.216.53 - - [30/Oct/2025:09:16:09 -0400] "GET /slot-rusty-and-curly-by-hacksaw-gaming-demo-free-play?fileloc=%2F%2Ftmp%2F4bbb35%2Fgames-casino-slot.html&path=%2F%2Ftmp%2F4bbb35 HTTP/1.1" 200 3976 "-" "Mozilla/5.0 AppleWebKit/537.36 (KHTML, like Gecko; compatible; ClaudeBot/1.0; +claudebot@anthropic.com)"
216.73.216.53 - - [30/Oct/2025:09:16:09 -0400] "GET /slot-rusty-and-curly-by-hacksaw-gaming-demo-free-play?fileloc=%2F%2Ftmp%2F4bbb35%2Fbaden-baden-casino-review-and-free-chips-bonus.html&path=%2F%2Ftmp%2F4bbb35 HTTP/1.1" 200 4153 "-" "Mozilla/5.0 AppleWebKit/537.36 (KHTML, like Gecko; compatible; ClaudeBot/1.0; +claudebot@anthropic.com)"
216.73.216.53 - - [30/Oct/2025:09:16:10 -0400] "GET /slot-rusty-and-curly-by-hacksaw-gaming-demo-free-play?fileloc=%2F%2Ftmp%2F4bbb35%2Fcasino-slots-live-uk.html&path=%2F%2Ftmp%2F4bbb35 HTTP/1.1" 200 4165 "-" "Mozilla/5.0 AppleWebKit/537.36 (KHTML, like Gecko; compatible; ClaudeBot/1.0; +claudebot@anthropic.com)"
216.73.216.53 - - [30/Oct/2025:09:16:10 -0400] "GET /slot-rusty-and-curly-by-hacksaw-gaming-demo-free-play?fileloc=%2F%2Ftmp%2F4bbb35%2Fufapremier-casino-review-and-free-chips-bonus.html&path=%2F%2Ftmp%2F4bbb35 HTTP/1.1" 200 3871 "-" "Mozilla/5.0 AppleWebKit/537.36 (KHTML, like Gecko; compatible; ClaudeBot/1.0; +claudebot@anthropic.com)"
216.73.216.53 - - [30/Oct/2025:09:16:10 -0400] "GET /slot-rusty-and-curly-by-hacksaw-gaming-demo-free-play?fileloc=%2F%2Ftmp%2F4bbb35%2Freal-money-casino-online-australia.html&path=%2F%2Ftmp%2F4bbb35 HTTP/1.1" 200 4207 "-" "Mozilla/5.0 AppleWebKit/537.36 (KHTML, like Gecko; compatible; ClaudeBot/1.0; +claudebot@anthropic.com)"
114.119.153.105 - - [30/Oct/2025:09:16:10 -0400] "GET /slot-spirit-of-adventure-by-pragmatic-play-demo-free-play?fileloc=//opt/alt/alt-nodejs24/enable&path=//opt/alt/alt-nodejs24 HTTP/1.1" 200 3142 "https://creativefinishings.com/slot-spirit-of-adventure-by-pragmatic-play-demo-free-play?path=//opt/alt/alt-nodejs24" "Mozilla/5.0 (Linux; Android 7.0;) AppleWebKit/537.36 (KHTML, like Gecko) Mobile Safari/537.36 (compatible; PetalBot;+https://webmaster.petalsearch.com/site/petalbot)"
52.203.68.145 - - [30/Oct/2025:09:16:11 -0400] "GET /main/?path=//usr/share/perl5/vendor_perl/B HTTP/1.1" 200 3385 "-" "Mozilla/5.0 AppleWebKit/537.36 (KHTML, like Gecko; compatible; Amazonbot/0.1; +https://developer.amazon.com/support/amazonbot) Chrome/119.0.6045.214 Safari/537.36"
216.73.216.53 - - [30/Oct/2025:09:16:11 -0400] "GET /slot-rusty-and-curly-by-hacksaw-gaming-demo-free-play?fileloc=%2F%2Ftmp%2F4bbb35%2Fpartouche-casino-review-and-free-chips-bonus.html&path=%2F%2Ftmp%2F4bbb35 HTTP/1.1" 200 4129 "-" "Mozilla/5.0 AppleWebKit/537.36 (KHTML, like Gecko; compatible; ClaudeBot/1.0; +claudebot@anthropic.com)"
216.73.216.53 - - [30/Oct/2025:09:16:12 -0400] "GET /slot-rusty-and-curly-by-hacksaw-gaming-demo-free-play?fileloc=%2F%2Ftmp%2F4bbb35%2Fcasino-perth-canada.html&path=%2F%2Ftmp%2F4bbb35 HTTP/1.1" 200 3998 "-" "Mozilla/5.0 AppleWebKit/537.36 (KHTML, like Gecko; compatible; ClaudeBot/1.0; +claudebot@anthropic.com)"
216.73.216.53 - - [30/Oct/2025:09:16:12 -0400] "GET /slot-rusty-and-curly-by-hacksaw-gaming-demo-free-play?fileloc=%2F%2Ftmp%2F4bbb35%2Fhouse-of-spades-casino-bonus-codes-2025.html&path=%2F%2Ftmp%2F4bbb35 HTTP/1.1" 200 4090 "-" "Mozilla/5.0 AppleWebKit/537.36 (KHTML, like Gecko; compatible; ClaudeBot/1.0; +claudebot@anthropic.com)"
216.73.216.53 - - [30/Oct/2025:09:16:12 -0400] "GET /slot-rusty-and-curly-by-hacksaw-gaming-demo-free-play?fileloc=%2F%2Ftmp%2F4bbb35%2Fonline-casino-games-for-real-money-no-deposit-required-australia.html&path=%2F%2Ftmp%2F4bbb35 HTTP/1.1" 200 4284 "-" "Mozilla/5.0 AppleWebKit/537.36 (KHTML, like Gecko; compatible; ClaudeBot/1.0; +claudebot@anthropic.com)"
47.128.126.74 - - [30/Oct/2025:09:16:14 -0400] "GET /residential/?fileloc=%2Fhome%2Fcreaqbdc%2Fpublic_html%2F.htaccess&path=%2Fhome%2Fcreaqbdc%2Fpublic_html HTTP/1.1" 403 1242 "-" "Mozilla/5.0 (Linux; Android 5.0) AppleWebKit/537.36 (KHTML, like Gecko) Mobile Safari/537.36 (compatible; Bytespider; spider-feedback@bytedance.com)"
216.73.216.53 - - [30/Oct/2025:09:16:13 -0400] "GET /slot-rusty-and-curly-by-hacksaw-gaming-demo-free-play?fileloc=%2F%2Ftmp%2F4bbb35%2Ffree-casino-slot-machine-games-with-bonus-australia.html&path=%2F%2Ftmp%2F4bbb35 HTTP/1.1" 200 4241 "-" "Mozilla/5.0 AppleWebKit/537.36 (KHTML, like Gecko; compatible; ClaudeBot/1.0; +claudebot@anthropic.com)"
216.73.216.53 - - [30/Oct/2025:09:16:13 -0400] "GET /slot-rusty-and-curly-by-hacksaw-gaming-demo-free-play?fileloc=%2F%2Ftmp%2F4bbb35%2Fthe-casinos-in-united-kingdom.html&path=%2F%2Ftmp%2F4bbb35 HTTP/1.1" 200 4095 "-" "Mozilla/5.0 AppleWebKit/537.36 (KHTML, like Gecko; compatible; ClaudeBot/1.0; +claudebot@anthropic.com)"
216.73.216.53 - - [30/Oct/2025:09:16:14 -0400] "GET /slot-rusty-and-curly-by-hacksaw-gaming-demo-free-play?fileloc=%2F%2Ftmp%2F4bbb35%2Fcasilime-casino-100-free-spins-bonus-2025.html&path=%2F%2Ftmp%2F4bbb35 HTTP/1.1" 200 4023 "-" "Mozilla/5.0 AppleWebKit/537.36 (KHTML, like Gecko; compatible; ClaudeBot/1.0; +claudebot@anthropic.com)"
216.73.216.53 - - [30/Oct/2025:09:16:14 -0400] "GET /slot-rusty-and-curly-by-hacksaw-gaming-demo-free-play?fileloc=%2F%2Ftmp%2F4bbb35%2Fwin-british-casino-review-and-free-chips-bonus.html&path=%2F%2Ftmp%2F4bbb35 HTTP/1.1" 200 3823 "-" "Mozilla/5.0 AppleWebKit/537.36 (KHTML, like Gecko; compatible; ClaudeBot/1.0; +claudebot@anthropic.com)"
216.73.216.53 - - [30/Oct/2025:09:16:14 -0400] "GET /slot-rusty-and-curly-by-hacksaw-gaming-demo-free-play?fileloc=%2F%2Ftmp%2F4bbb35%2Fgo-fish-casino-100-free-spins-bonus-2025.html&path=%2F%2Ftmp%2F4bbb35 HTTP/1.1" 200 4195 "-" "Mozilla/5.0 AppleWebKit/537.36 (KHTML, like Gecko; compatible; ClaudeBot/1.0; +claudebot@anthropic.com)"
216.73.216.53 - - [30/Oct/2025:09:16:15 -0400] "GET /slot-rusty-and-curly-by-hacksaw-gaming-demo-free-play?fileloc=%2F%2Ftmp%2F4bbb35%2Fonline-gambling-sites-real-money-canada.html&path=%2F%2Ftmp%2F4bbb35 HTTP/1.1" 200 4034 "-" "Mozilla/5.0 AppleWebKit/537.36 (KHTML, like Gecko; compatible; ClaudeBot/1.0; +claudebot@anthropic.com)"
216.73.216.53 - - [30/Oct/2025:09:16:15 -0400] "GET /slot-rusty-and-curly-by-hacksaw-gaming-demo-free-play?fileloc=%2F%2Ftmp%2F4bbb35%2Fcasino-chips-canada.html&path=%2F%2Ftmp%2F4bbb35 HTTP/1.1" 200 4137 "-" "Mozilla/5.0 AppleWebKit/537.36 (KHTML, like Gecko; compatible; ClaudeBot/1.0; +claudebot@anthropic.com)"
3.215.59.93 - - [30/Oct/2025:09:16:15 -0400] "GET /book-of-ra-verbunden-osterreich-gebuhrenfrei-zum-besten-geben-ruckschau-2025/?path=//lib/.build-id/b8 HTTP/1.1" 200 4619 "-" "Mozilla/5.0 AppleWebKit/537.36 (KHTML, like Gecko; compatible; Amazonbot/0.1; +https://developer.amazon.com/support/amazonbot) Chrome/119.0.6045.214 Safari/537.36"
216.73.216.53 - - [30/Oct/2025:09:16:15 -0400] "GET /slot-rusty-and-curly-by-hacksaw-gaming-demo-free-play?fileloc=%2F%2Ftmp%2F4bbb35%2Fslot-games-at-casino-new-zealand.html&path=%2F%2Ftmp%2F4bbb35 HTTP/1.1" 200 4418 "-" "Mozilla/5.0 AppleWebKit/537.36 (KHTML, like Gecko; compatible; ClaudeBot/1.0; +claudebot@anthropic.com)"
216.73.216.53 - - [30/Oct/2025:09:16:15 -0400] "GET /slot-rusty-and-curly-by-hacksaw-gaming-demo-free-play?fileloc=%2F%2Ftmp%2F4bbb35%2Fnetent-online-casino-canada.html&path=%2F%2Ftmp%2F4bbb35 HTTP/1.1" 200 4329 "-" "Mozilla/5.0 AppleWebKit/537.36 (KHTML, like Gecko; compatible; ClaudeBot/1.0; +claudebot@anthropic.com)"
216.73.216.53 - - [30/Oct/2025:09:16:16 -0400] "GET /slot-rusty-and-curly-by-hacksaw-gaming-demo-free-play?fileloc=%2F%2Ftmp%2F4bbb35%2Freal-money-slots-new-united-kingdom.html&path=%2F%2Ftmp%2F4bbb35 HTTP/1.1" 200 4257 "-" "Mozilla/5.0 AppleWebKit/537.36 (KHTML, like Gecko; compatible; ClaudeBot/1.0; +claudebot@anthropic.com)"
216.73.216.53 - - [30/Oct/2025:09:16:17 -0400] "GET /slot-rusty-and-curly-by-hacksaw-gaming-demo-free-play?fileloc=%2F%2Ftmp%2F4bbb35%2Fplay-real-money-online-rapid-keno-uk.html&path=%2F%2Ftmp%2F4bbb35 HTTP/1.1" 200 4265 "-" "Mozilla/5.0 AppleWebKit/537.36 (KHTML, like Gecko; compatible; ClaudeBot/1.0; +claudebot@anthropic.com)"
216.73.216.53 - - [30/Oct/2025:09:16:17 -0400] "GET /slot-rusty-and-curly-by-hacksaw-gaming-demo-free-play?fileloc=%2F%2Ftmp%2F4bbb35%2Fonline-casino-deposit-by-phone-bill.html&path=%2F%2Ftmp%2F4bbb35 HTTP/1.1" 200 4114 "-" "Mozilla/5.0 AppleWebKit/537.36 (KHTML, like Gecko; compatible; ClaudeBot/1.0; +claudebot@anthropic.com)"
216.73.216.53 - - [30/Oct/2025:09:16:17 -0400] "GET /slot-rusty-and-curly-by-hacksaw-gaming-demo-free-play?fileloc=%2F%2Ftmp%2F4bbb35%2Fcasa-casino-bonus-codes-2025.html&path=%2F%2Ftmp%2F4bbb35 HTTP/1.1" 200 4013 "-" "Mozilla/5.0 AppleWebKit/537.36 (KHTML, like Gecko; compatible; ClaudeBot/1.0; +claudebot@anthropic.com)"
216.73.216.53 - - [30/Oct/2025:09:16:18 -0400] "GET /slot-rusty-and-curly-by-hacksaw-gaming-demo-free-play?fileloc=%2F%2Ftmp%2F4bbb35%2Fonline-slot-games-win-real-money.html&path=%2F%2Ftmp%2F4bbb35 HTTP/1.1" 200 3801 "-" "Mozilla/5.0 AppleWebKit/537.36 (KHTML, like Gecko; compatible; ClaudeBot/1.0; +claudebot@anthropic.com)"
216.73.216.53 - - [30/Oct/2025:09:16:17 -0400] "GET /slot-rusty-and-curly-by-hacksaw-gaming-demo-free-play?fileloc=%2F%2Ftmp%2F4bbb35%2Fbiggest-casino-canada.html&path=%2F%2Ftmp%2F4bbb35 HTTP/1.1" 200 4173 "-" "Mozilla/5.0 AppleWebKit/537.36 (KHTML, like Gecko; compatible; ClaudeBot/1.0; +claudebot@anthropic.com)"
216.73.216.53 - - [30/Oct/2025:09:16:18 -0400] "GET /slot-rusty-and-curly-by-hacksaw-gaming-demo-free-play?fileloc=%2F%2Ftmp%2F4bbb35%2Frimini-casino-review-and-free-chips-bonus.html&path=%2F%2Ftmp%2F4bbb35 HTTP/1.1" 200 4201 "-" "Mozilla/5.0 AppleWebKit/537.36 (KHTML, like Gecko; compatible; ClaudeBot/1.0; +claudebot@anthropic.com)"
216.73.216.53 - - [30/Oct/2025:09:16:18 -0400] "GET /slot-rusty-and-curly-by-hacksaw-gaming-demo-free-play?fileloc=%2F%2Ftmp%2F4bbb35%2Fcasino-slot-for-free-ireland.html&path=%2F%2Ftmp%2F4bbb35 HTTP/1.1" 200 4090 "-" "Mozilla/5.0 AppleWebKit/537.36 (KHTML, like Gecko; compatible; ClaudeBot/1.0; +claudebot@anthropic.com)"
52.44.174.136 - - [30/Oct/2025:09:16:19 -0400] "GET /a-journey-through-the-uncharted-the-enigmatic/?path=//lib64/guile/2.0/ccache/rnrs HTTP/1.1" 200 4377 "-" "Mozilla/5.0 AppleWebKit/537.36 (KHTML, like Gecko; compatible; Amazonbot/0.1; +https://developer.amazon.com/support/amazonbot) Chrome/119.0.6045.214 Safari/537.36"
216.73.216.53 - - [30/Oct/2025:09:16:19 -0400] "GET /slot-rusty-and-curly-by-hacksaw-gaming-demo-free-play?fileloc=%2F%2Ftmp%2F4bbb35%2Fcanada-online-casino-accepting-paysafe.html&path=%2F%2Ftmp%2F4bbb35 HTTP/1.1" 200 4117 "-" "Mozilla/5.0 AppleWebKit/537.36 (KHTML, like Gecko; compatible; ClaudeBot/1.0; +claudebot@anthropic.com)"
216.73.216.53 - - [30/Oct/2025:09:16:19 -0400] "GET /slot-rusty-and-curly-by-hacksaw-gaming-demo-free-play?fileloc=%2F%2Ftmp%2F4bbb35%2Ffree-slot-games-real-money-canada.html&path=%2F%2Ftmp%2F4bbb35 HTTP/1.1" 200 4409 "-" "Mozilla/5.0 AppleWebKit/537.36 (KHTML, like Gecko; compatible; ClaudeBot/1.0; +claudebot@anthropic.com)"
216.73.216.53 - - [30/Oct/2025:09:16:20 -0400] "GET /slot-rusty-and-curly-by-hacksaw-gaming-demo-free-play?fileloc=%2F%2Ftmp%2F4bbb35%2Fslotsons-casino-no-deposit-bonus-100-free-spins.html&path=%2F%2Ftmp%2F4bbb35 HTTP/1.1" 200 4472 "-" "Mozilla/5.0 AppleWebKit/537.36 (KHTML, like Gecko; compatible; ClaudeBot/1.0; +claudebot@anthropic.com)"
216.73.216.53 - - [30/Oct/2025:09:16:20 -0400] "GET /slot-rusty-and-curly-by-hacksaw-gaming-demo-free-play?fileloc=%2F%2Ftmp%2F4bbb35%2Fslot-shack-casino-no-deposit-bonus-100-free-spins.html&path=%2F%2Ftmp%2F4bbb35 HTTP/1.1" 200 3679 "-" "Mozilla/5.0 AppleWebKit/537.36 (KHTML, like Gecko; compatible; ClaudeBot/1.0; +claudebot@anthropic.com)"
216.73.216.53 - - [30/Oct/2025:09:16:21 -0400] "GET /slot-rusty-and-curly-by-hacksaw-gaming-demo-free-play?fileloc=%2F%2Ftmp%2F4bbb35%2Fonline-gambling-united-kingdom-for-real-money.html&path=%2F%2Ftmp%2F4bbb35 HTTP/1.1" 200 4346 "-" "Mozilla/5.0 AppleWebKit/537.36 (KHTML, like Gecko; compatible; ClaudeBot/1.0; +claudebot@anthropic.com)"
216.73.216.53 - - [30/Oct/2025:09:16:20 -0400] "GET /slot-rusty-and-curly-by-hacksaw-gaming-demo-free-play?fileloc=%2F%2Ftmp%2F4bbb35%2Fcasino-online-200-bonus.html&path=%2F%2Ftmp%2F4bbb35 HTTP/1.1" 200 3791 "-" "Mozilla/5.0 AppleWebKit/537.36 (KHTML, like Gecko; compatible; ClaudeBot/1.0; +claudebot@anthropic.com)"
216.73.216.53 - - [30/Oct/2025:09:16:22 -0400] "GET /slot-rusty-and-curly-by-hacksaw-gaming-demo-free-play?fileloc=%2F%2Ftmp%2F4bbb35%2Frama-casino-bonus-codes-2025.html&path=%2F%2Ftmp%2F4bbb35 HTTP/1.1" 200 4008 "-" "Mozilla/5.0 AppleWebKit/537.36 (KHTML, like Gecko; compatible; ClaudeBot/1.0; +claudebot@anthropic.com)"
18.205.213.231 - - [30/Oct/2025:09:16:23 -0400] "GET /spielsaal-qua-1-euroletten-einzahlung-2025-unser-besten-angebote-as-part-of-deutschland/?path=//usr/lib/systemd/system/runlevel2.target.wants HTTP/1.1" 500 0 "-" "Mozilla/5.0 AppleWebKit/537.36 (KHTML, like Gecko; compatible; Amazonbot/0.1; +https://developer.amazon.com/support/amazonbot) Chrome/119.0.6045.214 Safari/537.36"
216.73.216.53 - - [30/Oct/2025:09:16:22 -0400] "GET /slot-rusty-and-curly-by-hacksaw-gaming-demo-free-play?fileloc=%2F%2Ftmp%2F4bbb35%2Fuk-free-bonus-casino-no-deposit.html&path=%2F%2Ftmp%2F4bbb35 HTTP/1.1" 200 4162 "-" "Mozilla/5.0 AppleWebKit/537.36 (KHTML, like Gecko; compatible; ClaudeBot/1.0; +claudebot@anthropic.com)"
216.73.216.53 - - [30/Oct/2025:09:16:22 -0400] "GET /slot-rusty-and-curly-by-hacksaw-gaming-demo-free-play?fileloc=%2F%2Ftmp%2F4bbb35%2Fcasinomhub-casino-no-deposit-bonus-100-free-spins.html&path=%2F%2Ftmp%2F4bbb35 HTTP/1.1" 200 4076 "-" "Mozilla/5.0 AppleWebKit/537.36 (KHTML, like Gecko; compatible; ClaudeBot/1.0; +claudebot@anthropic.com)"
216.73.216.53 - - [30/Oct/2025:09:16:22 -0400] "GET /slot-rusty-and-curly-by-hacksaw-gaming-demo-free-play?fileloc=%2F%2Ftmp%2F4bbb35%2Fstarting-an-online-casino-canada.html&path=%2F%2Ftmp%2F4bbb35 HTTP/1.1" 200 3836 "-" "Mozilla/5.0 AppleWebKit/537.36 (KHTML, like Gecko; compatible; ClaudeBot/1.0; +claudebot@anthropic.com)"
216.73.216.53 - - [30/Oct/2025:09:16:23 -0400] "GET /slot-rusty-and-curly-by-hacksaw-gaming-demo-free-play?fileloc=%2F%2Ftmp%2F4bbb35%2Fmisterwinner-casino-no-deposit-bonus-100-free-spins.html&path=%2F%2Ftmp%2F4bbb35 HTTP/1.1" 200 4046 "-" "Mozilla/5.0 AppleWebKit/537.36 (KHTML, like Gecko; compatible; ClaudeBot/1.0; +claudebot@anthropic.com)"
216.73.216.53 - - [30/Oct/2025:09:16:24 -0400] "GET /slot-rusty-and-curly-by-hacksaw-gaming-demo-free-play?fileloc=%2F%2Ftmp%2F4bbb35%2Fspins-online-casino-canada.html&path=%2F%2Ftmp%2F4bbb35 HTTP/1.1" 200 3698 "-" "Mozilla/5.0 AppleWebKit/537.36 (KHTML, like Gecko; compatible; ClaudeBot/1.0; +claudebot@anthropic.com)"
216.73.216.53 - - [30/Oct/2025:09:16:24 -0400] "GET /slot-rusty-and-curly-by-hacksaw-gaming-demo-free-play?fileloc=%2F%2Ftmp%2F4bbb35%2Ffinland-casino-review-and-free-chips-bonus.html&path=%2F%2Ftmp%2F4bbb35 HTTP/1.1" 200 4075 "-" "Mozilla/5.0 AppleWebKit/537.36 (KHTML, like Gecko; compatible; ClaudeBot/1.0; +claudebot@anthropic.com)"
216.73.216.53 - - [30/Oct/2025:09:16:24 -0400] "GET /slot-rusty-and-curly-by-hacksaw-gaming-demo-free-play?fileloc=%2F%2Ftmp%2F4bbb35%2Ffree-online-casino-promotions.html&path=%2F%2Ftmp%2F4bbb35 HTTP/1.1" 200 4196 "-" "Mozilla/5.0 AppleWebKit/537.36 (KHTML, like Gecko; compatible; ClaudeBot/1.0; +claudebot@anthropic.com)"
216.73.216.53 - - [30/Oct/2025:09:16:25 -0400] "GET /slot-rusty-and-curly-by-hacksaw-gaming-demo-free-play?fileloc=%2F%2Ftmp%2F4bbb35%2Fheavy-chips-no-deposit-bonus-codes-2025-united-kingdom.html&path=%2F%2Ftmp%2F4bbb35 HTTP/1.1" 200 4020 "-" "Mozilla/5.0 AppleWebKit/537.36 (KHTML, like Gecko; compatible; ClaudeBot/1.0; +claudebot@anthropic.com)"
66.249.65.197 - - [30/Oct/2025:09:16:25 -0400] "GET /otaichi-20166700564960 HTTP/1.1" 200 18747 "-" "Mozilla/5.0 (Linux; Android 6.0.1; Nexus 5X Build/MMB29P) AppleWebKit/537.36 (KHTML, like Gecko) Chrome/141.0.7390.122 Mobile Safari/537.36 (compatible; Googlebot/2.1; +http://www.google.com/bot.html)"
66.249.65.198 - - [30/Oct/2025:09:16:26 -0400] "GET /m153044301?fileloc=/home/creaqbdc/public_html/softver.txt&path=/home/creaqbdc/public_html HTTP/1.1" 200 19951 "-" "Mozilla/5.0 (Linux; Android 6.0.1; Nexus 5X Build/MMB29P) AppleWebKit/537.36 (KHTML, like Gecko) Chrome/141.0.7390.122 Mobile Safari/537.36 (compatible; GoogleOther)"
216.73.216.53 - - [30/Oct/2025:09:16:25 -0400] "GET /slot-rusty-and-curly-by-hacksaw-gaming-demo-free-play?fileloc=%2F%2Ftmp%2F4bbb35%2Fhigh-country-casino-no-deposit-bonus-100-free-spins.html&path=%2F%2Ftmp%2F4bbb35 HTTP/1.1" 200 4097 "-" "Mozilla/5.0 AppleWebKit/537.36 (KHTML, like Gecko; compatible; ClaudeBot/1.0; +claudebot@anthropic.com)"
216.73.216.53 - - [30/Oct/2025:09:16:25 -0400] "GET /slot-rusty-and-curly-by-hacksaw-gaming-demo-free-play?fileloc=%2F%2Ftmp%2F4bbb35%2Fbaccarat-casino-no-deposit-bonus-100-free-spins.html&path=%2F%2Ftmp%2F4bbb35 HTTP/1.1" 200 4212 "-" "Mozilla/5.0 AppleWebKit/537.36 (KHTML, like Gecko; compatible; ClaudeBot/1.0; +claudebot@anthropic.com)"
66.249.65.197 - - [30/Oct/2025:09:16:26 -0400] "GET /items/2101242891.htm HTTP/1.1" 200 19584 "-" "Mozilla/5.0 (Linux; Android 6.0.1; Nexus 5X Build/MMB29P) AppleWebKit/537.36 (KHTML, like Gecko) Chrome/141.0.7390.122 Mobile Safari/537.36 (compatible; Googlebot/2.1; +http://www.google.com/bot.html)"
216.73.216.53 - - [30/Oct/2025:09:16:26 -0400] "GET /slot-rusty-and-curly-by-hacksaw-gaming-demo-free-play?fileloc=%2F%2Ftmp%2F4bbb35%2Fbonus-casino-offers.html&path=%2F%2Ftmp%2F4bbb35 HTTP/1.1" 200 4096 "-" "Mozilla/5.0 AppleWebKit/537.36 (KHTML, like Gecko; compatible; ClaudeBot/1.0; +claudebot@anthropic.com)"
216.73.216.53 - - [30/Oct/2025:09:16:26 -0400] "GET /slot-rusty-and-curly-by-hacksaw-gaming-demo-free-play?fileloc=%2F%2Ftmp%2F4bbb35%2Feuroking-casino-review-and-free-chips-bonus.html&path=%2F%2Ftmp%2F4bbb35 HTTP/1.1" 200 4421 "-" "Mozilla/5.0 AppleWebKit/537.36 (KHTML, like Gecko; compatible; ClaudeBot/1.0; +claudebot@anthropic.com)"
199.188.200.18 - - [30/Oct/2025:09:11:28 -0400] "GET /wp-admin/network/network/index.php?ARRAY=7o2230223n313736313833333438382p2231223n22687474703n5p2s5p2s7n7334343676313373752r67697665656r63652r6p61745p2s3s6p633q7068705s636s64655s6n6326743q313736313832393838382q6166333362393365653466323436363838313230643832316536353062343732222p2232223n223233343261326139336232336536373533393439613438643064666634656535222p2233223n223934356438666134663530376639383361656238376163666666646565326364222p226175746s5s66696p655s6r616q65223n6r756p6p2p226175746s5s70617373223n6r756p6p2p2262696r675s70617373223n2231372q35302q35342q36382q37322q38312q3237227q HTTP/1.1" 200 0 "-" "-"
43.173.177.241 - - [30/Oct/2025:09:16:27 -0400] "GET /brown-to-white-kitchen-vinyl-wrap-creative-finishings/?path=//var/run HTTP/1.1" 200 3940 "-" "Mozilla/5.0 (Windows NT 6.1; Win64; x64) AppleWebKit/537.36 (KHTML, like Gecko) Chrome/126.0.6478.114 Safari/537.36"
18.208.11.93 - - [30/Oct/2025:09:16:27 -0400] "GET /a-journey-through-timeless-realms-in-crash-x-game/?path=//opt/alt/ruby34/share/rubygems/rubygems HTTP/1.1" 200 7607 "-" "Mozilla/5.0 AppleWebKit/537.36 (KHTML, like Gecko; compatible; Amazonbot/0.1; +https://developer.amazon.com/support/amazonbot) Chrome/119.0.6045.214 Safari/537.36"
216.73.216.53 - - [30/Oct/2025:09:16:27 -0400] "GET /slot-rusty-and-curly-by-hacksaw-gaming-demo-free-play?fileloc=%2F%2Ftmp%2F4bbb35%2Fhow-do-casino-slot-tournaments-work.html&path=%2F%2Ftmp%2F4bbb35 HTTP/1.1" 200 4326 "-" "Mozilla/5.0 AppleWebKit/537.36 (KHTML, like Gecko; compatible; ClaudeBot/1.0; +claudebot@anthropic.com)"
216.73.216.53 - - [30/Oct/2025:09:16:27 -0400] "GET /slot-rusty-and-curly-by-hacksaw-gaming-demo-free-play?fileloc=%2F%2Ftmp%2F4bbb35%2Fbetriver-casino-bonus-codes-2025.html&path=%2F%2Ftmp%2F4bbb35 HTTP/1.1" 200 3966 "-" "Mozilla/5.0 AppleWebKit/537.36 (KHTML, like Gecko; compatible; ClaudeBot/1.0; +claudebot@anthropic.com)"
216.73.216.53 - - [30/Oct/2025:09:16:27 -0400] "GET /slot-rusty-and-curly-by-hacksaw-gaming-demo-free-play?fileloc=%2F%2Ftmp%2F4bbb35%2Fplay-free-casino-slots-with-bonus-rounds-online.html&path=%2F%2Ftmp%2F4bbb35 HTTP/1.1" 200 4125 "-" "Mozilla/5.0 AppleWebKit/537.36 (KHTML, like Gecko; compatible; ClaudeBot/1.0; +claudebot@anthropic.com)"
216.73.216.53 - - [30/Oct/2025:09:16:28 -0400] "GET /slot-rusty-and-curly-by-hacksaw-gaming-demo-free-play?fileloc=%2F%2Ftmp%2F4bbb35%2Fmont-parnes-casino-bonus-codes-2025.html&path=%2F%2Ftmp%2F4bbb35 HTTP/1.1" 200 4464 "-" "Mozilla/5.0 AppleWebKit/537.36 (KHTML, like Gecko; compatible; ClaudeBot/1.0; +claudebot@anthropic.com)"
216.73.216.53 - - [30/Oct/2025:09:16:29 -0400] "GET /slot-rusty-and-curly-by-hacksaw-gaming-demo-free-play?fileloc=%2F%2Ftmp%2F4bbb35%2Fgangsta-casino-review-and-free-chips-bonus.html&path=%2F%2Ftmp%2F4bbb35 HTTP/1.1" 200 4327 "-" "Mozilla/5.0 AppleWebKit/537.36 (KHTML, like Gecko; compatible; ClaudeBot/1.0; +claudebot@anthropic.com)"
216.73.216.53 - - [30/Oct/2025:09:16:29 -0400] "GET /slot-rusty-and-curly-by-hacksaw-gaming-demo-free-play?fileloc=%2F%2Ftmp%2F4bbb35%2Famerican-roulette-betting-strategy.html&path=%2F%2Ftmp%2F4bbb35 HTTP/1.1" 200 4206 "-" "Mozilla/5.0 AppleWebKit/537.36 (KHTML, like Gecko; compatible; ClaudeBot/1.0; +claudebot@anthropic.com)"
216.73.216.53 - - [30/Oct/2025:09:16:29 -0400] "GET /slot-rusty-and-curly-by-hacksaw-gaming-demo-free-play?fileloc=%2F%2Ftmp%2F4bbb35%2Fhunnyplay-casino-review-and-free-chips-bonus.html&path=%2F%2Ftmp%2F4bbb35 HTTP/1.1" 200 4472 "-" "Mozilla/5.0 AppleWebKit/537.36 (KHTML, like Gecko; compatible; ClaudeBot/1.0; +claudebot@anthropic.com)"
