File: /home/creaqbdc/access-logs/creativefinishings.com
89.248.172.183 - - [30/Oct/2025:08:10:53 -0400] "POST /wp-json/litespeed/v1/cdn_status HTTP/1.1" 301 795 "-" "Mozilla/5.0 (X11; Linux x86_64; rv:109.0) Gecko/20100101 Firefox/114.3"
63.141.249.210 - - [30/Oct/2025:08:15:31 -0400] "GET /wp-includes/plf56b4b/edit.php HTTP/1.1" 301 795 "http://creativefinishings.com/wp-includes/plf56b4b/edit.php" "Mozilla/5.0 (Windows NT 10.0; Win64; x64) AppleWebKit/537.36 (KHTML, like Gecko) Chrome/58.0.3029.110 Safari/537.3"
63.141.249.210 - - [30/Oct/2025:08:28:50 -0400] "GET /wp-includes/plf56b4b/edit.php HTTP/1.1" 301 795 "http://creativefinishings.com/wp-includes/plf56b4b/edit.php" "Mozilla/5.0 (Windows NT 10.0; Win64; x64) AppleWebKit/537.36 (KHTML, like Gecko) Chrome/58.0.3029.110 Safari/537.3"
62.217.184.230 - - [30/Oct/2025:08:34:59 -0400] "GET /wp-content/plugins/WordPressCore/include.php HTTP/1.1" 301 795 "-" "Mozilla/5.0 (Macintosh; Intel Mac OS X 10_15_7) AppleWebKit/537.36 (KHTML, like Gecko) Chrome/139.0.0.0 Safari/537.36"
195.64.156.180 - - [30/Oct/2025:08:36:24 -0400] "GET /wp-content/plugins/WordPressCore/include.php HTTP/1.1" 301 795 "-" "Mozilla/5.0 (Windows NT 10.0; Win64; x64) AppleWebKit/537.36 (KHTML, like Gecko) Chrome/138.0.7204.93 Safari/537.36"
63.141.249.210 - - [30/Oct/2025:08:38:15 -0400] "GET /wp-includes/plf56b4b/edit.php HTTP/1.1" 301 795 "http://creativefinishings.com/wp-includes/plf56b4b/edit.php" "Mozilla/5.0 (Windows NT 10.0; Win64; x64) AppleWebKit/537.36 (KHTML, like Gecko) Chrome/58.0.3029.110 Safari/537.3"
143.20.185.251 - - [30/Oct/2025:08:41:00 -0400] "GET /style.php HTTP/1.1" 301 795 "-" "Go-http-client/1.1"
143.20.185.251 - - [30/Oct/2025:08:41:04 -0400] "GET /wp-content/style.php HTTP/1.1" 301 795 "-" "Go-http-client/1.1"
143.20.185.251 - - [30/Oct/2025:08:41:06 -0400] "GET /wp-content/themes/style.php HTTP/1.1" 301 795 "-" "Go-http-client/1.1"
143.20.185.251 - - [30/Oct/2025:08:41:09 -0400] "GET /wp-admin/style.php HTTP/1.1" 301 795 "-" "Go-http-client/1.1"
143.20.185.251 - - [30/Oct/2025:08:41:12 -0400] "GET /wp-includes/style.php HTTP/1.1" 301 795 "-" "Go-http-client/1.1"
143.20.185.251 - - [30/Oct/2025:08:41:14 -0400] "GET /chosen.php?p= HTTP/1.1" 301 795 "-" "Go-http-client/1.1"
143.20.185.251 - - [30/Oct/2025:08:41:17 -0400] "GET /file.php HTTP/1.1" 301 795 "-" "Go-http-client/1.1"
89.248.172.183 - - [30/Oct/2025:08:44:38 -0400] "POST /wp-json/litespeed/v1/cdn_status HTTP/1.1" 301 795 "-" "Mozilla/5.0 (X11; Linux x86_64; rv:109.0) Gecko/20100101 Firefox/114.3"
63.141.249.210 - - [30/Oct/2025:08:48:16 -0400] "GET /wp-includes/plf56b4b/edit.php HTTP/1.1" 301 795 "http://creativefinishings.com/wp-includes/plf56b4b/edit.php" "Mozilla/5.0 (Windows NT 10.0; Win64; x64) AppleWebKit/537.36 (KHTML, like Gecko) Chrome/58.0.3029.110 Safari/537.3"
63.141.249.210 - - [30/Oct/2025:08:57:30 -0400] "GET /wp-includes/plf56b4b/edit.php HTTP/1.1" 301 795 "http://creativefinishings.com/wp-includes/plf56b4b/edit.php" "Mozilla/5.0 (Windows NT 10.0; Win64; x64) AppleWebKit/537.36 (KHTML, like Gecko) Chrome/58.0.3029.110 Safari/537.3"
54.88.69.30 - - [30/Oct/2025:09:05:29 -0400] "GET / HTTP/1.1" 301 795 "-" "Mozilla/5.0 (Windows NT 10.0; Win64; x64) AppleWebKit/537.36 (KHTML, like Gecko) Chrome/86.0.4240.75 Safari/537.36"
63.141.249.210 - - [30/Oct/2025:09:07:00 -0400] "GET /wp-includes/plf56b4b/edit.php HTTP/1.1" 301 795 "http://creativefinishings.com/wp-includes/plf56b4b/edit.php" "Mozilla/5.0 (Windows NT 10.0; Win64; x64) AppleWebKit/537.36 (KHTML, like Gecko) Chrome/58.0.3029.110 Safari/537.3"
63.141.249.210 - - [30/Oct/2025:09:15:15 -0400] "GET /wp-includes/plf56b4b/edit.php HTTP/1.1" 301 795 "http://creativefinishings.com/wp-includes/plf56b4b/edit.php" "Mozilla/5.0 (Windows NT 10.0; Win64; x64) AppleWebKit/537.36 (KHTML, like Gecko) Chrome/58.0.3029.110 Safari/537.3"
63.141.249.210 - - [30/Oct/2025:09:26:44 -0400] "GET /wp-includes/plf56b4b/edit.php HTTP/1.1" 301 795 "http://creativefinishings.com/wp-includes/plf56b4b/edit.php" "Mozilla/5.0 (Windows NT 10.0; Win64; x64) AppleWebKit/537.36 (KHTML, like Gecko) Chrome/58.0.3029.110 Safari/537.3"
103.186.31.45 - - [30/Oct/2025:09:32:06 -0400] "GET /style.php HTTP/1.1" 301 795 "-" "Go-http-client/1.1"
103.186.31.45 - - [30/Oct/2025:09:32:08 -0400] "GET /wp-content/style.php HTTP/1.1" 301 795 "-" "Go-http-client/1.1"
103.186.31.45 - - [30/Oct/2025:09:32:10 -0400] "GET /wp-content/themes/style.php HTTP/1.1" 301 795 "-" "Go-http-client/1.1"
103.186.31.45 - - [30/Oct/2025:09:32:12 -0400] "GET /wp-admin/style.php HTTP/1.1" 301 795 "-" "Go-http-client/1.1"
103.186.31.45 - - [30/Oct/2025:09:32:13 -0400] "GET /wp-includes/style.php HTTP/1.1" 301 795 "-" "Go-http-client/1.1"
103.186.31.45 - - [30/Oct/2025:09:32:15 -0400] "GET /chosen.php?p= HTTP/1.1" 301 795 "-" "Go-http-client/1.1"
103.186.31.45 - - [30/Oct/2025:09:32:16 -0400] "GET /file.php HTTP/1.1" 301 795 "-" "Go-http-client/1.1"
63.141.249.210 - - [30/Oct/2025:09:37:17 -0400] "GET /wp-includes/plf56b4b/edit.php HTTP/1.1" 301 795 "http://creativefinishings.com/wp-includes/plf56b4b/edit.php" "Mozilla/5.0 (Windows NT 10.0; Win64; x64) AppleWebKit/537.36 (KHTML, like Gecko) Chrome/58.0.3029.110 Safari/537.3"
63.141.249.210 - - [30/Oct/2025:09:46:28 -0400] "GET /wp-includes/plf56b4b/edit.php HTTP/1.1" 301 795 "http://creativefinishings.com/wp-includes/plf56b4b/edit.php" "Mozilla/5.0 (Windows NT 10.0; Win64; x64) AppleWebKit/537.36 (KHTML, like Gecko) Chrome/58.0.3029.110 Safari/537.3"
62.60.131.229 - - [30/Oct/2025:09:47:49 -0400] "GET / HTTP/1.1" 301 795 "-" "Go-http-client/1.1"
124.83.116.118 - - [30/Oct/2025:09:51:00 -0400] "GET /wp-json/wp/v2/posts HTTP/1.1" 301 795 "-" "Mozilla/5.0 (Windows NT 10.0; Win64; x64) AppleWebKit/537.36 (KHTML, like Gecko) Chrome/120.0.0.0 Safari/537.36"
63.141.249.210 - - [30/Oct/2025:09:54:22 -0400] "GET /wp-includes/plf56b4b/edit.php HTTP/1.1" 301 795 "http://creativefinishings.com/wp-includes/plf56b4b/edit.php" "Mozilla/5.0 (Windows NT 10.0; Win64; x64) AppleWebKit/537.36 (KHTML, like Gecko) Chrome/58.0.3029.110 Safari/537.3"
63.141.249.210 - - [30/Oct/2025:10:04:18 -0400] "GET /wp-includes/plf56b4b/edit.php HTTP/1.1" 301 795 "http://creativefinishings.com/wp-includes/plf56b4b/edit.php" "Mozilla/5.0 (Windows NT 10.0; Win64; x64) AppleWebKit/537.36 (KHTML, like Gecko) Chrome/58.0.3029.110 Safari/537.3"
198.204.224.34 - - [30/Oct/2025:10:14:48 -0400] "GET /wp-includes/plf56b4b/edit.php HTTP/1.1" 301 795 "http://creativefinishings.com/wp-includes/plf56b4b/edit.php" "Mozilla/5.0 (Windows NT 10.0; Win64; x64) AppleWebKit/537.36 (KHTML, like Gecko) Chrome/58.0.3029.110 Safari/537.3"
198.204.224.34 - - [30/Oct/2025:10:26:00 -0400] "GET /wp-includes/plf56b4b/edit.php HTTP/1.1" 301 795 "http://creativefinishings.com/wp-includes/plf56b4b/edit.php" "Mozilla/5.0 (Windows NT 10.0; Win64; x64) AppleWebKit/537.36 (KHTML, like Gecko) Chrome/58.0.3029.110 Safari/537.3"
66.249.65.194 - - [30/Oct/2025:10:36:31 -0400] "GET /robots.txt HTTP/1.1" 301 795 "-" "Mozilla/5.0 (compatible; Googlebot/2.1; +http://www.google.com/bot.html)"
66.249.65.194 - - [30/Oct/2025:10:36:31 -0400] "GET / HTTP/1.1" 301 795 "-" "Mozilla/5.0 (Linux; Android 6.0.1; Nexus 5X Build/MMB29P) AppleWebKit/537.36 (KHTML, like Gecko) Chrome/141.0.7390.122 Mobile Safari/537.36 (compatible; Googlebot/2.1; +http://www.google.com/bot.html)"
66.249.65.194 - - [30/Oct/2025:10:36:47 -0400] "GET / HTTP/1.1" 301 795 "-" "Mozilla/5.0 (compatible; Googlebot/2.1; +http://www.google.com/bot.html)"
66.249.65.194 - - [30/Oct/2025:10:36:47 -0400] "GET / HTTP/1.1" 301 795 "-" "Mozilla/5.0 (Linux; Android 6.0.1; Nexus 5X Build/MMB29P) AppleWebKit/537.36 (KHTML, like Gecko) Chrome/99.0.4844.84 Mobile Safari/537.36 (compatible; Googlebot/2.1; +http://www.google.com/bot.html)"
63.141.249.210 - - [30/Oct/2025:10:39:34 -0400] "GET /wp-includes/plf56b4b/edit.php HTTP/1.1" 301 795 "http://creativefinishings.com/wp-includes/plf56b4b/edit.php" "Mozilla/5.0 (Windows NT 10.0; Win64; x64) AppleWebKit/537.36 (KHTML, like Gecko) Chrome/58.0.3029.110 Safari/537.3"
63.141.249.210 - - [30/Oct/2025:10:49:31 -0400] "GET /wp-includes/plf56b4b/edit.php HTTP/1.1" 301 795 "http://creativefinishings.com/wp-includes/plf56b4b/edit.php" "Mozilla/5.0 (Windows NT 10.0; Win64; x64) AppleWebKit/537.36 (KHTML, like Gecko) Chrome/58.0.3029.110 Safari/537.3"
63.141.249.210 - - [30/Oct/2025:10:58:16 -0400] "GET /wp-includes/plf56b4b/edit.php HTTP/1.1" 301 795 "http://creativefinishings.com/wp-includes/plf56b4b/edit.php" "Mozilla/5.0 (Windows NT 10.0; Win64; x64) AppleWebKit/537.36 (KHTML, like Gecko) Chrome/58.0.3029.110 Safari/537.3"
63.141.249.210 - - [30/Oct/2025:11:07:17 -0400] "GET /wp-includes/plf56b4b/edit.php HTTP/1.1" 301 795 "http://creativefinishings.com/wp-includes/plf56b4b/edit.php" "Mozilla/5.0 (Windows NT 10.0; Win64; x64) AppleWebKit/537.36 (KHTML, like Gecko) Chrome/58.0.3029.110 Safari/537.3"
63.141.249.210 - - [30/Oct/2025:11:16:16 -0400] "GET /wp-includes/plf56b4b/edit.php HTTP/1.1" 301 795 "http://creativefinishings.com/wp-includes/plf56b4b/edit.php" "Mozilla/5.0 (Windows NT 10.0; Win64; x64) AppleWebKit/537.36 (KHTML, like Gecko) Chrome/58.0.3029.110 Safari/537.3"
89.248.172.183 - - [30/Oct/2025:11:16:57 -0400] "POST /wp-json/litespeed/v1/cdn_status HTTP/1.1" 301 795 "-" "Mozilla/5.0 (X11; Linux x86_64; rv:109.0) Gecko/20100101 Firefox/114.3"
43.157.38.228 - - [30/Oct/2025:11:23:18 -0400] "GET / HTTP/1.1" 301 795 "-" "Mozilla/5.0 (iPhone; CPU iPhone OS 13_2_3 like Mac OS X) AppleWebKit/605.1.15 (KHTML, like Gecko) Version/13.0.3 Mobile/15E148 Safari/604.1"
63.141.249.210 - - [30/Oct/2025:11:24:16 -0400] "GET /wp-includes/plf56b4b/edit.php HTTP/1.1" 301 795 "http://creativefinishings.com/wp-includes/plf56b4b/edit.php" "Mozilla/5.0 (Windows NT 10.0; Win64; x64) AppleWebKit/537.36 (KHTML, like Gecko) Chrome/58.0.3029.110 Safari/537.3"
84.233.167.35 - - [30/Oct/2025:11:25:34 -0400] "GET / HTTP/1.1" 301 795 "-" "Mozilla/5.0 (Windows NT 10.0; Win64; x64) AppleWebKit/537.36 (KHTML, like Gecko) Chrome/58.0.3029.110 Safari/537.3"
63.141.249.210 - - [30/Oct/2025:11:33:16 -0400] "GET /wp-includes/plf56b4b/edit.php HTTP/1.1" 301 795 "http://creativefinishings.com/wp-includes/plf56b4b/edit.php" "Mozilla/5.0 (Windows NT 10.0; Win64; x64) AppleWebKit/537.36 (KHTML, like Gecko) Chrome/58.0.3029.110 Safari/537.3"
63.141.249.210 - - [30/Oct/2025:11:41:31 -0400] "GET /wp-includes/plf56b4b/edit.php HTTP/1.1" 301 795 "http://creativefinishings.com/wp-includes/plf56b4b/edit.php" "Mozilla/5.0 (Windows NT 10.0; Win64; x64) AppleWebKit/537.36 (KHTML, like Gecko) Chrome/58.0.3029.110 Safari/537.3"
4.216.91.190 - - [30/Oct/2025:11:48:28 -0400] "GET /wp-content/themes/seotheme/db.php?u HTTP/1.1" 301 795 "www.google.com" "Mozlila/5.0 (Linux; Android 7.0; SM-G892A Bulid/NRD90M; wv) AppleWebKit/537.36 (KHTML, like Gecko) Version/4.0 Chrome/60.0.3112.107 Moblie Safari/537.36"
4.216.91.190 - - [30/Oct/2025:11:48:28 -0400] "GET / HTTP/1.1" 301 795 "-" "Mozlila/5.0 (Linux; Android 7.0; SM-G892A Bulid/NRD90M; wv) AppleWebKit/537.36 (KHTML, like Gecko) Version/4.0 Chrome/60.0.3112.107 Moblie Safari/537.36"
4.216.91.190 - - [30/Oct/2025:11:48:28 -0400] "POST /wp-plain.php HTTP/1.1" 301 795 "www.google.com" "Mozilla/5.0 (Linux; Android 7.0; SM-G892A Bulid/NRD90M; wv) AppleWebKit/537.36 (KHTML, like Gecko) Version/4.0 Chrome/60.0.3112.107 Moblie Safari/537.36"
4.216.91.190 - - [30/Oct/2025:11:48:28 -0400] "POST /ALFA_DATA/alfacgiapi/perl.alfa HTTP/1.1" 301 795 "www.google.com" "Mozlila/5.0 (Linux; Android 7.0; SM-G892A Bulid/NRD90M; wv) AppleWebKit/537.36 (KHTML, like Gecko) Version/4.0 Chrome/60.0.3112.107 Moblie Safari/537.36"
4.216.91.190 - - [30/Oct/2025:11:48:43 -0400] "POST /alfacgiapi/perl.alfa HTTP/1.1" 301 795 "www.google.com" "Mozlila/5.0 (Linux; Android 7.0; SM-G892A Bulid/NRD90M; wv) AppleWebKit/537.36 (KHTML, like Gecko) Version/4.0 Chrome/60.0.3112.107 Moblie Safari/537.36"
63.141.249.210 - - [30/Oct/2025:11:51:17 -0400] "GET /wp-includes/plf56b4b/edit.php HTTP/1.1" 301 795 "http://creativefinishings.com/wp-includes/plf56b4b/edit.php" "Mozilla/5.0 (Windows NT 10.0; Win64; x64) AppleWebKit/537.36 (KHTML, like Gecko) Chrome/58.0.3029.110 Safari/537.3"
43.159.145.149 - - [30/Oct/2025:11:59:17 -0400] "GET / HTTP/1.1" 301 795 "-" "Mozilla/5.0 (iPhone; CPU iPhone OS 13_2_3 like Mac OS X) AppleWebKit/605.1.15 (KHTML, like Gecko) Version/13.0.3 Mobile/15E148 Safari/604.1"
63.141.249.210 - - [30/Oct/2025:12:00:15 -0400] "GET /wp-includes/plf56b4b/edit.php HTTP/1.1" 301 795 "http://creativefinishings.com/wp-includes/plf56b4b/edit.php" "Mozilla/5.0 (Windows NT 10.0; Win64; x64) AppleWebKit/537.36 (KHTML, like Gecko) Chrome/58.0.3029.110 Safari/537.3"
103.115.243.145 - - [30/Oct/2025:12:00:23 -0400] "GET /aa.php HTTP/1.1" 301 795 "https://www.google.com/" "Mozilla/5.0 (Windows NT 10.0; Win64; x64) AppleWebKit/537.36 (KHTML, like Gecko) Chrome/120.0.0.0 Safari/537.36"
103.115.243.145 - - [30/Oct/2025:12:00:25 -0400] "GET /abcd.php HTTP/1.1" 301 795 "https://www.google.com/" "Mozilla/5.0 (Windows NT 10.0; Win64; x64) AppleWebKit/537.36 (KHTML, like Gecko) Chrome/120.0.0.0 Safari/537.36"
103.115.243.145 - - [30/Oct/2025:12:00:26 -0400] "GET /admin.php HTTP/1.1" 301 795 "https://www.google.com/" "Mozilla/5.0 (Windows NT 10.0; Win64; x64) AppleWebKit/537.36 (KHTML, like Gecko) Chrome/120.0.0.0 Safari/537.36"
103.115.243.145 - - [30/Oct/2025:12:00:28 -0400] "GET /buy.php HTTP/1.1" 301 795 "https://www.google.com/" "Mozilla/5.0 (Windows NT 10.0; Win64; x64) AppleWebKit/537.36 (KHTML, like Gecko) Chrome/120.0.0.0 Safari/537.36"
103.115.243.145 - - [30/Oct/2025:12:00:30 -0400] "GET /cgi-bin/ HTTP/1.1" 301 795 "https://www.google.com/" "Mozilla/5.0 (Windows NT 10.0; Win64; x64) AppleWebKit/537.36 (KHTML, like Gecko) Chrome/120.0.0.0 Safari/537.36"
103.115.243.145 - - [30/Oct/2025:12:00:30 -0400] "GET /edit.php HTTP/1.1" 301 795 "https://www.google.com/" "Mozilla/5.0 (Windows NT 10.0; Win64; x64) AppleWebKit/537.36 (KHTML, like Gecko) Chrome/120.0.0.0 Safari/537.36"
63.141.249.210 - - [30/Oct/2025:12:11:16 -0400] "GET /wp-includes/plf56b4b/edit.php HTTP/1.1" 301 795 "http://creativefinishings.com/wp-includes/plf56b4b/edit.php" "Mozilla/5.0 (Windows NT 10.0; Win64; x64) AppleWebKit/537.36 (KHTML, like Gecko) Chrome/58.0.3029.110 Safari/537.3"
43.173.174.179 - - [30/Oct/2025:12:20:26 -0400] "GET / HTTP/1.1" 301 795 "-" "Mozilla/5.0 (Windows NT 6.1; Win64; x64) AppleWebKit/537.36 (KHTML, like Gecko) Chrome/126.0.6478.114 Safari/537.36"
63.141.249.210 - - [30/Oct/2025:12:22:46 -0400] "GET /wp-includes/plf56b4b/edit.php HTTP/1.1" 301 795 "http://creativefinishings.com/wp-includes/plf56b4b/edit.php" "Mozilla/5.0 (Windows NT 10.0; Win64; x64) AppleWebKit/537.36 (KHTML, like Gecko) Chrome/58.0.3029.110 Safari/537.3"
89.248.172.183 - - [30/Oct/2025:12:23:19 -0400] "POST /wp-json/litespeed/v1/cdn_status HTTP/1.1" 301 795 "-" "Mozilla/5.0 (X11; Linux x86_64; rv:109.0) Gecko/20100101 Firefox/114.3"
63.141.249.210 - - [30/Oct/2025:12:38:18 -0400] "GET /wp-includes/plf56b4b/edit.php HTTP/1.1" 301 795 "http://creativefinishings.com/wp-includes/plf56b4b/edit.php" "Mozilla/5.0 (Windows NT 10.0; Win64; x64) AppleWebKit/537.36 (KHTML, like Gecko) Chrome/58.0.3029.110 Safari/537.3"
51.75.249.247 - - [30/Oct/2025:12:38:24 -0400] "GET /wp-admin/admin-ajax.php?action=duplicator_download&file=../wp-config.php HTTP/1.1" 301 795 "-" "python-requests/2.22.0"
103.115.243.145 - - [30/Oct/2025:12:44:22 -0400] "GET /cgi-bin/ HTTP/1.1" 301 795 "https://www.google.com/" "Mozilla/5.0 (Windows NT 10.0; Win64; x64) AppleWebKit/537.36 (KHTML, like Gecko) Chrome/120.0.0.0 Safari/537.36"
103.115.243.145 - - [30/Oct/2025:12:44:22 -0400] "GET /abcd.php HTTP/1.1" 301 795 "https://www.google.com/" "Mozilla/5.0 (Windows NT 10.0; Win64; x64) AppleWebKit/537.36 (KHTML, like Gecko) Chrome/120.0.0.0 Safari/537.36"
103.115.243.145 - - [30/Oct/2025:12:44:22 -0400] "GET /admin.php HTTP/1.1" 301 795 "https://www.google.com/" "Mozilla/5.0 (Windows NT 10.0; Win64; x64) AppleWebKit/537.36 (KHTML, like Gecko) Chrome/120.0.0.0 Safari/537.36"
103.115.243.145 - - [30/Oct/2025:12:44:22 -0400] "GET /buy.php HTTP/1.1" 301 795 "https://www.google.com/" "Mozilla/5.0 (Windows NT 10.0; Win64; x64) AppleWebKit/537.36 (KHTML, like Gecko) Chrome/120.0.0.0 Safari/537.36"
103.115.243.145 - - [30/Oct/2025:12:44:22 -0400] "GET /aa.php HTTP/1.1" 301 795 "https://www.google.com/" "Mozilla/5.0 (Windows NT 10.0; Win64; x64) AppleWebKit/537.36 (KHTML, like Gecko) Chrome/120.0.0.0 Safari/537.36"
103.115.243.145 - - [30/Oct/2025:12:44:24 -0400] "GET /images/index.php HTTP/1.1" 301 795 "https://www.google.com/" "Mozilla/5.0 (Windows NT 10.0; Win64; x64) AppleWebKit/537.36 (KHTML, like Gecko) Chrome/120.0.0.0 Safari/537.36"
103.115.243.145 - - [30/Oct/2025:12:44:24 -0400] "GET /info.php HTTP/1.1" 301 795 "https://www.google.com/" "Mozilla/5.0 (Windows NT 10.0; Win64; x64) AppleWebKit/537.36 (KHTML, like Gecko) Chrome/120.0.0.0 Safari/537.36"
103.115.243.145 - - [30/Oct/2025:12:44:24 -0400] "GET /file.php HTTP/1.1" 301 795 "https://www.google.com/" "Mozilla/5.0 (Windows NT 10.0; Win64; x64) AppleWebKit/537.36 (KHTML, like Gecko) Chrome/120.0.0.0 Safari/537.36"
103.115.243.145 - - [30/Oct/2025:12:44:24 -0400] "GET /flower.php HTTP/1.1" 301 795 "https://www.google.com/" "Mozilla/5.0 (Windows NT 10.0; Win64; x64) AppleWebKit/537.36 (KHTML, like Gecko) Chrome/120.0.0.0 Safari/537.36"
103.115.243.145 - - [30/Oct/2025:12:44:24 -0400] "GET /edit.php HTTP/1.1" 301 795 "https://www.google.com/" "Mozilla/5.0 (Windows NT 10.0; Win64; x64) AppleWebKit/537.36 (KHTML, like Gecko) Chrome/120.0.0.0 Safari/537.36"
103.115.243.145 - - [30/Oct/2025:12:44:25 -0400] "GET /wp-content/upgrade/index.php HTTP/1.1" 301 795 "https://www.google.com/" "Mozilla/5.0 (Windows NT 10.0; Win64; x64) AppleWebKit/537.36 (KHTML, like Gecko) Chrome/120.0.0.0 Safari/537.36"
103.115.243.145 - - [30/Oct/2025:12:44:25 -0400] "GET /wp-admin/includes/ HTTP/1.1" 301 795 "https://www.google.com/" "Mozilla/5.0 (Windows NT 10.0; Win64; x64) AppleWebKit/537.36 (KHTML, like Gecko) Chrome/120.0.0.0 Safari/537.36"
103.115.243.145 - - [30/Oct/2025:12:44:25 -0400] "GET /nc4.php HTTP/1.1" 301 795 "https://www.google.com/" "Mozilla/5.0 (Windows NT 10.0; Win64; x64) AppleWebKit/537.36 (KHTML, like Gecko) Chrome/120.0.0.0 Safari/537.36"
103.115.243.145 - - [30/Oct/2025:12:44:25 -0400] "GET /xleet.php HTTP/1.1" 301 795 "https://www.google.com/" "Mozilla/5.0 (Windows NT 10.0; Win64; x64) AppleWebKit/537.36 (KHTML, like Gecko) Chrome/120.0.0.0 Safari/537.36"
103.115.243.145 - - [30/Oct/2025:12:44:25 -0400] "GET /ioxi-o.php HTTP/1.1" 301 795 "https://www.google.com/" "Mozilla/5.0 (Windows NT 10.0; Win64; x64) AppleWebKit/537.36 (KHTML, like Gecko) Chrome/120.0.0.0 Safari/537.36"
103.115.243.145 - - [30/Oct/2025:12:44:25 -0400] "GET /wp-includes/style-engine/ HTTP/1.1" 301 795 "https://www.google.com/" "Mozilla/5.0 (Windows NT 10.0; Win64; x64) AppleWebKit/537.36 (KHTML, like Gecko) Chrome/120.0.0.0 Safari/537.36"
103.115.243.145 - - [30/Oct/2025:12:44:25 -0400] "GET /xmrlpc.php HTTP/1.1" 301 795 "https://www.google.com/" "Mozilla/5.0 (Windows NT 10.0; Win64; x64) AppleWebKit/537.36 (KHTML, like Gecko) Chrome/120.0.0.0 Safari/537.36"
103.115.243.145 - - [30/Oct/2025:12:44:25 -0400] "GET /wp-includes/Text/Diff/Renderer/ HTTP/1.1" 301 795 "https://www.google.com/" "Mozilla/5.0 (Windows NT 10.0; Win64; x64) AppleWebKit/537.36 (KHTML, like Gecko) Chrome/120.0.0.0 Safari/537.36"
103.115.243.145 - - [30/Oct/2025:12:44:25 -0400] "GET /wp-good.php HTTP/1.1" 301 795 "https://www.google.com/" "Mozilla/5.0 (Windows NT 10.0; Win64; x64) AppleWebKit/537.36 (KHTML, like Gecko) Chrome/120.0.0.0 Safari/537.36"
103.115.243.145 - - [30/Oct/2025:12:44:25 -0400] "GET /wp-content/uploads/admin.php HTTP/1.1" 301 795 "https://www.google.com/" "Mozilla/5.0 (Windows NT 10.0; Win64; x64) AppleWebKit/537.36 (KHTML, like Gecko) Chrome/120.0.0.0 Safari/537.36"
63.141.249.210 - - [30/Oct/2025:12:48:17 -0400] "GET /wp-includes/plf56b4b/edit.php HTTP/1.1" 301 795 "http://creativefinishings.com/wp-includes/plf56b4b/edit.php" "Mozilla/5.0 (Windows NT 10.0; Win64; x64) AppleWebKit/537.36 (KHTML, like Gecko) Chrome/58.0.3029.110 Safari/537.3"
43.173.176.34 - - [30/Oct/2025:12:51:26 -0400] "GET / HTTP/1.1" 301 795 "-" "Mozilla/5.0 (Windows NT 6.1; Win64; x64) AppleWebKit/537.36 (KHTML, like Gecko) Chrome/126.0.6478.114 Safari/537.36"
63.141.249.210 - - [30/Oct/2025:12:57:48 -0400] "GET /wp-includes/plf56b4b/edit.php HTTP/1.1" 301 795 "http://creativefinishings.com/wp-includes/plf56b4b/edit.php" "Mozilla/5.0 (Windows NT 10.0; Win64; x64) AppleWebKit/537.36 (KHTML, like Gecko) Chrome/58.0.3029.110 Safari/537.3"
216.24.210.170 - - [30/Oct/2025:13:08:39 -0400] "GET /wp-content/plugins/pwnd/pwnd.php HTTP/1.1" 301 795 "-" "Go-http-client/1.1"
216.24.210.170 - - [30/Oct/2025:13:08:40 -0400] "GET /wp-content/plugins/pwnd/block-support.php HTTP/1.1" 301 795 "-" "Go-http-client/1.1"
63.141.249.210 - - [30/Oct/2025:13:14:15 -0400] "GET /wp-includes/plf56b4b/edit.php HTTP/1.1" 301 795 "http://creativefinishings.com/wp-includes/plf56b4b/edit.php" "Mozilla/5.0 (Windows NT 10.0; Win64; x64) AppleWebKit/537.36 (KHTML, like Gecko) Chrome/58.0.3029.110 Safari/537.3"
182.40.104.255 - - [30/Oct/2025:13:14:22 -0400] "GET / HTTP/1.1" 301 795 "-" "Mozilla/5.0 (iPhone; CPU iPhone OS 13_2_3 like Mac OS X) AppleWebKit/605.1.15 (KHTML, like Gecko) Version/13.0.3 Mobile/15E148 Safari/604.1"
63.141.249.210 - - [30/Oct/2025:13:24:02 -0400] "GET /wp-includes/plf56b4b/edit.php HTTP/1.1" 301 795 "http://creativefinishings.com/wp-includes/plf56b4b/edit.php" "Mozilla/5.0 (Windows NT 10.0; Win64; x64) AppleWebKit/537.36 (KHTML, like Gecko) Chrome/58.0.3029.110 Safari/537.3"
63.141.249.210 - - [30/Oct/2025:13:36:17 -0400] "GET /wp-includes/plf56b4b/edit.php HTTP/1.1" 301 795 "http://creativefinishings.com/wp-includes/plf56b4b/edit.php" "Mozilla/5.0 (Windows NT 10.0; Win64; x64) AppleWebKit/537.36 (KHTML, like Gecko) Chrome/58.0.3029.110 Safari/537.3"
51.68.111.203 - - [30/Oct/2025:13:45:29 -0400] "GET /robots.txt HTTP/1.1" 301 795 "-" "Mozilla/5.0 (compatible; MJ12bot/v2.0.4; http://mj12bot.com/)"
51.68.111.203 - - [30/Oct/2025:13:45:30 -0400] "GET / HTTP/1.1" 301 795 "-" "Mozilla/5.0 (compatible; MJ12bot/v2.0.4; http://mj12bot.com/)"
63.141.249.210 - - [30/Oct/2025:13:47:31 -0400] "GET /wp-includes/plf56b4b/edit.php HTTP/1.1" 301 795 "http://creativefinishings.com/wp-includes/plf56b4b/edit.php" "Mozilla/5.0 (Windows NT 10.0; Win64; x64) AppleWebKit/537.36 (KHTML, like Gecko) Chrome/58.0.3029.110 Safari/537.3"
63.141.249.210 - - [30/Oct/2025:13:59:16 -0400] "GET /wp-includes/plf56b4b/edit.php HTTP/1.1" 301 795 "http://creativefinishings.com/wp-includes/plf56b4b/edit.php" "Mozilla/5.0 (Windows NT 10.0; Win64; x64) AppleWebKit/537.36 (KHTML, like Gecko) Chrome/58.0.3029.110 Safari/537.3"
63.141.249.210 - - [30/Oct/2025:14:13:32 -0400] "GET /wp-includes/plf56b4b/edit.php HTTP/1.1" 301 795 "http://creativefinishings.com/wp-includes/plf56b4b/edit.php" "Mozilla/5.0 (Windows NT 10.0; Win64; x64) AppleWebKit/537.36 (KHTML, like Gecko) Chrome/58.0.3029.110 Safari/537.3"
63.141.249.210 - - [30/Oct/2025:14:24:18 -0400] "GET /wp-includes/plf56b4b/edit.php HTTP/1.1" 301 795 "http://creativefinishings.com/wp-includes/plf56b4b/edit.php" "Mozilla/5.0 (Windows NT 10.0; Win64; x64) AppleWebKit/537.36 (KHTML, like Gecko) Chrome/58.0.3029.110 Safari/537.3"
63.141.249.210 - - [30/Oct/2025:14:34:05 -0400] "GET /wp-includes/plf56b4b/edit.php HTTP/1.1" 301 795 "http://creativefinishings.com/wp-includes/plf56b4b/edit.php" "Mozilla/5.0 (Windows NT 10.0; Win64; x64) AppleWebKit/537.36 (KHTML, like Gecko) Chrome/58.0.3029.110 Safari/537.3"
63.141.249.210 - - [30/Oct/2025:14:45:30 -0400] "GET /wp-includes/plf56b4b/edit.php HTTP/1.1" 301 795 "http://creativefinishings.com/wp-includes/plf56b4b/edit.php" "Mozilla/5.0 (Windows NT 10.0; Win64; x64) AppleWebKit/537.36 (KHTML, like Gecko) Chrome/58.0.3029.110 Safari/537.3"
45.89.70.31 - - [30/Oct/2025:14:54:36 -0400] "GET / HTTP/1.0" 301 795 "http://creativefinishings.com/" "Mozilla/5.0 (Windows NT 10.0; Win64; x64) AppleWebKit/537.36 (KHTML, like Gecko) Chrome/130.0.0.0 Safari/537.36 CCleaner/130.0.0.0"
198.204.224.34 - - [30/Oct/2025:14:59:30 -0400] "GET /wp-includes/plf56b4b/edit.php HTTP/1.1" 301 795 "http://creativefinishings.com/wp-includes/plf56b4b/edit.php" "Mozilla/5.0 (Windows NT 10.0; Win64; x64) AppleWebKit/537.36 (KHTML, like Gecko) Chrome/58.0.3029.110 Safari/537.3"
178.205.124.90 - - [30/Oct/2025:15:01:13 -0400] "GET /manager/assets/modext/core/modx.js HTTP/1.1" 301 795 "-" "Mozilla/5.0 (Macintosh; Intel Mac OS X 10_15_7) AppleWebKit/537.36 (KHTML, like Gecko) Chrome/128.0.0.0 Safari/537.36"
63.141.249.210 - - [30/Oct/2025:15:14:22 -0400] "GET /wp-includes/plf56b4b/edit.php HTTP/1.1" 301 795 "http://creativefinishings.com/wp-includes/plf56b4b/edit.php" "Mozilla/5.0 (Windows NT 10.0; Win64; x64) AppleWebKit/537.36 (KHTML, like Gecko) Chrome/58.0.3029.110 Safari/537.3"
176.104.212.93 - - [30/Oct/2025:15:19:22 -0400] "GET /manager/media/script/mootools/mootools.js HTTP/1.1" 301 795 "-" "Mozilla/5.0 (Windows NT 10.0; Win64; x64) AppleWebKit/537.36 (KHTML, like Gecko) Chrome/109.0.0.0 Safari/537.36"
176.106.252.230 - - [30/Oct/2025:15:20:01 -0400] "GET /manager/media/script/mootools/mootools.js HTTP/1.1" 301 795 "-" "Mozilla/5.0 (Windows NT 10.0; Win64; x64; rv:128.0) Gecko/20100101 Firefox/128.0"
63.141.249.210 - - [30/Oct/2025:15:24:40 -0400] "GET /wp-includes/plf56b4b/edit.php HTTP/1.1" 301 795 "http://creativefinishings.com/wp-includes/plf56b4b/edit.php" "Mozilla/5.0 (Windows NT 10.0; Win64; x64) AppleWebKit/537.36 (KHTML, like Gecko) Chrome/58.0.3029.110 Safari/537.3"
198.204.224.34 - - [30/Oct/2025:15:37:26 -0400] "GET /wp-includes/plf56b4b/edit.php HTTP/1.1" 301 795 "http://creativefinishings.com/wp-includes/plf56b4b/edit.php" "Mozilla/5.0 (Windows NT 10.0; Win64; x64) AppleWebKit/537.36 (KHTML, like Gecko) Chrome/58.0.3029.110 Safari/537.3"
63.141.249.210 - - [30/Oct/2025:15:53:17 -0400] "GET /wp-includes/plf56b4b/edit.php HTTP/1.1" 301 795 "http://creativefinishings.com/wp-includes/plf56b4b/edit.php" "Mozilla/5.0 (Windows NT 10.0; Win64; x64) AppleWebKit/537.36 (KHTML, like Gecko) Chrome/58.0.3029.110 Safari/537.3"
63.141.249.210 - - [30/Oct/2025:16:04:20 -0400] "GET /wp-includes/plf56b4b/edit.php HTTP/1.1" 301 795 "http://creativefinishings.com/wp-includes/plf56b4b/edit.php" "Mozilla/5.0 (Windows NT 10.0; Win64; x64) AppleWebKit/537.36 (KHTML, like Gecko) Chrome/58.0.3029.110 Safari/537.3"
198.204.224.34 - - [30/Oct/2025:16:14:27 -0400] "GET /wp-includes/plf56b4b/edit.php HTTP/1.1" 301 795 "http://creativefinishings.com/wp-includes/plf56b4b/edit.php" "Mozilla/5.0 (Windows NT 10.0; Win64; x64) AppleWebKit/537.36 (KHTML, like Gecko) Chrome/58.0.3029.110 Safari/537.3"
63.141.249.210 - - [30/Oct/2025:16:25:17 -0400] "GET /wp-includes/plf56b4b/edit.php HTTP/1.1" 301 795 "http://creativefinishings.com/wp-includes/plf56b4b/edit.php" "Mozilla/5.0 (Windows NT 10.0; Win64; x64) AppleWebKit/537.36 (KHTML, like Gecko) Chrome/58.0.3029.110 Safari/537.3"
80.71.154.37 - - [30/Oct/2025:16:29:03 -0400] "GET / HTTP/1.1" 301 795 "-" "Mozilla/5.0 (Windows NT 10.0; Win64; x64) AppleWebKit/537.36 (KHTML, like Gecko) Chrome/118.0.0.0 Safari/537.36"
63.141.249.210 - - [30/Oct/2025:16:37:09 -0400] "GET /wp-includes/plf56b4b/edit.php HTTP/1.1" 301 795 "http://creativefinishings.com/wp-includes/plf56b4b/edit.php" "Mozilla/5.0 (Windows NT 10.0; Win64; x64) AppleWebKit/537.36 (KHTML, like Gecko) Chrome/58.0.3029.110 Safari/537.3"
63.141.249.210 - - [30/Oct/2025:16:48:17 -0400] "GET /wp-includes/plf56b4b/edit.php HTTP/1.1" 301 795 "http://creativefinishings.com/wp-includes/plf56b4b/edit.php" "Mozilla/5.0 (Windows NT 10.0; Win64; x64) AppleWebKit/537.36 (KHTML, like Gecko) Chrome/58.0.3029.110 Safari/537.3"
63.141.249.210 - - [30/Oct/2025:17:04:26 -0400] "GET /wp-includes/plf56b4b/edit.php HTTP/1.1" 301 795 "http://creativefinishings.com/wp-includes/plf56b4b/edit.php" "Mozilla/5.0 (Windows NT 10.0; Win64; x64) AppleWebKit/537.36 (KHTML, like Gecko) Chrome/58.0.3029.110 Safari/537.3"
63.141.249.210 - - [30/Oct/2025:17:15:18 -0400] "GET /wp-includes/plf56b4b/edit.php HTTP/1.1" 301 795 "http://creativefinishings.com/wp-includes/plf56b4b/edit.php" "Mozilla/5.0 (Windows NT 10.0; Win64; x64) AppleWebKit/537.36 (KHTML, like Gecko) Chrome/58.0.3029.110 Safari/537.3"
63.141.249.210 - - [30/Oct/2025:17:24:44 -0400] "GET /wp-includes/plf56b4b/edit.php HTTP/1.1" 301 795 "http://creativefinishings.com/wp-includes/plf56b4b/edit.php" "Mozilla/5.0 (Windows NT 10.0; Win64; x64) AppleWebKit/537.36 (KHTML, like Gecko) Chrome/58.0.3029.110 Safari/537.3"
63.141.249.210 - - [30/Oct/2025:17:36:44 -0400] "GET /wp-includes/plf56b4b/edit.php HTTP/1.1" 301 795 "http://creativefinishings.com/wp-includes/plf56b4b/edit.php" "Mozilla/5.0 (Windows NT 10.0; Win64; x64) AppleWebKit/537.36 (KHTML, like Gecko) Chrome/58.0.3029.110 Safari/537.3"
89.248.172.183 - - [30/Oct/2025:17:42:57 -0400] "POST /wp-json/litespeed/v1/cdn_status HTTP/1.1" 301 795 "-" "Mozilla/5.0 (X11; Linux x86_64; rv:109.0) Gecko/20100101 Firefox/114.3"
2.58.113.138 - - [30/Oct/2025:17:51:06 -0400] "GET /wp-content/makeasmtp.php HTTP/1.1" 301 795 "-" "-"
63.141.249.210 - - [30/Oct/2025:17:52:18 -0400] "GET /wp-includes/plf56b4b/edit.php HTTP/1.1" 301 795 "http://creativefinishings.com/wp-includes/plf56b4b/edit.php" "Mozilla/5.0 (Windows NT 10.0; Win64; x64) AppleWebKit/537.36 (KHTML, like Gecko) Chrome/58.0.3029.110 Safari/537.3"
63.141.249.210 - - [30/Oct/2025:18:01:26 -0400] "GET /wp-includes/plf56b4b/edit.php HTTP/1.1" 301 795 "http://creativefinishings.com/wp-includes/plf56b4b/edit.php" "Mozilla/5.0 (Windows NT 10.0; Win64; x64) AppleWebKit/537.36 (KHTML, like Gecko) Chrome/58.0.3029.110 Safari/537.3"
63.141.249.210 - - [30/Oct/2025:18:11:02 -0400] "GET /wp-includes/plf56b4b/edit.php HTTP/1.1" 301 795 "http://creativefinishings.com/wp-includes/plf56b4b/edit.php" "Mozilla/5.0 (Windows NT 10.0; Win64; x64) AppleWebKit/537.36 (KHTML, like Gecko) Chrome/58.0.3029.110 Safari/537.3"
43.173.181.231 - - [30/Oct/2025:18:17:12 -0400] "GET / HTTP/1.1" 301 795 "-" "Mozilla/5.0 (Windows NT 6.1; Win64; x64) AppleWebKit/537.36 (KHTML, like Gecko) Chrome/126.0.6478.114 Safari/537.36"
63.141.249.210 - - [30/Oct/2025:18:25:54 -0400] "GET /wp-includes/plf56b4b/edit.php HTTP/1.1" 301 795 "http://creativefinishings.com/wp-includes/plf56b4b/edit.php" "Mozilla/5.0 (Windows NT 10.0; Win64; x64) AppleWebKit/537.36 (KHTML, like Gecko) Chrome/58.0.3029.110 Safari/537.3"
63.141.249.210 - - [30/Oct/2025:18:36:15 -0400] "GET /wp-includes/plf56b4b/edit.php HTTP/1.1" 301 795 "http://creativefinishings.com/wp-includes/plf56b4b/edit.php" "Mozilla/5.0 (Windows NT 10.0; Win64; x64) AppleWebKit/537.36 (KHTML, like Gecko) Chrome/58.0.3029.110 Safari/537.3"
63.141.249.210 - - [30/Oct/2025:18:43:30 -0400] "GET /wp-includes/plf56b4b/edit.php HTTP/1.1" 301 795 "http://creativefinishings.com/wp-includes/plf56b4b/edit.php" "Mozilla/5.0 (Windows NT 10.0; Win64; x64) AppleWebKit/537.36 (KHTML, like Gecko) Chrome/58.0.3029.110 Safari/537.3"
63.141.249.210 - - [30/Oct/2025:18:53:17 -0400] "GET /wp-includes/plf56b4b/edit.php HTTP/1.1" 301 795 "http://creativefinishings.com/wp-includes/plf56b4b/edit.php" "Mozilla/5.0 (Windows NT 10.0; Win64; x64) AppleWebKit/537.36 (KHTML, like Gecko) Chrome/58.0.3029.110 Safari/537.3"
172.81.132.76 - - [30/Oct/2025:18:54:27 -0400] "GET /wp-content/plugins/shell/about.php HTTP/1.1" 301 795 "www.google.com" "Mozlila/5.0 (Linux; Android 7.0; SM-G892A Bulid/NRD90M; wv) AppleWebKit/537.36 (KHTML, like Gecko) Version/4.0 Chrome/60.0.3112.107 Moblie Safari/537.36"
172.81.132.76 - - [30/Oct/2025:18:54:42 -0400] "GET /wp-content/plugins/fix/up.php HTTP/1.1" 301 795 "www.google.com" "Mozlila/5.0 (Linux; Android 7.0; SM-G892A Bulid/NRD90M; wv) AppleWebKit/537.36 (KHTML, like Gecko) Version/4.0 Chrome/60.0.3112.107 Moblie Safari/537.36"
172.81.132.76 - - [30/Oct/2025:18:54:49 -0400] "GET /wp-content/plugins/wp-help/mini.php HTTP/1.1" 301 795 "www.google.com" "Mozlila/5.0 (Linux; Android 7.0; SM-G892A Bulid/NRD90M; wv) AppleWebKit/537.36 (KHTML, like Gecko) Version/4.0 Chrome/60.0.3112.107 Moblie Safari/537.36"
113.219.218.197 - - [30/Oct/2025:18:54:53 -0400] "GET / HTTP/1.1" 301 795 "-" "Mozilla/5.0 (iPhone; CPU iPhone OS 13_2_3 like Mac OS X) AppleWebKit/605.1.15 (KHTML, like Gecko) Version/13.0.3 Mobile/15E148 Safari/604.1"
198.204.224.34 - - [30/Oct/2025:19:02:18 -0400] "GET /wp-includes/plf56b4b/edit.php HTTP/1.1" 301 795 "http://creativefinishings.com/wp-includes/plf56b4b/edit.php" "Mozilla/5.0 (Windows NT 10.0; Win64; x64) AppleWebKit/537.36 (KHTML, like Gecko) Chrome/58.0.3029.110 Safari/537.3"
63.141.249.210 - - [30/Oct/2025:19:09:27 -0400] "GET /wp-includes/plf56b4b/edit.php HTTP/1.1" 301 795 "http://creativefinishings.com/wp-includes/plf56b4b/edit.php" "Mozilla/5.0 (Windows NT 10.0; Win64; x64) AppleWebKit/537.36 (KHTML, like Gecko) Chrome/58.0.3029.110 Safari/537.3"
196.204.138.244 - - [30/Oct/2025:19:16:05 -0400] "GET /wp-json/wp/v2/posts HTTP/1.1" 301 795 "-" "Mozilla/5.0 (Windows NT 10.0; Win64; x64) AppleWebKit/537.36 (KHTML, like Gecko) Chrome/120.0.0.0 Safari/537.36"
198.204.224.34 - - [30/Oct/2025:19:18:21 -0400] "GET /wp-includes/plf56b4b/edit.php HTTP/1.1" 301 795 "http://creativefinishings.com/wp-includes/plf56b4b/edit.php" "Mozilla/5.0 (Windows NT 10.0; Win64; x64) AppleWebKit/537.36 (KHTML, like Gecko) Chrome/58.0.3029.110 Safari/537.3"
63.141.249.210 - - [30/Oct/2025:19:26:16 -0400] "GET /wp-includes/plf56b4b/edit.php HTTP/1.1" 301 795 "http://creativefinishings.com/wp-includes/plf56b4b/edit.php" "Mozilla/5.0 (Windows NT 10.0; Win64; x64) AppleWebKit/537.36 (KHTML, like Gecko) Chrome/58.0.3029.110 Safari/537.3"
63.141.249.210 - - [30/Oct/2025:19:35:16 -0400] "GET /wp-includes/plf56b4b/edit.php HTTP/1.1" 301 795 "http://creativefinishings.com/wp-includes/plf56b4b/edit.php" "Mozilla/5.0 (Windows NT 10.0; Win64; x64) AppleWebKit/537.36 (KHTML, like Gecko) Chrome/58.0.3029.110 Safari/537.3"
63.141.249.210 - - [30/Oct/2025:19:44:30 -0400] "GET /wp-includes/plf56b4b/edit.php HTTP/1.1" 301 795 "http://creativefinishings.com/wp-includes/plf56b4b/edit.php" "Mozilla/5.0 (Windows NT 10.0; Win64; x64) AppleWebKit/537.36 (KHTML, like Gecko) Chrome/58.0.3029.110 Safari/537.3"
63.141.249.210 - - [30/Oct/2025:19:52:19 -0400] "GET /wp-includes/plf56b4b/edit.php HTTP/1.1" 301 795 "http://creativefinishings.com/wp-includes/plf56b4b/edit.php" "Mozilla/5.0 (Windows NT 10.0; Win64; x64) AppleWebKit/537.36 (KHTML, like Gecko) Chrome/58.0.3029.110 Safari/537.3"
63.141.249.210 - - [30/Oct/2025:20:01:18 -0400] "GET /wp-includes/plf56b4b/edit.php HTTP/1.1" 301 795 "http://creativefinishings.com/wp-includes/plf56b4b/edit.php" "Mozilla/5.0 (Windows NT 10.0; Win64; x64) AppleWebKit/537.36 (KHTML, like Gecko) Chrome/58.0.3029.110 Safari/537.3"
63.141.249.210 - - [30/Oct/2025:20:09:19 -0400] "GET /wp-includes/plf56b4b/edit.php HTTP/1.1" 301 795 "http://creativefinishings.com/wp-includes/plf56b4b/edit.php" "Mozilla/5.0 (Windows NT 10.0; Win64; x64) AppleWebKit/537.36 (KHTML, like Gecko) Chrome/58.0.3029.110 Safari/537.3"
80.85.246.74 - - [30/Oct/2025:20:13:53 -0400] "GET / HTTP/1.1" 301 795 "-" "Mozilla/5.0 (Windows NT 10.0; Win64; x64) AppleWebKit/537.36 (KHTML, like Gecko) Chrome/120.0.0.0 Safari/537.36"
63.141.249.210 - - [30/Oct/2025:20:18:19 -0400] "GET /wp-includes/plf56b4b/edit.php HTTP/1.1" 301 795 "http://creativefinishings.com/wp-includes/plf56b4b/edit.php" "Mozilla/5.0 (Windows NT 10.0; Win64; x64) AppleWebKit/537.36 (KHTML, like Gecko) Chrome/58.0.3029.110 Safari/537.3"
63.141.249.210 - - [30/Oct/2025:20:26:21 -0400] "GET /wp-includes/plf56b4b/edit.php HTTP/1.1" 301 795 "http://creativefinishings.com/wp-includes/plf56b4b/edit.php" "Mozilla/5.0 (Windows NT 10.0; Win64; x64) AppleWebKit/537.36 (KHTML, like Gecko) Chrome/58.0.3029.110 Safari/537.3"
63.141.249.210 - - [30/Oct/2025:20:35:19 -0400] "GET /wp-includes/plf56b4b/edit.php HTTP/1.1" 301 795 "http://creativefinishings.com/wp-includes/plf56b4b/edit.php" "Mozilla/5.0 (Windows NT 10.0; Win64; x64) AppleWebKit/537.36 (KHTML, like Gecko) Chrome/58.0.3029.110 Safari/537.3"
63.141.249.210 - - [30/Oct/2025:20:42:18 -0400] "GET /wp-includes/plf56b4b/edit.php HTTP/1.1" 301 795 "http://creativefinishings.com/wp-includes/plf56b4b/edit.php" "Mozilla/5.0 (Windows NT 10.0; Win64; x64) AppleWebKit/537.36 (KHTML, like Gecko) Chrome/58.0.3029.110 Safari/537.3"
63.141.249.210 - - [30/Oct/2025:20:51:18 -0400] "GET /wp-includes/plf56b4b/edit.php HTTP/1.1" 301 795 "http://creativefinishings.com/wp-includes/plf56b4b/edit.php" "Mozilla/5.0 (Windows NT 10.0; Win64; x64) AppleWebKit/537.36 (KHTML, like Gecko) Chrome/58.0.3029.110 Safari/537.3"
63.141.249.210 - - [30/Oct/2025:20:59:16 -0400] "GET /wp-includes/plf56b4b/edit.php HTTP/1.1" 301 795 "http://creativefinishings.com/wp-includes/plf56b4b/edit.php" "Mozilla/5.0 (Windows NT 10.0; Win64; x64) AppleWebKit/537.36 (KHTML, like Gecko) Chrome/58.0.3029.110 Safari/537.3"
63.141.249.210 - - [30/Oct/2025:21:08:19 -0400] "GET /wp-includes/plf56b4b/edit.php HTTP/1.1" 301 795 "http://creativefinishings.com/wp-includes/plf56b4b/edit.php" "Mozilla/5.0 (Windows NT 10.0; Win64; x64) AppleWebKit/537.36 (KHTML, like Gecko) Chrome/58.0.3029.110 Safari/537.3"
63.141.250.58 - - [30/Oct/2025:21:09:06 -0400] "GET /index.php?params=1 HTTP/1.1" 301 795 "-" "Mozilla/5.0 (Windows NT 10.0; Win64; x64) AppleWebKit/537.36 (KHTML, like Gecko) Chrome/91.0.4472.106 Safari/537.36"
173.208.148.34 - - [30/Oct/2025:21:15:12 -0400] "GET /index.php?params=1 HTTP/1.1" 301 795 "-" "Mozilla/5.0 (Windows NT 10.0; Win64; x64) AppleWebKit/537.36 (KHTML, like Gecko) Chrome/91.0.4472.106 Safari/537.36"
63.141.249.210 - - [30/Oct/2025:21:18:17 -0400] "GET /wp-includes/plf56b4b/edit.php HTTP/1.1" 301 795 "http://creativefinishings.com/wp-includes/plf56b4b/edit.php" "Mozilla/5.0 (Windows NT 10.0; Win64; x64) AppleWebKit/537.36 (KHTML, like Gecko) Chrome/58.0.3029.110 Safari/537.3"
63.141.249.210 - - [30/Oct/2025:21:25:32 -0400] "GET /wp-includes/plf56b4b/edit.php HTTP/1.1" 301 795 "http://creativefinishings.com/wp-includes/plf56b4b/edit.php" "Mozilla/5.0 (Windows NT 10.0; Win64; x64) AppleWebKit/537.36 (KHTML, like Gecko) Chrome/58.0.3029.110 Safari/537.3"
202.191.123.74 - - [30/Oct/2025:21:29:35 -0400] "GET /wp-json/wp/v2/posts HTTP/1.1" 301 795 "-" "Mozilla/5.0 (Windows NT 10.0; Win64; x64) AppleWebKit/537.36 (KHTML, like Gecko) Chrome/120.0.0.0 Safari/537.36"
63.141.249.210 - - [30/Oct/2025:21:35:19 -0400] "GET /wp-includes/plf56b4b/edit.php HTTP/1.1" 301 795 "http://creativefinishings.com/wp-includes/plf56b4b/edit.php" "Mozilla/5.0 (Windows NT 10.0; Win64; x64) AppleWebKit/537.36 (KHTML, like Gecko) Chrome/58.0.3029.110 Safari/537.3"
63.141.249.210 - - [30/Oct/2025:21:44:18 -0400] "GET /wp-includes/plf56b4b/edit.php HTTP/1.1" 301 795 "http://creativefinishings.com/wp-includes/plf56b4b/edit.php" "Mozilla/5.0 (Windows NT 10.0; Win64; x64) AppleWebKit/537.36 (KHTML, like Gecko) Chrome/58.0.3029.110 Safari/537.3"
63.141.249.210 - - [30/Oct/2025:21:52:17 -0400] "GET /wp-includes/plf56b4b/edit.php HTTP/1.1" 301 795 "http://creativefinishings.com/wp-includes/plf56b4b/edit.php" "Mozilla/5.0 (Windows NT 10.0; Win64; x64) AppleWebKit/537.36 (KHTML, like Gecko) Chrome/58.0.3029.110 Safari/537.3"
63.141.249.210 - - [30/Oct/2025:22:01:20 -0400] "GET /wp-includes/plf56b4b/edit.php HTTP/1.1" 301 795 "http://creativefinishings.com/wp-includes/plf56b4b/edit.php" "Mozilla/5.0 (Windows NT 10.0; Win64; x64) AppleWebKit/537.36 (KHTML, like Gecko) Chrome/58.0.3029.110 Safari/537.3"
63.141.249.210 - - [30/Oct/2025:22:11:18 -0400] "GET /wp-includes/plf56b4b/edit.php HTTP/1.1" 301 795 "http://creativefinishings.com/wp-includes/plf56b4b/edit.php" "Mozilla/5.0 (Windows NT 10.0; Win64; x64) AppleWebKit/537.36 (KHTML, like Gecko) Chrome/58.0.3029.110 Safari/537.3"
198.204.224.34 - - [30/Oct/2025:22:20:15 -0400] "GET /wp-includes/plf56b4b/edit.php HTTP/1.1" 301 795 "http://creativefinishings.com/wp-includes/plf56b4b/edit.php" "Mozilla/5.0 (Windows NT 10.0; Win64; x64) AppleWebKit/537.36 (KHTML, like Gecko) Chrome/58.0.3029.110 Safari/537.3"
63.141.249.210 - - [30/Oct/2025:22:31:18 -0400] "GET /wp-includes/plf56b4b/edit.php HTTP/1.1" 301 795 "http://creativefinishings.com/wp-includes/plf56b4b/edit.php" "Mozilla/5.0 (Windows NT 10.0; Win64; x64) AppleWebKit/537.36 (KHTML, like Gecko) Chrome/58.0.3029.110 Safari/537.3"
52.169.148.186 - - [30/Oct/2025:22:31:25 -0400] "GET /wp-content/plugins/hellopress/wp_filemanager.php HTTP/1.1" 301 795 "-" "-"
52.169.148.186 - - [30/Oct/2025:22:31:27 -0400] "GET /neshe.php HTTP/1.1" 301 795 "-" "-"
63.141.249.210 - - [30/Oct/2025:22:44:34 -0400] "GET /wp-includes/plf56b4b/edit.php HTTP/1.1" 301 795 "http://creativefinishings.com/wp-includes/plf56b4b/edit.php" "Mozilla/5.0 (Windows NT 10.0; Win64; x64) AppleWebKit/537.36 (KHTML, like Gecko) Chrome/58.0.3029.110 Safari/537.3"
89.248.172.183 - - [30/Oct/2025:22:46:30 -0400] "POST /wp-json/litespeed/v1/cdn_status HTTP/1.1" 301 795 "-" "Mozilla/5.0 (X11; Linux x86_64; rv:109.0) Gecko/20100101 Firefox/114.3"
63.141.249.210 - - [30/Oct/2025:22:53:30 -0400] "GET /wp-includes/plf56b4b/edit.php HTTP/1.1" 301 795 "http://creativefinishings.com/wp-includes/plf56b4b/edit.php" "Mozilla/5.0 (Windows NT 10.0; Win64; x64) AppleWebKit/537.36 (KHTML, like Gecko) Chrome/58.0.3029.110 Safari/537.3"