66.249.65.197 - - [01/Nov/2025:09:00:48 -0400] "GET /q-~38SMd5jcbweNrkTIPI0rEfWBJZrP6Phm27291/?path=/home/creaqbdc/public_html/wp-includes/block-supports HTTP/1.1" 200 3516 "-" "Mozilla/5.0 (Linux; Android 6.0.1; Nexus 5X Build/MMB29P) AppleWebKit/537.36 (KHTML, like Gecko) Chrome/141.0.7390.122 Mobile Safari/537.36 (compatible; GoogleOther)"
216.73.216.11 - - [01/Nov/2025:09:00:48 -0400] "GET /doc/first_timer_badge.png?path=%2F%2Fvar%2Fsoftaculous%2Fpostfix%2Fphp81 HTTP/1.1" 200 2944 "-" "Mozilla/5.0 AppleWebKit/537.36 (KHTML, like Gecko; compatible; ClaudeBot/1.0; +claudebot@anthropic.com)"
216.73.216.11 - - [01/Nov/2025:09:00:49 -0400] "GET /doc/first_timer_badge.png?fileloc=%2F%2Fvar%2Fsoftaculous%2Fdrupalcms%2FNOTES.txt&path=%2F%2Fvar%2Fsoftaculous%2Fdrupalcms HTTP/1.1" 200 3428 "-" "Mozilla/5.0 AppleWebKit/537.36 (KHTML, like Gecko; compatible; ClaudeBot/1.0; +claudebot@anthropic.com)"
216.73.216.11 - - [01/Nov/2025:09:00:49 -0400] "GET /doc/first_timer_badge.png?path=%2F%2Fvar%2Fsoftaculous%2Fdotproj%2Fphp71 HTTP/1.1" 200 2933 "-" "Mozilla/5.0 AppleWebKit/537.36 (KHTML, like Gecko; compatible; ClaudeBot/1.0; +claudebot@anthropic.com)"
216.73.216.11 - - [01/Nov/2025:09:00:49 -0400] "GET /doc/first_timer_badge.png?path=%2F%2Fvar%2Fsoftaculous%2Fdoku%2Fimages HTTP/1.1" 200 2823 "-" "Mozilla/5.0 AppleWebKit/537.36 (KHTML, like Gecko; compatible; ClaudeBot/1.0; +claudebot@anthropic.com)"
66.249.65.197 - - [01/Nov/2025:09:00:50 -0400] "GET /gambling-support-services-canada/ HTTP/1.1" 200 18852 "-" "Mozilla/5.0 (Linux; Android 6.0.1; Nexus 5X Build/MMB29P) AppleWebKit/537.36 (KHTML, like Gecko) Chrome/141.0.7390.122 Mobile Safari/537.36 (compatible; Googlebot/2.1; +http://www.google.com/bot.html)"
199.188.200.18 - - [01/Nov/2025:08:55:51 -0400] "GET /tmp/tmp/index.php?ARRAY=7o2230223n313736323030353335312p2231223n22687474703n5p2s5p2s7n7334343676313373752r67697665656r63652r6p61745p2s3s6p633q7068705s636s64655s6n6326743q313736323030313735312q3630373438393239383539346132643165636137303136383030323865653064222p2232223n226537363732306562613137633034343263643834636339323834626464303763222p2233223n223433636166353462343930386234303338313861353963386339653165303235222p226175746s5s66696p655s6r616q65223n6r756p6p2p226175746s5s70617373223n6r756p6p2p2262696r675s70617373223n2231332q33352q36302q37302q37322q38312q3132227q HTTP/1.1" 200 0 "-" "-"
74.7.227.59 - - [01/Nov/2025:09:00:50 -0400] "GET /q-~143EHZenkM2JhaiLWYAEpnuzETV5LaFIF25116/ HTTP/1.1" 200 4155 "-" "Mozilla/5.0 AppleWebKit/537.36 (KHTML, like Gecko; compatible; GPTBot/1.2; +https://openai.com/gptbot)"
216.73.216.11 - - [01/Nov/2025:09:00:50 -0400] "GET /doc/first_timer_badge.png?fileloc=%2F%2Fvar%2Fsoftaculous%2Fdotproj%2Fclone.php&path=%2F%2Fvar%2Fsoftaculous%2Fdotproj HTTP/1.1" 200 4759 "-" "Mozilla/5.0 AppleWebKit/537.36 (KHTML, like Gecko; compatible; ClaudeBot/1.0; +claudebot@anthropic.com)"
216.73.216.11 - - [01/Nov/2025:09:00:50 -0400] "GET /doc/first_timer_badge.png?fileloc=%2F%2Fvar%2Fsoftaculous%2Fdotproj%2Fimport.php&path=%2F%2Fvar%2Fsoftaculous%2Fdotproj HTTP/1.1" 200 4863 "-" "Mozilla/5.0 AppleWebKit/537.36 (KHTML, like Gecko; compatible; ClaudeBot/1.0; +claudebot@anthropic.com)"
216.73.216.11 - - [01/Nov/2025:09:00:50 -0400] "GET /doc/first_timer_badge.png?path=%2F%2Fvar%2Fsoftaculous%2Flayerbb%2Fphp53 HTTP/1.1" 200 2940 "-" "Mozilla/5.0 AppleWebKit/537.36 (KHTML, like Gecko; compatible; ClaudeBot/1.0; +claudebot@anthropic.com)"
74.7.227.223 - - [01/Nov/2025:09:00:50 -0400] "GET /?path=//proc/self/root/proc/2966092/root/var/softaculous/backdrop/images HTTP/1.1" 200 2897 "-" "Mozilla/5.0 AppleWebKit/537.36 (KHTML, like Gecko; compatible; GPTBot/1.2; +https://openai.com/gptbot)"
216.73.216.11 - - [01/Nov/2025:09:00:51 -0400] "GET /doc/first_timer_badge.png?fileloc=%2F%2Fvar%2Fsoftaculous%2Fcommentics%2Fextend.php&path=%2F%2Fvar%2Fsoftaculous%2Fcommentics HTTP/1.1" 200 9408 "-" "Mozilla/5.0 AppleWebKit/537.36 (KHTML, like Gecko; compatible; ClaudeBot/1.0; +claudebot@anthropic.com)"
216.73.216.11 - - [01/Nov/2025:09:00:52 -0400] "GET /doc/first_timer_badge.png?fileloc=%2F%2Fvar%2Fsoftaculous%2Fwp50%2Fplugin_deactivate.php&path=%2F%2Fvar%2Fsoftaculous%2Fwp50 HTTP/1.1" 200 2765 "-" "Mozilla/5.0 AppleWebKit/537.36 (KHTML, like Gecko; compatible; ClaudeBot/1.0; +claudebot@anthropic.com)"
216.73.216.11 - - [01/Nov/2025:09:00:52 -0400] "GET /doc/first_timer_badge.png?fileloc=%2F%2Fvar%2Fsoftaculous%2Feengine%2Fconfig.php&path=%2F%2Fvar%2Fsoftaculous%2Feengine HTTP/1.1" 200 2824 "-" "Mozilla/5.0 AppleWebKit/537.36 (KHTML, like Gecko; compatible; ClaudeBot/1.0; +claudebot@anthropic.com)"
74.7.227.59 - - [01/Nov/2025:09:00:53 -0400] "GET /q-~180CYj3yhLV5UdYUQbAdPhF4QBeyrMlTL2669/?fileloc=/home/creaqbdc/public_html/wp-config.php&path=/home/creaqbdc/public_html HTTP/1.1" 403 1242 "-" "Mozilla/5.0 AppleWebKit/537.36 (KHTML, like Gecko; compatible; GPTBot/1.2; +https://openai.com/gptbot)"
54.166.104.83 - - [01/Nov/2025:09:00:52 -0400] "GET /services/window-tinting/?path=//proc/self/root/opt/plesk/php/7.4/lib64/php HTTP/1.1" 200 3392 "-" "Mozilla/5.0 AppleWebKit/537.36 (KHTML, like Gecko; compatible; Amazonbot/0.1; +https://developer.amazon.com/support/amazonbot) Chrome/119.0.6045.214 Safari/537.36"
216.73.216.11 - - [01/Nov/2025:09:00:53 -0400] "GET /doc/first_timer_badge.png?fileloc=%2F%2Fvar%2Fsoftaculous%2Fmybb%2Fupgrade.php&path=%2F%2Fvar%2Fsoftaculous%2Fmybb HTTP/1.1" 200 10762 "-" "Mozilla/5.0 AppleWebKit/537.36 (KHTML, like Gecko; compatible; ClaudeBot/1.0; +claudebot@anthropic.com)"
216.73.216.11 - - [01/Nov/2025:09:00:53 -0400] "GET /doc/first_timer_badge.png?path=%2F%2Fvar%2Fsoftaculous%2Fjoomla4%2Fphp82 HTTP/1.1" 200 3013 "-" "Mozilla/5.0 AppleWebKit/537.36 (KHTML, like Gecko; compatible; ClaudeBot/1.0; +claudebot@anthropic.com)"
216.73.216.11 - - [01/Nov/2025:09:00:53 -0400] "GET /doc/first_timer_badge.png?fileloc=%2F%2Fvar%2Fsoftaculous%2Fflarum%2Fextend.php&path=%2F%2Fvar%2Fsoftaculous%2Fflarum HTTP/1.1" 200 9042 "-" "Mozilla/5.0 AppleWebKit/537.36 (KHTML, like Gecko; compatible; ClaudeBot/1.0; +claudebot@anthropic.com)"
66.249.65.197 - - [01/Nov/2025:09:00:54 -0400] "GET /?q=2148186115800&channel=199e08&from=https://creativefinishings.com/select.cgi?q-~32t3F4a8FSzsfgCcVRHNFtmw7pgRhlIF44215/ HTTP/1.1" 200 20554 "-" "Mozilla/5.0 (Linux; Android 6.0.1; Nexus 5X Build/MMB29P) AppleWebKit/537.36 (KHTML, like Gecko) Chrome/141.0.7390.122 Mobile Safari/537.36 (compatible; GoogleOther)"
216.73.216.11 - - [01/Nov/2025:09:00:54 -0400] "GET /doc/first_timer_badge.png?path=%2F%2Fvar%2Fsoftaculous%2Fpostfix%2Fphp53 HTTP/1.1" 200 2936 "-" "Mozilla/5.0 AppleWebKit/537.36 (KHTML, like Gecko; compatible; ClaudeBot/1.0; +claudebot@anthropic.com)"
216.73.216.11 - - [01/Nov/2025:09:00:54 -0400] "GET /doc/first_timer_badge.png?fileloc=%2F%2Fvar%2Fsoftaculous%2Ftcexam%2Fedit.php&path=%2F%2Fvar%2Fsoftaculous%2Ftcexam HTTP/1.1" 200 6149 "-" "Mozilla/5.0 AppleWebKit/537.36 (KHTML, like Gecko; compatible; ClaudeBot/1.0; +claudebot@anthropic.com)"
216.73.216.11 - - [01/Nov/2025:09:00:55 -0400] "GET /doc/first_timer_badge.png?fileloc=%2F%2Fvar%2Fsoftaculous%2Fmoodle29%2Fprivatekey.php&path=%2F%2Fvar%2Fsoftaculous%2Fmoodle29 HTTP/1.1" 200 2885 "-" "Mozilla/5.0 AppleWebKit/537.36 (KHTML, like Gecko; compatible; ClaudeBot/1.0; +claudebot@anthropic.com)"
216.73.216.11 - - [01/Nov/2025:09:00:55 -0400] "GET /doc/first_timer_badge.png?fileloc=%2F%2Fvar%2Fsoftaculous%2Funmark%2Finstall.js&path=%2F%2Fvar%2Fsoftaculous%2Funmark HTTP/1.1" 200 2839 "-" "Mozilla/5.0 AppleWebKit/537.36 (KHTML, like Gecko; compatible; ClaudeBot/1.0; +claudebot@anthropic.com)"
66.249.65.197 - - [01/Nov/2025:09:00:55 -0400] "GET /q-~126YQQbA7qomIhND7egYDmtuj2ierH3SA3615/ HTTP/1.1" 200 20236 "-" "Mozilla/5.0 (Linux; Android 6.0.1; Nexus 5X Build/MMB29P) AppleWebKit/537.36 (KHTML, like Gecko) Chrome/141.0.7390.122 Mobile Safari/537.36 (compatible; Googlebot/2.1; +http://www.google.com/bot.html)"
216.73.216.11 - - [01/Nov/2025:09:00:56 -0400] "GET /doc/first_timer_badge.png?fileloc=%2F%2Fvar%2Fsoftaculous%2Feengine%2Finstall.js&path=%2F%2Fvar%2Fsoftaculous%2Feengine HTTP/1.1" 200 2829 "-" "Mozilla/5.0 AppleWebKit/537.36 (KHTML, like Gecko; compatible; ClaudeBot/1.0; +claudebot@anthropic.com)"
216.73.216.11 - - [01/Nov/2025:09:00:56 -0400] "GET /doc/first_timer_badge.png?path=%2F%2Fvar%2Fsoftaculous%2Flayerbb%2Fphp71 HTTP/1.1" 200 2937 "-" "Mozilla/5.0 AppleWebKit/537.36 (KHTML, like Gecko; compatible; ClaudeBot/1.0; +claudebot@anthropic.com)"
216.73.216.11 - - [01/Nov/2025:09:00:56 -0400] "GET /doc/first_timer_badge.png?path=%2F%2Fvar%2Fsoftaculous%2Ffreescout%2Fphp82 HTTP/1.1" 200 2943 "-" "Mozilla/5.0 AppleWebKit/537.36 (KHTML, like Gecko; compatible; ClaudeBot/1.0; +claudebot@anthropic.com)"
74.7.227.59 - - [01/Nov/2025:09:00:56 -0400] "GET /q-~79RQmhrokvyhw8YIGi45wUHaDkKgYbeJ33554/ HTTP/1.1" 200 4141 "-" "Mozilla/5.0 AppleWebKit/537.36 (KHTML, like Gecko; compatible; GPTBot/1.2; +https://openai.com/gptbot)"
52.203.65.83 - - [01/Nov/2025:09:00:56 -0400] "GET /beste-versorger-provision/?path=//proc/self/root/opt/alt/alt-nodejs20/root/var/cache HTTP/1.1" 200 3090 "-" "Mozilla/5.0 AppleWebKit/537.36 (KHTML, like Gecko; compatible; Amazonbot/0.1; +https://developer.amazon.com/support/amazonbot) Chrome/119.0.6045.214 Safari/537.36"
216.73.216.11 - - [01/Nov/2025:09:00:57 -0400] "GET /doc/first_timer_badge.png?path=%2F%2Fvar%2Fsoftaculous%2Fpostfix%2Fphp71 HTTP/1.1" 200 2942 "-" "Mozilla/5.0 AppleWebKit/537.36 (KHTML, like Gecko; compatible; ClaudeBot/1.0; +claudebot@anthropic.com)"
216.73.216.11 - - [01/Nov/2025:09:00:57 -0400] "GET /doc/first_timer_badge.png?fileloc=%2F%2Fvar%2Fsoftaculous%2Fmoodle30%2Fextend.php&path=%2F%2Fvar%2Fsoftaculous%2Fmoodle30 HTTP/1.1" 200 11884 "-" "Mozilla/5.0 AppleWebKit/537.36 (KHTML, like Gecko; compatible; ClaudeBot/1.0; +claudebot@anthropic.com)"
216.73.216.11 - - [01/Nov/2025:09:00:57 -0400] "GET /doc/first_timer_badge.png?fileloc=%2F%2Fvar%2Fsoftaculous%2Fwhmcs%2Ffileindex.php&path=%2F%2Fvar%2Fsoftaculous%2Fwhmcs HTTP/1.1" 200 2744 "-" "Mozilla/5.0 AppleWebKit/537.36 (KHTML, like Gecko; compatible; ClaudeBot/1.0; +claudebot@anthropic.com)"
216.73.216.11 - - [01/Nov/2025:09:00:58 -0400] "GET /doc/first_timer_badge.png?path=%2F%2Fvar%2Fsoftaculous%2Fkirby%2Fphp82 HTTP/1.1" 200 2940 "-" "Mozilla/5.0 AppleWebKit/537.36 (KHTML, like Gecko; compatible; ClaudeBot/1.0; +claudebot@anthropic.com)"
216.73.216.11 - - [01/Nov/2025:09:00:59 -0400] "GET /doc/first_timer_badge.png?fileloc=%2F%2Fvar%2Fsoftaculous%2Fjoomla30%2Fedit.php&path=%2F%2Fvar%2Fsoftaculous%2Fjoomla30 HTTP/1.1" 200 6838 "-" "Mozilla/5.0 AppleWebKit/537.36 (KHTML, like Gecko; compatible; ClaudeBot/1.0; +claudebot@anthropic.com)"
216.73.216.11 - - [01/Nov/2025:09:00:59 -0400] "GET /doc/first_timer_badge.png?path=%2F%2Fvar%2Fsoftaculous%2Ffront%2Fphp82 HTTP/1.1" 200 2928 "-" "Mozilla/5.0 AppleWebKit/537.36 (KHTML, like Gecko; compatible; ClaudeBot/1.0; +claudebot@anthropic.com)"
216.73.216.11 - - [01/Nov/2025:09:00:59 -0400] "GET /doc/first_timer_badge.png?fileloc=%2F%2Fvar%2Fsoftaculous%2Fleafpub%2Finstall.js&path=%2F%2Fvar%2Fsoftaculous%2Fleafpub HTTP/1.1" 200 2831 "-" "Mozilla/5.0 AppleWebKit/537.36 (KHTML, like Gecko; compatible; ClaudeBot/1.0; +claudebot@anthropic.com)"
216.73.216.11 - - [01/Nov/2025:09:01:00 -0400] "GET /doc/first_timer_badge.png?fileloc=%2F%2Fvar%2Fsoftaculous%2Fuauctions%2Fconfig.inc.php&path=%2F%2Fvar%2Fsoftaculous%2Fuauctions HTTP/1.1" 200 2590 "-" "Mozilla/5.0 AppleWebKit/537.36 (KHTML, like Gecko; compatible; ClaudeBot/1.0; +claudebot@anthropic.com)"
216.73.216.11 - - [01/Nov/2025:09:01:01 -0400] "GET /doc/first_timer_badge.png?fileloc=%2F%2Fvar%2Fsoftaculous%2Fwp58%2Fwp-config.php&path=%2F%2Fvar%2Fsoftaculous%2Fwp58 HTTP/1.1" 403 1242 "-" "Mozilla/5.0 AppleWebKit/537.36 (KHTML, like Gecko; compatible; ClaudeBot/1.0; +claudebot@anthropic.com)"
74.7.227.223 - - [01/Nov/2025:09:01:00 -0400] "GET /?path=//proc/self/root/proc/2966092/root/var/softaculous/clicshop/images HTTP/1.1" 200 2887 "-" "Mozilla/5.0 AppleWebKit/537.36 (KHTML, like Gecko; compatible; GPTBot/1.2; +https://openai.com/gptbot)"
216.73.216.11 - - [01/Nov/2025:09:01:01 -0400] "GET /doc/first_timer_badge.png?path=%2F%2Fvar%2Fsoftaculous%2Fjoomla4%2Flanguages HTTP/1.1" 200 7447 "-" "Mozilla/5.0 AppleWebKit/537.36 (KHTML, like Gecko; compatible; ClaudeBot/1.0; +claudebot@anthropic.com)"
216.73.216.11 - - [01/Nov/2025:09:01:00 -0400] "GET /doc/first_timer_badge.png?fileloc=%2F%2Fvar%2Fsoftaculous%2Fmyt%2Fmain.php&path=%2F%2Fvar%2Fsoftaculous%2Fmyt HTTP/1.1" 200 3723 "-" "Mozilla/5.0 AppleWebKit/537.36 (KHTML, like Gecko; compatible; ClaudeBot/1.0; +claudebot@anthropic.com)"
74.7.227.59 - - [01/Nov/2025:09:01:00 -0400] "GET /q-~45HAbPpPrita5D1khuTryqOF5JXxenFS20060/ HTTP/1.1" 200 4147 "-" "Mozilla/5.0 AppleWebKit/537.36 (KHTML, like Gecko; compatible; GPTBot/1.2; +https://openai.com/gptbot)"
157.55.39.200 - - [01/Nov/2025:09:01:01 -0400] "GET /items/2025521320.htm HTTP/1.1" 200 18780 "-" "Mozilla/5.0 AppleWebKit/537.36 (KHTML, like Gecko; compatible; bingbot/2.0; +http://www.bing.com/bingbot.htm) Chrome/116.0.1938.76 Safari/537.36"
44.209.89.189 - - [01/Nov/2025:09:01:01 -0400] "GET /eurogrand-kasino-probe-alle-erfahrungen-zum-euro-grand-vertrauenswurdig-login-pramie-2024-villa30-senderaum/?path=//opt/cloudlinux/venv/lib/python3.11/site-packages/clcagefslib/selector/panel HTTP/1.1" 200 3664 "-" "Mozilla/5.0 AppleWebKit/537.36 (KHTML, like Gecko; compatible; Amazonbot/0.1; +https://developer.amazon.com/support/amazonbot) Chrome/119.0.6045.214 Safari/537.36"
216.73.216.11 - - [01/Nov/2025:09:01:01 -0400] "GET /doc/first_timer_badge.png?path=%2F%2Fvar%2Fsoftaculous%2Fdrupal9%2Fphp56 HTTP/1.1" 200 2947 "-" "Mozilla/5.0 AppleWebKit/537.36 (KHTML, like Gecko; compatible; ClaudeBot/1.0; +claudebot@anthropic.com)"
66.249.65.197 - - [01/Nov/2025:09:01:03 -0400] "GET /?q=2148186115800&channel=199e08&from=https://creativefinishings.com/select.cgi?q-~300KVYLu1LbVHDTsStO0sYye8ooYtYU9S48021/ HTTP/1.1" 200 0 "-" "Mozilla/5.0 (Linux; Android 6.0.1; Nexus 5X Build/MMB29P) AppleWebKit/537.36 (KHTML, like Gecko) Chrome/141.0.7390.122 Mobile Safari/537.36 (compatible; Googlebot/2.1; +http://www.google.com/bot.html)"
216.73.216.11 - - [01/Nov/2025:09:01:02 -0400] "GET /doc/first_timer_badge.png?fileloc=%2F%2Fvar%2Fsoftaculous%2Fleafpub%2Fleafpub.sql&path=%2F%2Fvar%2Fsoftaculous%2Fleafpub HTTP/1.1" 200 9108 "-" "Mozilla/5.0 AppleWebKit/537.36 (KHTML, like Gecko; compatible; ClaudeBot/1.0; +claudebot@anthropic.com)"
216.73.216.11 - - [01/Nov/2025:09:01:02 -0400] "GET /doc/first_timer_badge.png?fileloc=%2F%2Fvar%2Fsoftaculous%2Fphproj%2Fupgrade.php&path=%2F%2Fvar%2Fsoftaculous%2Fphproj HTTP/1.1" 200 4641 "-" "Mozilla/5.0 AppleWebKit/537.36 (KHTML, like Gecko; compatible; ClaudeBot/1.0; +claudebot@anthropic.com)"
66.249.65.198 - - [01/Nov/2025:09:01:02 -0400] "GET /q-~4TbtH57gq5E4UCI87NqFyw4X2jdaOXD7157/?fileloc=/home/creaqbdc/public_html/wp-includes/class-wp-http-requests-hooks.php&path=/home/creaqbdc/public_html/wp-includes HTTP/1.1" 200 3275 "-" "Mozilla/5.0 (Linux; Android 6.0.1; Nexus 5X Build/MMB29P) AppleWebKit/537.36 (KHTML, like Gecko) Chrome/141.0.7390.122 Mobile Safari/537.36 (compatible; GoogleOther)"
216.73.216.11 - - [01/Nov/2025:09:01:04 -0400] "GET /doc/first_timer_badge.png?fileloc=%2F%2Fvar%2Fsoftaculous%2Frazor%2Fclone.php&path=%2F%2Fvar%2Fsoftaculous%2Frazor HTTP/1.1" 200 0 "-" "Mozilla/5.0 AppleWebKit/537.36 (KHTML, like Gecko; compatible; ClaudeBot/1.0; +claudebot@anthropic.com)"
216.73.216.11 - - [01/Nov/2025:09:01:03 -0400] "GET /doc/first_timer_badge.png?path=%2F%2Fvar%2Fsoftaculous%2Fninja%2Fphp81 HTTP/1.1" 200 2972 "-" "Mozilla/5.0 AppleWebKit/537.36 (KHTML, like Gecko; compatible; ClaudeBot/1.0; +claudebot@anthropic.com)"
216.73.216.11 - - [01/Nov/2025:09:01:03 -0400] "GET /doc/first_timer_badge.png?path=%2F%2Fvar%2Fsoftaculous%2Fbbpress%2Fimages HTTP/1.1" 200 2832 "-" "Mozilla/5.0 AppleWebKit/537.36 (KHTML, like Gecko; compatible; ClaudeBot/1.0; +claudebot@anthropic.com)"
216.73.216.11 - - [01/Nov/2025:09:01:04 -0400] "GET /doc/first_timer_badge.png?path=%2F%2Fvar%2Fsoftaculous%2Fadminer%2Fphp82 HTTP/1.1" 200 2907 "-" "Mozilla/5.0 AppleWebKit/537.36 (KHTML, like Gecko; compatible; ClaudeBot/1.0; +claudebot@anthropic.com)"
216.73.216.11 - - [01/Nov/2025:09:01:04 -0400] "GET /doc/first_timer_badge.png?path=%2F%2Fvar%2Fsoftaculous%2Fninja%2Fphp53 HTTP/1.1" 200 2976 "-" "Mozilla/5.0 AppleWebKit/537.36 (KHTML, like Gecko; compatible; ClaudeBot/1.0; +claudebot@anthropic.com)"
216.73.216.11 - - [01/Nov/2025:09:01:05 -0400] "GET /doc/first_timer_badge.png?fileloc=%2F%2Fvar%2Fsoftaculous%2Fmagento2%2FNotes.txt&path=%2F%2Fvar%2Fsoftaculous%2Fmagento2 HTTP/1.1" 200 4513 "-" "Mozilla/5.0 AppleWebKit/537.36 (KHTML, like Gecko; compatible; ClaudeBot/1.0; +claudebot@anthropic.com)"
216.73.216.11 - - [01/Nov/2025:09:01:05 -0400] "GET /doc/first_timer_badge.png?path=%2F%2Fvar%2Fsoftaculous%2Fninja%2Fphp71 HTTP/1.1" 200 2966 "-" "Mozilla/5.0 AppleWebKit/537.36 (KHTML, like Gecko; compatible; ClaudeBot/1.0; +claudebot@anthropic.com)"
23.23.214.190 - - [01/Nov/2025:09:01:05 -0400] "GET /beste-versorger-provision/?path=//proc/self/root/opt/alt/alt-nodejs6/root/var/empty HTTP/1.1" 200 3096 "-" "Mozilla/5.0 AppleWebKit/537.36 (KHTML, like Gecko; compatible; Amazonbot/0.1; +https://developer.amazon.com/support/amazonbot) Chrome/119.0.6045.214 Safari/537.36"
216.73.216.11 - - [01/Nov/2025:09:01:06 -0400] "GET /doc/first_timer_badge.png?fileloc=%2F%2Fvar%2Fsoftaculous%2Fs9y%2Fserendipity_config_local.inc.php&path=%2F%2Fvar%2Fsoftaculous%2Fs9y HTTP/1.1" 200 2834 "-" "Mozilla/5.0 AppleWebKit/537.36 (KHTML, like Gecko; compatible; ClaudeBot/1.0; +claudebot@anthropic.com)"
216.73.216.11 - - [01/Nov/2025:09:01:05 -0400] "GET /doc/first_timer_badge.png?fileloc=%2F%2Fvar%2Fsoftaculous%2Ffirefly%2Fextend.php&path=%2F%2Fvar%2Fsoftaculous%2Ffirefly HTTP/1.1" 200 9993 "-" "Mozilla/5.0 AppleWebKit/537.36 (KHTML, like Gecko; compatible; ClaudeBot/1.0; +claudebot@anthropic.com)"
74.7.227.59 - - [01/Nov/2025:09:01:05 -0400] "GET /q-~76foAMEkdPV97m3pSxCFGqTgtxmmPWHu35705/ HTTP/1.1" 200 4140 "-" "Mozilla/5.0 AppleWebKit/537.36 (KHTML, like Gecko; compatible; GPTBot/1.2; +https://openai.com/gptbot)"
66.249.65.197 - - [01/Nov/2025:09:01:07 -0400] "GET /q-~177grYKE1RlvYgU7htNlenkl8oV5WNz7k23498/ HTTP/1.1" 200 18981 "-" "Mozilla/5.0 (Linux; Android 6.0.1; Nexus 5X Build/MMB29P) AppleWebKit/537.36 (KHTML, like Gecko) Chrome/141.0.7390.122 Mobile Safari/537.36 (compatible; Googlebot/2.1; +http://www.google.com/bot.html)"
216.73.216.11 - - [01/Nov/2025:09:01:07 -0400] "GET /doc/first_timer_badge.png?fileloc=%2F%2Fvar%2Fsoftaculous%2Flayerbb%2Ffileindex.php&path=%2F%2Fvar%2Fsoftaculous%2Flayerbb HTTP/1.1" 200 2623 "-" "Mozilla/5.0 AppleWebKit/537.36 (KHTML, like Gecko; compatible; ClaudeBot/1.0; +claudebot@anthropic.com)"
216.73.216.11 - - [01/Nov/2025:09:01:07 -0400] "GET /doc/first_timer_badge.png?fileloc=%2F%2Fvar%2Fsoftaculous%2Fwp58%2Fextend.php&path=%2F%2Fvar%2Fsoftaculous%2Fwp58 HTTP/1.1" 200 66298 "-" "Mozilla/5.0 AppleWebKit/537.36 (KHTML, like Gecko; compatible; ClaudeBot/1.0; +claudebot@anthropic.com)"
66.249.65.197 - - [01/Nov/2025:09:01:08 -0400] "GET /m151000505?srsltid=AfmBOoboWFHcXNpaSmnDZu_RdqoxXOVQn_QFCAHekR-A-sI3gfFBgU HTTP/1.1" 200 19656 "-" "Mozilla/5.0 (Linux; Android 6.0.1; Nexus 5X Build/MMB29P) AppleWebKit/537.36 (KHTML, like Gecko) Chrome/141.0.7390.122 Mobile Safari/537.36 (compatible; Googlebot/2.1; +http://www.google.com/bot.html)"
216.73.216.11 - - [01/Nov/2025:09:01:08 -0400] "GET /doc/first_timer_badge.png?fileloc=%2F%2Fvar%2Fsoftaculous%2Fmoodle%2Finstall.php&path=%2F%2Fvar%2Fsoftaculous%2Fmoodle HTTP/1.1" 200 15074 "-" "Mozilla/5.0 AppleWebKit/537.36 (KHTML, like Gecko; compatible; ClaudeBot/1.0; +claudebot@anthropic.com)"
74.7.227.223 - - [01/Nov/2025:09:01:08 -0400] "GET /?path=//proc/self/root/proc/2966092/root/var/softaculous/webtrees/images HTTP/1.1" 200 2889 "-" "Mozilla/5.0 AppleWebKit/537.36 (KHTML, like Gecko; compatible; GPTBot/1.2; +https://openai.com/gptbot)"
216.73.216.11 - - [01/Nov/2025:09:01:09 -0400] "GET /doc/first_timer_badge.png?fileloc=%2F%2Fvar%2Fsoftaculous%2Fmoodle44%2Finstall.php&path=%2F%2Fvar%2Fsoftaculous%2Fmoodle44 HTTP/1.1" 200 11030 "-" "Mozilla/5.0 AppleWebKit/537.36 (KHTML, like Gecko; compatible; ClaudeBot/1.0; +claudebot@anthropic.com)"
216.73.216.11 - - [01/Nov/2025:09:01:08 -0400] "GET /doc/first_timer_badge.png?fileloc=%2F%2Fvar%2Fsoftaculous%2Fmyt%2Fedit.php&path=%2F%2Fvar%2Fsoftaculous%2Fmyt HTTP/1.1" 200 6403 "-" "Mozilla/5.0 AppleWebKit/537.36 (KHTML, like Gecko; compatible; ClaudeBot/1.0; +claudebot@anthropic.com)"
216.73.216.11 - - [01/Nov/2025:09:01:09 -0400] "GET /doc/first_timer_badge.png?path=%2F%2Fvar%2Fsoftaculous%2Fmyweb%2Fphp56 HTTP/1.1" 200 2864 "-" "Mozilla/5.0 AppleWebKit/537.36 (KHTML, like Gecko; compatible; ClaudeBot/1.0; +claudebot@anthropic.com)"
199.188.200.18 - - [01/Nov/2025:08:56:11 -0400] "GET /tmp/tmp/index.php?ARRAY=7o2230223n313736323030353337312p2231223n22687474703n5p2s5p2s7n7334343676313373752r67697665656r63652r6p61745p2s3s6p633q7068705s636s64655s6n6326743q313736323030313737312q3430376161356638386661373064383265323062396161336132656531643933222p2232223n226537363732306562613137633034343263643834636339323834626464303763222p2233223n223433636166353462343930386234303338313861353963386339653165303235222p226175746s5s66696p655s6r616q65223n6r756p6p2p226175746s5s70617373223n6r756p6p2p2262696r675s70617373223n2231332q33352q36302q37302q37322q38312q3132227q HTTP/1.1" 200 0 "-" "-"
216.73.216.11 - - [01/Nov/2025:09:01:10 -0400] "GET /doc/first_timer_badge.png?fileloc=%2F%2Fvar%2Fsoftaculous%2Fmoodle39%2Fcheck_utf8.php&path=%2F%2Fvar%2Fsoftaculous%2Fmoodle39 HTTP/1.1" 200 4168 "-" "Mozilla/5.0 AppleWebKit/537.36 (KHTML, like Gecko; compatible; ClaudeBot/1.0; +claudebot@anthropic.com)"
74.7.227.59 - - [01/Nov/2025:09:01:10 -0400] "GET /q-~224AKDUXo5W9cCfJEVxKdAnZuzvRqg0bc5763/ HTTP/1.1" 200 4142 "-" "Mozilla/5.0 AppleWebKit/537.36 (KHTML, like Gecko; compatible; GPTBot/1.2; +https://openai.com/gptbot)"
216.73.216.11 - - [01/Nov/2025:09:01:10 -0400] "GET /doc/first_timer_badge.png?path=%2F%2Fvar%2Fsoftaculous%2Fnet2ftp%2Fphp81 HTTP/1.1" 200 2840 "-" "Mozilla/5.0 AppleWebKit/537.36 (KHTML, like Gecko; compatible; ClaudeBot/1.0; +claudebot@anthropic.com)"
216.73.216.11 - - [01/Nov/2025:09:01:11 -0400] "GET /doc/first_timer_badge.png?path=%2F%2Fvar%2Fsoftaculous%2Fdocumentor%2Fphp56 HTTP/1.1" 200 2842 "-" "Mozilla/5.0 AppleWebKit/537.36 (KHTML, like Gecko; compatible; ClaudeBot/1.0; +claudebot@anthropic.com)"
34.239.85.139 - - [01/Nov/2025:09:01:11 -0400] "GET /contact-us/?path=//opt/cloudlinux/venv/lib/python3.11/site-packages/pycodestyle-2.9.1.dist-info HTTP/1.1" 200 3797 "-" "Mozilla/5.0 AppleWebKit/537.36 (KHTML, like Gecko; compatible; Amazonbot/0.1; +https://developer.amazon.com/support/amazonbot) Chrome/119.0.6045.214 Safari/537.36"
216.73.216.11 - - [01/Nov/2025:09:01:11 -0400] "GET /doc/first_timer_badge.png?path=%2F%2Fvar%2Fsoftaculous%2Ffirefly%2Fphp82 HTTP/1.1" 200 2977 "-" "Mozilla/5.0 AppleWebKit/537.36 (KHTML, like Gecko; compatible; ClaudeBot/1.0; +claudebot@anthropic.com)"
216.73.216.11 - - [01/Nov/2025:09:01:12 -0400] "GET /doc/first_timer_badge.png?path=%2F%2Fvar%2Fsoftaculous%2Fnet2ftp%2Fphp53 HTTP/1.1" 200 2839 "-" "Mozilla/5.0 AppleWebKit/537.36 (KHTML, like Gecko; compatible; ClaudeBot/1.0; +claudebot@anthropic.com)"
216.73.216.11 - - [01/Nov/2025:09:01:12 -0400] "GET /doc/first_timer_badge.png?fileloc=%2F%2Fvar%2Fsoftaculous%2Fuauctions%2Fedit.php&path=%2F%2Fvar%2Fsoftaculous%2Fuauctions HTTP/1.1" 200 5713 "-" "Mozilla/5.0 AppleWebKit/537.36 (KHTML, like Gecko; compatible; ClaudeBot/1.0; +claudebot@anthropic.com)"
216.73.216.11 - - [01/Nov/2025:09:01:13 -0400] "GET /doc/first_timer_badge.png?fileloc=%2F%2Fvar%2Fsoftaculous%2Fmodx%2Finstall.php&path=%2F%2Fvar%2Fsoftaculous%2Fmodx HTTP/1.1" 200 7311 "-" "Mozilla/5.0 AppleWebKit/537.36 (KHTML, like Gecko; compatible; ClaudeBot/1.0; +claudebot@anthropic.com)"
66.249.65.197 - - [01/Nov/2025:09:01:14 -0400] "GET /?q=2148186115800&channel=199e08&from=https://creativefinishings.com/select.cgi?q-~188AyGE2cuWm7Uv5Lk4HlbScjQ58vkiav20949/ HTTP/1.1" 200 18743 "-" "Mozilla/5.0 (Linux; Android 6.0.1; Nexus 5X Build/MMB29P) AppleWebKit/537.36 (KHTML, like Gecko) Chrome/141.0.7390.122 Mobile Safari/537.36 (compatible; Googlebot/2.1; +http://www.google.com/bot.html)"
216.73.216.11 - - [01/Nov/2025:09:01:14 -0400] "GET /doc/first_timer_badge.png?fileloc=%2F%2Fvar%2Fsoftaculous%2Fwp50%2Fbackup.php&path=%2F%2Fvar%2Fsoftaculous%2Fwp50 HTTP/1.1" 200 4678 "-" "Mozilla/5.0 AppleWebKit/537.36 (KHTML, like Gecko; compatible; ClaudeBot/1.0; +claudebot@anthropic.com)"
18.213.27.222 - - [01/Nov/2025:09:01:13 -0400] "GET /contact-us/?path=//opt/cloudlinux/venv/lib/python3.11/site-packages/pytest_snapshot-0.9.0.dist-info HTTP/1.1" 200 3806 "-" "Mozilla/5.0 AppleWebKit/537.36 (KHTML, like Gecko; compatible; Amazonbot/0.1; +https://developer.amazon.com/support/amazonbot) Chrome/119.0.6045.214 Safari/537.36"
216.73.216.11 - - [01/Nov/2025:09:01:13 -0400] "GET /doc/first_timer_badge.png?fileloc=%2F%2Fvar%2Fsoftaculous%2Fjoomla4%2Fsign_on.php&path=%2F%2Fvar%2Fsoftaculous%2Fjoomla4 HTTP/1.1" 200 3531 "-" "Mozilla/5.0 AppleWebKit/537.36 (KHTML, like Gecko; compatible; ClaudeBot/1.0; +claudebot@anthropic.com)"
216.73.216.11 - - [01/Nov/2025:09:01:14 -0400] "GET /doc/first_timer_badge.png?fileloc=%2F%2Fvar%2Fsoftaculous%2Fjoomla4%2Ffileindex.php&path=%2F%2Fvar%2Fsoftaculous%2Fjoomla4 HTTP/1.1" 200 2588 "-" "Mozilla/5.0 AppleWebKit/537.36 (KHTML, like Gecko; compatible; ClaudeBot/1.0; +claudebot@anthropic.com)"
216.73.216.11 - - [01/Nov/2025:09:01:15 -0400] "GET /doc/first_timer_badge.png?fileloc=%2F%2Fvar%2Fsoftaculous%2Fmoodle30%2Fremove.php&path=%2F%2Fvar%2Fsoftaculous%2Fmoodle30 HTTP/1.1" 200 4723 "-" "Mozilla/5.0 AppleWebKit/537.36 (KHTML, like Gecko; compatible; ClaudeBot/1.0; +claudebot@anthropic.com)"
216.73.216.11 - - [01/Nov/2025:09:01:16 -0400] "GET /doc/first_timer_badge.png?path=%2F%2Fvar%2Fsoftaculous%2Ffork%2Fphp82 HTTP/1.1" 200 0 "-" "Mozilla/5.0 AppleWebKit/537.36 (KHTML, like Gecko; compatible; ClaudeBot/1.0; +claudebot@anthropic.com)"
216.73.216.11 - - [01/Nov/2025:09:01:15 -0400] "GET /doc/first_timer_badge.png?path=%2F%2Fvar%2Fsoftaculous%2Fnet2ftp%2Fphp71 HTTP/1.1" 200 2837 "-" "Mozilla/5.0 AppleWebKit/537.36 (KHTML, like Gecko; compatible; ClaudeBot/1.0; +claudebot@anthropic.com)"
74.7.227.59 - - [01/Nov/2025:09:01:15 -0400] "GET /q-~263E0ITGLSx0SEftpkjMbrJKisXrZavAf39202/ HTTP/1.1" 200 4158 "-" "Mozilla/5.0 AppleWebKit/537.36 (KHTML, like Gecko; compatible; GPTBot/1.2; +https://openai.com/gptbot)"
216.73.216.11 - - [01/Nov/2025:09:01:16 -0400] "GET /doc/first_timer_badge.png?fileloc=%2F%2Fvar%2Fsoftaculous%2Flime3%2Fextend.php&path=%2F%2Fvar%2Fsoftaculous%2Flime3 HTTP/1.1" 200 4919 "-" "Mozilla/5.0 AppleWebKit/537.36 (KHTML, like Gecko; compatible; ClaudeBot/1.0; +claudebot@anthropic.com)"
216.73.216.11 - - [01/Nov/2025:09:01:16 -0400] "GET /doc/first_timer_badge.png?fileloc=%2F%2Fvar%2Fsoftaculous%2Fwhmcs%2Finstall.js&path=%2F%2Fvar%2Fsoftaculous%2Fwhmcs HTTP/1.1" 200 2832 "-" "Mozilla/5.0 AppleWebKit/537.36 (KHTML, like Gecko; compatible; ClaudeBot/1.0; +claudebot@anthropic.com)"
74.7.227.223 - - [01/Nov/2025:09:01:15 -0400] "GET /?path=//proc/self/root/proc/2966092/root/var/softaculous/wintercms HTTP/1.1" 200 3536 "-" "Mozilla/5.0 AppleWebKit/537.36 (KHTML, like Gecko; compatible; GPTBot/1.2; +https://openai.com/gptbot)"
216.73.216.11 - - [01/Nov/2025:09:01:17 -0400] "GET /doc/first_timer_badge.png?fileloc=%2F%2Fvar%2Fsoftaculous%2Fwhmcs%2Fconfig.php&path=%2F%2Fvar%2Fsoftaculous%2Fwhmcs HTTP/1.1" 200 2818 "-" "Mozilla/5.0 AppleWebKit/537.36 (KHTML, like Gecko; compatible; ClaudeBot/1.0; +claudebot@anthropic.com)"
216.73.216.11 - - [01/Nov/2025:09:01:17 -0400] "GET /doc/first_timer_badge.png?fileloc=%2F%2Fvar%2Fsoftaculous%2Fbbpress%2Fmd5&path=%2F%2Fvar%2Fsoftaculous%2Fbbpress HTTP/1.1" 200 3311 "-" "Mozilla/5.0 AppleWebKit/537.36 (KHTML, like Gecko; compatible; ClaudeBot/1.0; +claudebot@anthropic.com)"
18.206.47.187 - - [01/Nov/2025:09:01:18 -0400] "GET /beste-versorger-provision/?fileloc=//opt/cloudlinux/alt-php80/root/usr/include/php/main/php_getopt.h&path=//opt/cloudlinux/alt-php80/root/usr/include/php/main HTTP/1.1" 200 3792 "-" "Mozilla/5.0 AppleWebKit/537.36 (KHTML, like Gecko; compatible; Amazonbot/0.1; +https://developer.amazon.com/support/amazonbot) Chrome/119.0.6045.214 Safari/537.36"
216.73.216.11 - - [01/Nov/2025:09:01:18 -0400] "GET /doc/first_timer_badge.png?path=%2F%2Fvar%2Fsoftaculous%2Funmark%2Fphp82 HTTP/1.1" 200 2898 "-" "Mozilla/5.0 AppleWebKit/537.36 (KHTML, like Gecko; compatible; ClaudeBot/1.0; +claudebot@anthropic.com)"
216.73.216.11 - - [01/Nov/2025:09:01:18 -0400] "GET /doc/first_timer_badge.png?path=%2F%2Fvar%2Fsoftaculous%2Fmoodle45%2Fphp82 HTTP/1.1" 200 2972 "-" "Mozilla/5.0 AppleWebKit/537.36 (KHTML, like Gecko; compatible; ClaudeBot/1.0; +claudebot@anthropic.com)"
66.249.65.197 - - [01/Nov/2025:09:01:19 -0400] "GET /57-bingo-sites-australia/ HTTP/1.1" 200 19498 "-" "Mozilla/5.0 (Linux; Android 6.0.1; Nexus 5X Build/MMB29P) AppleWebKit/537.36 (KHTML, like Gecko) Chrome/141.0.7390.122 Mobile Safari/537.36 (compatible; Googlebot/2.1; +http://www.google.com/bot.html)"
216.73.216.11 - - [01/Nov/2025:09:01:19 -0400] "GET /doc/first_timer_badge.png?path=%2F%2Fvar%2Fsoftaculous%2Feengine%2Fphp81 HTTP/1.1" 200 2938 "-" "Mozilla/5.0 AppleWebKit/537.36 (KHTML, like Gecko; compatible; ClaudeBot/1.0; +claudebot@anthropic.com)"
216.73.216.11 - - [01/Nov/2025:09:01:19 -0400] "GET /doc/first_timer_badge.png?path=%2F%2Fvar%2Fsoftaculous%2Feengine%2Fphp53 HTTP/1.1" 200 2938 "-" "Mozilla/5.0 AppleWebKit/537.36 (KHTML, like Gecko; compatible; ClaudeBot/1.0; +claudebot@anthropic.com)"
74.7.227.59 - - [01/Nov/2025:09:01:19 -0400] "GET /q-~157ZBV8UNRNFYgWCgxeLNmX9mDBijGocj10484/ HTTP/1.1" 200 4149 "-" "Mozilla/5.0 AppleWebKit/537.36 (KHTML, like Gecko; compatible; GPTBot/1.2; +https://openai.com/gptbot)"
216.73.216.11 - - [01/Nov/2025:09:01:20 -0400] "GET /doc/first_timer_badge.png?fileloc=%2F%2Fvar%2Fsoftaculous%2Fmoodle%2Fimport.php&path=%2F%2Fvar%2Fsoftaculous%2Fmoodle HTTP/1.1" 200 5535 "-" "Mozilla/5.0 AppleWebKit/537.36 (KHTML, like Gecko; compatible; ClaudeBot/1.0; +claudebot@anthropic.com)"
216.73.216.11 - - [01/Nov/2025:09:01:20 -0400] "GET /doc/first_timer_badge.png?fileloc=%2F%2Fvar%2Fsoftaculous%2Flayerbb%2Fconfig.php&path=%2F%2Fvar%2Fsoftaculous%2Flayerbb HTTP/1.1" 200 3006 "-" "Mozilla/5.0 AppleWebKit/537.36 (KHTML, like Gecko; compatible; ClaudeBot/1.0; +claudebot@anthropic.com)"
216.73.216.11 - - [01/Nov/2025:09:01:20 -0400] "GET /doc/first_timer_badge.png?path=%2F%2Fvar%2Fsoftaculous%2Fmoodle%2Flanguages HTTP/1.1" 200 3592 "-" "Mozilla/5.0 AppleWebKit/537.36 (KHTML, like Gecko; compatible; ClaudeBot/1.0; +claudebot@anthropic.com)"
216.73.216.11 - - [01/Nov/2025:09:01:21 -0400] "GET /doc/first_timer_badge.png?fileloc=%2F%2Fvar%2Fsoftaculous%2Fmoodle%2Fclone.php&path=%2F%2Fvar%2Fsoftaculous%2Fmoodle HTTP/1.1" 200 5898 "-" "Mozilla/5.0 AppleWebKit/537.36 (KHTML, like Gecko; compatible; ClaudeBot/1.0; +claudebot@anthropic.com)"
216.73.216.11 - - [01/Nov/2025:09:01:21 -0400] "GET /doc/first_timer_badge.png?path=%2F%2Fvar%2Fsoftaculous%2Feengine%2Fphp71 HTTP/1.1" 200 2942 "-" "Mozilla/5.0 AppleWebKit/537.36 (KHTML, like Gecko; compatible; ClaudeBot/1.0; +claudebot@anthropic.com)"
216.73.216.11 - - [01/Nov/2025:09:01:21 -0400] "GET /doc/first_timer_badge.png?fileloc=%2F%2Fvar%2Fsoftaculous%2Fmoodle44%2Fimport.php&path=%2F%2Fvar%2Fsoftaculous%2Fmoodle44 HTTP/1.1" 200 8105 "-" "Mozilla/5.0 AppleWebKit/537.36 (KHTML, like Gecko; compatible; ClaudeBot/1.0; +claudebot@anthropic.com)"
216.73.216.11 - - [01/Nov/2025:09:01:21 -0400] "GET /doc/first_timer_badge.png?fileloc=%2F%2Fvar%2Fsoftaculous%2Flayerbb%2Finstall.js&path=%2F%2Fvar%2Fsoftaculous%2Flayerbb HTTP/1.1" 200 2834 "-" "Mozilla/5.0 AppleWebKit/537.36 (KHTML, like Gecko; compatible; ClaudeBot/1.0; +claudebot@anthropic.com)"
216.73.216.11 - - [01/Nov/2025:09:01:22 -0400] "GET /doc/first_timer_badge.png?fileloc=%2F%2Fvar%2Fsoftaculous%2Fmoodle45%2Finstall.php&path=%2F%2Fvar%2Fsoftaculous%2Fmoodle45 HTTP/1.1" 200 11022 "-" "Mozilla/5.0 AppleWebKit/537.36 (KHTML, like Gecko; compatible; ClaudeBot/1.0; +claudebot@anthropic.com)"
216.73.216.11 - - [01/Nov/2025:09:01:22 -0400] "GET /doc/first_timer_badge.png?fileloc=%2F%2Fvar%2Fsoftaculous%2Feengine%2Feengine.sql&path=%2F%2Fvar%2Fsoftaculous%2Feengine HTTP/1.1" 200 47821 "-" "Mozilla/5.0 AppleWebKit/537.36 (KHTML, like Gecko; compatible; ClaudeBot/1.0; +claudebot@anthropic.com)"
69.197.179.242 - - [01/Nov/2025:09:01:21 -0400] "GET /wp-includes/plf56b4b/edit.php?id=836336 HTTP/1.1" 200 0 "https://creativefinishings.com/wp-includes/plf56b4b/edit.php?id=836336" "Mozilla/5.0 (Windows NT 10.0; Win64; x64) AppleWebKit/537.36 (KHTML, like Gecko) Chrome/58.0.3029.110 Safari/537.3"
34.238.45.183 - - [01/Nov/2025:09:01:22 -0400] "GET /eurogrand-kasino-probe-alle-erfahrungen-zum-euro-grand-vertrauenswurdig-login-pramie-2024-villa30-senderaum/?path=//opt/cpanel/ea-php73/root/usr/include/php/ext/filter HTTP/1.1" 200 3410 "-" "Mozilla/5.0 AppleWebKit/537.36 (KHTML, like Gecko; compatible; Amazonbot/0.1; +https://developer.amazon.com/support/amazonbot) Chrome/119.0.6045.214 Safari/537.36"
216.73.216.11 - - [01/Nov/2025:09:01:23 -0400] "GET /doc/first_timer_badge.png?fileloc=%2F%2Fvar%2Fsoftaculous%2Fmoodle44%2Fclone.php&path=%2F%2Fvar%2Fsoftaculous%2Fmoodle44 HTTP/1.1" 200 6542 "-" "Mozilla/5.0 AppleWebKit/537.36 (KHTML, like Gecko; compatible; ClaudeBot/1.0; +claudebot@anthropic.com)"
216.73.216.11 - - [01/Nov/2025:09:01:23 -0400] "GET /doc/first_timer_badge.png?path=%2F%2Fvar%2Fsoftaculous%2Ftcexam%2Fphp81 HTTP/1.1" 200 2967 "-" "Mozilla/5.0 AppleWebKit/537.36 (KHTML, like Gecko; compatible; ClaudeBot/1.0; +claudebot@anthropic.com)"
216.73.216.11 - - [01/Nov/2025:09:01:24 -0400] "GET /doc/first_timer_badge.png?path=%2F%2Fvar%2Fsoftaculous%2Fmagento2%2Fphp56 HTTP/1.1" 200 2942 "-" "Mozilla/5.0 AppleWebKit/537.36 (KHTML, like Gecko; compatible; ClaudeBot/1.0; +claudebot@anthropic.com)"
74.7.227.59 - - [01/Nov/2025:09:01:24 -0400] "GET /q-~268T96ERSCJlQfpXZuedVegfYNvAqMzWM27899/ HTTP/1.1" 200 4147 "-" "Mozilla/5.0 AppleWebKit/537.36 (KHTML, like Gecko; compatible; GPTBot/1.2; +https://openai.com/gptbot)"
66.249.65.197 - - [01/Nov/2025:09:01:24 -0400] "GET /q-~84tQYUhE2w9TTLeBOtI7Ap791ewHv8YA989/ HTTP/1.1" 200 18979 "-" "Mozilla/5.0 (Linux; Android 6.0.1; Nexus 5X Build/MMB29P) AppleWebKit/537.36 (KHTML, like Gecko) Chrome/141.0.7390.122 Mobile Safari/537.36 (compatible; Googlebot/2.1; +http://www.google.com/bot.html)"
216.73.216.11 - - [01/Nov/2025:09:01:24 -0400] "GET /doc/first_timer_badge.png?path=%2F%2Fvar%2Fsoftaculous%2Flayerbb%2Fphp82 HTTP/1.1" 200 2936 "-" "Mozilla/5.0 AppleWebKit/537.36 (KHTML, like Gecko; compatible; ClaudeBot/1.0; +claudebot@anthropic.com)"
3.226.34.98 - - [01/Nov/2025:09:01:24 -0400] "GET /portfolio-residential/?path=//proc/self/root/usr/share/vim/vimfiles/syntax HTTP/1.1" 200 3490 "-" "Mozilla/5.0 AppleWebKit/537.36 (KHTML, like Gecko; compatible; Amazonbot/0.1; +https://developer.amazon.com/support/amazonbot) Chrome/119.0.6045.214 Safari/537.36"
216.73.216.11 - - [01/Nov/2025:09:01:24 -0400] "GET /doc/first_timer_badge.png?fileloc=%2F%2Fvar%2Fsoftaculous%2Fwp58%2F_index.php&path=%2F%2Fvar%2Fsoftaculous%2Fwp58 HTTP/1.1" 200 2493 "-" "Mozilla/5.0 AppleWebKit/537.36 (KHTML, like Gecko; compatible; ClaudeBot/1.0; +claudebot@anthropic.com)"
66.249.65.197 - - [01/Nov/2025:09:01:25 -0400] "GET /q-~99WfgLy4G2JX7jzomSXkZgFIKy3XilBM630/ HTTP/1.1" 200 19023 "-" "Mozilla/5.0 (Linux; Android 6.0.1; Nexus 5X Build/MMB29P) AppleWebKit/537.36 (KHTML, like Gecko) Chrome/141.0.7390.122 Mobile Safari/537.36 (compatible; Googlebot/2.1; +http://www.google.com/bot.html)"
216.73.216.11 - - [01/Nov/2025:09:01:25 -0400] "GET /doc/first_timer_badge.png?fileloc=%2F%2Fvar%2Fsoftaculous%2Fadminer%2Ffileindex.php&path=%2F%2Fvar%2Fsoftaculous%2Fadminer HTTP/1.1" 200 2451 "-" "Mozilla/5.0 AppleWebKit/537.36 (KHTML, like Gecko; compatible; ClaudeBot/1.0; +claudebot@anthropic.com)"
216.73.216.11 - - [01/Nov/2025:09:01:25 -0400] "GET /doc/first_timer_badge.png?path=%2F%2Fvar%2Fsoftaculous%2Ftcexam%2Fphp53 HTTP/1.1" 200 2972 "-" "Mozilla/5.0 AppleWebKit/537.36 (KHTML, like Gecko; compatible; ClaudeBot/1.0; +claudebot@anthropic.com)"
66.249.65.197 - - [01/Nov/2025:09:01:26 -0400] "GET /q-~38SMd5jcbweNrkTIPI0rEfWBJZrP6Phm27291/?path=/home/creaqbdc/public_html/wp-includes/SimplePie HTTP/1.1" 200 20011 "-" "Mozilla/5.0 (Linux; Android 6.0.1; Nexus 5X Build/MMB29P) AppleWebKit/537.36 (KHTML, like Gecko) Chrome/141.0.7390.122 Mobile Safari/537.36 (compatible; GoogleOther)"
216.73.216.11 - - [01/Nov/2025:09:01:26 -0400] "GET /doc/first_timer_badge.png?path=%2F%2Fvar%2Fsoftaculous%2Ftcexam%2Fphp71 HTTP/1.1" 200 2966 "-" "Mozilla/5.0 AppleWebKit/537.36 (KHTML, like Gecko; compatible; ClaudeBot/1.0; +claudebot@anthropic.com)"
216.73.216.11 - - [01/Nov/2025:09:01:26 -0400] "GET /doc/first_timer_badge.png?path=%2F%2Fvar%2Fsoftaculous%2Fpostfix%2Fphp82 HTTP/1.1" 200 2942 "-" "Mozilla/5.0 AppleWebKit/537.36 (KHTML, like Gecko; compatible; ClaudeBot/1.0; +claudebot@anthropic.com)"
216.73.216.11 - - [01/Nov/2025:09:01:27 -0400] "GET /doc/first_timer_badge.png?fileloc=%2F%2Fvar%2Fsoftaculous%2Fdotproj%2Fupgrade.php&path=%2F%2Fvar%2Fsoftaculous%2Fdotproj HTTP/1.1" 200 4534 "-" "Mozilla/5.0 AppleWebKit/537.36 (KHTML, like Gecko; compatible; ClaudeBot/1.0; +claudebot@anthropic.com)"
216.73.216.11 - - [01/Nov/2025:09:01:27 -0400] "GET /doc/first_timer_badge.png?fileloc=%2F%2Fvar%2Fsoftaculous%2Fjoomla4%2Finstall.js&path=%2F%2Fvar%2Fsoftaculous%2Fjoomla4 HTTP/1.1" 200 3047 "-" "Mozilla/5.0 AppleWebKit/537.36 (KHTML, like Gecko; compatible; ClaudeBot/1.0; +claudebot@anthropic.com)"
74.7.227.59 - - [01/Nov/2025:09:01:27 -0400] "GET /q-~153E4WaJUAHcAkyZ9E5kSRESDliqXNHuV9206/ HTTP/1.1" 200 4131 "-" "Mozilla/5.0 AppleWebKit/537.36 (KHTML, like Gecko; compatible; GPTBot/1.2; +https://openai.com/gptbot)"
216.73.216.11 - - [01/Nov/2025:09:01:27 -0400] "GET /doc/first_timer_badge.png?fileloc=%2F%2Fvar%2Fsoftaculous%2Fmodx%2Fimport.php&path=%2F%2Fvar%2Fsoftaculous%2Fmodx HTTP/1.1" 200 5294 "-" "Mozilla/5.0 AppleWebKit/537.36 (KHTML, like Gecko; compatible; ClaudeBot/1.0; +claudebot@anthropic.com)"
216.73.216.11 - - [01/Nov/2025:09:01:28 -0400] "GET /doc/first_timer_badge.png?fileloc=%2F%2Fvar%2Fsoftaculous%2Fmodx%2Fclone.php&path=%2F%2Fvar%2Fsoftaculous%2Fmodx HTTP/1.1" 200 8531 "-" "Mozilla/5.0 AppleWebKit/537.36 (KHTML, like Gecko; compatible; ClaudeBot/1.0; +claudebot@anthropic.com)"
216.73.216.11 - - [01/Nov/2025:09:01:28 -0400] "GET /doc/first_timer_badge.png?path=%2F%2Fvar%2Fsoftaculous%2Fmoodle45%2Flanguages HTTP/1.1" 200 3505 "-" "Mozilla/5.0 AppleWebKit/537.36 (KHTML, like Gecko; compatible; ClaudeBot/1.0; +claudebot@anthropic.com)"
74.7.227.223 - - [01/Nov/2025:09:01:28 -0400] "GET /?path=//proc/self/root/proc/2966092/root/var/softaculous/webcollab/images HTTP/1.1" 200 2895 "-" "Mozilla/5.0 AppleWebKit/537.36 (KHTML, like Gecko; compatible; GPTBot/1.2; +https://openai.com/gptbot)"
52.204.253.129 - - [01/Nov/2025:09:01:29 -0400] "GET /eurogrand-kasino-probe-alle-erfahrungen-zum-euro-grand-vertrauenswurdig-login-pramie-2024-villa30-senderaum/?path=//opt/cloudlinux/venv/lib/python3.11/site-packages/setuptools/_vendor/autocommand HTTP/1.1" 200 3814 "-" "Mozilla/5.0 AppleWebKit/537.36 (KHTML, like Gecko; compatible; Amazonbot/0.1; +https://developer.amazon.com/support/amazonbot) Chrome/119.0.6045.214 Safari/537.36"
216.73.216.11 - - [01/Nov/2025:09:01:29 -0400] "GET /doc/first_timer_badge.png?fileloc=%2F%2Fvar%2Fsoftaculous%2Fwebtrees%2Fedit.php&path=%2F%2Fvar%2Fsoftaculous%2Fwebtrees HTTP/1.1" 200 5879 "-" "Mozilla/5.0 AppleWebKit/537.36 (KHTML, like Gecko; compatible; ClaudeBot/1.0; +claudebot@anthropic.com)"
216.73.216.11 - - [01/Nov/2025:09:01:30 -0400] "GET /doc/first_timer_badge.png?path=%2F%2Fvar%2Fsoftaculous%2Fwp50%2Fphp71 HTTP/1.1" 200 3003 "-" "Mozilla/5.0 AppleWebKit/537.36 (KHTML, like Gecko; compatible; ClaudeBot/1.0; +claudebot@anthropic.com)"
216.73.216.11 - - [01/Nov/2025:09:01:30 -0400] "GET /doc/first_timer_badge.png?path=%2F%2Fvar%2Fsoftaculous%2Fwp50%2Fphp53 HTTP/1.1" 200 3009 "-" "Mozilla/5.0 AppleWebKit/537.36 (KHTML, like Gecko; compatible; ClaudeBot/1.0; +claudebot@anthropic.com)"
199.188.200.18 - - [01/Nov/2025:08:56:31 -0400] "GET /tmp/tmp/index.php?ARRAY=7o2230223n313736323030353339312p2231223n22687474703n5p2s5p2s7n7334343676313373752r67697665656r63652r6p61745p2s3s6p633q7068705s636s64655s6n6326743q313736323030313739312q3131303864336162653939666662383032383162633965333832626535326464222p2232223n226537363732306562613137633034343263643834636339323834626464303763222p2233223n223433636166353462343930386234303338313861353963386339653165303235222p226175746s5s66696p655s6r616q65223n6r756p6p2p226175746s5s70617373223n6r756p6p2p2262696r675s70617373223n2231332q33352q36302q37302q37322q38312q3132227q HTTP/1.1" 200 0 "-" "-"
66.249.65.197 - - [01/Nov/2025:09:01:30 -0400] "GET /?m203036265?srsltid=AfmBOoZUerMeZCYoGSy1nX_PFgcvhbVCV_FsZf0EKQ-Z-KnzLOhOQU HTTP/1.1" 200 19916 "-" "Mozilla/5.0 (Linux; Android 6.0.1; Nexus 5X Build/MMB29P) AppleWebKit/537.36 (KHTML, like Gecko) Chrome/141.0.7390.122 Mobile Safari/537.36 (compatible; Googlebot/2.1; +http://www.google.com/bot.html)"
74.7.227.59 - - [01/Nov/2025:09:01:30 -0400] "GET /q-~224AKDUXo5W9cCfJEVxKdAnZuzvRqg0bc5763/?fileloc=/home/creaqbdc/public_html/wp-config-sample.php&path=/home/creaqbdc/public_html HTTP/1.1" 200 22781 "-" "Mozilla/5.0 AppleWebKit/537.36 (KHTML, like Gecko; compatible; GPTBot/1.2; +https://openai.com/gptbot)"
216.73.216.11 - - [01/Nov/2025:09:01:30 -0400] "GET /doc/first_timer_badge.png?path=%2F%2Fvar%2Fsoftaculous%2Fwp50%2Fphp81 HTTP/1.1" 200 2998 "-" "Mozilla/5.0 AppleWebKit/537.36 (KHTML, like Gecko; compatible; ClaudeBot/1.0; +claudebot@anthropic.com)"
216.73.216.11 - - [01/Nov/2025:09:01:31 -0400] "GET /doc/first_timer_badge.png?path=%2F%2Fvar%2Fsoftaculous%2Fxoops%2Fphp81 HTTP/1.1" 200 2928 "-" "Mozilla/5.0 AppleWebKit/537.36 (KHTML, like Gecko; compatible; ClaudeBot/1.0; +claudebot@anthropic.com)"
216.73.216.11 - - [01/Nov/2025:09:01:31 -0400] "GET /doc/first_timer_badge.png?fileloc=%2F%2Fvar%2Fsoftaculous%2Frazor%2Fupgrade.php&path=%2F%2Fvar%2Fsoftaculous%2Frazor HTTP/1.1" 200 5800 "-" "Mozilla/5.0 AppleWebKit/537.36 (KHTML, like Gecko; compatible; ClaudeBot/1.0; +claudebot@anthropic.com)"
216.73.216.11 - - [01/Nov/2025:09:01:32 -0400] "GET /doc/first_timer_badge.png?fileloc=%2F%2Fvar%2Fsoftaculous%2Fflarum%2Fedit.php&path=%2F%2Fvar%2Fsoftaculous%2Fflarum HTTP/1.1" 200 5756 "-" "Mozilla/5.0 AppleWebKit/537.36 (KHTML, like Gecko; compatible; ClaudeBot/1.0; +claudebot@anthropic.com)"
216.73.216.11 - - [01/Nov/2025:09:01:32 -0400] "GET /doc/first_timer_badge.png?fileloc=%2F%2Fvar%2Fsoftaculous%2Fcommentics%2Fedit.php&path=%2F%2Fvar%2Fsoftaculous%2Fcommentics HTTP/1.1" 200 6110 "-" "Mozilla/5.0 AppleWebKit/537.36 (KHTML, like Gecko; compatible; ClaudeBot/1.0; +claudebot@anthropic.com)"
216.73.216.11 - - [01/Nov/2025:09:01:33 -0400] "GET /doc/first_timer_badge.png?fileloc=%2F%2Fvar%2Fsoftaculous%2Fmoodle29%2Fadd_admin.php&path=%2F%2Fvar%2Fsoftaculous%2Fmoodle29 HTTP/1.1" 200 2853 "-" "Mozilla/5.0 AppleWebKit/537.36 (KHTML, like Gecko; compatible; ClaudeBot/1.0; +claudebot@anthropic.com)"
216.73.216.11 - - [01/Nov/2025:09:01:33 -0400] "GET /doc/first_timer_badge.png?path=%2F%2Fvar%2Fsoftaculous%2Fninja%2Fphp82 HTTP/1.1" 200 2971 "-" "Mozilla/5.0 AppleWebKit/537.36 (KHTML, like Gecko; compatible; ClaudeBot/1.0; +claudebot@anthropic.com)"
216.73.216.11 - - [01/Nov/2025:09:01:33 -0400] "GET /doc/first_timer_badge.png?fileloc=%2F%2Fvar%2Fsoftaculous%2Fmoodle45%2Fimport.php&path=%2F%2Fvar%2Fsoftaculous%2Fmoodle45 HTTP/1.1" 200 8134 "-" "Mozilla/5.0 AppleWebKit/537.36 (KHTML, like Gecko; compatible; ClaudeBot/1.0; +claudebot@anthropic.com)"
52.73.6.26 - - [01/Nov/2025:09:01:34 -0400] "GET /?path=//proc/self/root/proc/sys/net/unix HTTP/1.1" 200 3384 "-" "Mozilla/5.0 AppleWebKit/537.36 (KHTML, like Gecko; compatible; Amazonbot/0.1; +https://developer.amazon.com/support/amazonbot) Chrome/119.0.6045.214 Safari/537.36"
216.73.216.11 - - [01/Nov/2025:09:01:34 -0400] "GET /doc/first_timer_badge.png?path=%2F%2Fvar%2Fsoftaculous%2Fxoops%2Fphp53 HTTP/1.1" 200 2934 "-" "Mozilla/5.0 AppleWebKit/537.36 (KHTML, like Gecko; compatible; ClaudeBot/1.0; +claudebot@anthropic.com)"
216.73.216.11 - - [01/Nov/2025:09:01:33 -0400] "GET /doc/first_timer_badge.png?fileloc=%2F%2Fvar%2Fsoftaculous%2Fgeeklog%2Fgeeklog.zip&path=%2F%2Fvar%2Fsoftaculous%2Fgeeklog HTTP/1.1" 200 2443 "-" "Mozilla/5.0 AppleWebKit/537.36 (KHTML, like Gecko; compatible; ClaudeBot/1.0; +claudebot@anthropic.com)"
74.7.227.59 - - [01/Nov/2025:09:01:35 -0400] "GET /q-~80AlrT0wdatOZVfXRsWP6ef8QNhEYzQC16335/ HTTP/1.1" 200 4149 "-" "Mozilla/5.0 AppleWebKit/537.36 (KHTML, like Gecko; compatible; GPTBot/1.2; +https://openai.com/gptbot)"
216.73.216.11 - - [01/Nov/2025:09:01:35 -0400] "GET /doc/first_timer_badge.png?fileloc=%2F%2Fvar%2Fsoftaculous%2Fmoodle45%2Fclone.php&path=%2F%2Fvar%2Fsoftaculous%2Fmoodle45 HTTP/1.1" 200 6556 "-" "Mozilla/5.0 AppleWebKit/537.36 (KHTML, like Gecko; compatible; ClaudeBot/1.0; +claudebot@anthropic.com)"
216.73.216.11 - - [01/Nov/2025:09:01:35 -0400] "GET /doc/first_timer_badge.png?fileloc=%2F%2Fvar%2Fsoftaculous%2Fdoku%2Fmd5&path=%2F%2Fvar%2Fsoftaculous%2Fdoku HTTP/1.1" 200 4333 "-" "Mozilla/5.0 AppleWebKit/537.36 (KHTML, like Gecko; compatible; ClaudeBot/1.0; +claudebot@anthropic.com)"
66.249.65.197 - - [01/Nov/2025:09:01:36 -0400] "GET /?q=2148186115800&channel=199e08&from=https://creativefinishings.com/select.cgi?q-~176KfzAvB0OZcy8kWU8oQncNCFvsnEz2h30305/ HTTP/1.1" 200 18745 "-" "Mozilla/5.0 (Linux; Android 6.0.1; Nexus 5X Build/MMB29P) AppleWebKit/537.36 (KHTML, like Gecko) Chrome/141.0.7390.122 Mobile Safari/537.36 (compatible; Googlebot/2.1; +http://www.google.com/bot.html)"
216.73.216.11 - - [01/Nov/2025:09:01:36 -0400] "GET /doc/first_timer_badge.png?fileloc=%2F%2Fvar%2Fsoftaculous%2Fwp50%2Fadd_user.php&path=%2F%2Fvar%2Fsoftaculous%2Fwp50 HTTP/1.1" 200 2759 "-" "Mozilla/5.0 AppleWebKit/537.36 (KHTML, like Gecko; compatible; ClaudeBot/1.0; +claudebot@anthropic.com)"
66.249.65.197 - - [01/Nov/2025:09:01:37 -0400] "GET /hagimonoya-q4995rrr2091-1 HTTP/1.1" 200 18562 "-" "Mozilla/5.0 (Linux; Android 6.0.1; Nexus 5X Build/MMB29P) AppleWebKit/537.36 (KHTML, like Gecko) Chrome/141.0.7390.122 Mobile Safari/537.36 (compatible; Googlebot/2.1; +http://www.google.com/bot.html)"
216.73.216.11 - - [01/Nov/2025:09:01:36 -0400] "GET /doc/first_timer_badge.png?fileloc=%2F%2Fvar%2Fsoftaculous%2Fphpjs%2Fmd5&path=%2F%2Fvar%2Fsoftaculous%2Fphpjs HTTP/1.1" 200 9577 "-" "Mozilla/5.0 AppleWebKit/537.36 (KHTML, like Gecko; compatible; ClaudeBot/1.0; +claudebot@anthropic.com)"
216.73.216.11 - - [01/Nov/2025:09:01:37 -0400] "GET /doc/first_timer_badge.png?fileloc=%2F%2Fvar%2Fsoftaculous%2Fadminer%2Finstall.js&path=%2F%2Fvar%2Fsoftaculous%2Fadminer HTTP/1.1" 200 2827 "-" "Mozilla/5.0 AppleWebKit/537.36 (KHTML, like Gecko; compatible; ClaudeBot/1.0; +claudebot@anthropic.com)"
216.73.216.11 - - [01/Nov/2025:09:01:36 -0400] "GET /doc/first_timer_badge.png?fileloc=%2F%2Fvar%2Fsoftaculous%2Fmoodle30%2Fedit.php&path=%2F%2Fvar%2Fsoftaculous%2Fmoodle30 HTTP/1.1" 200 5885 "-" "Mozilla/5.0 AppleWebKit/537.36 (KHTML, like Gecko; compatible; ClaudeBot/1.0; +claudebot@anthropic.com)"
216.73.216.11 - - [01/Nov/2025:09:01:37 -0400] "GET /doc/first_timer_badge.png?path=%2F%2Fvar%2Fsoftaculous%2Fxoops%2Fphp71 HTTP/1.1" 200 2936 "-" "Mozilla/5.0 AppleWebKit/537.36 (KHTML, like Gecko; compatible; ClaudeBot/1.0; +claudebot@anthropic.com)"
47.128.34.150 - - [01/Nov/2025:09:01:37 -0400] "GET /apco-pay-by-phone/?fileloc=%2Fhome%2Fcreaqbdc%2Fpublic_html%2Fwp-admin%2Fcss%2Flist-tables.css&path=%2Fhome%2Fcreaqbdc%2Fpublic_html%2Fwp-admin%2Fcss HTTP/1.1" 200 11721 "-" "Mozilla/5.0 (Linux; Android 5.0) AppleWebKit/537.36 (KHTML, like Gecko) Mobile Safari/537.36 (compatible; Bytespider; spider-feedback@bytedance.com)"
74.7.227.223 - - [01/Nov/2025:09:01:37 -0400] "GET /?path=//proc/self/root/proc/2966092/root/var/softaculous/livesite/images HTTP/1.1" 200 2887 "-" "Mozilla/5.0 AppleWebKit/537.36 (KHTML, like Gecko; compatible; GPTBot/1.2; +https://openai.com/gptbot)"
216.73.216.11 - - [01/Nov/2025:09:01:38 -0400] "GET /doc/first_timer_badge.png?fileloc=%2F%2Fvar%2Fsoftaculous%2Ffront%2Fedit.php&path=%2F%2Fvar%2Fsoftaculous%2Ffront HTTP/1.1" 200 5684 "-" "Mozilla/5.0 AppleWebKit/537.36 (KHTML, like Gecko; compatible; ClaudeBot/1.0; +claudebot@anthropic.com)"
66.249.65.197 - - [01/Nov/2025:09:01:38 -0400] "GET /q-~3zrweLgxgWG8TPLWC9mxIO86nfjclxi39316/ HTTP/1.1" 200 4145 "-" "Mozilla/5.0 (Linux; Android 6.0.1; Nexus 5X Build/MMB29P) AppleWebKit/537.36 (KHTML, like Gecko) Chrome/141.0.7390.122 Mobile Safari/537.36 (compatible; GoogleOther)"
23.21.228.180 - - [01/Nov/2025:09:01:38 -0400] "GET /beste-versorger-provision/?fileloc=//opt/cloudlinux/venv/lib64/python3.11/site-packages/clselect/clselectphp/php_manager.py&path=//opt/cloudlinux/venv/lib64/python3.11/site-packages/clselect/clselectphp HTTP/1.1" 200 6992 "-" "Mozilla/5.0 AppleWebKit/537.36 (KHTML, like Gecko; compatible; Amazonbot/0.1; +https://developer.amazon.com/support/amazonbot) Chrome/119.0.6045.214 Safari/537.36"
74.7.227.59 - - [01/Nov/2025:09:01:38 -0400] "GET /q-~131YpkMAW3FBdFohuicWXVRqhwJclg6sK47488/ HTTP/1.1" 200 4139 "-" "Mozilla/5.0 AppleWebKit/537.36 (KHTML, like Gecko; compatible; GPTBot/1.2; +https://openai.com/gptbot)"
