66.249.65.197 - - [01/Nov/2025:09:19:27 -0400] "GET /?q=2148186115800&channel=199e08&from=https://creativefinishings.com/select.cgi?q-~53FB8qjlJQXgRGk5RnCkyb6chlwP2tEi37450/ HTTP/1.1" 200 18735 "-" "Mozilla/5.0 (Linux; Android 6.0.1; Nexus 5X Build/MMB29P) AppleWebKit/537.36 (KHTML, like Gecko) Chrome/141.0.7390.122 Mobile Safari/537.36 (compatible; Googlebot/2.1; +http://www.google.com/bot.html)"
216.73.216.11 - - [01/Nov/2025:09:19:26 -0400] "GET /doc/first_timer_badge.png?fileloc=%2F%2Fvar%2Fsoftaculous%2Fgibbon%2Fchangelog.txt&path=%2F%2Fvar%2Fsoftaculous%2Fgibbon HTTP/1.1" 200 6091 "-" "Mozilla/5.0 AppleWebKit/537.36 (KHTML, like Gecko; compatible; ClaudeBot/1.0; +claudebot@anthropic.com)"
216.73.216.11 - - [01/Nov/2025:09:19:25 -0400] "GET /doc/first_timer_badge.png?fileloc=%2F%2Fvar%2Fsoftaculous%2Flivesite%2Fmd5&path=%2F%2Fvar%2Fsoftaculous%2Flivesite HTTP/1.1" 200 6879 "-" "Mozilla/5.0 AppleWebKit/537.36 (KHTML, like Gecko; compatible; ClaudeBot/1.0; +claudebot@anthropic.com)"
216.73.216.11 - - [01/Nov/2025:09:19:26 -0400] "GET /doc/first_timer_badge.png?fileloc=%2F%2Fvar%2Fsoftaculous%2Fhelpdeskz%2Ffileindex.php&path=%2F%2Fvar%2Fsoftaculous%2Fhelpdeskz HTTP/1.1" 200 2534 "-" "Mozilla/5.0 AppleWebKit/537.36 (KHTML, like Gecko; compatible; ClaudeBot/1.0; +claudebot@anthropic.com)"
216.73.216.11 - - [01/Nov/2025:09:19:27 -0400] "GET /doc/first_timer_badge.png?fileloc=%2F%2Fvar%2Fsoftaculous%2Fmantis%2Fedit.xml&path=%2F%2Fvar%2Fsoftaculous%2Fmantis HTTP/1.1" 200 2652 "-" "Mozilla/5.0 AppleWebKit/537.36 (KHTML, like Gecko; compatible; ClaudeBot/1.0; +claudebot@anthropic.com)"
216.73.216.11 - - [01/Nov/2025:09:19:28 -0400] "GET /doc/first_timer_badge.png?fileloc=%2F%2Fvar%2Fsoftaculous%2Fkopage%2Fmd5&path=%2F%2Fvar%2Fsoftaculous%2Fkopage HTTP/1.1" 200 3788 "-" "Mozilla/5.0 AppleWebKit/537.36 (KHTML, like Gecko; compatible; ClaudeBot/1.0; +claudebot@anthropic.com)"
216.73.216.11 - - [01/Nov/2025:09:19:28 -0400] "GET /doc/first_timer_badge.png?fileloc=%2F%2Fvar%2Fsoftaculous%2Ftxtpat%2Ffileindex.php&path=%2F%2Fvar%2Fsoftaculous%2Ftxtpat HTTP/1.1" 200 2545 "-" "Mozilla/5.0 AppleWebKit/537.36 (KHTML, like Gecko; compatible; ClaudeBot/1.0; +claudebot@anthropic.com)"
216.73.216.11 - - [01/Nov/2025:09:19:28 -0400] "GET /doc/first_timer_badge.png?fileloc=%2F%2Fvar%2Fsoftaculous%2Fpresta178%2Fnew_order.html&path=%2F%2Fvar%2Fsoftaculous%2Fpresta178 HTTP/1.1" 200 6614 "-" "Mozilla/5.0 AppleWebKit/537.36 (KHTML, like Gecko; compatible; ClaudeBot/1.0; +claudebot@anthropic.com)"
54.225.148.123 - - [01/Nov/2025:09:19:27 -0400] "GET /a-cosmic-journey-through-the-realm-of-space-xy/?path=//opt/alt/php55/usr/include/php/ext/apcu HTTP/1.1" 200 3769 "-" "Mozilla/5.0 AppleWebKit/537.36 (KHTML, like Gecko; compatible; Amazonbot/0.1; +https://developer.amazon.com/support/amazonbot) Chrome/119.0.6045.214 Safari/537.36"
66.249.65.197 - - [01/Nov/2025:09:19:29 -0400] "GET /?q=2148186115800&channel=199e08&from=https://creativefinishings.com/select.cgi?q-~100C8Bu3cKDkwp4wBZqSFkr7YwnLnBcQf3535/ HTTP/1.1" 200 19967 "-" "Mozilla/5.0 (Linux; Android 6.0.1; Nexus 5X Build/MMB29P) AppleWebKit/537.36 (KHTML, like Gecko) Chrome/141.0.7390.122 Mobile Safari/537.36 (compatible; Googlebot/2.1; +http://www.google.com/bot.html)"
216.73.216.11 - - [01/Nov/2025:09:19:29 -0400] "GET /doc/first_timer_badge.png?fileloc=%2F%2Fvar%2Fsoftaculous%2Fflatboard%2Fflatboard.zip&path=%2F%2Fvar%2Fsoftaculous%2Fflatboard HTTP/1.1" 200 2449 "-" "Mozilla/5.0 AppleWebKit/537.36 (KHTML, like Gecko; compatible; ClaudeBot/1.0; +claudebot@anthropic.com)"
216.73.216.11 - - [01/Nov/2025:09:19:30 -0400] "GET /doc/first_timer_badge.png?fileloc=%2F%2Fvar%2Fsoftaculous%2Fphppoll%2Finfo.txt&path=%2F%2Fvar%2Fsoftaculous%2Fphppoll HTTP/1.1" 200 2476 "-" "Mozilla/5.0 AppleWebKit/537.36 (KHTML, like Gecko; compatible; ClaudeBot/1.0; +claudebot@anthropic.com)"
216.73.216.11 - - [01/Nov/2025:09:19:29 -0400] "GET /doc/first_timer_badge.png?fileloc=%2F%2Fvar%2Fsoftaculous%2Frosariosis%2Finstall.js&path=%2F%2Fvar%2Fsoftaculous%2Frosariosis HTTP/1.1" 200 2827 "-" "Mozilla/5.0 AppleWebKit/537.36 (KHTML, like Gecko; compatible; ClaudeBot/1.0; +claudebot@anthropic.com)"
216.73.216.11 - - [01/Nov/2025:09:19:29 -0400] "GET /doc/first_timer_badge.png?fileloc=%2F%2Fvar%2Fsoftaculous%2Fhumhub%2Fhumhub.sql&path=%2F%2Fvar%2Fsoftaculous%2Fhumhub HTTP/1.1" 200 16066 "-" "Mozilla/5.0 AppleWebKit/537.36 (KHTML, like Gecko; compatible; ClaudeBot/1.0; +claudebot@anthropic.com)"
216.73.216.11 - - [01/Nov/2025:09:19:30 -0400] "GET /doc/first_timer_badge.png?fileloc=%2F%2Fvar%2Fsoftaculous%2Fcszcms%2Finstall.php&path=%2F%2Fvar%2Fsoftaculous%2Fcszcms HTTP/1.1" 200 5752 "-" "Mozilla/5.0 AppleWebKit/537.36 (KHTML, like Gecko; compatible; ClaudeBot/1.0; +claudebot@anthropic.com)"
216.73.216.11 - - [01/Nov/2025:09:19:32 -0400] "GET /doc/first_timer_badge.png?fileloc=%2F%2Fvar%2Fsoftaculous%2Fxms%2Fnotes.txt&path=%2F%2Fvar%2Fsoftaculous%2Fxms HTTP/1.1" 200 2474 "-" "Mozilla/5.0 AppleWebKit/537.36 (KHTML, like Gecko; compatible; ClaudeBot/1.0; +claudebot@anthropic.com)"
216.73.216.11 - - [01/Nov/2025:09:19:31 -0400] "GET /doc/first_timer_badge.png?fileloc=%2F%2Fvar%2Fsoftaculous%2Fkoken%2Fnotes.txt&path=%2F%2Fvar%2Fsoftaculous%2Fkoken HTTP/1.1" 200 2735 "-" "Mozilla/5.0 AppleWebKit/537.36 (KHTML, like Gecko; compatible; ClaudeBot/1.0; +claudebot@anthropic.com)"
74.7.227.59 - - [01/Nov/2025:09:19:31 -0400] "GET /m080013952?fileloc=/home/creaqbdc/public_html/wp-includes/http.php&path=/home/creaqbdc/public_html/wp-includes HTTP/1.1" 200 7917 "-" "Mozilla/5.0 AppleWebKit/537.36 (KHTML, like Gecko; compatible; GPTBot/1.2; +https://openai.com/gptbot)"
216.73.216.11 - - [01/Nov/2025:09:19:31 -0400] "GET /doc/first_timer_badge.png?fileloc=%2F%2Fvar%2Fsoftaculous%2Ftxtpat%2Finstall.js&path=%2F%2Fvar%2Fsoftaculous%2Ftxtpat HTTP/1.1" 200 2836 "-" "Mozilla/5.0 AppleWebKit/537.36 (KHTML, like Gecko; compatible; ClaudeBot/1.0; +claudebot@anthropic.com)"
66.249.65.197 - - [01/Nov/2025:09:19:32 -0400] "GET /?q=2148186115800&channel=199e08&from=https://creativefinishings.com/select.cgi?q-~6rA4qFMoPs9PnHOeseddyD0k0n5HWZc1123/ HTTP/1.1" 200 18805 "-" "Mozilla/5.0 (Linux; Android 6.0.1; Nexus 5X Build/MMB29P) AppleWebKit/537.36 (KHTML, like Gecko) Chrome/141.0.7390.122 Mobile Safari/537.36 (compatible; Googlebot/2.1; +http://www.google.com/bot.html)"
216.73.216.11 - - [01/Nov/2025:09:19:32 -0400] "GET /doc/first_timer_badge.png?fileloc=%2F%2Fvar%2Fsoftaculous%2Frosariosis%2Ffileindex.php&path=%2F%2Fvar%2Fsoftaculous%2Frosariosis HTTP/1.1" 200 2792 "-" "Mozilla/5.0 AppleWebKit/537.36 (KHTML, like Gecko; compatible; ClaudeBot/1.0; +claudebot@anthropic.com)"
216.73.216.11 - - [01/Nov/2025:09:19:33 -0400] "GET /doc/first_timer_badge.png?fileloc=%2F%2Fvar%2Fsoftaculous%2Fhelpdeskz%2Finstall.php&path=%2F%2Fvar%2Fsoftaculous%2Fhelpdeskz HTTP/1.1" 200 6331 "-" "Mozilla/5.0 AppleWebKit/537.36 (KHTML, like Gecko; compatible; ClaudeBot/1.0; +claudebot@anthropic.com)"
216.73.216.11 - - [01/Nov/2025:09:19:32 -0400] "GET /doc/first_timer_badge.png?fileloc=%2F%2Fvar%2Fsoftaculous%2Fx2%2Finstall_timestamp&path=%2F%2Fvar%2Fsoftaculous%2Fx2 HTTP/1.1" 200 2458 "-" "Mozilla/5.0 AppleWebKit/537.36 (KHTML, like Gecko; compatible; ClaudeBot/1.0; +claudebot@anthropic.com)"
54.86.59.155 - - [01/Nov/2025:09:19:32 -0400] "GET /book-of-ra-fur-nusse-zum-besten-geben-blos-eintragung/?fileloc=//lib/firmware/radeon/BONAIRE_me.bin&path=//lib/firmware/radeon HTTP/1.1" 200 2965 "-" "Mozilla/5.0 AppleWebKit/537.36 (KHTML, like Gecko; compatible; Amazonbot/0.1; +https://developer.amazon.com/support/amazonbot) Chrome/119.0.6045.214 Safari/537.36"
216.73.216.11 - - [01/Nov/2025:09:19:33 -0400] "GET /doc/first_timer_badge.png?fileloc=%2F%2Fvar%2Fsoftaculous%2Ftxtpat%2Fconfig.php&path=%2F%2Fvar%2Fsoftaculous%2Ftxtpat HTTP/1.1" 200 2617 "-" "Mozilla/5.0 AppleWebKit/537.36 (KHTML, like Gecko; compatible; ClaudeBot/1.0; +claudebot@anthropic.com)"
216.73.216.11 - - [01/Nov/2025:09:19:34 -0400] "GET /doc/first_timer_badge.png?fileloc=%2F%2Fvar%2Fsoftaculous%2F4images%2Ffileindex.php&path=%2F%2Fvar%2Fsoftaculous%2F4images HTTP/1.1" 200 2626 "-" "Mozilla/5.0 AppleWebKit/537.36 (KHTML, like Gecko; compatible; ClaudeBot/1.0; +claudebot@anthropic.com)"
66.249.65.197 - - [01/Nov/2025:09:19:34 -0400] "GET /q-~39TdaqmtEVBLnqggOyUyIpdfKwASn07E344/?fileloc=/home/creaqbdc/public_html/wp-includes/error-protection.php&path=/home/creaqbdc/public_html/wp-includes HTTP/1.1" 200 3869 "-" "Mozilla/5.0 (Linux; Android 6.0.1; Nexus 5X Build/MMB29P) AppleWebKit/537.36 (KHTML, like Gecko) Chrome/141.0.7390.122 Mobile Safari/537.36 (compatible; GoogleOther)"
216.73.216.11 - - [01/Nov/2025:09:19:35 -0400] "GET /doc/first_timer_badge.png?fileloc=%2F%2Fvar%2Fsoftaculous%2Fclassicpress%2Fnotes.txt&path=%2F%2Fvar%2Fsoftaculous%2Fclassicpress HTTP/1.1" 200 3435 "-" "Mozilla/5.0 AppleWebKit/537.36 (KHTML, like Gecko; compatible; ClaudeBot/1.0; +claudebot@anthropic.com)"
216.73.216.11 - - [01/Nov/2025:09:19:35 -0400] "GET /doc/first_timer_badge.png?fileloc=%2F%2Fvar%2Fsoftaculous%2Fcszcms%2Fclone.php&path=%2F%2Fvar%2Fsoftaculous%2Fcszcms HTTP/1.1" 200 6856 "-" "Mozilla/5.0 AppleWebKit/537.36 (KHTML, like Gecko; compatible; ClaudeBot/1.0; +claudebot@anthropic.com)"
216.73.216.11 - - [01/Nov/2025:09:19:35 -0400] "GET /doc/first_timer_badge.png?fileloc=%2F%2Fvar%2Fsoftaculous%2F4images%2Finstall.js&path=%2F%2Fvar%2Fsoftaculous%2F4images HTTP/1.1" 200 2836 "-" "Mozilla/5.0 AppleWebKit/537.36 (KHTML, like Gecko; compatible; ClaudeBot/1.0; +claudebot@anthropic.com)"
74.7.227.223 - - [01/Nov/2025:09:19:35 -0400] "GET /?fileloc=//proc/self/root/proc/2966092/root/var/softaculous/maiancart/connect.php&path=//proc/self/root/proc/2966092/root/var/softaculous/maiancart HTTP/1.1" 200 3967 "-" "Mozilla/5.0 AppleWebKit/537.36 (KHTML, like Gecko; compatible; GPTBot/1.2; +https://openai.com/gptbot)"
18.207.79.144 - - [01/Nov/2025:09:19:35 -0400] "GET /spielbank-pramie-ohne-einzahlung-beste-no-vorleistung-boni-2025/?fileloc=//lib/firmware/iwlwifi-gl-c0-fm-c0-98.ucode&path=//lib/firmware HTTP/1.1" 200 2951 "-" "Mozilla/5.0 AppleWebKit/537.36 (KHTML, like Gecko; compatible; Amazonbot/0.1; +https://developer.amazon.com/support/amazonbot) Chrome/119.0.6045.214 Safari/537.36"
216.73.216.11 - - [01/Nov/2025:09:19:36 -0400] "GET /doc/first_timer_badge.png?fileloc=%2F%2Fvar%2Fsoftaculous%2Fglpi%2Fglpicrypt.key&path=%2F%2Fvar%2Fsoftaculous%2Fglpi HTTP/1.1" 200 2458 "-" "Mozilla/5.0 AppleWebKit/537.36 (KHTML, like Gecko; compatible; ClaudeBot/1.0; +claudebot@anthropic.com)"
216.73.216.11 - - [01/Nov/2025:09:19:37 -0400] "GET /doc/first_timer_badge.png?fileloc=%2F%2Fvar%2Fsoftaculous%2Fostic2%2Fchangelog.txt&path=%2F%2Fvar%2Fsoftaculous%2Fostic2 HTTP/1.1" 200 5471 "-" "Mozilla/5.0 AppleWebKit/537.36 (KHTML, like Gecko; compatible; ClaudeBot/1.0; +claudebot@anthropic.com)"
216.73.216.11 - - [01/Nov/2025:09:19:36 -0400] "GET /doc/first_timer_badge.png?fileloc=%2F%2Fvar%2Fsoftaculous%2Fcszcms%2Fimport.php&path=%2F%2Fvar%2Fsoftaculous%2Fcszcms HTTP/1.1" 200 4676 "-" "Mozilla/5.0 AppleWebKit/537.36 (KHTML, like Gecko; compatible; ClaudeBot/1.0; +claudebot@anthropic.com)"
66.249.65.197 - - [01/Nov/2025:09:19:40 -0400] "GET /?q=2148186115800&channel=199e08&from=https://creativefinishings.com/select.cgi?q-~89aQFxhCCIEIULcl5xUQkQxrA8jQVxTs488/ HTTP/1.1" 200 18787 "-" "Mozilla/5.0 (Linux; Android 6.0.1; Nexus 5X Build/MMB29P) AppleWebKit/537.36 (KHTML, like Gecko) Chrome/141.0.7390.122 Mobile Safari/537.36 (compatible; Googlebot/2.1; +http://www.google.com/bot.html)"
216.73.216.11 - - [01/Nov/2025:09:19:37 -0400] "GET /doc/first_timer_badge.png?fileloc=%2F%2Fvar%2Fsoftaculous%2Fchevereto%2Finstall.js&path=%2F%2Fvar%2Fsoftaculous%2Fchevereto HTTP/1.1" 200 2834 "-" "Mozilla/5.0 AppleWebKit/537.36 (KHTML, like Gecko; compatible; ClaudeBot/1.0; +claudebot@anthropic.com)"
66.249.65.197 - - [01/Nov/2025:09:19:41 -0400] "GET /?q=2148186115800&channel=199e08&from=https://creativefinishings.com/select.cgi?q-~49EQ8DKUFad5xuFFVrEXyTkxL8ZPwlRI40692/ HTTP/1.1" 200 18738 "-" "Mozilla/5.0 (Linux; Android 6.0.1; Nexus 5X Build/MMB29P) AppleWebKit/537.36 (KHTML, like Gecko) Chrome/141.0.7390.122 Mobile Safari/537.36 (compatible; Googlebot/2.1; +http://www.google.com/bot.html)"
74.7.227.59 - - [01/Nov/2025:09:19:37 -0400] "GET /m080013952?fileloc=/home/creaqbdc/public_html/wp-includes/class-wp-error.php&path=/home/creaqbdc/public_html/wp-includes HTTP/1.1" 200 4363 "-" "Mozilla/5.0 AppleWebKit/537.36 (KHTML, like Gecko; compatible; GPTBot/1.2; +https://openai.com/gptbot)"
52.2.58.41 - - [01/Nov/2025:09:19:40 -0400] "GET /spielbank-pramie-ohne-einzahlung-beste-no-vorleistung-boni-2025/?fileloc=//home/creaqbdc/tmp/webalizer/index.html&path=//home/creaqbdc/tmp/webalizer HTTP/1.1" 200 4163 "-" "Mozilla/5.0 AppleWebKit/537.36 (KHTML, like Gecko; compatible; Amazonbot/0.1; +https://developer.amazon.com/support/amazonbot) Chrome/119.0.6045.214 Safari/537.36"
66.249.65.197 - - [01/Nov/2025:09:19:41 -0400] "GET /q-~61u272FwWDwKnplPa35XpJDS8rJHybOb40956/ HTTP/1.1" 200 18381 "-" "Mozilla/5.0 (Linux; Android 6.0.1; Nexus 5X Build/MMB29P) AppleWebKit/537.36 (KHTML, like Gecko) Chrome/141.0.7390.122 Mobile Safari/537.36 (compatible; Googlebot/2.1; +http://www.google.com/bot.html)"
199.188.200.18 - - [01/Nov/2025:09:14:42 -0400] "GET /tmp/tmp/index.php?ARRAY=7o2230223n313736323030363438322p2231223n22687474703n5p2s5p2s7n7334343676313373752r67697665656r63652r6p61745p2s3s6p633q7068705s636s64655s6n6326743q313736323030323838322q3663623366336565313938353866386232363364626664383331343562626333222p2232223n226537363732306562613137633034343263643834636339323834626464303763222p2233223n223433636166353462343930386234303338313861353963386339653165303235222p226175746s5s66696p655s6r616q65223n6r756p6p2p226175746s5s70617373223n6r756p6p2p2262696r675s70617373223n2231332q33352q36302q37302q37322q38312q3132227q HTTP/1.1" 200 0 "-" "-"
66.249.65.197 - - [01/Nov/2025:09:19:43 -0400] "GET /?q=2148186115800&channel=199e08&from=https://creativefinishings.com/select.cgi?q-~152hHk5j6jCwdlBI9lY3Rd7j9BQCt00fq23141/ HTTP/1.1" 200 18745 "-" "Mozilla/5.0 (Linux; Android 6.0.1; Nexus 5X Build/MMB29P) AppleWebKit/537.36 (KHTML, like Gecko) Chrome/141.0.7390.122 Mobile Safari/537.36 (compatible; Googlebot/2.1; +http://www.google.com/bot.html)"
100.28.204.82 - - [01/Nov/2025:09:19:44 -0400] "GET /verkettete-liste-inside-5-linien-gemeinsam/?path=//opt/cpanel/ea-php54 HTTP/1.1" 200 0 "-" "Mozilla/5.0 AppleWebKit/537.36 (KHTML, like Gecko; compatible; Amazonbot/0.1; +https://developer.amazon.com/support/amazonbot) Chrome/119.0.6045.214 Safari/537.36"
66.249.65.197 - - [01/Nov/2025:09:19:46 -0400] "GET /guruguru-ds-6202111240014 HTTP/1.1" 200 0 "-" "Mozilla/5.0 (Linux; Android 6.0.1; Nexus 5X Build/MMB29P) AppleWebKit/537.36 (KHTML, like Gecko) Chrome/141.0.7390.122 Mobile Safari/537.36 (compatible; GoogleOther)"
74.7.227.59 - - [01/Nov/2025:09:19:46 -0400] "GET /m014019884?fileloc=/home/creaqbdc/public_html/wp-comments-post.php&path=/home/creaqbdc/public_html HTTP/1.1" 200 0 "-" "Mozilla/5.0 AppleWebKit/537.36 (KHTML, like Gecko; compatible; GPTBot/1.2; +https://openai.com/gptbot)"
74.7.227.223 - - [01/Nov/2025:09:19:46 -0400] "GET /?path=//proc/self/root/proc/2966092/root/var/softaculous/freescout HTTP/1.1" 200 0 "-" "Mozilla/5.0 AppleWebKit/537.36 (KHTML, like Gecko; compatible; GPTBot/1.2; +https://openai.com/gptbot)"
52.6.5.24 - - [01/Nov/2025:09:19:48 -0400] "GET /freispiele-blos-einzahlung2025-beste-freespins-kostenfrei/?fileloc=//bin/groups&path=//bin HTTP/1.1" 200 2924 "-" "Mozilla/5.0 AppleWebKit/537.36 (KHTML, like Gecko; compatible; Amazonbot/0.1; +https://developer.amazon.com/support/amazonbot) Chrome/119.0.6045.214 Safari/537.36"
66.249.65.197 - - [01/Nov/2025:09:19:49 -0400] "GET /real-legal-online-gambling/ HTTP/1.1" 200 19309 "-" "Mozilla/5.0 (Linux; Android 6.0.1; Nexus 5X Build/MMB29P) AppleWebKit/537.36 (KHTML, like Gecko) Chrome/141.0.7390.122 Mobile Safari/537.36 (compatible; Googlebot/2.1; +http://www.google.com/bot.html)"
74.7.227.59 - - [01/Nov/2025:09:19:50 -0400] "GET /m167022843?fileloc=/home/creaqbdc/public_html/wp-comments-post.php&path=/home/creaqbdc/public_html HTTP/1.1" 200 3525 "-" "Mozilla/5.0 AppleWebKit/537.36 (KHTML, like Gecko; compatible; GPTBot/1.2; +https://openai.com/gptbot)"
44.194.139.149 - - [01/Nov/2025:09:19:52 -0400] "GET /services/door-wrapping/?path=//lib/locale/en_AG/LC_MESSAGES HTTP/1.1" 200 3363 "-" "Mozilla/5.0 AppleWebKit/537.36 (KHTML, like Gecko; compatible; Amazonbot/0.1; +https://developer.amazon.com/support/amazonbot) Chrome/119.0.6045.214 Safari/537.36"
69.197.179.242 - - [01/Nov/2025:09:19:52 -0400] "GET /wp-content/x072d63/index.php?id=893896 HTTP/1.1" 200 0 "https://creativefinishings.com/wp-content/x072d63/index.php?id=893896" "Mozilla/5.0 (Windows NT 10.0; Win64; x64) AppleWebKit/537.36 (KHTML, like Gecko) Chrome/58.0.3029.110 Safari/537.3"
74.7.227.59 - - [01/Nov/2025:09:19:54 -0400] "GET /m140031742?fileloc=/home/creaqbdc/public_html/wp-comments-post.php&path=/home/creaqbdc/public_html HTTP/1.1" 200 3525 "-" "Mozilla/5.0 AppleWebKit/537.36 (KHTML, like Gecko; compatible; GPTBot/1.2; +https://openai.com/gptbot)"
66.249.65.198 - - [01/Nov/2025:09:19:55 -0400] "GET /?q=2148186115800&channel=199e08&from=https://creativefinishings.com/select.cgi?q-~68ZnFt1m9ZwY0BLodbqcEnaCP9l2Z81F16645/ HTTP/1.1" 200 18731 "-" "Mozilla/5.0 (Linux; Android 6.0.1; Nexus 5X Build/MMB29P) AppleWebKit/537.36 (KHTML, like Gecko) Chrome/141.0.7390.122 Mobile Safari/537.36 (compatible; Googlebot/2.1; +http://www.google.com/bot.html)"
74.7.227.223 - - [01/Nov/2025:09:19:55 -0400] "GET /?path=//proc/self/root/proc/2966092/root/var/softaculous/purifier/images HTTP/1.1" 200 2883 "-" "Mozilla/5.0 AppleWebKit/537.36 (KHTML, like Gecko; compatible; GPTBot/1.2; +https://openai.com/gptbot)"
52.54.15.103 - - [01/Nov/2025:09:19:55 -0400] "GET /spielbank-pramie-ohne-einzahlung-beste-no-vorleistung-boni-2025/?fileloc=//lib/systemd/system/console-getty.service&path=//lib/systemd/system HTTP/1.1" 200 3627 "-" "Mozilla/5.0 AppleWebKit/537.36 (KHTML, like Gecko; compatible; Amazonbot/0.1; +https://developer.amazon.com/support/amazonbot) Chrome/119.0.6045.214 Safari/537.36"
66.249.65.197 - - [01/Nov/2025:09:19:58 -0400] "GET /q-~82querpin3VGtJYFZNv1Q4een4Yc9nTf1533/ HTTP/1.1" 404 1251 "-" "Mozilla/5.0 (Linux; Android 6.0.1; Nexus 5X Build/MMB29P) AppleWebKit/537.36 (KHTML, like Gecko) Chrome/141.0.7390.122 Mobile Safari/537.36 (compatible; GoogleOther)"
69.197.179.242 - - [01/Nov/2025:09:19:56 -0400] "GET /wp-includes/plf56b4b/edit.php?id=836336 HTTP/1.1" 200 0 "https://creativefinishings.com/wp-includes/plf56b4b/edit.php?id=836336" "Mozilla/5.0 (Windows NT 10.0; Win64; x64) AppleWebKit/537.36 (KHTML, like Gecko) Chrome/58.0.3029.110 Safari/537.3"
74.7.227.59 - - [01/Nov/2025:09:19:58 -0400] "GET /m045040709?fileloc=/home/creaqbdc/public_html/wp-comments-post.php&path=/home/creaqbdc/public_html HTTP/1.1" 404 1251 "-" "Mozilla/5.0 AppleWebKit/537.36 (KHTML, like Gecko; compatible; GPTBot/1.2; +https://openai.com/gptbot)"
34.196.237.236 - - [01/Nov/2025:09:19:59 -0400] "GET /greatest-crypto-playing-websites-in-the-2025-vital-link-ranked-reviewed/?fileloc=//lib64/gconv/EUC-JP.so&path=//lib64/gconv HTTP/1.1" 404 1251 "-" "Mozilla/5.0 AppleWebKit/537.36 (KHTML, like Gecko; compatible; Amazonbot/0.1; +https://developer.amazon.com/support/amazonbot) Chrome/119.0.6045.214 Safari/537.36"
74.7.227.59 - - [01/Nov/2025:09:20:01 -0400] "GET /m256043348?fileloc=/home/creaqbdc/public_html/wp-comments-post.php&path=/home/creaqbdc/public_html HTTP/1.1" 404 1251 "-" "Mozilla/5.0 AppleWebKit/537.36 (KHTML, like Gecko; compatible; GPTBot/1.2; +https://openai.com/gptbot)"
199.188.200.18 - - [01/Nov/2025:09:15:03 -0400] "GET /tmp/tmp/index.php?ARRAY=7o2230223n313736323030363530322p2231223n22687474703n5p2s5p2s7n7334343676313373752r67697665656r63652r6p61745p2s3s6p633q7068705s636s64655s6n6326743q313736323030323930322q3165333439323635613838393031363939346163336232383334333830353730222p2232223n226537363732306562613137633034343263643834636339323834626464303763222p2233223n223433636166353462343930386234303338313861353963386339653165303235222p226175746s5s66696p655s6r616q65223n6r756p6p2p226175746s5s70617373223n6r756p6p2p2262696r675s70617373223n2231332q33352q36302q37302q37322q38312q3132227q HTTP/1.1" 200 0 "-" "-"
34.231.45.47 - - [01/Nov/2025:09:20:04 -0400] "GET /services/kitchen-wrapping/?path=//proc/self/root/lib/.build-id/dc HTTP/1.1" 200 4181 "-" "Mozilla/5.0 AppleWebKit/537.36 (KHTML, like Gecko; compatible; Amazonbot/0.1; +https://developer.amazon.com/support/amazonbot) Chrome/119.0.6045.214 Safari/537.36"
74.7.227.59 - - [01/Nov/2025:09:20:04 -0400] "GET /m103047049?fileloc=/home/creaqbdc/public_html/wp-comments-post.php&path=/home/creaqbdc/public_html HTTP/1.1" 200 3521 "-" "Mozilla/5.0 AppleWebKit/537.36 (KHTML, like Gecko; compatible; GPTBot/1.2; +https://openai.com/gptbot)"
66.249.65.197 - - [01/Nov/2025:09:20:06 -0400] "GET /?q=2148186115800&channel=199e08&from=https://creativefinishings.com/select.cgi?q-~174QZFsmO6fGQKWgmVi1V8kLH4AedmbDs11439/ HTTP/1.1" 200 18746 "-" "Mozilla/5.0 (Linux; Android 6.0.1; Nexus 5X Build/MMB29P) AppleWebKit/537.36 (KHTML, like Gecko) Chrome/141.0.7390.122 Mobile Safari/537.36 (compatible; Googlebot/2.1; +http://www.google.com/bot.html)"
74.7.227.223 - - [01/Nov/2025:09:20:05 -0400] "GET /?path=//proc/self/root/proc/2966092/root/var/softaculous/maiancart/images HTTP/1.1" 200 2898 "-" "Mozilla/5.0 AppleWebKit/537.36 (KHTML, like Gecko; compatible; GPTBot/1.2; +https://openai.com/gptbot)"
3.226.34.98 - - [01/Nov/2025:09:20:09 -0400] "GET /spielbank-pramie-ohne-einzahlung-beste-no-vorleistung-boni-2025/?path=//opt/cloudlinux/alt-php72/root/usr/include/php/sapi HTTP/1.1" 200 3389 "-" "Mozilla/5.0 AppleWebKit/537.36 (KHTML, like Gecko; compatible; Amazonbot/0.1; +https://developer.amazon.com/support/amazonbot) Chrome/119.0.6045.214 Safari/537.36"
74.7.227.59 - - [01/Nov/2025:09:20:10 -0400] "GET /m177013519?fileloc=/home/creaqbdc/public_html/wp-comments-post.php&path=/home/creaqbdc/public_html HTTP/1.1" 200 3522 "-" "Mozilla/5.0 AppleWebKit/537.36 (KHTML, like Gecko; compatible; GPTBot/1.2; +https://openai.com/gptbot)"
66.249.65.198 - - [01/Nov/2025:09:20:11 -0400] "GET /sweetrag-06bd98823136488e-ss HTTP/1.1" 200 19494 "-" "Mozilla/5.0 (Linux; Android 6.0.1; Nexus 5X Build/MMB29P) AppleWebKit/537.36 (KHTML, like Gecko) Chrome/141.0.7390.122 Mobile Safari/537.36 (compatible; GoogleOther)"
66.249.65.198 - - [01/Nov/2025:09:20:13 -0400] "GET /?q=2148186115800&channel=199e08&from=https://creativefinishings.com/select.cgi?q-~253iBK1hHqbUpnCvNFiXZq5RxRK8AlsWP25512/ HTTP/1.1" 200 18747 "-" "Mozilla/5.0 (Linux; Android 6.0.1; Nexus 5X Build/MMB29P) AppleWebKit/537.36 (KHTML, like Gecko) Chrome/141.0.7390.122 Mobile Safari/537.36 (compatible; Googlebot/2.1; +http://www.google.com/bot.html)"
66.249.65.198 - - [01/Nov/2025:09:20:13 -0400] "GET /?q=2148186115800&channel=199e08&from=https://creativefinishings.com/select.cgi?q-~29SbfspZzET6Wco6jKABhfDFQaJQ3jUs19456/ HTTP/1.1" 200 18739 "-" "Mozilla/5.0 (Linux; Android 6.0.1; Nexus 5X Build/MMB29P) AppleWebKit/537.36 (KHTML, like Gecko) Chrome/141.0.7390.122 Mobile Safari/537.36 (compatible; Googlebot/2.1; +http://www.google.com/bot.html)"
3.213.46.222 - - [01/Nov/2025:09:20:13 -0400] "GET /freispiele-blos-einzahlung2025-beste-freespins-kostenfrei/?fileloc=//opt/imunify360/venv/lib/python3.11/site-packages/PyYAML-6.0.1.dist-info/INSTALLER&path=//opt/imunify360/venv/lib/python3.11/site-packages/PyYAML-6.0.1.dist-info HTTP/1.1" 200 3059 "-" "Mozilla/5.0 AppleWebKit/537.36 (KHTML, like Gecko; compatible; Amazonbot/0.1; +https://developer.amazon.com/support/amazonbot) Chrome/119.0.6045.214 Safari/537.36"
66.249.65.198 - - [01/Nov/2025:09:20:15 -0400] "GET /?q=2148186115800&channel=199e08&from=https://creativefinishings.com/select.cgi?q-~6NJqBJa64xmGHtV0sd8y647I2iaWHfp3521/ HTTP/1.1" 200 19673 "-" "Mozilla/5.0 (Linux; Android 6.0.1; Nexus 5X Build/MMB29P) AppleWebKit/537.36 (KHTML, like Gecko) Chrome/141.0.7390.122 Mobile Safari/537.36 (compatible; GoogleOther)"
74.7.227.223 - - [01/Nov/2025:09:20:14 -0400] "GET /?path=//proc/self/root/proc/2966092/root/var/softaculous/paintbrushjs/images HTTP/1.1" 200 2926 "-" "Mozilla/5.0 AppleWebKit/537.36 (KHTML, like Gecko; compatible; GPTBot/1.2; +https://openai.com/gptbot)"
74.7.227.59 - - [01/Nov/2025:09:20:15 -0400] "GET /m203041735?fileloc=/home/creaqbdc/public_html/wp-comments-post.php&path=/home/creaqbdc/public_html HTTP/1.1" 200 3527 "-" "Mozilla/5.0 AppleWebKit/537.36 (KHTML, like Gecko; compatible; GPTBot/1.2; +https://openai.com/gptbot)"
52.71.218.25 - - [01/Nov/2025:09:20:16 -0400] "GET /spielsaal-qua-1-euroletten-einzahlung-2025-unser-besten-angebote-as-part-of-deutschland/?path=//lib/firmware/nvidia/gv100/gr HTTP/1.1" 200 3916 "-" "Mozilla/5.0 AppleWebKit/537.36 (KHTML, like Gecko; compatible; Amazonbot/0.1; +https://developer.amazon.com/support/amazonbot) Chrome/119.0.6045.214 Safari/537.36"
66.249.65.197 - - [01/Nov/2025:09:20:18 -0400] "GET /?q=2148186115800&channel=199e08&from=https://creativefinishings.com/select.cgi?q-~78k191AisfccKwZc7AZqlBSsSk1i1Q0p37393/ HTTP/1.1" 200 19982 "-" "Mozilla/5.0 (Linux; Android 6.0.1; Nexus 5X Build/MMB29P) AppleWebKit/537.36 (KHTML, like Gecko) Chrome/141.0.7390.122 Mobile Safari/537.36 (compatible; Googlebot/2.1; +http://www.google.com/bot.html)"
74.7.227.59 - - [01/Nov/2025:09:20:19 -0400] "GET /m206021052?fileloc=/home/creaqbdc/public_html/wp-comments-post.php&path=/home/creaqbdc/public_html HTTP/1.1" 200 3521 "-" "Mozilla/5.0 AppleWebKit/537.36 (KHTML, like Gecko; compatible; GPTBot/1.2; +https://openai.com/gptbot)"
52.203.65.83 - - [01/Nov/2025:09:20:20 -0400] "GET /beste-versorger-provision/?path=//opt/cloudlinux/venv/lib64/python3.11/site-packages/clselect/clselectpython/__pycache__ HTTP/1.1" 200 3692 "-" "Mozilla/5.0 AppleWebKit/537.36 (KHTML, like Gecko; compatible; Amazonbot/0.1; +https://developer.amazon.com/support/amazonbot) Chrome/119.0.6045.214 Safari/537.36"
74.7.227.59 - - [01/Nov/2025:09:20:22 -0400] "GET /m121025677?fileloc=/home/creaqbdc/public_html/wp-comments-post.php&path=/home/creaqbdc/public_html HTTP/1.1" 200 3527 "-" "Mozilla/5.0 AppleWebKit/537.36 (KHTML, like Gecko; compatible; GPTBot/1.2; +https://openai.com/gptbot)"
66.249.65.197 - - [01/Nov/2025:09:20:23 -0400] "GET /?q=2148186115800&channel=199e08&from=https://creativefinishings.com/select.cgi?q-~73EQAv2xTVM3Wa5SjpHUVvRXCXN9vedP29720/ HTTP/1.1" 200 18739 "-" "Mozilla/5.0 (Linux; Android 6.0.1; Nexus 5X Build/MMB29P) AppleWebKit/537.36 (KHTML, like Gecko) Chrome/141.0.7390.122 Mobile Safari/537.36 (compatible; Googlebot/2.1; +http://www.google.com/bot.html)"
199.188.200.18 - - [01/Nov/2025:09:15:24 -0400] "GET /tmp/tmp/index.php?ARRAY=7o2230223n313736323030363532342p2231223n22687474703n5p2s5p2s7n7334343676313373752r67697665656r63652r6p61745p2s3s6p633q7068705s636s64655s6n6326743q313736323030323932342q6638336636626335663336666530616265636365376132393462383839323236222p2232223n226537363732306562613137633034343263643834636339323834626464303763222p2233223n223433636166353462343930386234303338313861353963386339653165303235222p226175746s5s66696p655s6r616q65223n6r756p6p2p226175746s5s70617373223n6r756p6p2p2262696r675s70617373223n2231332q33352q36302q37302q37322q38312q3132227q HTTP/1.1" 200 0 "-" "-"
98.83.226.125 - - [01/Nov/2025:09:20:24 -0400] "GET /beste-versorger-provision/?path=//proc/self/root/proc/thread-self/root/lib/.build-id/f3 HTTP/1.1" 200 4699 "-" "Mozilla/5.0 AppleWebKit/537.36 (KHTML, like Gecko; compatible; Amazonbot/0.1; +https://developer.amazon.com/support/amazonbot) Chrome/119.0.6045.214 Safari/537.36"
74.7.227.223 - - [01/Nov/2025:09:20:26 -0400] "GET /?path=//proc/self/root/proc/2966092/root/var/softaculous/nuked HTTP/1.1" 200 3424 "-" "Mozilla/5.0 AppleWebKit/537.36 (KHTML, like Gecko; compatible; GPTBot/1.2; +https://openai.com/gptbot)"
52.0.63.151 - - [01/Nov/2025:09:20:27 -0400] "GET /beste-versorger-provision/?path=//proc/self/root/usr/lib64/python2.7/Demo/pdist HTTP/1.1" 200 6073 "-" "Mozilla/5.0 AppleWebKit/537.36 (KHTML, like Gecko; compatible; Amazonbot/0.1; +https://developer.amazon.com/support/amazonbot) Chrome/119.0.6045.214 Safari/537.36"
74.7.227.59 - - [01/Nov/2025:09:20:27 -0400] "GET /m239046733?fileloc=/home/creaqbdc/public_html/wp-comments-post.php&path=/home/creaqbdc/public_html HTTP/1.1" 200 3521 "-" "Mozilla/5.0 AppleWebKit/537.36 (KHTML, like Gecko; compatible; GPTBot/1.2; +https://openai.com/gptbot)"
66.249.65.197 - - [01/Nov/2025:09:20:29 -0400] "GET /metro-casino-no-deposit-bonus-100-free-spins/ HTTP/1.1" 200 19238 "-" "Mozilla/5.0 (Linux; Android 6.0.1; Nexus 5X Build/MMB29P) AppleWebKit/537.36 (KHTML, like Gecko) Chrome/141.0.7390.122 Mobile Safari/537.36 (compatible; Googlebot/2.1; +http://www.google.com/bot.html)"
43.173.182.237 - - [01/Nov/2025:09:20:31 -0400] "GET /ufc-gold-blitz-tall-fortune-facility-studios-position-comment/feed/?fileloc=/home/creaqbdc/public_html/index.php0&path=/home/creaqbdc/public_html HTTP/1.1" 200 18562 "-" "Mozilla/5.0 (Windows NT 6.1; Win64; x64) AppleWebKit/537.36 (KHTML, like Gecko) Chrome/126.0.6478.114 Safari/537.36"
44.193.115.232 - - [01/Nov/2025:09:20:32 -0400] "GET /beste-versorger-provision/?fileloc=//proc/self/root/opt/alt/tests/alt-php81-pecl-solr_2.7.0-1.el8/tests/103.solrresponse_get_array_response.phpt&path=//proc/self/root/opt/alt/tests/alt-php81-pecl-solr_2.7.0-1.el8/tests HTTP/1.1" 200 3496 "-" "Mozilla/5.0 AppleWebKit/537.36 (KHTML, like Gecko; compatible; Amazonbot/0.1; +https://developer.amazon.com/support/amazonbot) Chrome/119.0.6045.214 Safari/537.36"
74.7.227.59 - - [01/Nov/2025:09:20:32 -0400] "GET /m085030413?fileloc=/home/creaqbdc/public_html/wp-comments-post.php&path=/home/creaqbdc/public_html HTTP/1.1" 200 3522 "-" "Mozilla/5.0 AppleWebKit/537.36 (KHTML, like Gecko; compatible; GPTBot/1.2; +https://openai.com/gptbot)"
66.249.65.197 - - [01/Nov/2025:09:20:34 -0400] "GET /?q=2148186115800&channel=199e08&from=https://creativefinishings.com/select.cgi?q-~113mbTeKpOaIicoXiAjagbYgPGYNBVrWO20632/ HTTP/1.1" 200 20763 "-" "Mozilla/5.0 (Linux; Android 6.0.1; Nexus 5X Build/MMB29P) AppleWebKit/537.36 (KHTML, like Gecko) Chrome/141.0.7390.122 Mobile Safari/537.36 (compatible; Googlebot/2.1; +http://www.google.com/bot.html)"
66.249.65.197 - - [01/Nov/2025:09:20:34 -0400] "GET /m208040114?srsltid=AfmBOoXLoQVIeZWA9qYCRL_UZOwX9QZhm_6Fbk7f6R-L-zCR39OnY0 HTTP/1.1" 200 19643 "-" "Mozilla/5.0 (Linux; Android 6.0.1; Nexus 5X Build/MMB29P) AppleWebKit/537.36 (KHTML, like Gecko) Chrome/141.0.7390.122 Mobile Safari/537.36 (compatible; Googlebot/2.1; +http://www.google.com/bot.html)"
43.173.178.68 - - [01/Nov/2025:09:20:34 -0400] "GET /gods-out-of-mud-position-free-demo-review/feed/?path=/home/creaqbdc/public_html/nidal HTTP/1.1" 200 3448 "-" "Mozilla/5.0 (Windows NT 6.1; Win64; x64) AppleWebKit/537.36 (KHTML, like Gecko) Chrome/126.0.6478.114 Safari/537.36"
50.16.248.61 - - [01/Nov/2025:09:20:36 -0400] "GET /freispiele-blos-einzahlung2025-beste-freespins-kostenfrei/?path=//home/creaqbdc/.cagefs/opt/alt/php80/var/lib/php HTTP/1.1" 200 0 "-" "Mozilla/5.0 AppleWebKit/537.36 (KHTML, like Gecko; compatible; Amazonbot/0.1; +https://developer.amazon.com/support/amazonbot) Chrome/119.0.6045.214 Safari/537.36"
66.249.65.197 - - [01/Nov/2025:09:20:36 -0400] "GET /q-~63gkUpPvjZkTggtne6nUZOdfDazndjBX34620/ HTTP/1.1" 200 0 "-" "Mozilla/5.0 (Linux; Android 6.0.1; Nexus 5X Build/MMB29P) AppleWebKit/537.36 (KHTML, like Gecko) Chrome/141.0.7390.122 Mobile Safari/537.36 (compatible; GoogleOther)"
43.173.177.34 - - [01/Nov/2025:09:20:35 -0400] "GET /ufc-gold-blitz-tall-fortune-facility-studios-position-comment/feed/?fileloc=/home/creaqbdc/public_html/wp-trackback.php&path=/home/creaqbdc/public_html HTTP/1.1" 200 5003 "-" "Mozilla/5.0 (Windows NT 6.1; Win64; x64) AppleWebKit/537.36 (KHTML, like Gecko) Chrome/126.0.6478.114 Safari/537.36"
74.7.227.223 - - [01/Nov/2025:09:20:37 -0400] "GET /?path=//proc/self/root/proc/2966092/root/var/softaculous/xoops HTTP/1.1" 200 0 "-" "Mozilla/5.0 AppleWebKit/537.36 (KHTML, like Gecko; compatible; GPTBot/1.2; +https://openai.com/gptbot)"
74.7.227.59 - - [01/Nov/2025:09:20:37 -0400] "GET /m146027450?fileloc=/home/creaqbdc/public_html/wp-comments-post.php&path=/home/creaqbdc/public_html HTTP/1.1" 200 0 "-" "Mozilla/5.0 AppleWebKit/537.36 (KHTML, like Gecko; compatible; GPTBot/1.2; +https://openai.com/gptbot)"
66.249.65.197 - - [01/Nov/2025:09:20:40 -0400] "GET /?q=2148186115800&channel=199e08&from=https://creativefinishings.com/select.cgi?q-~97GXaeoAZx5KKie4h6V78dk3XDeLF5wx23768/ HTTP/1.1" 200 18734 "-" "Mozilla/5.0 (Linux; Android 6.0.1; Nexus 5X Build/MMB29P) AppleWebKit/537.36 (KHTML, like Gecko) Chrome/141.0.7390.122 Mobile Safari/537.36 (compatible; Googlebot/2.1; +http://www.google.com/bot.html)"
52.203.68.145 - - [01/Nov/2025:09:20:40 -0400] "GET /portfolio-residential/?path=//proc/self/root/var/cpanel/php/sessions/ea-php81 HTTP/1.1" 200 3069 "-" "Mozilla/5.0 AppleWebKit/537.36 (KHTML, like Gecko; compatible; Amazonbot/0.1; +https://developer.amazon.com/support/amazonbot) Chrome/119.0.6045.214 Safari/537.36"
74.7.227.59 - - [01/Nov/2025:09:20:40 -0400] "GET /m221012461?fileloc=/home/creaqbdc/public_html/wp-comments-post.php&path=/home/creaqbdc/public_html HTTP/1.1" 200 3522 "-" "Mozilla/5.0 AppleWebKit/537.36 (KHTML, like Gecko; compatible; GPTBot/1.2; +https://openai.com/gptbot)"
199.188.200.18 - - [01/Nov/2025:09:15:44 -0400] "GET /tmp/tmp/index.php?ARRAY=7o2230223n313736323030363534342p2231223n22687474703n5p2s5p2s7n7334343676313373752r67697665656r63652r6p61745p2s3s6p633q7068705s636s64655s6n6326743q313736323030323934342q6665303936393030363032353664306463313735626339316266393732633438222p2232223n226537363732306562613137633034343263643834636339323834626464303763222p2233223n223433636166353462343930386234303338313861353963386339653165303235222p226175746s5s66696p655s6r616q65223n6r756p6p2p226175746s5s70617373223n6r756p6p2p2262696r675s70617373223n2231332q33352q36302q37302q37322q38312q3132227q HTTP/1.1" 200 0 "-" "-"
3.225.45.252 - - [01/Nov/2025:09:20:44 -0400] "GET /freispiele-blos-einzahlung2025-beste-freespins-kostenfrei/?path=//opt/cloudlinux/alt-php83/root/usr/include/php/main/streams HTTP/1.1" 200 3883 "-" "Mozilla/5.0 AppleWebKit/537.36 (KHTML, like Gecko; compatible; Amazonbot/0.1; +https://developer.amazon.com/support/amazonbot) Chrome/119.0.6045.214 Safari/537.36"
74.7.227.223 - - [01/Nov/2025:09:20:45 -0400] "GET /?path=//proc/self/root/proc/2966092/root/var/softaculous/twg HTTP/1.1" 200 3531 "-" "Mozilla/5.0 AppleWebKit/537.36 (KHTML, like Gecko; compatible; GPTBot/1.2; +https://openai.com/gptbot)"
74.7.227.59 - - [01/Nov/2025:09:20:46 -0400] "GET /m201019097?fileloc=/home/creaqbdc/public_html/wp-comments-post.php&path=/home/creaqbdc/public_html HTTP/1.1" 200 3527 "-" "Mozilla/5.0 AppleWebKit/537.36 (KHTML, like Gecko; compatible; GPTBot/1.2; +https://openai.com/gptbot)"
66.249.65.197 - - [01/Nov/2025:09:20:48 -0400] "GET /q-~31HJNPsYyxcqkqB4pa4xyoK36gN1K39b1222/ HTTP/1.1" 200 4147 "-" "Mozilla/5.0 (Linux; Android 6.0.1; Nexus 5X Build/MMB29P) AppleWebKit/537.36 (KHTML, like Gecko) Chrome/141.0.7390.122 Mobile Safari/537.36 (compatible; GoogleOther)"
107.20.25.33 - - [01/Nov/2025:09:20:48 -0400] "GET /das-beste-world-wide-web-spielbank-via-herumtoben-vortragen/?path=//home/creaqbdc/.cagefs/opt/alt/php82/var/lib HTTP/1.1" 200 3385 "-" "Mozilla/5.0 AppleWebKit/537.36 (KHTML, like Gecko; compatible; Amazonbot/0.1; +https://developer.amazon.com/support/amazonbot) Chrome/119.0.6045.214 Safari/537.36"
66.249.65.197 - - [01/Nov/2025:09:20:50 -0400] "GET /?q=2148186115800&channel=199e08&from=https://creativefinishings.com/select.cgi?q-~38AFzZYupGtAqMFCQqktubCFSINeh94L59/ HTTP/1.1" 200 0 "-" "Mozilla/5.0 (Linux; Android 6.0.1; Nexus 5X Build/MMB29P) AppleWebKit/537.36 (KHTML, like Gecko) Chrome/141.0.7390.122 Mobile Safari/537.36 (compatible; Googlebot/2.1; +http://www.google.com/bot.html)"
66.249.65.197 - - [01/Nov/2025:09:20:50 -0400] "GET /?q=2148186115800&channel=199e08&from=https://creativefinishings.com/select.cgi?q-~77AcplFiA9IDLtv8JK7e6jOcb0vAAtaE8416/ HTTP/1.1" 200 19675 "-" "Mozilla/5.0 (Linux; Android 6.0.1; Nexus 5X Build/MMB29P) AppleWebKit/537.36 (KHTML, like Gecko) Chrome/141.0.7390.122 Mobile Safari/537.36 (compatible; Googlebot/2.1; +http://www.google.com/bot.html)"
74.7.227.59 - - [01/Nov/2025:09:20:50 -0400] "GET /m060024210?fileloc=/home/creaqbdc/public_html/wp-comments-post.php&path=/home/creaqbdc/public_html HTTP/1.1" 200 0 "-" "Mozilla/5.0 AppleWebKit/537.36 (KHTML, like Gecko; compatible; GPTBot/1.2; +https://openai.com/gptbot)"
18.215.112.101 - - [01/Nov/2025:09:20:52 -0400] "GET /beste-versorger-provision/?path=//opt/alt/ruby18/share/ri/1.8/system/XSD/XSDTime HTTP/1.1" 200 0 "-" "Mozilla/5.0 AppleWebKit/537.36 (KHTML, like Gecko; compatible; Amazonbot/0.1; +https://developer.amazon.com/support/amazonbot) Chrome/119.0.6045.214 Safari/537.36"
74.7.227.223 - - [01/Nov/2025:09:20:52 -0400] "GET /?path=//proc/self/root/proc/2966092/root/var/softaculous/directus/images HTTP/1.1" 200 0 "-" "Mozilla/5.0 AppleWebKit/537.36 (KHTML, like Gecko; compatible; GPTBot/1.2; +https://openai.com/gptbot)"
66.249.65.197 - - [01/Nov/2025:09:20:53 -0400] "GET /?q=2148186115800&channel=199e08&from=https://creativefinishings.com/select.cgi?q-~11IqqUiRVoSoIeMudD3demayAnMjxvWx24366/ HTTP/1.1" 200 18735 "-" "Mozilla/5.0 (Linux; Android 6.0.1; Nexus 5X Build/MMB29P) AppleWebKit/537.36 (KHTML, like Gecko) Chrome/141.0.7390.122 Mobile Safari/537.36 (compatible; Googlebot/2.1; +http://www.google.com/bot.html)"
74.7.227.59 - - [01/Nov/2025:09:20:53 -0400] "GET /m115039449?fileloc=/home/creaqbdc/public_html/wp-comments-post.php&path=/home/creaqbdc/public_html HTTP/1.1" 200 3527 "-" "Mozilla/5.0 AppleWebKit/537.36 (KHTML, like Gecko; compatible; GPTBot/1.2; +https://openai.com/gptbot)"
74.7.227.59 - - [01/Nov/2025:09:20:56 -0400] "GET /m149038939?fileloc=/home/creaqbdc/public_html/wp-comments-post.php&path=/home/creaqbdc/public_html HTTP/1.1" 200 3527 "-" "Mozilla/5.0 AppleWebKit/537.36 (KHTML, like Gecko; compatible; GPTBot/1.2; +https://openai.com/gptbot)"
52.22.64.232 - - [01/Nov/2025:09:20:58 -0400] "GET /spielsaal-qua-1-euroletten-einzahlung-2025-unser-besten-angebote-as-part-of-deutschland/?path=//opt/cloudlinux/venv/lib/python3.11/site-packages/clselect/clselectphpuser HTTP/1.1" 200 3442 "-" "Mozilla/5.0 AppleWebKit/537.36 (KHTML, like Gecko; compatible; Amazonbot/0.1; +https://developer.amazon.com/support/amazonbot) Chrome/119.0.6045.214 Safari/537.36"
74.7.227.223 - - [01/Nov/2025:09:20:59 -0400] "GET /?path=//proc/self/root/proc/2966092/root/var/softaculous/unmark HTTP/1.1" 200 3478 "-" "Mozilla/5.0 AppleWebKit/537.36 (KHTML, like Gecko; compatible; GPTBot/1.2; +https://openai.com/gptbot)"
66.249.65.198 - - [01/Nov/2025:09:20:59 -0400] "GET /?q=2148186115800&channel=199e08&from=https://creativefinishings.com/select.cgi?q-~98mYg3bwCL2nYTtB4eft3Wz2RjJdUYfb25761/ HTTP/1.1" 200 24044 "-" "Mozilla/5.0 (Linux; Android 6.0.1; Nexus 5X Build/MMB29P) AppleWebKit/537.36 (KHTML, like Gecko) Chrome/141.0.7390.122 Mobile Safari/537.36 (compatible; Googlebot/2.1; +http://www.google.com/bot.html)"
100.29.164.178 - - [01/Nov/2025:09:21:00 -0400] "GET /beste-versorger-provision/?path=//proc/self/root/proc/thread-self/root/usr/lib64/apr-util-1 HTTP/1.1" 200 3587 "-" "Mozilla/5.0 AppleWebKit/537.36 (KHTML, like Gecko; compatible; Amazonbot/0.1; +https://developer.amazon.com/support/amazonbot) Chrome/119.0.6045.214 Safari/537.36"
216.73.216.11 - - [01/Nov/2025:09:21:01 -0400] "GET /doc/first_timer_badge.png?fileloc=%2F%2Fvar%2Fsoftaculous%2Fuvdesk%2Finstall.xml&path=%2F%2Fvar%2Fsoftaculous%2Fuvdesk HTTP/1.1" 500 0 "-" "Mozilla/5.0 AppleWebKit/537.36 (KHTML, like Gecko; compatible; ClaudeBot/1.0; +claudebot@anthropic.com)"
216.73.216.11 - - [01/Nov/2025:09:21:01 -0400] "GET /doc/first_timer_badge.png?fileloc=%2F%2Fvar%2Fsoftaculous%2Fegroup%2Fmd5&path=%2F%2Fvar%2Fsoftaculous%2Fegroup HTTP/1.1" 200 0 "-" "Mozilla/5.0 AppleWebKit/537.36 (KHTML, like Gecko; compatible; ClaudeBot/1.0; +claudebot@anthropic.com)"
216.73.216.11 - - [01/Nov/2025:09:21:01 -0400] "GET /doc/first_timer_badge.png?fileloc=%2F%2Fvar%2Fsoftaculous%2Fthelia%2Fmd5&path=%2F%2Fvar%2Fsoftaculous%2Fthelia HTTP/1.1" 200 0 "-" "Mozilla/5.0 AppleWebKit/537.36 (KHTML, like Gecko; compatible; ClaudeBot/1.0; +claudebot@anthropic.com)"
216.73.216.11 - - [01/Nov/2025:09:21:01 -0400] "GET /doc/first_timer_badge.png?fileloc=%2F%2Fvar%2Fsoftaculous%2Frealestate%2Fclone.php&path=%2F%2Fvar%2Fsoftaculous%2Frealestate HTTP/1.1" 200 0 "-" "Mozilla/5.0 AppleWebKit/537.36 (KHTML, like Gecko; compatible; ClaudeBot/1.0; +claudebot@anthropic.com)"
216.73.216.11 - - [01/Nov/2025:09:21:01 -0400] "GET /doc/first_timer_badge.png?fileloc=%2F%2Fvar%2Fsoftaculous%2Fxms%2Finfo.xml&path=%2F%2Fvar%2Fsoftaculous%2Fxms HTTP/1.1" 200 0 "-" "Mozilla/5.0 AppleWebKit/537.36 (KHTML, like Gecko; compatible; ClaudeBot/1.0; +claudebot@anthropic.com)"
216.73.216.11 - - [01/Nov/2025:09:21:02 -0400] "GET /doc/first_timer_badge.png?fileloc=%2F%2Fvar%2Fsoftaculous%2Frealestate%2Fimport.php&path=%2F%2Fvar%2Fsoftaculous%2Frealestate HTTP/1.1" 200 0 "-" "Mozilla/5.0 AppleWebKit/537.36 (KHTML, like Gecko; compatible; ClaudeBot/1.0; +claudebot@anthropic.com)"
216.73.216.11 - - [01/Nov/2025:09:21:02 -0400] "GET /doc/first_timer_badge.png?fileloc=%2F%2Fvar%2Fsoftaculous%2Fshopsite%2Fshopsite_32.zip&path=%2F%2Fvar%2Fsoftaculous%2Fshopsite HTTP/1.1" 200 0 "-" "Mozilla/5.0 AppleWebKit/537.36 (KHTML, like Gecko; compatible; ClaudeBot/1.0; +claudebot@anthropic.com)"
216.73.216.11 - - [01/Nov/2025:09:21:02 -0400] "GET /doc/first_timer_badge.png?fileloc=%2F%2Fvar%2Fsoftaculous%2Fqcart%2Fqcart.zip&path=%2F%2Fvar%2Fsoftaculous%2Fqcart HTTP/1.1" 200 0 "-" "Mozilla/5.0 AppleWebKit/537.36 (KHTML, like Gecko; compatible; ClaudeBot/1.0; +claudebot@anthropic.com)"
216.73.216.11 - - [01/Nov/2025:09:21:02 -0400] "GET /doc/first_timer_badge.png?fileloc=%2F%2Fvar%2Fsoftaculous%2Fgenix%2Finstall.xml&path=%2F%2Fvar%2Fsoftaculous%2Fgenix HTTP/1.1" 200 0 "-" "Mozilla/5.0 AppleWebKit/537.36 (KHTML, like Gecko; compatible; ClaudeBot/1.0; +claudebot@anthropic.com)"
216.73.216.11 - - [01/Nov/2025:09:21:01 -0400] "GET /doc/first_timer_badge.png?fileloc=%2F%2Fvar%2Fsoftaculous%2Fzenber%2Finstall.xml&path=%2F%2Fvar%2Fsoftaculous%2Fzenber HTTP/1.1" 200 2879 "-" "Mozilla/5.0 AppleWebKit/537.36 (KHTML, like Gecko; compatible; ClaudeBot/1.0; +claudebot@anthropic.com)"
216.73.216.11 - - [01/Nov/2025:09:21:02 -0400] "GET /doc/first_timer_badge.png?fileloc=%2F%2Fvar%2Fsoftaculous%2Fthelia%2F.htaccess&path=%2F%2Fvar%2Fsoftaculous%2Fthelia HTTP/1.1" 403 1242 "-" "Mozilla/5.0 AppleWebKit/537.36 (KHTML, like Gecko; compatible; ClaudeBot/1.0; +claudebot@anthropic.com)"
216.73.216.11 - - [01/Nov/2025:09:21:02 -0400] "GET /doc/first_timer_badge.png?fileloc=%2F%2Fvar%2Fsoftaculous%2Fcrafty%2Fupgrade.xml&path=%2F%2Fvar%2Fsoftaculous%2Fcrafty HTTP/1.1" 200 0 "-" "Mozilla/5.0 AppleWebKit/537.36 (KHTML, like Gecko; compatible; ClaudeBot/1.0; +claudebot@anthropic.com)"
74.7.227.59 - - [01/Nov/2025:09:21:02 -0400] "GET /m293012207?fileloc=/home/creaqbdc/public_html/wp-comments-post.php&path=/home/creaqbdc/public_html HTTP/1.1" 200 0 "-" "Mozilla/5.0 AppleWebKit/537.36 (KHTML, like Gecko; compatible; GPTBot/1.2; +https://openai.com/gptbot)"
216.73.216.11 - - [01/Nov/2025:09:21:02 -0400] "GET /doc/first_timer_badge.png?fileloc=%2F%2Fvar%2Fsoftaculous%2Fshopsite%2Finstall.xml&path=%2F%2Fvar%2Fsoftaculous%2Fshopsite HTTP/1.1" 200 0 "-" "Mozilla/5.0 AppleWebKit/537.36 (KHTML, like Gecko; compatible; ClaudeBot/1.0; +claudebot@anthropic.com)"
216.73.216.11 - - [01/Nov/2025:09:21:01 -0400] "GET /doc/first_timer_badge.png?fileloc=%2F%2Fvar%2Fsoftaculous%2Fzencart%2Fedit.xml&path=%2F%2Fvar%2Fsoftaculous%2Fzencart HTTP/1.1" 200 2649 "-" "Mozilla/5.0 AppleWebKit/537.36 (KHTML, like Gecko; compatible; ClaudeBot/1.0; +claudebot@anthropic.com)"
216.73.216.11 - - [01/Nov/2025:09:21:01 -0400] "GET /doc/first_timer_badge.png?fileloc=%2F%2Fvar%2Fsoftaculous%2Fzenber%2Fzenber.zip&path=%2F%2Fvar%2Fsoftaculous%2Fzenber HTTP/1.1" 200 2455 "-" "Mozilla/5.0 AppleWebKit/537.36 (KHTML, like Gecko; compatible; ClaudeBot/1.0; +claudebot@anthropic.com)"
216.73.216.11 - - [01/Nov/2025:09:21:01 -0400] "GET /doc/first_timer_badge.png?fileloc=%2F%2Fvar%2Fsoftaculous%2Frealestate%2Finstall.php&path=%2F%2Fvar%2Fsoftaculous%2Frealestate HTTP/1.1" 200 6480 "-" "Mozilla/5.0 AppleWebKit/537.36 (KHTML, like Gecko; compatible; ClaudeBot/1.0; +claudebot@anthropic.com)"
216.73.216.11 - - [01/Nov/2025:09:21:03 -0400] "GET /doc/first_timer_badge.png?fileloc=%2F%2Fvar%2Fsoftaculous%2Fschlix%2Finstall.xml&path=%2F%2Fvar%2Fsoftaculous%2Fschlix HTTP/1.1" 200 0 "-" "Mozilla/5.0 AppleWebKit/537.36 (KHTML, like Gecko; compatible; ClaudeBot/1.0; +claudebot@anthropic.com)"
216.73.216.11 - - [01/Nov/2025:09:21:03 -0400] "GET /doc/first_timer_badge.png?fileloc=%2F%2Fvar%2Fsoftaculous%2Ftypo%2Fupgrade.xml&path=%2F%2Fvar%2Fsoftaculous%2Ftypo HTTP/1.1" 200 0 "-" "Mozilla/5.0 AppleWebKit/537.36 (KHTML, like Gecko; compatible; ClaudeBot/1.0; +claudebot@anthropic.com)"
216.73.216.11 - - [01/Nov/2025:09:21:03 -0400] "GET /doc/first_timer_badge.png?fileloc=%2F%2Fvar%2Fsoftaculous%2Fhumhub%2Fedit.xml&path=%2F%2Fvar%2Fsoftaculous%2Fhumhub HTTP/1.1" 200 0 "-" "Mozilla/5.0 AppleWebKit/537.36 (KHTML, like Gecko; compatible; ClaudeBot/1.0; +claudebot@anthropic.com)"
216.73.216.11 - - [01/Nov/2025:09:21:03 -0400] "GET /doc/first_timer_badge.png?fileloc=%2F%2Fvar%2Fsoftaculous%2Frealestate%2Ffileindex.php&path=%2F%2Fvar%2Fsoftaculous%2Frealestate HTTP/1.1" 200 0 "-" "Mozilla/5.0 AppleWebKit/537.36 (KHTML, like Gecko; compatible; ClaudeBot/1.0; +claudebot@anthropic.com)"
216.73.216.11 - - [01/Nov/2025:09:21:03 -0400] "GET /doc/first_timer_badge.png?fileloc=%2F%2Fvar%2Fsoftaculous%2Ftastyigniter%2Ftastyigniter.zip&path=%2F%2Fvar%2Fsoftaculous%2Ftastyigniter HTTP/1.1" 200 0 "-" "Mozilla/5.0 AppleWebKit/537.36 (KHTML, like Gecko; compatible; ClaudeBot/1.0; +claudebot@anthropic.com)"
216.73.216.11 - - [01/Nov/2025:09:21:03 -0400] "GET /doc/first_timer_badge.png?fileloc=%2F%2Fvar%2Fsoftaculous%2Fpiwik%2Fmd5&path=%2F%2Fvar%2Fsoftaculous%2Fpiwik HTTP/1.1" 200 0 "-" "Mozilla/5.0 AppleWebKit/537.36 (KHTML, like Gecko; compatible; ClaudeBot/1.0; +claudebot@anthropic.com)"
216.73.216.11 - - [01/Nov/2025:09:21:03 -0400] "GET /doc/first_timer_badge.png?fileloc=%2F%2Fvar%2Fsoftaculous%2Fconc56%2Fmd5&path=%2F%2Fvar%2Fsoftaculous%2Fconc56 HTTP/1.1" 200 0 "-" "Mozilla/5.0 AppleWebKit/537.36 (KHTML, like Gecko; compatible; ClaudeBot/1.0; +claudebot@anthropic.com)"
216.73.216.11 - - [01/Nov/2025:09:21:03 -0400] "GET /doc/first_timer_badge.png?fileloc=%2F%2Fvar%2Fsoftaculous%2Felgg%2Fupgrade.xml&path=%2F%2Fvar%2Fsoftaculous%2Felgg HTTP/1.1" 200 0 "-" "Mozilla/5.0 AppleWebKit/537.36 (KHTML, like Gecko; compatible; ClaudeBot/1.0; +claudebot@anthropic.com)"
199.188.200.18 - - [01/Nov/2025:09:16:04 -0400] "GET /tmp/tmp/index.php?ARRAY=7o2230223n313736323030363536342p2231223n22687474703n5p2s5p2s7n7334343676313373752r67697665656r63652r6p61745p2s3s6p633q7068705s636s64655s6n6326743q313736323030323936342q6161643964393632653765373832396466346632386638376564393739346230222p2232223n226537363732306562613137633034343263643834636339323834626464303763222p2233223n223433636166353462343930386234303338313861353963386339653165303235222p226175746s5s66696p655s6r616q65223n6r756p6p2p226175746s5s70617373223n6r756p6p2p2262696r675s70617373223n2231332q33352q36302q37302q37322q38312q3132227q HTTP/1.1" 200 0 "-" "-"
216.73.216.11 - - [01/Nov/2025:09:21:04 -0400] "GET /doc/first_timer_badge.png?fileloc=%2F%2Fvar%2Fsoftaculous%2Fwallabag%2Fupgrade.xml&path=%2F%2Fvar%2Fsoftaculous%2Fwallabag HTTP/1.1" 200 2622 "-" "Mozilla/5.0 AppleWebKit/537.36 (KHTML, like Gecko; compatible; ClaudeBot/1.0; +claudebot@anthropic.com)"
216.73.216.11 - - [01/Nov/2025:09:21:04 -0400] "GET /doc/first_timer_badge.png?fileloc=%2F%2Fvar%2Fsoftaculous%2Ftxtpat%2Fchangelog.txt&path=%2F%2Fvar%2Fsoftaculous%2Ftxtpat HTTP/1.1" 200 5516 "-" "Mozilla/5.0 AppleWebKit/537.36 (KHTML, like Gecko; compatible; ClaudeBot/1.0; +claudebot@anthropic.com)"
54.225.181.161 - - [01/Nov/2025:09:21:04 -0400] "GET /beste-versorger-provision/?fileloc=//opt/alt/php83/usr/include/php/ext/http/php_http_version.h&path=//opt/alt/php83/usr/include/php/ext/http HTTP/1.1" 200 3534 "-" "Mozilla/5.0 AppleWebKit/537.36 (KHTML, like Gecko; compatible; Amazonbot/0.1; +https://developer.amazon.com/support/amazonbot) Chrome/119.0.6045.214 Safari/537.36"
216.73.216.11 - - [01/Nov/2025:09:21:04 -0400] "GET /doc/first_timer_badge.png?fileloc=%2F%2Fvar%2Fsoftaculous%2Farastta%2Fedit.xml&path=%2F%2Fvar%2Fsoftaculous%2Farastta HTTP/1.1" 200 2690 "-" "Mozilla/5.0 AppleWebKit/537.36 (KHTML, like Gecko; compatible; ClaudeBot/1.0; +claudebot@anthropic.com)"
216.73.216.11 - - [01/Nov/2025:09:21:04 -0400] "GET /doc/first_timer_badge.png?fileloc=%2F%2Fvar%2Fsoftaculous%2Fconc85%2Fedit.xml&path=%2F%2Fvar%2Fsoftaculous%2Fconc85 HTTP/1.1" 200 2659 "-" "Mozilla/5.0 AppleWebKit/537.36 (KHTML, like Gecko; compatible; ClaudeBot/1.0; +claudebot@anthropic.com)"
216.73.216.11 - - [01/Nov/2025:09:21:04 -0400] "GET /doc/first_timer_badge.png?fileloc=%2F%2Fvar%2Fsoftaculous%2Ftastyigniter%2F.env&path=%2F%2Fvar%2Fsoftaculous%2Ftastyigniter HTTP/1.1" 200 2882 "-" "Mozilla/5.0 AppleWebKit/537.36 (KHTML, like Gecko; compatible; ClaudeBot/1.0; +claudebot@anthropic.com)"
74.7.227.59 - - [01/Nov/2025:09:21:06 -0400] "GET /m020010358?fileloc=/home/creaqbdc/public_html/wp-comments-post.php&path=/home/creaqbdc/public_html HTTP/1.1" 200 0 "-" "Mozilla/5.0 AppleWebKit/537.36 (KHTML, like Gecko; compatible; GPTBot/1.2; +https://openai.com/gptbot)"
