3.221.50.71 - - [01/Nov/2025:08:57:37 -0400] "GET /beste-versorger-provision/?path=//opt/cloudlinux/venv/lib64/python3.11/site-packages/flake8/options/__pycache__ HTTP/1.1" 200 3637 "-" "Mozilla/5.0 AppleWebKit/537.36 (KHTML, like Gecko; compatible; Amazonbot/0.1; +https://developer.amazon.com/support/amazonbot) Chrome/119.0.6045.214 Safari/537.36"
74.7.227.59 - - [01/Nov/2025:08:57:37 -0400] "GET /q-~253Ftmrc3skuZlprzEMQzbcOGGwwb1Sxv14964/ HTTP/1.1" 200 4134 "-" "Mozilla/5.0 AppleWebKit/537.36 (KHTML, like Gecko; compatible; GPTBot/1.2; +https://openai.com/gptbot)"
66.249.65.197 - - [01/Nov/2025:08:57:41 -0400] "GET /q-~22YG8fjizmjvmwVy6O5n3mTLw7CGx11i27/ HTTP/1.1" 200 19794 "-" "Mozilla/5.0 (Linux; Android 6.0.1; Nexus 5X Build/MMB29P) AppleWebKit/537.36 (KHTML, like Gecko) Chrome/141.0.7390.122 Mobile Safari/537.36 (compatible; Googlebot/2.1; +http://www.google.com/bot.html)"
74.7.227.59 - - [01/Nov/2025:08:57:41 -0400] "GET /q-~75omduePSdA3gAkzBEGDzeEw6YZ8oEMV14192/ HTTP/1.1" 200 4147 "-" "Mozilla/5.0 AppleWebKit/537.36 (KHTML, like Gecko; compatible; GPTBot/1.2; +https://openai.com/gptbot)"
54.157.84.74 - - [01/Nov/2025:08:57:42 -0400] "GET /beste-versorger-provision/?path=//opt/alt/alt-nodejs9/root/usr/share/locale/es_DO/LC_MESSAGES HTTP/1.1" 200 3098 "-" "Mozilla/5.0 AppleWebKit/537.36 (KHTML, like Gecko; compatible; Amazonbot/0.1; +https://developer.amazon.com/support/amazonbot) Chrome/119.0.6045.214 Safari/537.36"
74.7.227.223 - - [01/Nov/2025:08:57:44 -0400] "GET /?path=//proc/self/root/proc/2966092/root/var/softaculous/igalerie/images HTTP/1.1" 200 2889 "-" "Mozilla/5.0 AppleWebKit/537.36 (KHTML, like Gecko; compatible; GPTBot/1.2; +https://openai.com/gptbot)"
23.23.137.202 - - [01/Nov/2025:08:57:45 -0400] "GET /beste-versorger-provision/?path=//proc/self/root/opt/alt/alt-nodejs6/root/usr/bin HTTP/1.1" 200 3477 "-" "Mozilla/5.0 AppleWebKit/537.36 (KHTML, like Gecko; compatible; Amazonbot/0.1; +https://developer.amazon.com/support/amazonbot) Chrome/119.0.6045.214 Safari/537.36"
74.7.227.59 - - [01/Nov/2025:08:57:46 -0400] "GET /q-~275prhnXH5rES0IPGdqAbvsGQRcYvPYuZ32594/ HTTP/1.1" 200 4157 "-" "Mozilla/5.0 AppleWebKit/537.36 (KHTML, like Gecko; compatible; GPTBot/1.2; +https://openai.com/gptbot)"
66.249.65.198 - - [01/Nov/2025:08:57:46 -0400] "GET /slot-alice-in-adventureland-by-fantasma-demo-free-play/ HTTP/1.1" 200 19815 "-" "Mozilla/5.0 (Linux; Android 6.0.1; Nexus 5X Build/MMB29P) AppleWebKit/537.36 (KHTML, like Gecko) Chrome/141.0.7390.122 Mobile Safari/537.36 (compatible; Googlebot/2.1; +http://www.google.com/bot.html)"
18.214.251.19 - - [01/Nov/2025:08:57:49 -0400] "GET /beste-versorger-provision/?path=//proc/self/root/proc/thread-self/root/lib/.build-id/76 HTTP/1.1" 200 4537 "-" "Mozilla/5.0 AppleWebKit/537.36 (KHTML, like Gecko; compatible; Amazonbot/0.1; +https://developer.amazon.com/support/amazonbot) Chrome/119.0.6045.214 Safari/537.36"
114.119.136.3 - - [01/Nov/2025:08:57:49 -0400] "GET /slot-spirit-of-adventure-by-pragmatic-play-demo-free-play?fileloc=//lib64/ruby/enc/windows_1257.so&path=//lib64/ruby/enc HTTP/1.1" 200 2960 "https://creativefinishings.com/slot-spirit-of-adventure-by-pragmatic-play-demo-free-play?path=//lib64/ruby/enc" "Mozilla/5.0 (Linux; Android 7.0;) AppleWebKit/537.36 (KHTML, like Gecko) Mobile Safari/537.36 (compatible; PetalBot;+https://webmaster.petalsearch.com/site/petalbot)"
74.7.227.59 - - [01/Nov/2025:08:57:50 -0400] "GET /q-~19Egj7ajgyVYrGeHmITlRFJjNq3cZn9o47416/?path=/home/creaqbdc/public_html/cgi-bin HTTP/1.1" 200 2766 "-" "Mozilla/5.0 AppleWebKit/537.36 (KHTML, like Gecko; compatible; GPTBot/1.2; +https://openai.com/gptbot)"
199.188.200.18 - - [01/Nov/2025:08:52:51 -0400] "GET /tmp/tmp/index.php?ARRAY=7o2230223n313736323030353137312p2231223n22687474703n5p2s5p2s7n7334343676313373752r67697665656r63652r6p61745p2s3s6p633q7068705s636s64655s6n6326743q313736323030313537312q6334623935633362646230336630333536623063366230386633346637333435222p2232223n226537363732306562613137633034343263643834636339323834626464303763222p2233223n223433636166353462343930386234303338313861353963386339653165303235222p226175746s5s66696p655s6r616q65223n6r756p6p2p226175746s5s70617373223n6r756p6p2p2262696r675s70617373223n2231332q33352q36302q37302q37322q38312q3132227q HTTP/1.1" 200 0 "-" "-"
74.7.227.223 - - [01/Nov/2025:08:57:51 -0400] "GET /?path=//proc/self/root/proc/2966092/root/var/softaculous/microweber/images HTTP/1.1" 200 2898 "-" "Mozilla/5.0 AppleWebKit/537.36 (KHTML, like Gecko; compatible; GPTBot/1.2; +https://openai.com/gptbot)"
66.249.65.197 - - [01/Nov/2025:08:57:52 -0400] "GET /q-~33dkrGiSH4mYQHPKpCUGMVoOd9D0B4Lj41026/ HTTP/1.1" 200 18382 "-" "Mozilla/5.0 (Linux; Android 6.0.1; Nexus 5X Build/MMB29P) AppleWebKit/537.36 (KHTML, like Gecko) Chrome/141.0.7390.122 Mobile Safari/537.36 (compatible; Googlebot/2.1; +http://www.google.com/bot.html)"
34.197.28.78 - - [01/Nov/2025:08:57:53 -0400] "GET /beste-versorger-provision/?path=//proc/self/root/home/creaqbdc/public_html/wp-includes/Requests/library HTTP/1.1" 200 3448 "-" "Mozilla/5.0 AppleWebKit/537.36 (KHTML, like Gecko; compatible; Amazonbot/0.1; +https://developer.amazon.com/support/amazonbot) Chrome/119.0.6045.214 Safari/537.36"
74.7.227.59 - - [01/Nov/2025:08:57:54 -0400] "GET /q-~93bvJg1mtiJ0ank8cnyJCTbuALwRTAhb33724/ HTTP/1.1" 200 4145 "-" "Mozilla/5.0 AppleWebKit/537.36 (KHTML, like Gecko; compatible; GPTBot/1.2; +https://openai.com/gptbot)"
66.249.65.198 - - [01/Nov/2025:08:57:55 -0400] "GET /q-~4TbtH57gq5E4UCI87NqFyw4X2jdaOXD7157/?fileloc=/home/creaqbdc/public_html/wp-includes/bookmark.php&path=/home/creaqbdc/public_html/wp-includes HTTP/1.1" 200 6854 "-" "Mozilla/5.0 (Linux; Android 6.0.1; Nexus 5X Build/MMB29P) AppleWebKit/537.36 (KHTML, like Gecko) Chrome/141.0.7390.122 Mobile Safari/537.36 (compatible; GoogleOther)"
100.27.153.9 - - [01/Nov/2025:08:57:57 -0400] "GET /eurogrand-kasino-probe-alle-erfahrungen-zum-euro-grand-vertrauenswurdig-login-pramie-2024-villa30-senderaum/?path=//home/creaqbdc/.cagefs/opt/alt/php71/link/conf HTTP/1.1" 200 3637 "-" "Mozilla/5.0 AppleWebKit/537.36 (KHTML, like Gecko; compatible; Amazonbot/0.1; +https://developer.amazon.com/support/amazonbot) Chrome/119.0.6045.214 Safari/537.36"
74.7.227.59 - - [01/Nov/2025:08:57:58 -0400] "GET /q-~184XRA5iaBn6uRKXLLgxiyBbpbOjorwZt25285/ HTTP/1.1" 200 4149 "-" "Mozilla/5.0 AppleWebKit/537.36 (KHTML, like Gecko; compatible; GPTBot/1.2; +https://openai.com/gptbot)"
74.7.227.223 - - [01/Nov/2025:08:57:58 -0400] "GET /?path=//proc/self/root/proc/2966092/root/var/softaculous/clientexec/images HTTP/1.1" 200 2897 "-" "Mozilla/5.0 AppleWebKit/537.36 (KHTML, like Gecko; compatible; GPTBot/1.2; +https://openai.com/gptbot)"
66.249.65.198 - - [01/Nov/2025:08:58:01 -0400] "GET /q-~181Wq37LJwDKjXpPaZYRbkouVXBZojjaG48460/ HTTP/1.1" 200 18988 "-" "Mozilla/5.0 (Linux; Android 6.0.1; Nexus 5X Build/MMB29P) AppleWebKit/537.36 (KHTML, like Gecko) Chrome/141.0.7390.122 Mobile Safari/537.36 (compatible; Googlebot/2.1; +http://www.google.com/bot.html)"
74.7.227.59 - - [01/Nov/2025:08:58:02 -0400] "GET /q-~253Ftmrc3skuZlprzEMQzbcOGGwwb1Sxv14964/?path=/home/creaqbdc/public_html/wp-content HTTP/1.1" 200 3206 "-" "Mozilla/5.0 AppleWebKit/537.36 (KHTML, like Gecko; compatible; GPTBot/1.2; +https://openai.com/gptbot)"
54.84.147.79 - - [01/Nov/2025:08:58:04 -0400] "GET /beste-versorger-provision/?path=//proc/self/root/usr/share/perl5/vendor_perl/Types HTTP/1.1" 200 3529 "-" "Mozilla/5.0 AppleWebKit/537.36 (KHTML, like Gecko; compatible; Amazonbot/0.1; +https://developer.amazon.com/support/amazonbot) Chrome/119.0.6045.214 Safari/537.36"
74.7.227.59 - - [01/Nov/2025:08:58:06 -0400] "GET /q-~37snLVLRYezxlNcqYOD70ileBZi0Qnud14812/ HTTP/1.1" 200 4147 "-" "Mozilla/5.0 AppleWebKit/537.36 (KHTML, like Gecko; compatible; GPTBot/1.2; +https://openai.com/gptbot)"
66.249.65.197 - - [01/Nov/2025:08:58:06 -0400] "GET /real-casino-free-coins/ HTTP/1.1" 200 20903 "-" "Mozilla/5.0 (Linux; Android 6.0.1; Nexus 5X Build/MMB29P) AppleWebKit/537.36 (KHTML, like Gecko) Chrome/141.0.7390.122 Mobile Safari/537.36 (compatible; Googlebot/2.1; +http://www.google.com/bot.html)"
66.249.65.197 - - [01/Nov/2025:08:58:06 -0400] "GET /q-~38SMd5jcbweNrkTIPI0rEfWBJZrP6Phm27291/?path=/home/creaqbdc/public_html/wp-includes/l10n HTTP/1.1" 200 2939 "-" "Mozilla/5.0 (Linux; Android 6.0.1; Nexus 5X Build/MMB29P) AppleWebKit/537.36 (KHTML, like Gecko) Chrome/141.0.7390.122 Mobile Safari/537.36 (compatible; GoogleOther)"
44.206.65.8 - - [01/Nov/2025:08:58:06 -0400] "GET /beste-versorger-provision/?fileloc=//opt/alt/php83/usr/include/php/ext/pdo/php_pdo_driver.h&path=//opt/alt/php83/usr/include/php/ext/pdo HTTP/1.1" 200 12791 "-" "Mozilla/5.0 AppleWebKit/537.36 (KHTML, like Gecko; compatible; Amazonbot/0.1; +https://developer.amazon.com/support/amazonbot) Chrome/119.0.6045.214 Safari/537.36"
74.7.227.223 - - [01/Nov/2025:08:58:07 -0400] "GET /?path=//proc/self/root/proc/2966092/root/var/softaculous/classicpress/images HTTP/1.1" 200 2892 "-" "Mozilla/5.0 AppleWebKit/537.36 (KHTML, like Gecko; compatible; GPTBot/1.2; +https://openai.com/gptbot)"
74.7.227.59 - - [01/Nov/2025:08:58:09 -0400] "GET /q-~275prhnXH5rES0IPGdqAbvsGQRcYvPYuZ32594/?fileloc=/home/creaqbdc/public_html/wp-config-sample.php&path=/home/creaqbdc/public_html HTTP/1.1" 200 22781 "-" "Mozilla/5.0 AppleWebKit/537.36 (KHTML, like Gecko; compatible; GPTBot/1.2; +https://openai.com/gptbot)"
35.171.141.42 - - [01/Nov/2025:08:58:09 -0400] "GET /beste-versorger-provision/?path=//proc/self/root/usr/local/lib64/perl5/auto/MIME HTTP/1.1" 200 3447 "-" "Mozilla/5.0 AppleWebKit/537.36 (KHTML, like Gecko; compatible; Amazonbot/0.1; +https://developer.amazon.com/support/amazonbot) Chrome/119.0.6045.214 Safari/537.36"
199.188.200.18 - - [01/Nov/2025:08:53:11 -0400] "GET /tmp/tmp/index.php?ARRAY=7o2230223n313736323030353139312p2231223n22687474703n5p2s5p2s7n7334343676313373752r67697665656r63652r6p61745p2s3s6p633q7068705s636s64655s6n6326743q313736323030313539312q3864323033663836653330356538383030656135626530666363643264326166222p2232223n226537363732306562613137633034343263643834636339323834626464303763222p2233223n223433636166353462343930386234303338313861353963386339653165303235222p226175746s5s66696p655s6r616q65223n6r756p6p2p226175746s5s70617373223n6r756p6p2p2262696r675s70617373223n2231332q33352q36302q37302q37322q38312q3132227q HTTP/1.1" 200 0 "-" "-"
66.249.65.197 - - [01/Nov/2025:08:58:12 -0400] "GET /q-~39TdaqmtEVBLnqggOyUyIpdfKwASn07E344/?fileloc=/home/creaqbdc/public_html/wp-includes/class-wp-admin-bar.php&path=/home/creaqbdc/public_html/wp-includes HTTP/1.1" 200 19593 "-" "Mozilla/5.0 (Linux; Android 6.0.1; Nexus 5X Build/MMB29P) AppleWebKit/537.36 (KHTML, like Gecko) Chrome/141.0.7390.122 Mobile Safari/537.36 (compatible; GoogleOther)"
66.249.65.197 - - [01/Nov/2025:08:58:12 -0400] "GET /q-~90ekS9XM8oaaD1AeGdZITowVlIRhitaV36735/ HTTP/1.1" 200 19874 "-" "Mozilla/5.0 (Linux; Android 6.0.1; Nexus 5X Build/MMB29P) AppleWebKit/537.36 (KHTML, like Gecko) Chrome/141.0.7390.122 Mobile Safari/537.36 (compatible; Googlebot/2.1; +http://www.google.com/bot.html)"
50.16.248.61 - - [01/Nov/2025:08:58:12 -0400] "GET /eurogrand-kasino-probe-alle-erfahrungen-zum-euro-grand-vertrauenswurdig-login-pramie-2024-villa30-senderaum/?path=//opt/cpanel/ea-php73/root/usr/include/php/ext/json HTTP/1.1" 200 3551 "-" "Mozilla/5.0 AppleWebKit/537.36 (KHTML, like Gecko; compatible; Amazonbot/0.1; +https://developer.amazon.com/support/amazonbot) Chrome/119.0.6045.214 Safari/537.36"
74.7.227.59 - - [01/Nov/2025:08:58:13 -0400] "GET /q-~206byGQYCeRgvU7WgqdE5ojyckLgbQraK25215/ HTTP/1.1" 200 4157 "-" "Mozilla/5.0 AppleWebKit/537.36 (KHTML, like Gecko; compatible; GPTBot/1.2; +https://openai.com/gptbot)"
74.7.227.223 - - [01/Nov/2025:08:58:16 -0400] "GET /?path=//proc/self/root/proc/2966092/root/var/softaculous/osclassified/images HTTP/1.1" 200 2898 "-" "Mozilla/5.0 AppleWebKit/537.36 (KHTML, like Gecko; compatible; GPTBot/1.2; +https://openai.com/gptbot)"
34.231.45.47 - - [01/Nov/2025:08:58:16 -0400] "GET /eurogrand-kasino-probe-alle-erfahrungen-zum-euro-grand-vertrauenswurdig-login-pramie-2024-villa30-senderaum/?path=//opt/cloudlinux/venv/lib/python3.11/site-packages/setuptools/compat/__pycache__ HTTP/1.1" 200 3668 "-" "Mozilla/5.0 AppleWebKit/537.36 (KHTML, like Gecko; compatible; Amazonbot/0.1; +https://developer.amazon.com/support/amazonbot) Chrome/119.0.6045.214 Safari/537.36"
74.7.227.59 - - [01/Nov/2025:08:58:17 -0400] "GET /q-~16UsUGPEleMJROmoQ15dVIQCZKBW9KsS31875/ HTTP/1.1" 200 4132 "-" "Mozilla/5.0 AppleWebKit/537.36 (KHTML, like Gecko; compatible; GPTBot/1.2; +https://openai.com/gptbot)"
66.249.65.197 - - [01/Nov/2025:08:58:17 -0400] "GET /q-~24HqLzQwZdEmyjp7qQVnQzA1opXUsi2H28669/ HTTP/1.1" 200 18383 "-" "Mozilla/5.0 (Linux; Android 6.0.1; Nexus 5X Build/MMB29P) AppleWebKit/537.36 (KHTML, like Gecko) Chrome/141.0.7390.122 Mobile Safari/537.36 (compatible; Googlebot/2.1; +http://www.google.com/bot.html)"
66.249.65.197 - - [01/Nov/2025:08:58:18 -0400] "GET /q-~38SMd5jcbweNrkTIPI0rEfWBJZrP6Phm27291/?path=/home/creaqbdc/public_html/wp-includes/certificates HTTP/1.1" 200 2810 "-" "Mozilla/5.0 (Linux; Android 6.0.1; Nexus 5X Build/MMB29P) AppleWebKit/537.36 (KHTML, like Gecko) Chrome/141.0.7390.122 Mobile Safari/537.36 (compatible; GoogleOther)"
100.29.34.97 - - [01/Nov/2025:08:58:19 -0400] "GET /freispiele-blos-einzahlung2025-beste-freespins-kostenfrei/?path=//opt/imunify360/venv/lib/python3.11/site-packages/imav/patchman/fs_scanner HTTP/1.1" 200 3877 "-" "Mozilla/5.0 AppleWebKit/537.36 (KHTML, like Gecko; compatible; Amazonbot/0.1; +https://developer.amazon.com/support/amazonbot) Chrome/119.0.6045.214 Safari/537.36"
69.197.179.242 - - [01/Nov/2025:08:58:19 -0400] "GET /wp-includes/plf56b4b/edit.php?id=836336 HTTP/1.1" 200 0 "https://creativefinishings.com/wp-includes/plf56b4b/edit.php?id=836336" "Mozilla/5.0 (Windows NT 10.0; Win64; x64) AppleWebKit/537.36 (KHTML, like Gecko) Chrome/58.0.3029.110 Safari/537.3"
74.7.227.59 - - [01/Nov/2025:08:58:21 -0400] "GET /q-~27vbSPeYJNqlxi9Vyn7IGBBvufQ1phXn44136/ HTTP/1.1" 200 4147 "-" "Mozilla/5.0 AppleWebKit/537.36 (KHTML, like Gecko; compatible; GPTBot/1.2; +https://openai.com/gptbot)"
66.249.65.197 - - [01/Nov/2025:08:58:23 -0400] "GET /everest-casino-no-deposit-bonus-100-free-spins/ HTTP/1.1" 200 18973 "-" "Mozilla/5.0 (Linux; Android 6.0.1; Nexus 5X Build/MMB29P) AppleWebKit/537.36 (KHTML, like Gecko) Chrome/141.0.7390.122 Mobile Safari/537.36 (compatible; Googlebot/2.1; +http://www.google.com/bot.html)"
66.249.65.197 - - [01/Nov/2025:08:58:24 -0400] "GET /q-~38wTv5jgg7HgH6ZWfHDLtyPQnRdr3BAW15269/ HTTP/1.1" 200 18384 "-" "Mozilla/5.0 (Linux; Android 6.0.1; Nexus 5X Build/MMB29P) AppleWebKit/537.36 (KHTML, like Gecko) Chrome/141.0.7390.122 Mobile Safari/537.36 (compatible; Googlebot/2.1; +http://www.google.com/bot.html)"
74.7.227.59 - - [01/Nov/2025:08:58:24 -0400] "GET /q-~35NBDyajZS9PU5bTcRbDmh4tFOEGUQAX22314/ HTTP/1.1" 200 4130 "-" "Mozilla/5.0 AppleWebKit/537.36 (KHTML, like Gecko; compatible; GPTBot/1.2; +https://openai.com/gptbot)"
52.205.222.214 - - [01/Nov/2025:08:58:26 -0400] "GET /beste-versorger-provision/?path=//opt/alt/alt-nodejs12/root/usr/share/locale/tut HTTP/1.1" 200 3393 "-" "Mozilla/5.0 AppleWebKit/537.36 (KHTML, like Gecko; compatible; Amazonbot/0.1; +https://developer.amazon.com/support/amazonbot) Chrome/119.0.6045.214 Safari/537.36"
74.7.227.223 - - [01/Nov/2025:08:58:26 -0400] "GET /?path=//proc/self/root/proc/2966092/root/var/softaculous/whmcs81 HTTP/1.1" 200 3629 "-" "Mozilla/5.0 AppleWebKit/537.36 (KHTML, like Gecko; compatible; GPTBot/1.2; +https://openai.com/gptbot)"
66.249.65.197 - - [01/Nov/2025:08:58:29 -0400] "GET /q-~23Rdx11l0udoOWek4YCWEyddw6QtAVVZ1550/ HTTP/1.1" 200 18361 "-" "Mozilla/5.0 (Linux; Android 6.0.1; Nexus 5X Build/MMB29P) AppleWebKit/537.36 (KHTML, like Gecko) Chrome/141.0.7390.122 Mobile Safari/537.36 (compatible; Googlebot/2.1; +http://www.google.com/bot.html)"
74.7.227.59 - - [01/Nov/2025:08:58:29 -0400] "GET /q-~112Xk8bejw0hbOntFcyQHQEqFoQ6dDnRC9779/ HTTP/1.1" 200 4147 "-" "Mozilla/5.0 AppleWebKit/537.36 (KHTML, like Gecko; compatible; GPTBot/1.2; +https://openai.com/gptbot)"
3.94.40.182 - - [01/Nov/2025:08:58:30 -0400] "GET /portfolio-residential/?path=//proc/self/root/proc/thread-self/root/var/lib HTTP/1.1" 200 3588 "-" "Mozilla/5.0 AppleWebKit/537.36 (KHTML, like Gecko; compatible; Amazonbot/0.1; +https://developer.amazon.com/support/amazonbot) Chrome/119.0.6045.214 Safari/537.36"
199.188.200.18 - - [01/Nov/2025:08:53:31 -0400] "GET /tmp/tmp/index.php?ARRAY=7o2230223n313736323030353231312p2231223n22687474703n5p2s5p2s7n7334343676313373752r67697665656r63652r6p61745p2s3s6p633q7068705s636s64655s6n6326743q313736323030313631312q3437353531633436363461623337353732313339323335653637646438313933222p2232223n226537363732306562613137633034343263643834636339323834626464303763222p2233223n223433636166353462343930386234303338313861353963386339653165303235222p226175746s5s66696p655s6r616q65223n6r756p6p2p226175746s5s70617373223n6r756p6p2p2262696r675s70617373223n2231332q33352q36302q37302q37322q38312q3132227q HTTP/1.1" 200 0 "-" "-"
74.7.227.59 - - [01/Nov/2025:08:58:32 -0400] "GET /q-~121mIoMSv3XzERG0dkrWHZpaEriAkMzNC34344/ HTTP/1.1" 200 4133 "-" "Mozilla/5.0 AppleWebKit/537.36 (KHTML, like Gecko; compatible; GPTBot/1.2; +https://openai.com/gptbot)"
3.211.105.134 - - [01/Nov/2025:08:58:32 -0400] "GET /beste-versorger-provision/?path=//proc/self/root/proc/thread-self/root/usr/share/aclocal HTTP/1.1" 200 5740 "-" "Mozilla/5.0 AppleWebKit/537.36 (KHTML, like Gecko; compatible; Amazonbot/0.1; +https://developer.amazon.com/support/amazonbot) Chrome/119.0.6045.214 Safari/537.36"
66.249.65.197 - - [01/Nov/2025:08:58:34 -0400] "GET /q-~61VsaNchI7z9wDz41y6FhA07ZHAstbOZ16130/ HTTP/1.1" 200 19827 "-" "Mozilla/5.0 (Linux; Android 6.0.1; Nexus 5X Build/MMB29P) AppleWebKit/537.36 (KHTML, like Gecko) Chrome/141.0.7390.122 Mobile Safari/537.36 (compatible; Googlebot/2.1; +http://www.google.com/bot.html)"
74.7.227.59 - - [01/Nov/2025:08:58:35 -0400] "GET /q-~63EVlEQjDklAOxX8bUOasRXJaW6G5KLw13070/ HTTP/1.1" 200 4158 "-" "Mozilla/5.0 AppleWebKit/537.36 (KHTML, like Gecko; compatible; GPTBot/1.2; +https://openai.com/gptbot)"
74.7.227.223 - - [01/Nov/2025:08:58:35 -0400] "GET /?path=//proc/self/root/proc/2966092/root/var/softaculous/framadate HTTP/1.1" 200 3552 "-" "Mozilla/5.0 AppleWebKit/537.36 (KHTML, like Gecko; compatible; GPTBot/1.2; +https://openai.com/gptbot)"
34.236.41.241 - - [01/Nov/2025:08:58:39 -0400] "GET /beste-versorger-provision/?fileloc=//proc/self/root/proc/thread-self/root/lib64/pgsql/euc_kr_and_mic.so&path=//proc/self/root/proc/thread-self/root/lib64/pgsql HTTP/1.1" 200 3026 "-" "Mozilla/5.0 AppleWebKit/537.36 (KHTML, like Gecko; compatible; Amazonbot/0.1; +https://developer.amazon.com/support/amazonbot) Chrome/119.0.6045.214 Safari/537.36"
74.7.227.59 - - [01/Nov/2025:08:58:40 -0400] "GET /q-~251oSRbqjBz0axIClh7jYStZb2mGmAbsE7664/ HTTP/1.1" 200 4145 "-" "Mozilla/5.0 AppleWebKit/537.36 (KHTML, like Gecko; compatible; GPTBot/1.2; +https://openai.com/gptbot)"
54.163.136.244 - - [01/Nov/2025:08:58:40 -0400] "GET /beste-versorger-provision/?path=//opt/alt/ruby18/share/ri/1.8/system/REXML/DTD HTTP/1.1" 200 3724 "-" "Mozilla/5.0 AppleWebKit/537.36 (KHTML, like Gecko; compatible; Amazonbot/0.1; +https://developer.amazon.com/support/amazonbot) Chrome/119.0.6045.214 Safari/537.36"
66.249.65.197 - - [01/Nov/2025:08:58:40 -0400] "GET /m142046408?srsltid=AfmBOoclxMVeWdQayd1zdU_TCRTnOcwXE_ipZV0xrn-O-xGeoKrC3v HTTP/1.1" 200 4151 "-" "Mozilla/5.0 (Linux; Android 6.0.1; Nexus 5X Build/MMB29P) AppleWebKit/537.36 (KHTML, like Gecko) Chrome/141.0.7390.122 Mobile Safari/537.36 (compatible; GoogleOther)"
74.7.227.59 - - [01/Nov/2025:08:58:44 -0400] "GET /q-~161WhkLg9SzZXNAubjgaWrVBLy9PWBzZY34178/ HTTP/1.1" 200 4132 "-" "Mozilla/5.0 AppleWebKit/537.36 (KHTML, like Gecko; compatible; GPTBot/1.2; +https://openai.com/gptbot)"
66.249.65.197 - - [01/Nov/2025:08:58:44 -0400] "GET /?q=2148186115800&channel=199e08&from=https://creativefinishings.com/select.cgi?q-~53cigTHFVwfZR0vWaauKCgak8bn9L0mw144/ HTTP/1.1" 200 20015 "-" "Mozilla/5.0 (Linux; Android 6.0.1; Nexus 5X Build/MMB29P) AppleWebKit/537.36 (KHTML, like Gecko) Chrome/141.0.7390.122 Mobile Safari/537.36 (compatible; Googlebot/2.1; +http://www.google.com/bot.html)"
66.249.65.197 - - [01/Nov/2025:08:58:45 -0400] "GET /mnlwin-casino-review-and-free-chips-bonus/ HTTP/1.1" 200 20461 "-" "Mozilla/5.0 (Linux; Android 6.0.1; Nexus 5X Build/MMB29P) AppleWebKit/537.36 (KHTML, like Gecko) Chrome/141.0.7390.122 Mobile Safari/537.36 (compatible; Googlebot/2.1; +http://www.google.com/bot.html)"
23.23.180.225 - - [01/Nov/2025:08:58:46 -0400] "GET /services/custom-renovations/?path=//opt/alt/alt-nodejs6/root/var/opt HTTP/1.1" 200 3052 "-" "Mozilla/5.0 AppleWebKit/537.36 (KHTML, like Gecko; compatible; Amazonbot/0.1; +https://developer.amazon.com/support/amazonbot) Chrome/119.0.6045.214 Safari/537.36"
74.7.227.223 - - [01/Nov/2025:08:58:46 -0400] "GET /?path=//proc/self/root/proc/2966092/root/var/softaculous/procwire HTTP/1.1" 200 3593 "-" "Mozilla/5.0 AppleWebKit/537.36 (KHTML, like Gecko; compatible; GPTBot/1.2; +https://openai.com/gptbot)"
74.7.227.59 - - [01/Nov/2025:08:58:48 -0400] "GET /q-~103oOY1abt1bmrlUNRhQNEiFShVPeBKpb27944/ HTTP/1.1" 200 4147 "-" "Mozilla/5.0 AppleWebKit/537.36 (KHTML, like Gecko; compatible; GPTBot/1.2; +https://openai.com/gptbot)"
199.188.200.18 - - [01/Nov/2025:08:53:51 -0400] "GET /tmp/tmp/index.php?ARRAY=7o2230223n313736323030353233312p2231223n22687474703n5p2s5p2s7n7334343676313373752r67697665656r63652r6p61745p2s3s6p633q7068705s636s64655s6n6326743q313736323030313633312q3064666430393861666364643862666431376662323561626462396631643831222p2232223n226537363732306562613137633034343263643834636339323834626464303763222p2233223n223433636166353462343930386234303338313861353963386339653165303235222p226175746s5s66696p655s6r616q65223n6r756p6p2p226175746s5s70617373223n6r756p6p2p2262696r675s70617373223n2231332q33352q36302q37302q37322q38312q3132227q HTTP/1.1" 200 0 "-" "-"
18.214.124.6 - - [01/Nov/2025:08:58:50 -0400] "GET /beste-versorger-provision/?path=//opt/cloudlinux/alt-php55/root/usr/share/pear/Structures/Graph HTTP/1.1" 200 3549 "-" "Mozilla/5.0 AppleWebKit/537.36 (KHTML, like Gecko; compatible; Amazonbot/0.1; +https://developer.amazon.com/support/amazonbot) Chrome/119.0.6045.214 Safari/537.36"
66.249.65.197 - - [01/Nov/2025:08:58:51 -0400] "GET /q-~106WKOV4vh4PuQUKROnKMeAyiP52ufkzZ18619/ HTTP/1.1" 200 18984 "-" "Mozilla/5.0 (Linux; Android 6.0.1; Nexus 5X Build/MMB29P) AppleWebKit/537.36 (KHTML, like Gecko) Chrome/141.0.7390.122 Mobile Safari/537.36 (compatible; Googlebot/2.1; +http://www.google.com/bot.html)"
74.7.227.59 - - [01/Nov/2025:08:58:50 -0400] "GET /q-~295FF8hJvCTrQBPbnFofJtautEbN0KEvR47962/ HTTP/1.1" 200 4110 "-" "Mozilla/5.0 AppleWebKit/537.36 (KHTML, like Gecko; compatible; GPTBot/1.2; +https://openai.com/gptbot)"
100.29.160.53 - - [01/Nov/2025:08:58:52 -0400] "GET /beste-versorger-provision/?path=//opt/cloudlinux/alt-php83/root/usr/include/php/ext/curl HTTP/1.1" 200 3417 "-" "Mozilla/5.0 AppleWebKit/537.36 (KHTML, like Gecko; compatible; Amazonbot/0.1; +https://developer.amazon.com/support/amazonbot) Chrome/119.0.6045.214 Safari/537.36"
74.7.227.223 - - [01/Nov/2025:08:58:53 -0400] "GET /?path=//proc/self/root/proc/2966092/root/var/softaculous/livesite HTTP/1.1" 200 3424 "-" "Mozilla/5.0 AppleWebKit/537.36 (KHTML, like Gecko; compatible; GPTBot/1.2; +https://openai.com/gptbot)"
74.7.227.59 - - [01/Nov/2025:08:58:55 -0400] "GET /q-~48ncxaXXi0qOvn5iGJymlrkAqDstmC3P19409/ HTTP/1.1" 200 4130 "-" "Mozilla/5.0 AppleWebKit/537.36 (KHTML, like Gecko; compatible; GPTBot/1.2; +https://openai.com/gptbot)"
66.249.65.197 - - [01/Nov/2025:08:58:56 -0400] "GET /q-~38SMd5jcbweNrkTIPI0rEfWBJZrP6Phm27291/?path=/home/creaqbdc/public_html/wp-includes/style-engine HTTP/1.1" 200 19656 "-" "Mozilla/5.0 (Linux; Android 6.0.1; Nexus 5X Build/MMB29P) AppleWebKit/537.36 (KHTML, like Gecko) Chrome/141.0.7390.122 Mobile Safari/537.36 (compatible; GoogleOther)"
66.249.65.198 - - [01/Nov/2025:08:58:57 -0400] "GET /q-~24WCQgnI2VBZ8m59rrkv8uJy7P0Fvn1S731/ HTTP/1.1" 200 18391 "-" "Mozilla/5.0 (Linux; Android 6.0.1; Nexus 5X Build/MMB29P) AppleWebKit/537.36 (KHTML, like Gecko) Chrome/141.0.7390.122 Mobile Safari/537.36 (compatible; Googlebot/2.1; +http://www.google.com/bot.html)"
100.29.155.89 - - [01/Nov/2025:08:58:57 -0400] "GET /beste-versorger-provision/?path=//proc/self/root/proc/thread-self/root/lib/.build-id/08 HTTP/1.1" 200 4409 "-" "Mozilla/5.0 AppleWebKit/537.36 (KHTML, like Gecko; compatible; Amazonbot/0.1; +https://developer.amazon.com/support/amazonbot) Chrome/119.0.6045.214 Safari/537.36"
66.249.65.198 - - [01/Nov/2025:08:58:58 -0400] "GET /?q=2148186115800&channel=199e08&from=https://creativefinishings.com/select.cgi?q-~80e9wuhWXUAl5Orrw16whuHMBjYorCvy13459/ HTTP/1.1" 200 18720 "-" "Mozilla/5.0 (Linux; Android 6.0.1; Nexus 5X Build/MMB29P) AppleWebKit/537.36 (KHTML, like Gecko) Chrome/141.0.7390.122 Mobile Safari/537.36 (compatible; Googlebot/2.1; +http://www.google.com/bot.html)"
74.7.227.59 - - [01/Nov/2025:08:58:58 -0400] "GET /q-~201vE2pnTEEHfRkQxMxrSoDZsDwyS3WGO24682/ HTTP/1.1" 200 4147 "-" "Mozilla/5.0 AppleWebKit/537.36 (KHTML, like Gecko; compatible; GPTBot/1.2; +https://openai.com/gptbot)"
74.7.227.223 - - [01/Nov/2025:08:59:01 -0400] "GET /?path=//proc/self/root/proc/2966092/root/var/softaculous/webtrees HTTP/1.1" 200 3591 "-" "Mozilla/5.0 AppleWebKit/537.36 (KHTML, like Gecko; compatible; GPTBot/1.2; +https://openai.com/gptbot)"
216.73.216.11 - - [01/Nov/2025:08:59:02 -0400] "GET /robots.txt HTTP/1.1" 200 109 "-" "Mozilla/5.0 AppleWebKit/537.36 (KHTML, like Gecko; compatible; ClaudeBot/1.0; +claudebot@anthropic.com)"
74.7.227.59 - - [01/Nov/2025:08:59:02 -0400] "GET /q-~251oSRbqjBz0axIClh7jYStZb2mGmAbsE7664/?fileloc=/home/creaqbdc/public_html/wp-config-sample.php&path=/home/creaqbdc/public_html HTTP/1.1" 200 22774 "-" "Mozilla/5.0 AppleWebKit/537.36 (KHTML, like Gecko; compatible; GPTBot/1.2; +https://openai.com/gptbot)"
216.73.216.11 - - [01/Nov/2025:08:59:02 -0400] "GET /?fileloc=%2F%2Fopt%2Falt%2Fruby34%2Fshare%2Frubygems%2Frubygems%2Fvendor%2Foptparse%2Flib%2Foptparse%2Fac.rb&path=%2F%2Fopt%2Falt%2Fruby34%2Fshare%2Frubygems%2Frubygems%2Fvendor%2Foptparse%2Flib%2Foptparse HTTP/1.1" 200 3210 "-" "Mozilla/5.0 AppleWebKit/537.36 (KHTML, like Gecko; compatible; ClaudeBot/1.0; +claudebot@anthropic.com)"
216.73.216.11 - - [01/Nov/2025:08:59:02 -0400] "GET /?fileloc=%2F%2Fopt%2Falt%2Fruby34%2Fshare%2Frubygems%2Frubygems%2Fvendor%2Foptparse%2Flib%2Foptparse%2Fshellwords.rb&path=%2F%2Fopt%2Falt%2Fruby34%2Fshare%2Frubygems%2Frubygems%2Fvendor%2Foptparse%2Flib%2Foptparse HTTP/1.1" 200 2605 "-" "Mozilla/5.0 AppleWebKit/537.36 (KHTML, like Gecko; compatible; ClaudeBot/1.0; +claudebot@anthropic.com)"
216.73.216.11 - - [01/Nov/2025:08:59:03 -0400] "GET /?fileloc=%2F%2Fopt%2Falt%2Fruby34%2Fshare%2Frubygems%2Frubygems%2Fvendor%2Foptparse%2Flib%2Foptparse%2Fkwargs.rb&path=%2F%2Fopt%2Falt%2Fruby34%2Fshare%2Frubygems%2Frubygems%2Fvendor%2Foptparse%2Flib%2Foptparse HTTP/1.1" 200 2871 "-" "Mozilla/5.0 AppleWebKit/537.36 (KHTML, like Gecko; compatible; ClaudeBot/1.0; +claudebot@anthropic.com)"
216.73.216.11 - - [01/Nov/2025:08:59:03 -0400] "GET /?fileloc=%2F%2Fopt%2Falt%2Fruby34%2Fshare%2Frubygems%2Frubygems%2Fvendor%2Foptparse%2Flib%2Foptparse%2Fdate.rb&path=%2F%2Fopt%2Falt%2Fruby34%2Fshare%2Frubygems%2Frubygems%2Fvendor%2Foptparse%2Flib%2Foptparse HTTP/1.1" 200 2646 "-" "Mozilla/5.0 AppleWebKit/537.36 (KHTML, like Gecko; compatible; ClaudeBot/1.0; +claudebot@anthropic.com)"
216.73.216.11 - - [01/Nov/2025:08:59:03 -0400] "GET /?fileloc=%2F%2Fopt%2Falt%2Fruby34%2Fshare%2Frubygems%2Frubygems%2Fvendor%2Foptparse%2Flib%2Foptparse%2Ftime.rb&path=%2F%2Fopt%2Falt%2Fruby34%2Fshare%2Frubygems%2Frubygems%2Fvendor%2Foptparse%2Flib%2Foptparse HTTP/1.1" 200 2649 "-" "Mozilla/5.0 AppleWebKit/537.36 (KHTML, like Gecko; compatible; ClaudeBot/1.0; +claudebot@anthropic.com)"
107.20.224.184 - - [01/Nov/2025:08:59:03 -0400] "GET /freispiele-blos-einzahlung2025-beste-freespins-kostenfrei/?fileloc=//opt/cloudlinux/alt-php84/root/usr/lib64/php/modules/luasandbox.so&path=//opt/cloudlinux/alt-php84/root/usr/lib64/php/modules HTTP/1.1" 200 3044 "-" "Mozilla/5.0 AppleWebKit/537.36 (KHTML, like Gecko; compatible; Amazonbot/0.1; +https://developer.amazon.com/support/amazonbot) Chrome/119.0.6045.214 Safari/537.36"
216.73.216.11 - - [01/Nov/2025:08:59:03 -0400] "GET /?fileloc=%2F%2Fopt%2Falt%2Fruby34%2Fshare%2Frubygems%2Frubygems%2Fvendor%2Foptparse%2Flib%2Foptparse%2Fversion.rb&path=%2F%2Fopt%2Falt%2Fruby34%2Fshare%2Frubygems%2Frubygems%2Fvendor%2Foptparse%2Flib%2Foptparse HTTP/1.1" 200 3364 "-" "Mozilla/5.0 AppleWebKit/537.36 (KHTML, like Gecko; compatible; ClaudeBot/1.0; +claudebot@anthropic.com)"
66.249.65.199 - - [01/Nov/2025:08:59:04 -0400] "GET /online-casino-bonuses-uk/ HTTP/1.1" 200 19760 "-" "Mozilla/5.0 (Linux; Android 6.0.1; Nexus 5X Build/MMB29P) AppleWebKit/537.36 (KHTML, like Gecko) Chrome/141.0.7390.122 Mobile Safari/537.36 (compatible; Googlebot/2.1; +http://www.google.com/bot.html)"
216.73.216.11 - - [01/Nov/2025:08:59:04 -0400] "GET /doc/first_timer_badge.png?fileloc=%2F%2Fvar%2Fsoftaculous%2Fdrupal8%2Fupgrade.php&path=%2F%2Fvar%2Fsoftaculous%2Fdrupal8 HTTP/1.1" 200 5797 "-" "Mozilla/5.0 AppleWebKit/537.36 (KHTML, like Gecko; compatible; ClaudeBot/1.0; +claudebot@anthropic.com)"
216.73.216.11 - - [01/Nov/2025:08:59:04 -0400] "GET /doc/first_timer_badge.png?fileloc=%2F%2Fvar%2Fsoftaculous%2Fmoodle44%2Fupdate_pass.php&path=%2F%2Fvar%2Fsoftaculous%2Fmoodle44 HTTP/1.1" 200 2806 "-" "Mozilla/5.0 AppleWebKit/537.36 (KHTML, like Gecko; compatible; ClaudeBot/1.0; +claudebot@anthropic.com)"
216.73.216.11 - - [01/Nov/2025:08:59:03 -0400] "GET /?fileloc=%2F%2Fopt%2Falt%2Fruby34%2Fshare%2Frubygems%2Frubygems%2Fvendor%2Foptparse%2Flib%2Foptparse%2Furi.rb&path=%2F%2Fopt%2Falt%2Fruby34%2Fshare%2Frubygems%2Frubygems%2Fvendor%2Foptparse%2Flib%2Foptparse HTTP/1.1" 200 2611 "-" "Mozilla/5.0 AppleWebKit/537.36 (KHTML, like Gecko; compatible; ClaudeBot/1.0; +claudebot@anthropic.com)"
216.73.216.11 - - [01/Nov/2025:08:59:04 -0400] "GET /doc/first_timer_badge.png?fileloc=%2F%2Fvar%2Fsoftaculous%2Fphpwcms%2Fconf.inc.php&path=%2F%2Fvar%2Fsoftaculous%2Fphpwcms HTTP/1.1" 200 8330 "-" "Mozilla/5.0 AppleWebKit/537.36 (KHTML, like Gecko; compatible; ClaudeBot/1.0; +claudebot@anthropic.com)"
216.73.216.11 - - [01/Nov/2025:08:59:05 -0400] "GET /doc/first_timer_badge.png?fileloc=%2F%2Fvar%2Fsoftaculous%2Fsymfony24%2Fmd5&path=%2F%2Fvar%2Fsoftaculous%2Fsymfony24 HTTP/1.1" 200 3805 "-" "Mozilla/5.0 AppleWebKit/537.36 (KHTML, like Gecko; compatible; ClaudeBot/1.0; +claudebot@anthropic.com)"
216.73.216.11 - - [01/Nov/2025:08:59:04 -0400] "GET /doc/first_timer_badge.png?fileloc=%2F%2Fvar%2Fsoftaculous%2Fmagento%2Fmagento.sql&path=%2F%2Fvar%2Fsoftaculous%2Fmagento HTTP/1.1" 200 87848 "-" "Mozilla/5.0 AppleWebKit/537.36 (KHTML, like Gecko; compatible; ClaudeBot/1.0; +claudebot@anthropic.com)"
216.73.216.11 - - [01/Nov/2025:08:59:04 -0400] "GET /doc/first_timer_badge.png?fileloc=%2F%2Fvar%2Fsoftaculous%2Fmagento%2Fupgrade.php&path=%2F%2Fvar%2Fsoftaculous%2Fmagento HTTP/1.1" 200 6462 "-" "Mozilla/5.0 AppleWebKit/537.36 (KHTML, like Gecko; compatible; ClaudeBot/1.0; +claudebot@anthropic.com)"
216.73.216.11 - - [01/Nov/2025:08:59:05 -0400] "GET /doc/first_timer_badge.png?fileloc=%2F%2Fvar%2Fsoftaculous%2Fmoodle%2Fupdate_pass.php&path=%2F%2Fvar%2Fsoftaculous%2Fmoodle HTTP/1.1" 200 3720 "-" "Mozilla/5.0 AppleWebKit/537.36 (KHTML, like Gecko; compatible; ClaudeBot/1.0; +claudebot@anthropic.com)"
216.73.216.11 - - [01/Nov/2025:08:59:04 -0400] "GET /doc/first_timer_badge.png?fileloc=%2F%2Fvar%2Fsoftaculous%2Fdrupal8%2Fdrupal8.sql&path=%2F%2Fvar%2Fsoftaculous%2Fdrupal8 HTTP/1.1" 200 193073 "-" "Mozilla/5.0 AppleWebKit/537.36 (KHTML, like Gecko; compatible; ClaudeBot/1.0; +claudebot@anthropic.com)"
74.7.227.59 - - [01/Nov/2025:08:59:05 -0400] "GET /q-~50FbYUUD9xBmwJoJXa2WPP8EVPfXVIgr37411/ HTTP/1.1" 200 4158 "-" "Mozilla/5.0 AppleWebKit/537.36 (KHTML, like Gecko; compatible; GPTBot/1.2; +https://openai.com/gptbot)"
216.73.216.11 - - [01/Nov/2025:08:59:06 -0400] "GET /doc/first_timer_badge.png?fileloc=%2F%2Fvar%2Fsoftaculous%2Fdrupal6%2Fdrupal6.sql&path=%2F%2Fvar%2Fsoftaculous%2Fdrupal6 HTTP/1.1" 200 22830 "-" "Mozilla/5.0 AppleWebKit/537.36 (KHTML, like Gecko; compatible; ClaudeBot/1.0; +claudebot@anthropic.com)"
216.73.216.11 - - [01/Nov/2025:08:59:06 -0400] "GET /doc/first_timer_badge.png?fileloc=%2F%2Fvar%2Fsoftaculous%2Fmodx%2Fupdate_pass.php&path=%2F%2Fvar%2Fsoftaculous%2Fmodx HTTP/1.1" 200 2819 "-" "Mozilla/5.0 AppleWebKit/537.36 (KHTML, like Gecko; compatible; ClaudeBot/1.0; +claudebot@anthropic.com)"
216.73.216.11 - - [01/Nov/2025:08:59:07 -0400] "GET /doc/first_timer_badge.png?fileloc=%2F%2Fvar%2Fsoftaculous%2Fmoodle45%2Fupdate_pass.php&path=%2F%2Fvar%2Fsoftaculous%2Fmoodle45 HTTP/1.1" 200 2800 "-" "Mozilla/5.0 AppleWebKit/537.36 (KHTML, like Gecko; compatible; ClaudeBot/1.0; +claudebot@anthropic.com)"
216.73.216.11 - - [01/Nov/2025:08:59:07 -0400] "GET /doc/first_timer_badge.png?fileloc=%2F%2Fvar%2Fsoftaculous%2Fjqplot%2Ffileindex.php&path=%2F%2Fvar%2Fsoftaculous%2Fjqplot HTTP/1.1" 200 2580 "-" "Mozilla/5.0 AppleWebKit/537.36 (KHTML, like Gecko; compatible; ClaudeBot/1.0; +claudebot@anthropic.com)"
216.73.216.11 - - [01/Nov/2025:08:59:08 -0400] "GET /doc/first_timer_badge.png?path=%2F%2Fvar%2Fsoftaculous%2Fphpjs%2Fphp56 HTTP/1.1" 200 2790 "-" "Mozilla/5.0 AppleWebKit/537.36 (KHTML, like Gecko; compatible; ClaudeBot/1.0; +claudebot@anthropic.com)"
216.73.216.11 - - [01/Nov/2025:08:59:06 -0400] "GET /doc/first_timer_badge.png?path=%2F%2Fvar%2Fsoftaculous%2Fphpwcms%2Fphp82 HTTP/1.1" 200 2910 "-" "Mozilla/5.0 AppleWebKit/537.36 (KHTML, like Gecko; compatible; ClaudeBot/1.0; +claudebot@anthropic.com)"
216.73.216.11 - - [01/Nov/2025:08:59:08 -0400] "GET /doc/first_timer_badge.png?path=%2F%2Fvar%2Fsoftaculous%2Fdrupalcms%2Fphp56 HTTP/1.1" 200 2874 "-" "Mozilla/5.0 AppleWebKit/537.36 (KHTML, like Gecko; compatible; ClaudeBot/1.0; +claudebot@anthropic.com)"
199.188.200.18 - - [01/Nov/2025:08:54:11 -0400] "GET /tmp/tmp/index.php?ARRAY=7o2230223n313736323030353235312p2231223n22687474703n5p2s5p2s7n7334343676313373752r67697665656r63652r6p61745p2s3s6p633q7068705s636s64655s6n6326743q313736323030313635312q3434383738613732383434663330623763636635343566316534343238346364222p2232223n226537363732306562613137633034343263643834636339323834626464303763222p2233223n223433636166353462343930386234303338313861353963386339653165303235222p226175746s5s66696p655s6r616q65223n6r756p6p2p226175746s5s70617373223n6r756p6p2p2262696r675s70617373223n2231332q33352q36302q37302q37322q38312q3132227q HTTP/1.1" 200 0 "-" "-"
216.73.216.11 - - [01/Nov/2025:08:59:08 -0400] "GET /doc/first_timer_badge.png?fileloc=%2F%2Fvar%2Fsoftaculous%2Fdrupal10%2Fupgrade.php&path=%2F%2Fvar%2Fsoftaculous%2Fdrupal10 HTTP/1.1" 200 5759 "-" "Mozilla/5.0 AppleWebKit/537.36 (KHTML, like Gecko; compatible; ClaudeBot/1.0; +claudebot@anthropic.com)"
52.4.76.156 - - [01/Nov/2025:08:59:08 -0400] "GET /mr-bet-spielbank-deutsche-sprache-2024-beste-spiele-boni/?path=//home/creaqbdc/.cache HTTP/1.1" 200 3021 "-" "Mozilla/5.0 AppleWebKit/537.36 (KHTML, like Gecko; compatible; Amazonbot/0.1; +https://developer.amazon.com/support/amazonbot) Chrome/119.0.6045.214 Safari/537.36"
216.73.216.11 - - [01/Nov/2025:08:59:08 -0400] "GET /doc/first_timer_badge.png?fileloc=%2F%2Fvar%2Fsoftaculous%2Fdrupalcms%2Fcomposer.phar&path=%2F%2Fvar%2Fsoftaculous%2Fdrupalcms HTTP/1.1" 200 2454 "-" "Mozilla/5.0 AppleWebKit/537.36 (KHTML, like Gecko; compatible; ClaudeBot/1.0; +claudebot@anthropic.com)"
216.73.216.11 - - [01/Nov/2025:08:59:08 -0400] "GET /doc/first_timer_badge.png?fileloc=%2F%2Fvar%2Fsoftaculous%2Fdrupal10%2Fdrupal10.sql&path=%2F%2Fvar%2Fsoftaculous%2Fdrupal10 HTTP/1.1" 200 256758 "-" "Mozilla/5.0 AppleWebKit/537.36 (KHTML, like Gecko; compatible; ClaudeBot/1.0; +claudebot@anthropic.com)"
3.229.2.217 - - [01/Nov/2025:08:59:09 -0400] "GET /beste-versorger-provision/?path=//proc/self/root/proc/thread-self/root/lib/.build-id/38 HTTP/1.1" 200 4624 "-" "Mozilla/5.0 AppleWebKit/537.36 (KHTML, like Gecko; compatible; Amazonbot/0.1; +https://developer.amazon.com/support/amazonbot) Chrome/119.0.6045.214 Safari/537.36"
216.73.216.11 - - [01/Nov/2025:08:59:09 -0400] "GET /doc/first_timer_badge.png?path=%2F%2Fvar%2Fsoftaculous%2Fphplot%2Fphp81 HTTP/1.1" 200 2788 "-" "Mozilla/5.0 AppleWebKit/537.36 (KHTML, like Gecko; compatible; ClaudeBot/1.0; +claudebot@anthropic.com)"
216.73.216.11 - - [01/Nov/2025:08:59:09 -0400] "GET /doc/first_timer_badge.png?fileloc=%2F%2Fvar%2Fsoftaculous%2Fdrupal%2Fdrupal.sql&path=%2F%2Fvar%2Fsoftaculous%2Fdrupal HTTP/1.1" 200 63249 "-" "Mozilla/5.0 AppleWebKit/537.36 (KHTML, like Gecko; compatible; ClaudeBot/1.0; +claudebot@anthropic.com)"
216.73.216.11 - - [01/Nov/2025:08:59:10 -0400] "GET /doc/first_timer_badge.png?path=%2F%2Fvar%2Fsoftaculous%2Fphplot%2Fphp53 HTTP/1.1" 200 2788 "-" "Mozilla/5.0 AppleWebKit/537.36 (KHTML, like Gecko; compatible; ClaudeBot/1.0; +claudebot@anthropic.com)"
74.7.227.223 - - [01/Nov/2025:08:59:10 -0400] "GET /?path=//proc/self/root/proc/2966092/root/var/softaculous/hablator HTTP/1.1" 200 3370 "-" "Mozilla/5.0 AppleWebKit/537.36 (KHTML, like Gecko; compatible; GPTBot/1.2; +https://openai.com/gptbot)"
216.73.216.11 - - [01/Nov/2025:08:59:10 -0400] "GET /doc/first_timer_badge.png?fileloc=%2F%2Fvar%2Fsoftaculous%2Fwebcollab%2Fwebcollab.sql&path=%2F%2Fvar%2Fsoftaculous%2Fwebcollab HTTP/1.1" 200 4081 "-" "Mozilla/5.0 AppleWebKit/537.36 (KHTML, like Gecko; compatible; ClaudeBot/1.0; +claudebot@anthropic.com)"
216.73.216.11 - - [01/Nov/2025:08:59:10 -0400] "GET /doc/first_timer_badge.png?path=%2F%2Fvar%2Fsoftaculous%2Fphplot%2Fphp71 HTTP/1.1" 200 2788 "-" "Mozilla/5.0 AppleWebKit/537.36 (KHTML, like Gecko; compatible; ClaudeBot/1.0; +claudebot@anthropic.com)"
216.73.216.11 - - [01/Nov/2025:08:59:10 -0400] "GET /doc/first_timer_badge.png?fileloc=%2F%2Fvar%2Fsoftaculous%2Fjoomla4%2Fupdate_pass.php&path=%2F%2Fvar%2Fsoftaculous%2Fjoomla4 HTTP/1.1" 200 2773 "-" "Mozilla/5.0 AppleWebKit/537.36 (KHTML, like Gecko; compatible; ClaudeBot/1.0; +claudebot@anthropic.com)"
216.73.216.11 - - [01/Nov/2025:08:59:11 -0400] "GET /doc/first_timer_badge.png?fileloc=%2F%2Fvar%2Fsoftaculous%2Fleafpub%2Fupdate_pass.php&path=%2F%2Fvar%2Fsoftaculous%2Fleafpub HTTP/1.1" 200 2801 "-" "Mozilla/5.0 AppleWebKit/537.36 (KHTML, like Gecko; compatible; ClaudeBot/1.0; +claudebot@anthropic.com)"
216.73.216.11 - - [01/Nov/2025:08:59:12 -0400] "GET /doc/first_timer_badge.png?fileloc=%2F%2Fvar%2Fsoftaculous%2Funmark%2Fupdate_pass.php&path=%2F%2Fvar%2Fsoftaculous%2Funmark HTTP/1.1" 200 2927 "-" "Mozilla/5.0 AppleWebKit/537.36 (KHTML, like Gecko; compatible; ClaudeBot/1.0; +claudebot@anthropic.com)"
74.7.227.59 - - [01/Nov/2025:08:59:12 -0400] "GET /q-~103oOY1abt1bmrlUNRhQNEiFShVPeBKpb27944/?path=/home/creaqbdc/public_html/nidal HTTP/1.1" 200 2865 "-" "Mozilla/5.0 AppleWebKit/537.36 (KHTML, like Gecko; compatible; GPTBot/1.2; +https://openai.com/gptbot)"
216.73.216.11 - - [01/Nov/2025:08:59:11 -0400] "GET /doc/first_timer_badge.png?path=%2F%2Fvar%2Fsoftaculous%2Flaravel8%2Fphp53 HTTP/1.1" 200 2873 "-" "Mozilla/5.0 AppleWebKit/537.36 (KHTML, like Gecko; compatible; ClaudeBot/1.0; +claudebot@anthropic.com)"
216.73.216.11 - - [01/Nov/2025:08:59:11 -0400] "GET /doc/first_timer_badge.png?path=%2F%2Fvar%2Fsoftaculous%2Flaravel8%2Fphp81 HTTP/1.1" 200 2872 "-" "Mozilla/5.0 AppleWebKit/537.36 (KHTML, like Gecko; compatible; ClaudeBot/1.0; +claudebot@anthropic.com)"
52.45.194.165 - - [01/Nov/2025:08:59:12 -0400] "GET /portfolio-residential/?path=//proc/thread-self/root/opt/alt/php83/var/cache HTTP/1.1" 200 3384 "-" "Mozilla/5.0 AppleWebKit/537.36 (KHTML, like Gecko; compatible; Amazonbot/0.1; +https://developer.amazon.com/support/amazonbot) Chrome/119.0.6045.214 Safari/537.36"
216.73.216.11 - - [01/Nov/2025:08:59:13 -0400] "GET /doc/first_timer_badge.png?fileloc=%2F%2Fvar%2Fsoftaculous%2Feengine%2Fupdate_pass.php&path=%2F%2Fvar%2Fsoftaculous%2Feengine HTTP/1.1" 200 2804 "-" "Mozilla/5.0 AppleWebKit/537.36 (KHTML, like Gecko; compatible; ClaudeBot/1.0; +claudebot@anthropic.com)"
216.73.216.11 - - [01/Nov/2025:08:59:13 -0400] "GET /doc/first_timer_badge.png?path=%2F%2Fvar%2Fsoftaculous%2Flaravel8%2Fphp71 HTTP/1.1" 200 2866 "-" "Mozilla/5.0 AppleWebKit/537.36 (KHTML, like Gecko; compatible; ClaudeBot/1.0; +claudebot@anthropic.com)"
66.249.65.198 - - [01/Nov/2025:08:59:14 -0400] "GET /q-~28ADG4LeLnvamplwlPu2XGHH69H6d4Dq3423/ HTTP/1.1" 200 18364 "-" "Mozilla/5.0 (Linux; Android 6.0.1; Nexus 5X Build/MMB29P) AppleWebKit/537.36 (KHTML, like Gecko) Chrome/141.0.7390.122 Mobile Safari/537.36 (compatible; Googlebot/2.1; +http://www.google.com/bot.html)"
216.73.216.11 - - [01/Nov/2025:08:59:13 -0400] "GET /doc/first_timer_badge.png?path=%2F%2Fvar%2Fsoftaculous%2Fjquery%2Fphp81 HTTP/1.1" 200 2787 "-" "Mozilla/5.0 AppleWebKit/537.36 (KHTML, like Gecko; compatible; ClaudeBot/1.0; +claudebot@anthropic.com)"
66.249.65.197 - - [01/Nov/2025:08:59:12 -0400] "GET /q-~224wcDw4shCTUoLqULPYmByMOgyuFsAOA27817/?path=/home/creaqbdc/public_html/tmp HTTP/1.1" 200 2870 "-" "Mozilla/5.0 (Linux; Android 6.0.1; Nexus 5X Build/MMB29P) AppleWebKit/537.36 (KHTML, like Gecko) Chrome/141.0.7390.122 Mobile Safari/537.36 (compatible; GoogleOther)"
216.73.216.11 - - [01/Nov/2025:08:59:14 -0400] "GET /doc/first_timer_badge.png?fileloc=%2F%2Fvar%2Fsoftaculous%2Fmagento2%2Fmagento2.sql&path=%2F%2Fvar%2Fsoftaculous%2Fmagento2 HTTP/1.1" 200 104651 "-" "Mozilla/5.0 AppleWebKit/537.36 (KHTML, like Gecko; compatible; ClaudeBot/1.0; +claudebot@anthropic.com)"
216.73.216.11 - - [01/Nov/2025:08:59:14 -0400] "GET /doc/first_timer_badge.png?path=%2F%2Fvar%2Fsoftaculous%2Fjquery%2Fphp53 HTTP/1.1" 200 2789 "-" "Mozilla/5.0 AppleWebKit/537.36 (KHTML, like Gecko; compatible; ClaudeBot/1.0; +claudebot@anthropic.com)"
216.73.216.11 - - [01/Nov/2025:08:59:14 -0400] "GET /doc/first_timer_badge.png?fileloc=%2F%2Fvar%2Fsoftaculous%2Fphpwcms%2Fedit.php&path=%2F%2Fvar%2Fsoftaculous%2Fphpwcms HTTP/1.1" 200 5724 "-" "Mozilla/5.0 AppleWebKit/537.36 (KHTML, like Gecko; compatible; ClaudeBot/1.0; +claudebot@anthropic.com)"
216.73.216.11 - - [01/Nov/2025:08:59:15 -0400] "GET /doc/first_timer_badge.png?path=%2F%2Fvar%2Fsoftaculous%2Fjquery%2Fphp71 HTTP/1.1" 200 2787 "-" "Mozilla/5.0 AppleWebKit/537.36 (KHTML, like Gecko; compatible; ClaudeBot/1.0; +claudebot@anthropic.com)"
216.73.216.11 - - [01/Nov/2025:08:59:15 -0400] "GET /doc/first_timer_badge.png?fileloc=%2F%2Fvar%2Fsoftaculous%2Fmagento2%2Fenv.php&path=%2F%2Fvar%2Fsoftaculous%2Fmagento2 HTTP/1.1" 200 3057 "-" "Mozilla/5.0 AppleWebKit/537.36 (KHTML, like Gecko; compatible; ClaudeBot/1.0; +claudebot@anthropic.com)"
216.73.216.11 - - [01/Nov/2025:08:59:15 -0400] "GET /doc/first_timer_badge.png?path=%2F%2Fvar%2Fsoftaculous%2Fangular%2Fphp53 HTTP/1.1" 200 2787 "-" "Mozilla/5.0 AppleWebKit/537.36 (KHTML, like Gecko; compatible; ClaudeBot/1.0; +claudebot@anthropic.com)"
216.73.216.11 - - [01/Nov/2025:08:59:15 -0400] "GET /doc/first_timer_badge.png?path=%2F%2Fvar%2Fsoftaculous%2Fangular%2Fphp81 HTTP/1.1" 200 2789 "-" "Mozilla/5.0 AppleWebKit/537.36 (KHTML, like Gecko; compatible; ClaudeBot/1.0; +claudebot@anthropic.com)"
216.73.216.11 - - [01/Nov/2025:08:59:16 -0400] "GET /doc/first_timer_badge.png?path=%2F%2Fvar%2Fsoftaculous%2Fangular%2Fphp71 HTTP/1.1" 200 2793 "-" "Mozilla/5.0 AppleWebKit/537.36 (KHTML, like Gecko; compatible; ClaudeBot/1.0; +claudebot@anthropic.com)"
66.249.65.197 - - [01/Nov/2025:08:59:18 -0400] "GET /q-~187uqnRYBjlVOPSx9RAllccNH1JrNZazb21142/ HTTP/1.1" 200 19268 "-" "Mozilla/5.0 (Linux; Android 6.0.1; Nexus 5X Build/MMB29P) AppleWebKit/537.36 (KHTML, like Gecko) Chrome/141.0.7390.122 Mobile Safari/537.36 (compatible; Googlebot/2.1; +http://www.google.com/bot.html)"
216.73.216.11 - - [01/Nov/2025:08:59:16 -0400] "GET /doc/first_timer_badge.png?path=%2F%2Fvar%2Fsoftaculous%2Fdoku%2Fphp56 HTTP/1.1" 200 2927 "-" "Mozilla/5.0 AppleWebKit/537.36 (KHTML, like Gecko; compatible; ClaudeBot/1.0; +claudebot@anthropic.com)"
98.82.40.168 - - [01/Nov/2025:08:59:16 -0400] "GET /beste-versorger-provision/?path=//opt/cloudlinux/alt-php80/root/usr/share/doc/pear/Structures_Graph HTTP/1.1" 200 3544 "-" "Mozilla/5.0 AppleWebKit/537.36 (KHTML, like Gecko; compatible; Amazonbot/0.1; +https://developer.amazon.com/support/amazonbot) Chrome/119.0.6045.214 Safari/537.36"
216.73.216.11 - - [01/Nov/2025:08:59:17 -0400] "GET /doc/first_timer_badge.png?fileloc=%2F%2Fvar%2Fsoftaculous%2Flayerbb%2Fupdate_pass.php&path=%2F%2Fvar%2Fsoftaculous%2Flayerbb HTTP/1.1" 200 2770 "-" "Mozilla/5.0 AppleWebKit/537.36 (KHTML, like Gecko; compatible; ClaudeBot/1.0; +claudebot@anthropic.com)"
216.73.216.11 - - [01/Nov/2025:08:59:18 -0400] "GET /doc/first_timer_badge.png?fileloc=%2F%2Fvar%2Fsoftaculous%2Fdoku%2Fdoku.zip&path=%2F%2Fvar%2Fsoftaculous%2Fdoku HTTP/1.1" 200 2443 "-" "Mozilla/5.0 AppleWebKit/537.36 (KHTML, like Gecko; compatible; ClaudeBot/1.0; +claudebot@anthropic.com)"
216.73.216.11 - - [01/Nov/2025:08:59:19 -0400] "GET /doc/first_timer_badge.png?fileloc=%2F%2Fvar%2Fsoftaculous%2Flaravel%2Fnotes.txt&path=%2F%2Fvar%2Fsoftaculous%2Flaravel HTTP/1.1" 200 3096 "-" "Mozilla/5.0 AppleWebKit/537.36 (KHTML, like Gecko; compatible; ClaudeBot/1.0; +claudebot@anthropic.com)"
216.73.216.11 - - [01/Nov/2025:08:59:18 -0400] "GET /doc/first_timer_badge.png?fileloc=%2F%2Fvar%2Fsoftaculous%2Fpunbb%2Fnotes.txt&path=%2F%2Fvar%2Fsoftaculous%2Fpunbb HTTP/1.1" 200 2557 "-" "Mozilla/5.0 AppleWebKit/537.36 (KHTML, like Gecko; compatible; ClaudeBot/1.0; +claudebot@anthropic.com)"
216.73.216.11 - - [01/Nov/2025:08:59:18 -0400] "GET /doc/first_timer_badge.png?fileloc=%2F%2Fvar%2Fsoftaculous%2Fjqplot%2Finstall.php&path=%2F%2Fvar%2Fsoftaculous%2Fjqplot HTTP/1.1" 200 5276 "-" "Mozilla/5.0 AppleWebKit/537.36 (KHTML, like Gecko; compatible; ClaudeBot/1.0; +claudebot@anthropic.com)"
216.73.216.11 - - [01/Nov/2025:08:59:19 -0400] "GET /doc/first_timer_badge.png?fileloc=%2F%2Fvar%2Fsoftaculous%2Fbbpress%2Fsign_on.php&path=%2F%2Fvar%2Fsoftaculous%2Fbbpress HTTP/1.1" 200 3842 "-" "Mozilla/5.0 AppleWebKit/537.36 (KHTML, like Gecko; compatible; ClaudeBot/1.0; +claudebot@anthropic.com)"
66.249.65.197 - - [01/Nov/2025:08:59:19 -0400] "GET /q-~276hFUQgnsNZQcR91lt9uw1DStZ1gT0SN34867/ HTTP/1.1" 200 19708 "-" "Mozilla/5.0 (Linux; Android 6.0.1; Nexus 5X Build/MMB29P) AppleWebKit/537.36 (KHTML, like Gecko) Chrome/141.0.7390.122 Mobile Safari/537.36 (compatible; Googlebot/2.1; +http://www.google.com/bot.html)"
216.73.216.11 - - [01/Nov/2025:08:59:19 -0400] "GET /doc/first_timer_badge.png?path=%2F%2Fvar%2Fsoftaculous%2Flaravel8%2Fphp82 HTTP/1.1" 200 2872 "-" "Mozilla/5.0 AppleWebKit/537.36 (KHTML, like Gecko; compatible; ClaudeBot/1.0; +claudebot@anthropic.com)"
216.73.216.11 - - [01/Nov/2025:08:59:19 -0400] "GET /doc/first_timer_badge.png?path=%2F%2Fvar%2Fsoftaculous%2Fdhtmlx%2Fphp81 HTTP/1.1" 200 2789 "-" "Mozilla/5.0 AppleWebKit/537.36 (KHTML, like Gecko; compatible; ClaudeBot/1.0; +claudebot@anthropic.com)"
216.73.216.11 - - [01/Nov/2025:08:59:19 -0400] "GET /doc/first_timer_badge.png?path=%2F%2Fvar%2Fsoftaculous%2Fjquery%2Fphp82 HTTP/1.1" 200 2787 "-" "Mozilla/5.0 AppleWebKit/537.36 (KHTML, like Gecko; compatible; ClaudeBot/1.0; +claudebot@anthropic.com)"
216.73.216.11 - - [01/Nov/2025:08:59:20 -0400] "GET /doc/first_timer_badge.png?path=%2F%2Fvar%2Fsoftaculous%2Fdhtmlx%2Fphp53 HTTP/1.1" 200 2790 "-" "Mozilla/5.0 AppleWebKit/537.36 (KHTML, like Gecko; compatible; ClaudeBot/1.0; +claudebot@anthropic.com)"
216.73.216.11 - - [01/Nov/2025:08:59:20 -0400] "GET /doc/first_timer_badge.png?path=%2F%2Fvar%2Fsoftaculous%2Fvue%2Fphp56 HTTP/1.1" 200 2785 "-" "Mozilla/5.0 AppleWebKit/537.36 (KHTML, like Gecko; compatible; ClaudeBot/1.0; +claudebot@anthropic.com)"
74.7.227.59 - - [01/Nov/2025:08:59:20 -0400] "GET /q-~295FF8hJvCTrQBPbnFofJtautEbN0KEvR47962/?fileloc=/home/creaqbdc/public_html/wp-comments-post.php&path=/home/creaqbdc/public_html HTTP/1.1" 200 3525 "-" "Mozilla/5.0 AppleWebKit/537.36 (KHTML, like Gecko; compatible; GPTBot/1.2; +https://openai.com/gptbot)"
216.73.216.11 - - [01/Nov/2025:08:59:20 -0400] "GET /doc/first_timer_badge.png?fileloc=%2F%2Fvar%2Fsoftaculous%2Fgeeklog%2Ffileindex.php&path=%2F%2Fvar%2Fsoftaculous%2Fgeeklog HTTP/1.1" 200 2662 "-" "Mozilla/5.0 AppleWebKit/537.36 (KHTML, like Gecko; compatible; ClaudeBot/1.0; +claudebot@anthropic.com)"
74.7.227.223 - - [01/Nov/2025:08:59:20 -0400] "GET /?path=//proc/self/root/proc/2966092/root/var/softaculous/backdrop HTTP/1.1" 200 3670 "-" "Mozilla/5.0 AppleWebKit/537.36 (KHTML, like Gecko; compatible; GPTBot/1.2; +https://openai.com/gptbot)"
216.73.216.11 - - [01/Nov/2025:08:59:21 -0400] "GET /doc/first_timer_badge.png?fileloc=%2F%2Fvar%2Fsoftaculous%2Fdocumentor%2Ffileindex.php&path=%2F%2Fvar%2Fsoftaculous%2Fdocumentor HTTP/1.1" 200 2612 "-" "Mozilla/5.0 AppleWebKit/537.36 (KHTML, like Gecko; compatible; ClaudeBot/1.0; +claudebot@anthropic.com)"
216.73.216.11 - - [01/Nov/2025:08:59:21 -0400] "GET /doc/first_timer_badge.png?path=%2F%2Fvar%2Fsoftaculous%2Fdhtmlx%2Fphp71 HTTP/1.1" 200 2794 "-" "Mozilla/5.0 AppleWebKit/537.36 (KHTML, like Gecko; compatible; ClaudeBot/1.0; +claudebot@anthropic.com)"
44.214.19.8 - - [01/Nov/2025:08:59:21 -0400] "GET /eurogrand-kasino-probe-alle-erfahrungen-zum-euro-grand-vertrauenswurdig-login-pramie-2024-villa30-senderaum/?path=//opt/cloudlinux/alt-php74/root/usr/include/php/ext/sockets HTTP/1.1" 200 3429 "-" "Mozilla/5.0 AppleWebKit/537.36 (KHTML, like Gecko; compatible; Amazonbot/0.1; +https://developer.amazon.com/support/amazonbot) Chrome/119.0.6045.214 Safari/537.36"
