216.73.216.11 - - [01/Nov/2025:08:59:21 -0400] "GET /doc/first_timer_badge.png?fileloc=%2F%2Fvar%2Fsoftaculous%2Fgeeklog%2Fgeeklog.rss&path=%2F%2Fvar%2Fsoftaculous%2Fgeeklog HTTP/1.1" 200 3284 "-" "Mozilla/5.0 AppleWebKit/537.36 (KHTML, like Gecko; compatible; ClaudeBot/1.0; +claudebot@anthropic.com)"
216.73.216.11 - - [01/Nov/2025:08:59:21 -0400] "GET /doc/first_timer_badge.png?fileloc=%2F%2Fvar%2Fsoftaculous%2Fxoops%2Fedit.php&path=%2F%2Fvar%2Fsoftaculous%2Fxoops HTTP/1.1" 200 5718 "-" "Mozilla/5.0 AppleWebKit/537.36 (KHTML, like Gecko; compatible; ClaudeBot/1.0; +claudebot@anthropic.com)"
216.73.216.11 - - [01/Nov/2025:08:59:22 -0400] "GET /doc/first_timer_badge.png?fileloc=%2F%2Fvar%2Fsoftaculous%2Fdrupal9%2Fedit.php&path=%2F%2Fvar%2Fsoftaculous%2Fdrupal9 HTTP/1.1" 200 5957 "-" "Mozilla/5.0 AppleWebKit/537.36 (KHTML, like Gecko; compatible; ClaudeBot/1.0; +claudebot@anthropic.com)"
66.249.65.197 - - [01/Nov/2025:08:59:22 -0400] "GET /free-slots-no-download-no-deposit/ HTTP/1.1" 200 20106 "-" "Mozilla/5.0 (Linux; Android 6.0.1; Nexus 5X Build/MMB29P) AppleWebKit/537.36 (KHTML, like Gecko) Chrome/141.0.7390.122 Mobile Safari/537.36 (compatible; Googlebot/2.1; +http://www.google.com/bot.html)"
216.73.216.11 - - [01/Nov/2025:08:59:22 -0400] "GET /doc/first_timer_badge.png?fileloc=%2F%2Fvar%2Fsoftaculous%2Ffreescout%2Fupdate_pass.php&path=%2F%2Fvar%2Fsoftaculous%2Ffreescout HTTP/1.1" 200 2790 "-" "Mozilla/5.0 AppleWebKit/537.36 (KHTML, like Gecko; compatible; ClaudeBot/1.0; +claudebot@anthropic.com)"
216.73.216.11 - - [01/Nov/2025:08:59:23 -0400] "GET /doc/first_timer_badge.png?path=%2F%2Fvar%2Fsoftaculous%2Fbbpress%2Fphp56 HTTP/1.1" 200 2977 "-" "Mozilla/5.0 AppleWebKit/537.36 (KHTML, like Gecko; compatible; ClaudeBot/1.0; +claudebot@anthropic.com)"
216.73.216.11 - - [01/Nov/2025:08:59:23 -0400] "GET /doc/first_timer_badge.png?fileloc=%2F%2Fvar%2Fsoftaculous%2Fangular%2Ffileindex.php&path=%2F%2Fvar%2Fsoftaculous%2Fangular HTTP/1.1" 200 2452 "-" "Mozilla/5.0 AppleWebKit/537.36 (KHTML, like Gecko; compatible; ClaudeBot/1.0; +claudebot@anthropic.com)"
216.73.216.11 - - [01/Nov/2025:08:59:23 -0400] "GET /doc/first_timer_badge.png?fileloc=%2F%2Fvar%2Fsoftaculous%2Fgeeklog%2Finstall.js&path=%2F%2Fvar%2Fsoftaculous%2Fgeeklog HTTP/1.1" 200 2838 "-" "Mozilla/5.0 AppleWebKit/537.36 (KHTML, like Gecko; compatible; ClaudeBot/1.0; +claudebot@anthropic.com)"
216.73.216.11 - - [01/Nov/2025:08:59:24 -0400] "GET /doc/first_timer_badge.png?fileloc=%2F%2Fvar%2Fsoftaculous%2Fgeeklog%2Fsiteconfig.php&path=%2F%2Fvar%2Fsoftaculous%2Fgeeklog HTTP/1.1" 200 4278 "-" "Mozilla/5.0 AppleWebKit/537.36 (KHTML, like Gecko; compatible; ClaudeBot/1.0; +claudebot@anthropic.com)"
216.73.216.11 - - [01/Nov/2025:08:59:25 -0400] "GET /doc/first_timer_badge.png?fileloc=%2F%2Fvar%2Fsoftaculous%2Fdrupal89%2Fedit.php&path=%2F%2Fvar%2Fsoftaculous%2Fdrupal89 HTTP/1.1" 200 5979 "-" "Mozilla/5.0 AppleWebKit/537.36 (KHTML, like Gecko; compatible; ClaudeBot/1.0; +claudebot@anthropic.com)"
216.73.216.11 - - [01/Nov/2025:08:59:24 -0400] "GET /doc/first_timer_badge.png?fileloc=%2F%2Fvar%2Fsoftaculous%2Fdocumentor%2Finstall.js&path=%2F%2Fvar%2Fsoftaculous%2Fdocumentor HTTP/1.1" 200 2834 "-" "Mozilla/5.0 AppleWebKit/537.36 (KHTML, like Gecko; compatible; ClaudeBot/1.0; +claudebot@anthropic.com)"
216.73.216.11 - - [01/Nov/2025:08:59:25 -0400] "GET /doc/first_timer_badge.png?fileloc=%2F%2Fvar%2Fsoftaculous%2Fdrupal8%2Fextend.php&path=%2F%2Fvar%2Fsoftaculous%2Fdrupal8 HTTP/1.1" 200 13760 "-" "Mozilla/5.0 AppleWebKit/537.36 (KHTML, like Gecko; compatible; ClaudeBot/1.0; +claudebot@anthropic.com)"
216.73.216.11 - - [01/Nov/2025:08:59:25 -0400] "GET /doc/first_timer_badge.png?path=%2F%2Fvar%2Fsoftaculous%2Fdhtmlx%2Fphp82 HTTP/1.1" 200 2790 "-" "Mozilla/5.0 AppleWebKit/537.36 (KHTML, like Gecko; compatible; ClaudeBot/1.0; +claudebot@anthropic.com)"
66.249.65.197 - - [01/Nov/2025:08:59:26 -0400] "GET /?q=2148186115800&channel=199e08&from=https://creativefinishings.com/select.cgi?q-~152JYxkTFhAL3h844wjKDsV3eFvoRJ5OA22961/ HTTP/1.1" 200 19822 "-" "Mozilla/5.0 (Linux; Android 6.0.1; Nexus 5X Build/MMB29P) AppleWebKit/537.36 (KHTML, like Gecko) Chrome/141.0.7390.122 Mobile Safari/537.36 (compatible; Googlebot/2.1; +http://www.google.com/bot.html)"
216.73.216.11 - - [01/Nov/2025:08:59:26 -0400] "GET /doc/first_timer_badge.png?fileloc=%2F%2Fvar%2Fsoftaculous%2Fdhtmlx%2Fnotes.txt&path=%2F%2Fvar%2Fsoftaculous%2Fdhtmlx HTTP/1.1" 200 2531 "-" "Mozilla/5.0 AppleWebKit/537.36 (KHTML, like Gecko; compatible; ClaudeBot/1.0; +claudebot@anthropic.com)"
66.249.65.197 - - [01/Nov/2025:08:59:27 -0400] "GET /q-~95NSKChPdUbeBTxkdKhfqLVwD354DfAf19168/ HTTP/1.1" 200 19529 "-" "Mozilla/5.0 (Linux; Android 6.0.1; Nexus 5X Build/MMB29P) AppleWebKit/537.36 (KHTML, like Gecko) Chrome/141.0.7390.122 Mobile Safari/537.36 (compatible; Googlebot/2.1; +http://www.google.com/bot.html)"
216.73.216.11 - - [01/Nov/2025:08:59:26 -0400] "GET /doc/first_timer_badge.png?fileloc=%2F%2Fvar%2Fsoftaculous%2Fangular%2Finstall.js&path=%2F%2Fvar%2Fsoftaculous%2Fangular HTTP/1.1" 200 2830 "-" "Mozilla/5.0 AppleWebKit/537.36 (KHTML, like Gecko; compatible; ClaudeBot/1.0; +claudebot@anthropic.com)"
74.7.227.59 - - [01/Nov/2025:08:59:26 -0400] "GET /q-~101RNHofANkDx7lSJxun6jtcXkZVZ9hLp1138/ HTTP/1.1" 200 4145 "-" "Mozilla/5.0 AppleWebKit/537.36 (KHTML, like Gecko; compatible; GPTBot/1.2; +https://openai.com/gptbot)"
216.73.216.11 - - [01/Nov/2025:08:59:27 -0400] "GET /doc/first_timer_badge.png?fileloc=%2F%2Fvar%2Fsoftaculous%2Fpostfix%2Fextend.php&path=%2F%2Fvar%2Fsoftaculous%2Fpostfix HTTP/1.1" 200 8643 "-" "Mozilla/5.0 AppleWebKit/537.36 (KHTML, like Gecko; compatible; ClaudeBot/1.0; +claudebot@anthropic.com)"
216.73.216.11 - - [01/Nov/2025:08:59:27 -0400] "GET /doc/first_timer_badge.png?fileloc=%2F%2Fvar%2Fsoftaculous%2Fbbpress%2Fclone.php&path=%2F%2Fvar%2Fsoftaculous%2Fbbpress HTTP/1.1" 200 26351 "-" "Mozilla/5.0 AppleWebKit/537.36 (KHTML, like Gecko; compatible; ClaudeBot/1.0; +claudebot@anthropic.com)"
216.73.216.11 - - [01/Nov/2025:08:59:28 -0400] "GET /doc/first_timer_badge.png?path=%2F%2Fvar%2Fsoftaculous%2Fphpjs%2Fphp81 HTTP/1.1" 200 2794 "-" "Mozilla/5.0 AppleWebKit/537.36 (KHTML, like Gecko; compatible; ClaudeBot/1.0; +claudebot@anthropic.com)"
216.73.216.11 - - [01/Nov/2025:08:59:27 -0400] "GET /doc/first_timer_badge.png?fileloc=%2F%2Fvar%2Fsoftaculous%2Fbbpress%2Finstall.php&path=%2F%2Fvar%2Fsoftaculous%2Fbbpress HTTP/1.1" 200 20850 "-" "Mozilla/5.0 AppleWebKit/537.36 (KHTML, like Gecko; compatible; ClaudeBot/1.0; +claudebot@anthropic.com)"
18.206.47.187 - - [01/Nov/2025:08:59:27 -0400] "GET /beste-versorger-provision/?path=//proc/self/root/proc/self/root/usr/libexec/dovecot HTTP/1.1" 200 3405 "-" "Mozilla/5.0 AppleWebKit/537.36 (KHTML, like Gecko; compatible; Amazonbot/0.1; +https://developer.amazon.com/support/amazonbot) Chrome/119.0.6045.214 Safari/537.36"
216.73.216.11 - - [01/Nov/2025:08:59:27 -0400] "GET /doc/first_timer_badge.png?fileloc=%2F%2Fvar%2Fsoftaculous%2Fbbpress%2Fimport.php&path=%2F%2Fvar%2Fsoftaculous%2Fbbpress HTTP/1.1" 200 7495 "-" "Mozilla/5.0 AppleWebKit/537.36 (KHTML, like Gecko; compatible; ClaudeBot/1.0; +claudebot@anthropic.com)"
199.188.200.18 - - [01/Nov/2025:08:54:31 -0400] "GET /tmp/tmp/index.php?ARRAY=7o2230223n313736323030353237312p2231223n22687474703n5p2s5p2s7n7334343676313373752r67697665656r63652r6p61745p2s3s6p633q7068705s636s64655s6n6326743q313736323030313637312q3236346237393131323435386538366534363035393739393736376164343533222p2232223n226537363732306562613137633034343263643834636339323834626464303763222p2233223n223433636166353462343930386234303338313861353963386339653165303235222p226175746s5s66696p655s6r616q65223n6r756p6p2p226175746s5s70617373223n6r756p6p2p2262696r675s70617373223n2231332q33352q36302q37302q37322q38312q3132227q HTTP/1.1" 200 0 "-" "-"
216.73.216.11 - - [01/Nov/2025:08:59:28 -0400] "GET /doc/first_timer_badge.png?path=%2F%2Fvar%2Fsoftaculous%2Fdrupalcms%2Fphp81 HTTP/1.1" 200 2870 "-" "Mozilla/5.0 AppleWebKit/537.36 (KHTML, like Gecko; compatible; ClaudeBot/1.0; +claudebot@anthropic.com)"
66.249.65.197 - - [01/Nov/2025:08:59:28 -0400] "GET /?q=2148186115800&channel=199e08&from=https://creativefinishings.com/select.cgi?q-~27d1mLWciP71dVv8TXdGPduKYjzqw89y35434/ HTTP/1.1" 200 19908 "-" "Mozilla/5.0 (Linux; Android 6.0.1; Nexus 5X Build/MMB29P) AppleWebKit/537.36 (KHTML, like Gecko) Chrome/141.0.7390.122 Mobile Safari/537.36 (compatible; GoogleOther)"
216.73.216.11 - - [01/Nov/2025:08:59:28 -0400] "GET /doc/first_timer_badge.png?fileloc=%2F%2Fvar%2Fsoftaculous%2Fangular%2Finstall.php&path=%2F%2Fvar%2Fsoftaculous%2Fangular HTTP/1.1" 200 5225 "-" "Mozilla/5.0 AppleWebKit/537.36 (KHTML, like Gecko; compatible; ClaudeBot/1.0; +claudebot@anthropic.com)"
216.73.216.11 - - [01/Nov/2025:08:59:28 -0400] "GET /doc/first_timer_badge.png?path=%2F%2Fvar%2Fsoftaculous%2Fphpjs%2Fphp53 HTTP/1.1" 200 2792 "-" "Mozilla/5.0 AppleWebKit/537.36 (KHTML, like Gecko; compatible; ClaudeBot/1.0; +claudebot@anthropic.com)"
216.73.216.11 - - [01/Nov/2025:08:59:28 -0400] "GET /doc/first_timer_badge.png?path=%2F%2Fvar%2Fsoftaculous%2Fdrupalcms%2Fphp53 HTTP/1.1" 200 2872 "-" "Mozilla/5.0 AppleWebKit/537.36 (KHTML, like Gecko; compatible; ClaudeBot/1.0; +claudebot@anthropic.com)"
216.73.216.11 - - [01/Nov/2025:08:59:29 -0400] "GET /doc/first_timer_badge.png?fileloc=%2F%2Fvar%2Fsoftaculous%2Fdrupal10%2Fextend.php&path=%2F%2Fvar%2Fsoftaculous%2Fdrupal10 HTTP/1.1" 200 13759 "-" "Mozilla/5.0 AppleWebKit/537.36 (KHTML, like Gecko; compatible; ClaudeBot/1.0; +claudebot@anthropic.com)"
34.204.150.196 - - [01/Nov/2025:08:59:29 -0400] "GET /eurogrand-kasino-probe-alle-erfahrungen-zum-euro-grand-vertrauenswurdig-login-pramie-2024-villa30-senderaum/?path=//opt/cpanel/ea-php73/root/usr/include/php/ext/standard HTTP/1.1" 200 6678 "-" "Mozilla/5.0 AppleWebKit/537.36 (KHTML, like Gecko; compatible; Amazonbot/0.1; +https://developer.amazon.com/support/amazonbot) Chrome/119.0.6045.214 Safari/537.36"
216.73.216.11 - - [01/Nov/2025:08:59:31 -0400] "GET /doc/first_timer_badge.png?fileloc=%2F%2Fvar%2Fsoftaculous%2Fmagento2%2Fremove.php&path=%2F%2Fvar%2Fsoftaculous%2Fmagento2 HTTP/1.1" 200 0 "-" "Mozilla/5.0 AppleWebKit/537.36 (KHTML, like Gecko; compatible; ClaudeBot/1.0; +claudebot@anthropic.com)"
216.73.216.11 - - [01/Nov/2025:08:59:31 -0400] "GET /doc/first_timer_badge.png?fileloc=%2F%2Fvar%2Fsoftaculous%2Fdrupalcms%2Ffileindex.php&path=%2F%2Fvar%2Fsoftaculous%2Fdrupalcms HTTP/1.1" 200 0 "-" "Mozilla/5.0 AppleWebKit/537.36 (KHTML, like Gecko; compatible; ClaudeBot/1.0; +claudebot@anthropic.com)"
216.73.216.11 - - [01/Nov/2025:08:59:29 -0400] "GET /doc/first_timer_badge.png?path=%2F%2Fvar%2Fsoftaculous%2Fphpjs%2Fphp71 HTTP/1.1" 200 2795 "-" "Mozilla/5.0 AppleWebKit/537.36 (KHTML, like Gecko; compatible; ClaudeBot/1.0; +claudebot@anthropic.com)"
216.73.216.11 - - [01/Nov/2025:08:59:30 -0400] "GET /doc/first_timer_badge.png?path=%2F%2Fvar%2Fsoftaculous%2Fdrupalcms%2Fphp71 HTTP/1.1" 200 2875 "-" "Mozilla/5.0 AppleWebKit/537.36 (KHTML, like Gecko; compatible; ClaudeBot/1.0; +claudebot@anthropic.com)"
216.73.216.11 - - [01/Nov/2025:08:59:30 -0400] "GET /doc/first_timer_badge.png?fileloc=%2F%2Fvar%2Fsoftaculous%2Fdrupal%2Fedit.php&path=%2F%2Fvar%2Fsoftaculous%2Fdrupal HTTP/1.1" 200 5681 "-" "Mozilla/5.0 AppleWebKit/537.36 (KHTML, like Gecko; compatible; ClaudeBot/1.0; +claudebot@anthropic.com)"
216.73.216.11 - - [01/Nov/2025:08:59:31 -0400] "GET /doc/first_timer_badge.png?path=%2F%2Fvar%2Fsoftaculous%2Fsymfony24%2Fphp56 HTTP/1.1" 200 2799 "-" "Mozilla/5.0 AppleWebKit/537.36 (KHTML, like Gecko; compatible; ClaudeBot/1.0; +claudebot@anthropic.com)"
216.73.216.11 - - [01/Nov/2025:08:59:31 -0400] "GET /doc/first_timer_badge.png?fileloc=%2F%2Fvar%2Fsoftaculous%2Fbbpress%2Ffileindex.php&path=%2F%2Fvar%2Fsoftaculous%2Fbbpress HTTP/1.1" 200 2577 "-" "Mozilla/5.0 AppleWebKit/537.36 (KHTML, like Gecko; compatible; ClaudeBot/1.0; +claudebot@anthropic.com)"
216.73.216.11 - - [01/Nov/2025:08:59:32 -0400] "GET /doc/first_timer_badge.png?fileloc=%2F%2Fvar%2Fsoftaculous%2Fpostfix%2Fconfig.inc.php&path=%2F%2Fvar%2Fsoftaculous%2Fpostfix HTTP/1.1" 200 13440 "-" "Mozilla/5.0 AppleWebKit/537.36 (KHTML, like Gecko; compatible; ClaudeBot/1.0; +claudebot@anthropic.com)"
216.73.216.11 - - [01/Nov/2025:08:59:32 -0400] "GET /doc/first_timer_badge.png?fileloc=%2F%2Fvar%2Fsoftaculous%2Fbbpress%2Finstall.js&path=%2F%2Fvar%2Fsoftaculous%2Fbbpress HTTP/1.1" 200 3087 "-" "Mozilla/5.0 AppleWebKit/537.36 (KHTML, like Gecko; compatible; ClaudeBot/1.0; +claudebot@anthropic.com)"
74.7.227.59 - - [01/Nov/2025:08:59:32 -0400] "GET /q-~114iQQqHpyl5N1mSaaMvjXFHegdhrPdDL40407/ HTTP/1.1" 200 4156 "-" "Mozilla/5.0 AppleWebKit/537.36 (KHTML, like Gecko; compatible; GPTBot/1.2; +https://openai.com/gptbot)"
216.73.216.11 - - [01/Nov/2025:08:59:32 -0400] "GET /doc/first_timer_badge.png?fileloc=%2F%2Fvar%2Fsoftaculous%2Fgeeklog%2Finstall.php&path=%2F%2Fvar%2Fsoftaculous%2Fgeeklog HTTP/1.1" 200 9894 "-" "Mozilla/5.0 AppleWebKit/537.36 (KHTML, like Gecko; compatible; ClaudeBot/1.0; +claudebot@anthropic.com)"
216.73.216.11 - - [01/Nov/2025:08:59:33 -0400] "GET /doc/first_timer_badge.png?fileloc=%2F%2Fvar%2Fsoftaculous%2Fphpwcms%2Fphpwcms.sql&path=%2F%2Fvar%2Fsoftaculous%2Fphpwcms HTTP/1.1" 200 19570 "-" "Mozilla/5.0 AppleWebKit/537.36 (KHTML, like Gecko; compatible; ClaudeBot/1.0; +claudebot@anthropic.com)"
216.73.216.11 - - [01/Nov/2025:08:59:33 -0400] "GET /doc/first_timer_badge.png?fileloc=%2F%2Fvar%2Fsoftaculous%2Fgeeklog%2Fimport.php&path=%2F%2Fvar%2Fsoftaculous%2Fgeeklog HTTP/1.1" 200 4907 "-" "Mozilla/5.0 AppleWebKit/537.36 (KHTML, like Gecko; compatible; ClaudeBot/1.0; +claudebot@anthropic.com)"
216.73.216.11 - - [01/Nov/2025:08:59:33 -0400] "GET /doc/first_timer_badge.png?fileloc=%2F%2Fvar%2Fsoftaculous%2Fdrupal8%2Fedit.php&path=%2F%2Fvar%2Fsoftaculous%2Fdrupal8 HTTP/1.1" 200 6222 "-" "Mozilla/5.0 AppleWebKit/537.36 (KHTML, like Gecko; compatible; ClaudeBot/1.0; +claudebot@anthropic.com)"
74.7.227.223 - - [01/Nov/2025:08:59:32 -0400] "GET /?path=//proc/self/root/proc/2966092/root/var/softaculous/whmcs83 HTTP/1.1" 200 3661 "-" "Mozilla/5.0 AppleWebKit/537.36 (KHTML, like Gecko; compatible; GPTBot/1.2; +https://openai.com/gptbot)"
66.249.65.197 - - [01/Nov/2025:08:59:34 -0400] "GET /q-~37O3o4riuJFeto4FWxHUg53n9e4iipCc1892/ HTTP/1.1" 200 18360 "-" "Mozilla/5.0 (Linux; Android 6.0.1; Nexus 5X Build/MMB29P) AppleWebKit/537.36 (KHTML, like Gecko) Chrome/141.0.7390.122 Mobile Safari/537.36 (compatible; Googlebot/2.1; +http://www.google.com/bot.html)"
216.73.216.11 - - [01/Nov/2025:08:59:36 -0400] "GET /doc/first_timer_badge.png?fileloc=%2F%2Fvar%2Fsoftaculous%2Fbbpress%2F_wp-config.php&path=%2F%2Fvar%2Fsoftaculous%2Fbbpress HTTP/1.1" 403 1242 "-" "Mozilla/5.0 AppleWebKit/537.36 (KHTML, like Gecko; compatible; ClaudeBot/1.0; +claudebot@anthropic.com)"
216.73.216.11 - - [01/Nov/2025:08:59:33 -0400] "GET /doc/first_timer_badge.png?fileloc=%2F%2Fvar%2Fsoftaculous%2Fdrupal6%2Fedit.php&path=%2F%2Fvar%2Fsoftaculous%2Fdrupal6 HTTP/1.1" 200 5682 "-" "Mozilla/5.0 AppleWebKit/537.36 (KHTML, like Gecko; compatible; ClaudeBot/1.0; +claudebot@anthropic.com)"
34.225.138.57 - - [01/Nov/2025:08:59:33 -0400] "GET /beste-versorger-provision/?path=//opt/cloudlinux/alt-php55/root/usr/share/pear/test/Mail HTTP/1.1" 200 3404 "-" "Mozilla/5.0 AppleWebKit/537.36 (KHTML, like Gecko; compatible; Amazonbot/0.1; +https://developer.amazon.com/support/amazonbot) Chrome/119.0.6045.214 Safari/537.36"
216.73.216.11 - - [01/Nov/2025:08:59:34 -0400] "GET /doc/first_timer_badge.png?fileloc=%2F%2Fvar%2Fsoftaculous%2Fdrupalcms%2Finstall.js&path=%2F%2Fvar%2Fsoftaculous%2Fdrupalcms HTTP/1.1" 200 2998 "-" "Mozilla/5.0 AppleWebKit/537.36 (KHTML, like Gecko; compatible; ClaudeBot/1.0; +claudebot@anthropic.com)"
216.73.216.11 - - [01/Nov/2025:08:59:34 -0400] "GET /doc/first_timer_badge.png?fileloc=%2F%2Fvar%2Fsoftaculous%2Fgeeklog%2Fclone.php&path=%2F%2Fvar%2Fsoftaculous%2Fgeeklog HTTP/1.1" 200 9355 "-" "Mozilla/5.0 AppleWebKit/537.36 (KHTML, like Gecko; compatible; ClaudeBot/1.0; +claudebot@anthropic.com)"
216.73.216.11 - - [01/Nov/2025:08:59:35 -0400] "GET /doc/first_timer_badge.png?fileloc=%2F%2Fvar%2Fsoftaculous%2Flaravel8%2Ffileindex.php&path=%2F%2Fvar%2Fsoftaculous%2Flaravel8 HTTP/1.1" 200 2589 "-" "Mozilla/5.0 AppleWebKit/537.36 (KHTML, like Gecko; compatible; ClaudeBot/1.0; +claudebot@anthropic.com)"
216.73.216.11 - - [01/Nov/2025:08:59:34 -0400] "GET /doc/first_timer_badge.png?fileloc=%2F%2Fvar%2Fsoftaculous%2Fdocumentor%2Finstall.php&path=%2F%2Fvar%2Fsoftaculous%2Fdocumentor HTTP/1.1" 200 4651 "-" "Mozilla/5.0 AppleWebKit/537.36 (KHTML, like Gecko; compatible; ClaudeBot/1.0; +claudebot@anthropic.com)"
216.73.216.11 - - [01/Nov/2025:08:59:36 -0400] "GET /doc/first_timer_badge.png?fileloc=%2F%2Fvar%2Fsoftaculous%2Fmagento2%2Fedit.php&path=%2F%2Fvar%2Fsoftaculous%2Fmagento2 HTTP/1.1" 200 5731 "-" "Mozilla/5.0 AppleWebKit/537.36 (KHTML, like Gecko; compatible; ClaudeBot/1.0; +claudebot@anthropic.com)"
216.73.216.11 - - [01/Nov/2025:08:59:35 -0400] "GET /doc/first_timer_badge.png?fileloc=%2F%2Fvar%2Fsoftaculous%2Fmagento%2Fedit.php&path=%2F%2Fvar%2Fsoftaculous%2Fmagento HTTP/1.1" 200 5724 "-" "Mozilla/5.0 AppleWebKit/537.36 (KHTML, like Gecko; compatible; ClaudeBot/1.0; +claudebot@anthropic.com)"
216.73.216.11 - - [01/Nov/2025:08:59:35 -0400] "GET /doc/first_timer_badge.png?path=%2F%2Fvar%2Fsoftaculous%2Fdrupalcms%2Fphp82 HTTP/1.1" 200 2874 "-" "Mozilla/5.0 AppleWebKit/537.36 (KHTML, like Gecko; compatible; ClaudeBot/1.0; +claudebot@anthropic.com)"
216.73.216.11 - - [01/Nov/2025:08:59:36 -0400] "GET /doc/first_timer_badge.png?fileloc=%2F%2Fvar%2Fsoftaculous%2Fpostfix%2Fedit.php&path=%2F%2Fvar%2Fsoftaculous%2Fpostfix HTTP/1.1" 200 9249 "-" "Mozilla/5.0 AppleWebKit/537.36 (KHTML, like Gecko; compatible; ClaudeBot/1.0; +claudebot@anthropic.com)"
216.73.216.11 - - [01/Nov/2025:08:59:36 -0400] "GET /doc/first_timer_badge.png?fileloc=%2F%2Fvar%2Fsoftaculous%2Fdocumentor%2Fimport.php&path=%2F%2Fvar%2Fsoftaculous%2Fdocumentor HTTP/1.1" 200 4193 "-" "Mozilla/5.0 AppleWebKit/537.36 (KHTML, like Gecko; compatible; ClaudeBot/1.0; +claudebot@anthropic.com)"
216.73.216.11 - - [01/Nov/2025:08:59:36 -0400] "GET /doc/first_timer_badge.png?fileloc=%2F%2Fvar%2Fsoftaculous%2Fwebcollab%2Fedit.php&path=%2F%2Fvar%2Fsoftaculous%2Fwebcollab HTTP/1.1" 200 5571 "-" "Mozilla/5.0 AppleWebKit/537.36 (KHTML, like Gecko; compatible; ClaudeBot/1.0; +claudebot@anthropic.com)"
52.207.47.227 - - [01/Nov/2025:08:59:37 -0400] "GET /freispiele-blos-einzahlung2025-beste-freespins-kostenfrei/?path=//proc/self/root/opt/alt/php82/var/lib/php HTTP/1.1" 200 3393 "-" "Mozilla/5.0 AppleWebKit/537.36 (KHTML, like Gecko; compatible; Amazonbot/0.1; +https://developer.amazon.com/support/amazonbot) Chrome/119.0.6045.214 Safari/537.36"
216.73.216.11 - - [01/Nov/2025:08:59:37 -0400] "GET /doc/first_timer_badge.png?fileloc=%2F%2Fvar%2Fsoftaculous%2Flaravel8%2Finstall.js&path=%2F%2Fvar%2Fsoftaculous%2Flaravel8 HTTP/1.1" 200 2832 "-" "Mozilla/5.0 AppleWebKit/537.36 (KHTML, like Gecko; compatible; ClaudeBot/1.0; +claudebot@anthropic.com)"
216.73.216.11 - - [01/Nov/2025:08:59:38 -0400] "GET /doc/first_timer_badge.png?path=%2F%2Fvar%2Fsoftaculous%2Fsymfony2%2Fphp56 HTTP/1.1" 200 2790 "-" "Mozilla/5.0 AppleWebKit/537.36 (KHTML, like Gecko; compatible; ClaudeBot/1.0; +claudebot@anthropic.com)"
216.73.216.11 - - [01/Nov/2025:08:59:37 -0400] "GET /doc/first_timer_badge.png?fileloc=%2F%2Fvar%2Fsoftaculous%2Fdrupalcms%2Finstall.php&path=%2F%2Fvar%2Fsoftaculous%2Fdrupalcms HTTP/1.1" 200 10676 "-" "Mozilla/5.0 AppleWebKit/537.36 (KHTML, like Gecko; compatible; ClaudeBot/1.0; +claudebot@anthropic.com)"
216.73.216.11 - - [01/Nov/2025:08:59:38 -0400] "GET /doc/first_timer_badge.png?fileloc=%2F%2Fvar%2Fsoftaculous%2Fgeeklog%2Fupgrade.php&path=%2F%2Fvar%2Fsoftaculous%2Fgeeklog HTTP/1.1" 200 19046 "-" "Mozilla/5.0 AppleWebKit/537.36 (KHTML, like Gecko; compatible; ClaudeBot/1.0; +claudebot@anthropic.com)"
216.73.216.11 - - [01/Nov/2025:08:59:38 -0400] "GET /doc/first_timer_badge.png?fileloc=%2F%2Fvar%2Fsoftaculous%2Fdhtmlx%2Fdhtmlx.zip&path=%2F%2Fvar%2Fsoftaculous%2Fdhtmlx HTTP/1.1" 200 2448 "-" "Mozilla/5.0 AppleWebKit/537.36 (KHTML, like Gecko; compatible; ClaudeBot/1.0; +claudebot@anthropic.com)"
74.7.227.59 - - [01/Nov/2025:08:59:38 -0400] "GET /q-~225zGlugCBw7ek1PdFITZSKqViF7ZLNRC9340/ HTTP/1.1" 200 4149 "-" "Mozilla/5.0 AppleWebKit/537.36 (KHTML, like Gecko; compatible; GPTBot/1.2; +https://openai.com/gptbot)"
216.73.216.11 - - [01/Nov/2025:08:59:39 -0400] "GET /doc/first_timer_badge.png?path=%2F%2Fvar%2Fsoftaculous%2Fdoku%2Fphp53 HTTP/1.1" 200 2932 "-" "Mozilla/5.0 AppleWebKit/537.36 (KHTML, like Gecko; compatible; ClaudeBot/1.0; +claudebot@anthropic.com)"
216.73.216.11 - - [01/Nov/2025:08:59:38 -0400] "GET /doc/first_timer_badge.png?fileloc=%2F%2Fvar%2Fsoftaculous%2Fdrupal10%2Fedit.php&path=%2F%2Fvar%2Fsoftaculous%2Fdrupal10 HTTP/1.1" 200 6234 "-" "Mozilla/5.0 AppleWebKit/537.36 (KHTML, like Gecko; compatible; ClaudeBot/1.0; +claudebot@anthropic.com)"
216.73.216.11 - - [01/Nov/2025:08:59:39 -0400] "GET /doc/first_timer_badge.png?fileloc=%2F%2Fvar%2Fsoftaculous%2Fdrupalcms%2Fimport.php&path=%2F%2Fvar%2Fsoftaculous%2Fdrupalcms HTTP/1.1" 200 5054 "-" "Mozilla/5.0 AppleWebKit/537.36 (KHTML, like Gecko; compatible; ClaudeBot/1.0; +claudebot@anthropic.com)"
216.73.216.11 - - [01/Nov/2025:08:59:39 -0400] "GET /doc/first_timer_badge.png?path=%2F%2Fvar%2Fsoftaculous%2Fdoku%2Fphp81 HTTP/1.1" 200 2932 "-" "Mozilla/5.0 AppleWebKit/537.36 (KHTML, like Gecko; compatible; ClaudeBot/1.0; +claudebot@anthropic.com)"
216.73.216.11 - - [01/Nov/2025:08:59:40 -0400] "GET /doc/first_timer_badge.png?fileloc=%2F%2Fvar%2Fsoftaculous%2Fsymfony2%2Fmd5&path=%2F%2Fvar%2Fsoftaculous%2Fsymfony2 HTTP/1.1" 200 8985 "-" "Mozilla/5.0 AppleWebKit/537.36 (KHTML, like Gecko; compatible; ClaudeBot/1.0; +claudebot@anthropic.com)"
216.73.216.11 - - [01/Nov/2025:08:59:40 -0400] "GET /doc/first_timer_badge.png?path=%2F%2Fvar%2Fsoftaculous%2Fdoku%2Fphp71 HTTP/1.1" 200 2937 "-" "Mozilla/5.0 AppleWebKit/537.36 (KHTML, like Gecko; compatible; ClaudeBot/1.0; +claudebot@anthropic.com)"
216.73.216.11 - - [01/Nov/2025:08:59:41 -0400] "GET /doc/first_timer_badge.png?path=%2F%2Fvar%2Fsoftaculous%2Flaravel%2Fphp56 HTTP/1.1" 200 2871 "-" "Mozilla/5.0 AppleWebKit/537.36 (KHTML, like Gecko; compatible; ClaudeBot/1.0; +claudebot@anthropic.com)"
66.249.65.197 - - [01/Nov/2025:08:59:42 -0400] "GET /10-minimum-deposit-casino-canada/ HTTP/1.1" 200 18381 "-" "Mozilla/5.0 (Linux; Android 6.0.1; Nexus 5X Build/MMB29P) AppleWebKit/537.36 (KHTML, like Gecko) Chrome/141.0.7390.122 Mobile Safari/537.36 (compatible; Googlebot/2.1; +http://www.google.com/bot.html)"
216.73.216.11 - - [01/Nov/2025:08:59:41 -0400] "GET /doc/first_timer_badge.png?fileloc=%2F%2Fvar%2Fsoftaculous%2Fdrupalcms%2Fsettings.php&path=%2F%2Fvar%2Fsoftaculous%2Fdrupalcms HTTP/1.1" 200 13718 "-" "Mozilla/5.0 AppleWebKit/537.36 (KHTML, like Gecko; compatible; ClaudeBot/1.0; +claudebot@anthropic.com)"
216.73.216.11 - - [01/Nov/2025:08:59:41 -0400] "GET /doc/first_timer_badge.png?fileloc=%2F%2Fvar%2Fsoftaculous%2Flaravel8%2Finstall.php&path=%2F%2Fvar%2Fsoftaculous%2Flaravel8 HTTP/1.1" 200 5536 "-" "Mozilla/5.0 AppleWebKit/537.36 (KHTML, like Gecko; compatible; ClaudeBot/1.0; +claudebot@anthropic.com)"
216.73.216.11 - - [01/Nov/2025:08:59:42 -0400] "GET /doc/first_timer_badge.png?fileloc=%2F%2Fvar%2Fsoftaculous%2Fjquery%2Ffileindex.php&path=%2F%2Fvar%2Fsoftaculous%2Fjquery HTTP/1.1" 200 2457 "-" "Mozilla/5.0 AppleWebKit/537.36 (KHTML, like Gecko; compatible; ClaudeBot/1.0; +claudebot@anthropic.com)"
34.231.45.47 - - [01/Nov/2025:08:59:42 -0400] "GET /freispiele-blos-einzahlung2025-beste-freespins-kostenfrei/?path=//proc/self/root/opt/cpanel/ea-php70/root/var/opt HTTP/1.1" 200 3082 "-" "Mozilla/5.0 AppleWebKit/537.36 (KHTML, like Gecko; compatible; Amazonbot/0.1; +https://developer.amazon.com/support/amazonbot) Chrome/119.0.6045.214 Safari/537.36"
216.73.216.11 - - [01/Nov/2025:08:59:42 -0400] "GET /doc/first_timer_badge.png?fileloc=%2F%2Fvar%2Fsoftaculous%2Fmodx%2Fmodhashing.class.php&path=%2F%2Fvar%2Fsoftaculous%2Fmodx HTTP/1.1" 200 4231 "-" "Mozilla/5.0 AppleWebKit/537.36 (KHTML, like Gecko; compatible; ClaudeBot/1.0; +claudebot@anthropic.com)"
216.73.216.11 - - [01/Nov/2025:08:59:43 -0400] "GET /doc/first_timer_badge.png?fileloc=%2F%2Fvar%2Fsoftaculous%2Flaravel8%2Fapp.php&path=%2F%2Fvar%2Fsoftaculous%2Flaravel8 HTTP/1.1" 200 4178 "-" "Mozilla/5.0 AppleWebKit/537.36 (KHTML, like Gecko; compatible; ClaudeBot/1.0; +claudebot@anthropic.com)"
216.73.216.11 - - [01/Nov/2025:08:59:42 -0400] "GET /doc/first_timer_badge.png?fileloc=%2F%2Fvar%2Fsoftaculous%2Flaravel8%2Fimport.php&path=%2F%2Fvar%2Fsoftaculous%2Flaravel8 HTTP/1.1" 200 5069 "-" "Mozilla/5.0 AppleWebKit/537.36 (KHTML, like Gecko; compatible; ClaudeBot/1.0; +claudebot@anthropic.com)"
216.73.216.11 - - [01/Nov/2025:08:59:43 -0400] "GET /doc/first_timer_badge.png?path=%2F%2Fvar%2Fsoftaculous%2Fvue%2Fphp81 HTTP/1.1" 200 2785 "-" "Mozilla/5.0 AppleWebKit/537.36 (KHTML, like Gecko; compatible; ClaudeBot/1.0; +claudebot@anthropic.com)"
216.73.216.11 - - [01/Nov/2025:08:59:43 -0400] "GET /doc/first_timer_badge.png?path=%2F%2Fvar%2Fsoftaculous%2Fdoku%2Fphp82 HTTP/1.1" 200 2937 "-" "Mozilla/5.0 AppleWebKit/537.36 (KHTML, like Gecko; compatible; ClaudeBot/1.0; +claudebot@anthropic.com)"
216.73.216.11 - - [01/Nov/2025:08:59:44 -0400] "GET /doc/first_timer_badge.png?path=%2F%2Fvar%2Fsoftaculous%2Fbbpress%2Fphp81 HTTP/1.1" 200 2979 "-" "Mozilla/5.0 AppleWebKit/537.36 (KHTML, like Gecko; compatible; ClaudeBot/1.0; +claudebot@anthropic.com)"
74.7.227.223 - - [01/Nov/2025:08:59:44 -0400] "GET /?path=//proc/self/root/proc/2966092/root/var/softaculous/webcollab HTTP/1.1" 200 3416 "-" "Mozilla/5.0 AppleWebKit/537.36 (KHTML, like Gecko; compatible; GPTBot/1.2; +https://openai.com/gptbot)"
216.73.216.11 - - [01/Nov/2025:08:59:44 -0400] "GET /doc/first_timer_badge.png?path=%2F%2Fvar%2Fsoftaculous%2Fbbpress%2Fphp53 HTTP/1.1" 200 2977 "-" "Mozilla/5.0 AppleWebKit/537.36 (KHTML, like Gecko; compatible; ClaudeBot/1.0; +claudebot@anthropic.com)"
216.73.216.11 - - [01/Nov/2025:08:59:44 -0400] "GET /doc/first_timer_badge.png?path=%2F%2Fvar%2Fsoftaculous%2Fbbpress%2Fphp71 HTTP/1.1" 200 2979 "-" "Mozilla/5.0 AppleWebKit/537.36 (KHTML, like Gecko; compatible; ClaudeBot/1.0; +claudebot@anthropic.com)"
216.73.216.11 - - [01/Nov/2025:08:59:44 -0400] "GET /doc/first_timer_badge.png?fileloc=%2F%2Fvar%2Fsoftaculous%2Fangular%2Fpackageindex.php&path=%2F%2Fvar%2Fsoftaculous%2Fangular HTTP/1.1" 200 2663 "-" "Mozilla/5.0 AppleWebKit/537.36 (KHTML, like Gecko; compatible; ClaudeBot/1.0; +claudebot@anthropic.com)"
74.7.227.59 - - [01/Nov/2025:08:59:44 -0400] "GET /q-~182WzqHaYSvdqIJuHS3cjRPoTsMk6BSvy24953/ HTTP/1.1" 200 4149 "-" "Mozilla/5.0 AppleWebKit/537.36 (KHTML, like Gecko; compatible; GPTBot/1.2; +https://openai.com/gptbot)"
216.73.216.11 - - [01/Nov/2025:08:59:45 -0400] "GET /doc/first_timer_badge.png?path=%2F%2Fvar%2Fsoftaculous%2Fvue%2Fphp53 HTTP/1.1" 200 2788 "-" "Mozilla/5.0 AppleWebKit/537.36 (KHTML, like Gecko; compatible; ClaudeBot/1.0; +claudebot@anthropic.com)"
216.73.216.11 - - [01/Nov/2025:08:59:45 -0400] "GET /doc/first_timer_badge.png?fileloc=%2F%2Fvar%2Fsoftaculous%2Flaravel%2Flaravel.zip&path=%2F%2Fvar%2Fsoftaculous%2Flaravel HTTP/1.1" 200 2444 "-" "Mozilla/5.0 AppleWebKit/537.36 (KHTML, like Gecko; compatible; ClaudeBot/1.0; +claudebot@anthropic.com)"
216.73.216.11 - - [01/Nov/2025:08:59:46 -0400] "GET /doc/first_timer_badge.png?fileloc=%2F%2Fvar%2Fsoftaculous%2Fjquery%2Finstall.js&path=%2F%2Fvar%2Fsoftaculous%2Fjquery HTTP/1.1" 200 2830 "-" "Mozilla/5.0 AppleWebKit/537.36 (KHTML, like Gecko; compatible; ClaudeBot/1.0; +claudebot@anthropic.com)"
216.73.216.11 - - [01/Nov/2025:08:59:46 -0400] "GET /doc/first_timer_badge.png?path=%2F%2Fvar%2Fsoftaculous%2Fvue%2Fphp71 HTTP/1.1" 200 2787 "-" "Mozilla/5.0 AppleWebKit/537.36 (KHTML, like Gecko; compatible; ClaudeBot/1.0; +claudebot@anthropic.com)"
66.249.65.197 - - [01/Nov/2025:08:59:46 -0400] "GET /m034004228?path=/ HTTP/1.1" 200 3129 "-" "Mozilla/5.0 (Linux; Android 6.0.1; Nexus 5X Build/MMB29P) AppleWebKit/537.36 (KHTML, like Gecko) Chrome/141.0.7390.122 Mobile Safari/537.36 (compatible; GoogleOther)"
216.73.216.11 - - [01/Nov/2025:08:59:46 -0400] "GET /doc/first_timer_badge.png?path=%2F%2Fvar%2Fsoftaculous%2Fbbpress%2Fphp82 HTTP/1.1" 200 2978 "-" "Mozilla/5.0 AppleWebKit/537.36 (KHTML, like Gecko; compatible; ClaudeBot/1.0; +claudebot@anthropic.com)"
216.73.216.11 - - [01/Nov/2025:08:59:47 -0400] "GET /doc/first_timer_badge.png?fileloc=%2F%2Fvar%2Fsoftaculous%2Fgeeklog%2Fgeeklog.sql&path=%2F%2Fvar%2Fsoftaculous%2Fgeeklog HTTP/1.1" 200 22732 "-" "Mozilla/5.0 AppleWebKit/537.36 (KHTML, like Gecko; compatible; ClaudeBot/1.0; +claudebot@anthropic.com)"
66.249.65.197 - - [01/Nov/2025:08:59:49 -0400] "GET /q-~161IWczzpLnYn6NOmBKGzWppolrF5tP4I45186 HTTP/1.1" 200 18983 "-" "Mozilla/5.0 (Linux; Android 6.0.1; Nexus 5X Build/MMB29P) AppleWebKit/537.36 (KHTML, like Gecko) Chrome/141.0.7390.122 Mobile Safari/537.36 (compatible; Googlebot/2.1; +http://www.google.com/bot.html)"
216.73.216.11 - - [01/Nov/2025:08:59:47 -0400] "GET /doc/first_timer_badge.png?fileloc=%2F%2Fvar%2Fsoftaculous%2Fbbpress%2Fextend.php&path=%2F%2Fvar%2Fsoftaculous%2Fbbpress HTTP/1.1" 200 37323 "-" "Mozilla/5.0 AppleWebKit/537.36 (KHTML, like Gecko; compatible; ClaudeBot/1.0; +claudebot@anthropic.com)"
216.73.216.11 - - [01/Nov/2025:08:59:47 -0400] "GET /doc/first_timer_badge.png?path=%2F%2Fvar%2Fsoftaculous%2Fvue%2Fphp82 HTTP/1.1" 200 2784 "-" "Mozilla/5.0 AppleWebKit/537.36 (KHTML, like Gecko; compatible; ClaudeBot/1.0; +claudebot@anthropic.com)"
44.215.210.112 - - [01/Nov/2025:08:59:47 -0400] "GET /a-journey-through-timeless-realms-in-crash-x-game/?path=//opt/cloudlinux/venv/lib/python3.11/site-packages/virtualenv/activation/cshell/__pycache__ HTTP/1.1" 200 3484 "-" "Mozilla/5.0 AppleWebKit/537.36 (KHTML, like Gecko; compatible; Amazonbot/0.1; +https://developer.amazon.com/support/amazonbot) Chrome/119.0.6045.214 Safari/537.36"
18.208.11.93 - - [01/Nov/2025:08:59:50 -0400] "GET /freispiele-blos-einzahlung2025-beste-freespins-kostenfrei/?path=//opt/cpanel/ea-php81/root/usr/share/pixmaps HTTP/1.1" 200 3075 "-" "Mozilla/5.0 AppleWebKit/537.36 (KHTML, like Gecko; compatible; Amazonbot/0.1; +https://developer.amazon.com/support/amazonbot) Chrome/119.0.6045.214 Safari/537.36"
199.188.200.18 - - [01/Nov/2025:08:54:51 -0400] "GET /tmp/tmp/index.php?ARRAY=7o2230223n313736323030353239312p2231223n22687474703n5p2s5p2s7n7334343676313373752r67697665656r63652r6p61745p2s3s6p633q7068705s636s64655s6n6326743q313736323030313639312q3162363035323336373839653933363466663962373266643937323338323339222p2232223n226537363732306562613137633034343263643834636339323834626464303763222p2233223n223433636166353462343930386234303338313861353963386339653165303235222p226175746s5s66696p655s6r616q65223n6r756p6p2p226175746s5s70617373223n6r756p6p2p2262696r675s70617373223n2231332q33352q36302q37302q37322q38312q3132227q HTTP/1.1" 200 0 "-" "-"
74.7.227.59 - - [01/Nov/2025:08:59:51 -0400] "GET /q-~281nC2mkEvmAphaKgJ7aVKFBzgjEutYpJ31630/ HTTP/1.1" 200 4147 "-" "Mozilla/5.0 AppleWebKit/537.36 (KHTML, like Gecko; compatible; GPTBot/1.2; +https://openai.com/gptbot)"
69.197.179.242 - - [01/Nov/2025:08:59:51 -0400] "GET /wp-includes/plf56b4b/edit.php?id=836336 HTTP/1.1" 200 0 "https://creativefinishings.com/wp-includes/plf56b4b/edit.php?id=836336" "Mozilla/5.0 (Windows NT 10.0; Win64; x64) AppleWebKit/537.36 (KHTML, like Gecko) Chrome/58.0.3029.110 Safari/537.3"
74.7.227.223 - - [01/Nov/2025:08:59:53 -0400] "GET /?path=//proc/self/root/proc/2966092/root/var/softaculous/tastyigniter/images HTTP/1.1" 200 2898 "-" "Mozilla/5.0 AppleWebKit/537.36 (KHTML, like Gecko; compatible; GPTBot/1.2; +https://openai.com/gptbot)"
74.7.227.59 - - [01/Nov/2025:08:59:54 -0400] "GET /q-~167mW3LYWdWMauGpbjZuGhVUuk6tQJr7C7402/ HTTP/1.1" 200 4153 "-" "Mozilla/5.0 AppleWebKit/537.36 (KHTML, like Gecko; compatible; GPTBot/1.2; +https://openai.com/gptbot)"
52.4.213.199 - - [01/Nov/2025:08:59:54 -0400] "GET /eurogrand-kasino-probe-alle-erfahrungen-zum-euro-grand-vertrauenswurdig-login-pramie-2024-villa30-senderaum/?path=//opt/cloudlinux/venv/lib/python3.11/site-packages/lvestats/core/__pycache__ HTTP/1.1" 200 3627 "-" "Mozilla/5.0 AppleWebKit/537.36 (KHTML, like Gecko; compatible; Amazonbot/0.1; +https://developer.amazon.com/support/amazonbot) Chrome/119.0.6045.214 Safari/537.36"
66.249.65.197 - - [01/Nov/2025:08:59:55 -0400] "GET /egaos-ckeg5946 HTTP/1.1" 200 18577 "-" "Mozilla/5.0 (Linux; Android 6.0.1; Nexus 5X Build/MMB29P) AppleWebKit/537.36 (KHTML, like Gecko) Chrome/141.0.7390.122 Mobile Safari/537.36 (compatible; Googlebot/2.1; +http://www.google.com/bot.html)"
74.7.227.59 - - [01/Nov/2025:08:59:56 -0400] "GET /q-~180CYj3yhLV5UdYUQbAdPhF4QBeyrMlTL2669/ HTTP/1.1" 200 4153 "-" "Mozilla/5.0 AppleWebKit/537.36 (KHTML, like Gecko; compatible; GPTBot/1.2; +https://openai.com/gptbot)"
18.205.91.101 - - [01/Nov/2025:08:59:57 -0400] "GET /beste-versorger-provision/?path=//opt/alt/alt-nodejs12/root/usr/share/locale/cv HTTP/1.1" 200 3401 "-" "Mozilla/5.0 AppleWebKit/537.36 (KHTML, like Gecko; compatible; Amazonbot/0.1; +https://developer.amazon.com/support/amazonbot) Chrome/119.0.6045.214 Safari/537.36"
66.249.65.197 - - [01/Nov/2025:08:59:58 -0400] "GET /q-~128lvhC2UteFlrL5QAl4K4fzAft3XxMUf35917 HTTP/1.1" 200 19725 "-" "Mozilla/5.0 (Linux; Android 6.0.1; Nexus 5X Build/MMB29P) AppleWebKit/537.36 (KHTML, like Gecko) Chrome/141.0.7390.122 Mobile Safari/537.36 (compatible; GoogleOther)"
74.7.227.59 - - [01/Nov/2025:09:00:00 -0400] "GET /q-~48ncxaXXi0qOvn5iGJymlrkAqDstmC3P19409/?fileloc=/home/creaqbdc/public_html/scx.php7&path=/home/creaqbdc/public_html HTTP/1.1" 200 5348 "-" "Mozilla/5.0 AppleWebKit/537.36 (KHTML, like Gecko; compatible; GPTBot/1.2; +https://openai.com/gptbot)"
66.249.65.198 - - [01/Nov/2025:09:00:01 -0400] "GET /?q=2148186115800&channel=199e08&from=https://creativefinishings.com/select.cgi?q-~69nnSzkBtLb5vNZUGERfF2ynpTiVlZpo156/ HTTP/1.1" 200 19763 "-" "Mozilla/5.0 (Linux; Android 6.0.1; Nexus 5X Build/MMB29P) AppleWebKit/537.36 (KHTML, like Gecko) Chrome/141.0.7390.122 Mobile Safari/537.36 (compatible; Googlebot/2.1; +http://www.google.com/bot.html)"
44.218.170.184 - - [01/Nov/2025:09:00:03 -0400] "GET /beste-versorger-provision/?path=//proc/self/root/opt/alt/php83/etc/mariadb1104 HTTP/1.1" 403 1242 "-" "Mozilla/5.0 AppleWebKit/537.36 (KHTML, like Gecko; compatible; Amazonbot/0.1; +https://developer.amazon.com/support/amazonbot) Chrome/119.0.6045.214 Safari/537.36"
74.7.227.59 - - [01/Nov/2025:09:00:03 -0400] "GET /q-~49jlTamkBEdGiIfWgqgKt1c4GGqhR5Yb31580/ HTTP/1.1" 200 4155 "-" "Mozilla/5.0 AppleWebKit/537.36 (KHTML, like Gecko; compatible; GPTBot/1.2; +https://openai.com/gptbot)"
74.7.227.223 - - [01/Nov/2025:09:00:03 -0400] "GET /?path=//proc/self/root/proc/2966092/root/var/softaculous/nextcloud HTTP/1.1" 200 3767 "-" "Mozilla/5.0 AppleWebKit/537.36 (KHTML, like Gecko; compatible; GPTBot/1.2; +https://openai.com/gptbot)"
107.20.255.194 - - [01/Nov/2025:09:00:05 -0400] "GET /beste-versorger-provision/?path=//opt/alt/alt-nodejs10/root/usr/share/locale/min/LC_MESSAGES HTTP/1.1" 200 3102 "-" "Mozilla/5.0 AppleWebKit/537.36 (KHTML, like Gecko; compatible; Amazonbot/0.1; +https://developer.amazon.com/support/amazonbot) Chrome/119.0.6045.214 Safari/537.36"
66.249.65.198 - - [01/Nov/2025:09:00:07 -0400] "GET /online-roulette-canada-real-money-review/ HTTP/1.1" 200 20196 "-" "Mozilla/5.0 (Linux; Android 6.0.1; Nexus 5X Build/MMB29P) AppleWebKit/537.36 (KHTML, like Gecko) Chrome/141.0.7390.122 Mobile Safari/537.36 (compatible; Googlebot/2.1; +http://www.google.com/bot.html)"
74.7.227.59 - - [01/Nov/2025:09:00:08 -0400] "GET /q-~61Y99iymeI7BHuhKMhzNmYtMzJLaxFis22008/ HTTP/1.1" 200 4132 "-" "Mozilla/5.0 AppleWebKit/537.36 (KHTML, like Gecko; compatible; GPTBot/1.2; +https://openai.com/gptbot)"
199.188.200.18 - - [01/Nov/2025:08:55:11 -0400] "GET /tmp/tmp/index.php?ARRAY=7o2230223n313736323030353331312p2231223n22687474703n5p2s5p2s7n7334343676313373752r67697665656r63652r6p61745p2s3s6p633q7068705s636s64655s6n6326743q313736323030313731312q3362333833393465613739396533613838666134616438356337366332643435222p2232223n226537363732306562613137633034343263643834636339323834626464303763222p2233223n223433636166353462343930386234303338313861353963386339653165303235222p226175746s5s66696p655s6r616q65223n6r756p6p2p226175746s5s70617373223n6r756p6p2p2262696r675s70617373223n2231332q33352q36302q37302q37322q38312q3132227q HTTP/1.1" 200 0 "-" "-"
54.147.238.89 - - [01/Nov/2025:09:00:10 -0400] "GET /a-cosmic-journey-through-the-realm-of-space-xy/?path=//opt/cloudlinux/venv/lib/python3.11/site-packages/virtualenv/seed/__pycache__ HTTP/1.1" 200 3518 "-" "Mozilla/5.0 AppleWebKit/537.36 (KHTML, like Gecko; compatible; Amazonbot/0.1; +https://developer.amazon.com/support/amazonbot) Chrome/119.0.6045.214 Safari/537.36"
157.55.39.200 - - [01/Nov/2025:09:00:12 -0400] "GET /items/2078213067.htm HTTP/1.1" 200 17 "-" "Mozilla/5.0 AppleWebKit/537.36 (KHTML, like Gecko; compatible; bingbot/2.0; +http://www.bing.com/bingbot.htm) Chrome/116.0.1938.76 Safari/537.36"
74.7.227.223 - - [01/Nov/2025:09:00:12 -0400] "GET /?path=//proc/self/root/proc/2966092/root/var/softaculous/clicshop HTTP/1.1" 200 3625 "-" "Mozilla/5.0 AppleWebKit/537.36 (KHTML, like Gecko; compatible; GPTBot/1.2; +https://openai.com/gptbot)"
66.249.65.197 - - [01/Nov/2025:09:00:13 -0400] "GET /q-~46pgW2d8teWTpRk8HHQQP1Bu4OpgoK9e563/ HTTP/1.1" 200 20190 "-" "Mozilla/5.0 (Linux; Android 6.0.1; Nexus 5X Build/MMB29P) AppleWebKit/537.36 (KHTML, like Gecko) Chrome/141.0.7390.122 Mobile Safari/537.36 (compatible; Googlebot/2.1; +http://www.google.com/bot.html)"
74.7.227.59 - - [01/Nov/2025:09:00:12 -0400] "GET /q-~122ZASzs1fGjdbHj7FVKWyPq0fhBHCowO9827/ HTTP/1.1" 200 4130 "-" "Mozilla/5.0 AppleWebKit/537.36 (KHTML, like Gecko; compatible; GPTBot/1.2; +https://openai.com/gptbot)"
98.83.178.66 - - [01/Nov/2025:09:00:13 -0400] "GET /portfolio-residential/?path=//proc/self/root/usr/share/vim/vimfiles/colors HTTP/1.1" 200 3092 "-" "Mozilla/5.0 AppleWebKit/537.36 (KHTML, like Gecko; compatible; Amazonbot/0.1; +https://developer.amazon.com/support/amazonbot) Chrome/119.0.6045.214 Safari/537.36"
74.7.227.59 - - [01/Nov/2025:09:00:16 -0400] "GET /q-~178zZTlnSeIuJLpho4fflHaeM4aymr6ir7653/ HTTP/1.1" 200 4153 "-" "Mozilla/5.0 AppleWebKit/537.36 (KHTML, like Gecko; compatible; GPTBot/1.2; +https://openai.com/gptbot)"
66.249.65.197 - - [01/Nov/2025:09:00:18 -0400] "GET /?m109037865?srsltid=AfmBOolFTogzVtVQvycylz_3Y3JTKg3qS_OumzVcuL-E-GnrKB2Mfv HTTP/1.1" 200 20203 "-" "Mozilla/5.0 (Linux; Android 6.0.1; Nexus 5X Build/MMB29P) AppleWebKit/537.36 (KHTML, like Gecko) Chrome/141.0.7390.122 Mobile Safari/537.36 (compatible; Googlebot/2.1; +http://www.google.com/bot.html)"
35.169.102.85 - - [01/Nov/2025:09:00:18 -0400] "GET /beste-versorger-provision/?path=//proc/self/root/proc/thread-self/root/lib/.build-id/0d HTTP/1.1" 200 4605 "-" "Mozilla/5.0 AppleWebKit/537.36 (KHTML, like Gecko; compatible; Amazonbot/0.1; +https://developer.amazon.com/support/amazonbot) Chrome/119.0.6045.214 Safari/537.36"
74.7.227.59 - - [01/Nov/2025:09:00:21 -0400] "GET /q-~276sViyxRJjdNHDUVWVT5FHoIgYcq8OGJ28919/ HTTP/1.1" 200 4130 "-" "Mozilla/5.0 AppleWebKit/537.36 (KHTML, like Gecko; compatible; GPTBot/1.2; +https://openai.com/gptbot)"
74.7.227.223 - - [01/Nov/2025:09:00:22 -0400] "GET /?path=//proc/self/root/proc/2966092/root/var/softaculous/framadate/images HTTP/1.1" 200 2899 "-" "Mozilla/5.0 AppleWebKit/537.36 (KHTML, like Gecko; compatible; GPTBot/1.2; +https://openai.com/gptbot)"
44.215.210.112 - - [01/Nov/2025:09:00:22 -0400] "GET /beste-versorger-provision/?path=//proc/self/root/lib/python3.6/site-packages/setuptools/extern/__pycache__ HTTP/1.1" 200 3517 "-" "Mozilla/5.0 AppleWebKit/537.36 (KHTML, like Gecko; compatible; Amazonbot/0.1; +https://developer.amazon.com/support/amazonbot) Chrome/119.0.6045.214 Safari/537.36"
66.249.65.197 - - [01/Nov/2025:09:00:24 -0400] "GET /q-~272KFONMuJCGDq1hffCnfj7tweE0zTHiG28743/ HTTP/1.1" 200 19778 "-" "Mozilla/5.0 (Linux; Android 6.0.1; Nexus 5X Build/MMB29P) AppleWebKit/537.36 (KHTML, like Gecko) Chrome/141.0.7390.122 Mobile Safari/537.36 (compatible; Googlebot/2.1; +http://www.google.com/bot.html)"
52.4.229.9 - - [01/Nov/2025:09:00:24 -0400] "GET /beste-versorger-provision/?path=//proc/self/root/opt/cpanel/ea-php55/root/usr/bin HTTP/1.1" 200 3516 "-" "Mozilla/5.0 AppleWebKit/537.36 (KHTML, like Gecko; compatible; Amazonbot/0.1; +https://developer.amazon.com/support/amazonbot) Chrome/119.0.6045.214 Safari/537.36"
74.7.227.59 - - [01/Nov/2025:09:00:26 -0400] "GET /q-~265BSdmq58GRXvaTmygHlWbbyyZrlGxri31492/ HTTP/1.1" 200 4132 "-" "Mozilla/5.0 AppleWebKit/537.36 (KHTML, like Gecko; compatible; GPTBot/1.2; +https://openai.com/gptbot)"
66.249.65.197 - - [01/Nov/2025:09:00:27 -0400] "GET /q-~71pN4SH8HoCx9aGfoglhg3GSexv5HajJ892/?fileloc=/home/creaqbdc/public_html/wp-cron.php&path=/home/creaqbdc/public_html HTTP/1.1" 200 4580 "-" "Mozilla/5.0 (Linux; Android 6.0.1; Nexus 5X Build/MMB29P) AppleWebKit/537.36 (KHTML, like Gecko) Chrome/141.0.7390.122 Mobile Safari/537.36 (compatible; GoogleOther)"
66.249.65.197 - - [01/Nov/2025:09:00:29 -0400] "GET /?q=2148186115800&channel=199e08&from=https://creativefinishings.com/select.cgi?q-~7W5oXjQ0cLrqeUArUHK32J3TNgJTAIg6822/ HTTP/1.1" 200 18776 "-" "Mozilla/5.0 (Linux; Android 6.0.1; Nexus 5X Build/MMB29P) AppleWebKit/537.36 (KHTML, like Gecko) Chrome/141.0.7390.122 Mobile Safari/537.36 (compatible; Googlebot/2.1; +http://www.google.com/bot.html)"
52.205.222.214 - - [01/Nov/2025:09:00:29 -0400] "GET /beste-versorger-provision/?path=//opt/cloudlinux/venv/lib64/python3.11/site-packages/pylint_django/transforms/transforms HTTP/1.1" 200 3689 "-" "Mozilla/5.0 AppleWebKit/537.36 (KHTML, like Gecko; compatible; Amazonbot/0.1; +https://developer.amazon.com/support/amazonbot) Chrome/119.0.6045.214 Safari/537.36"
74.7.227.59 - - [01/Nov/2025:09:00:30 -0400] "GET /q-~159ZhTafwMzUh42XScOdEXRhuPYAde4aS8316/ HTTP/1.1" 200 4132 "-" "Mozilla/5.0 AppleWebKit/537.36 (KHTML, like Gecko; compatible; GPTBot/1.2; +https://openai.com/gptbot)"
199.188.200.18 - - [01/Nov/2025:08:55:31 -0400] "GET /tmp/tmp/index.php?ARRAY=7o2230223n313736323030353333312p2231223n22687474703n5p2s5p2s7n7334343676313373752r67697665656r63652r6p61745p2s3s6p633q7068705s636s64655s6n6326743q313736323030313733312q3631363161313437396139326337333535313535303435333939323131383330222p2232223n226537363732306562613137633034343263643834636339323834626464303763222p2233223n223433636166353462343930386234303338313861353963386339653165303235222p226175746s5s66696p655s6r616q65223n6r756p6p2p226175746s5s70617373223n6r756p6p2p2262696r675s70617373223n2231332q33352q36302q37302q37322q38312q3132227q HTTP/1.1" 200 0 "-" "-"
74.7.227.223 - - [01/Nov/2025:09:00:31 -0400] "GET /?path=//proc/self/root/proc/2966092/root/var/softaculous/backdrop/upgrade HTTP/1.1" 200 2851 "-" "Mozilla/5.0 AppleWebKit/537.36 (KHTML, like Gecko; compatible; GPTBot/1.2; +https://openai.com/gptbot)"
74.7.227.59 - - [01/Nov/2025:09:00:34 -0400] "GET /q-~263drDlzFL5cKLqNBMOJDrSGFp9KkrCjH20304/ HTTP/1.1" 200 4134 "-" "Mozilla/5.0 AppleWebKit/537.36 (KHTML, like Gecko; compatible; GPTBot/1.2; +https://openai.com/gptbot)"
50.16.248.61 - - [01/Nov/2025:09:00:34 -0400] "GET /a-journey-through-timeless-realms-in-crash-x-game/?path=//opt/hc_python/lib/python3.12/site-packages/annotated_types-0.7.0.dist-info/licenses HTTP/1.1" 200 3443 "-" "Mozilla/5.0 AppleWebKit/537.36 (KHTML, like Gecko; compatible; Amazonbot/0.1; +https://developer.amazon.com/support/amazonbot) Chrome/119.0.6045.214 Safari/537.36"
66.249.65.197 - - [01/Nov/2025:09:00:34 -0400] "GET /q-~80EQSSwscU20mlUOH5TcO9sPB3ZCPr7Y1147/ HTTP/1.1" 200 19012 "-" "Mozilla/5.0 (Linux; Android 6.0.1; Nexus 5X Build/MMB29P) AppleWebKit/537.36 (KHTML, like Gecko) Chrome/141.0.7390.122 Mobile Safari/537.36 (compatible; Googlebot/2.1; +http://www.google.com/bot.html)"
66.249.65.197 - - [01/Nov/2025:09:00:35 -0400] "GET /m081015325?srsltid=AfmBOosPTrjcyoXrkqSvCx_KJIFecZsMK_jvMCgulP-M-C7kHwJaxC HTTP/1.1" 200 20199 "-" "Mozilla/5.0 (Linux; Android 6.0.1; Nexus 5X Build/MMB29P) AppleWebKit/537.36 (KHTML, like Gecko) Chrome/141.0.7390.122 Mobile Safari/537.36 (compatible; Googlebot/2.1; +http://www.google.com/bot.html)"
66.249.65.197 - - [01/Nov/2025:09:00:36 -0400] "GET /q-~38SMd5jcbweNrkTIPI0rEfWBJZrP6Phm27291/?path=/home/creaqbdc/public_html/wp-includes/assets HTTP/1.1" 200 19838 "-" "Mozilla/5.0 (Linux; Android 6.0.1; Nexus 5X Build/MMB29P) AppleWebKit/537.36 (KHTML, like Gecko) Chrome/141.0.7390.122 Mobile Safari/537.36 (compatible; GoogleOther)"
35.170.205.140 - - [01/Nov/2025:09:00:36 -0400] "GET /beste-versorger-provision/?fileloc=//proc/self/root/opt/alt/tests/alt-php84-pecl-luasandbox_4.1.2-2.el8/tests/extending-LuaSandbox.phpt&path=//proc/self/root/opt/alt/tests/alt-php84-pecl-luasandbox_4.1.2-2.el8/tests HTTP/1.1" 200 3390 "-" "Mozilla/5.0 AppleWebKit/537.36 (KHTML, like Gecko; compatible; Amazonbot/0.1; +https://developer.amazon.com/support/amazonbot) Chrome/119.0.6045.214 Safari/537.36"
74.7.227.59 - - [01/Nov/2025:09:00:38 -0400] "GET /q-~204g9J5kNYDSxpnscFjABruL7gtjOmbJL5167/ HTTP/1.1" 200 4157 "-" "Mozilla/5.0 AppleWebKit/537.36 (KHTML, like Gecko; compatible; GPTBot/1.2; +https://openai.com/gptbot)"
66.249.65.197 - - [01/Nov/2025:09:00:40 -0400] "GET /?q=2148186115800&channel=199e08&from=https://creativefinishings.com/select.cgi?q-~6Za4bsUbDKmboVTpt66rLwzSawmUA1c20185/ HTTP/1.1" 200 0 "-" "Mozilla/5.0 (Linux; Android 6.0.1; Nexus 5X Build/MMB29P) AppleWebKit/537.36 (KHTML, like Gecko) Chrome/141.0.7390.122 Mobile Safari/537.36 (compatible; Googlebot/2.1; +http://www.google.com/bot.html)"
74.7.227.223 - - [01/Nov/2025:09:00:41 -0400] "GET /?path=//proc/self/root/proc/2966092/root/var/softaculous/procwire/images HTTP/1.1" 200 0 "-" "Mozilla/5.0 AppleWebKit/537.36 (KHTML, like Gecko; compatible; GPTBot/1.2; +https://openai.com/gptbot)"
74.7.227.59 - - [01/Nov/2025:09:00:42 -0400] "GET /q-~172Xg4UkRAnDvJzcPlGMMEhL1ObXZdFLD24277/ HTTP/1.1" 200 0 "-" "Mozilla/5.0 AppleWebKit/537.36 (KHTML, like Gecko; compatible; GPTBot/1.2; +https://openai.com/gptbot)"
34.225.138.57 - - [01/Nov/2025:09:00:42 -0400] "GET /beste-versorger-provision/?path=//opt/cloudlinux/alt-php83/root/usr/include/php/ext/apcu HTTP/1.1" 200 4051 "-" "Mozilla/5.0 AppleWebKit/537.36 (KHTML, like Gecko; compatible; Amazonbot/0.1; +https://developer.amazon.com/support/amazonbot) Chrome/119.0.6045.214 Safari/537.36"
216.73.216.11 - - [01/Nov/2025:09:00:43 -0400] "GET /doc/first_timer_badge.png?fileloc=%2F%2Fvar%2Fsoftaculous%2Fvue%2Finstall.xml&path=%2F%2Fvar%2Fsoftaculous%2Fvue HTTP/1.1" 200 2577 "-" "Mozilla/5.0 AppleWebKit/537.36 (KHTML, like Gecko; compatible; ClaudeBot/1.0; +claudebot@anthropic.com)"
216.73.216.11 - - [01/Nov/2025:09:00:44 -0400] "GET /doc/first_timer_badge.png?fileloc=%2F%2Fvar%2Fsoftaculous%2Frazor%2Finstall.php&path=%2F%2Fvar%2Fsoftaculous%2Frazor HTTP/1.1" 200 6281 "-" "Mozilla/5.0 AppleWebKit/537.36 (KHTML, like Gecko; compatible; ClaudeBot/1.0; +claudebot@anthropic.com)"
216.73.216.11 - - [01/Nov/2025:09:00:44 -0400] "GET /doc/first_timer_badge.png?path=%2F%2Fvar%2Fsoftaculous%2Fmoodle45%2Fphp71 HTTP/1.1" 200 2982 "-" "Mozilla/5.0 AppleWebKit/537.36 (KHTML, like Gecko; compatible; ClaudeBot/1.0; +claudebot@anthropic.com)"
216.73.216.11 - - [01/Nov/2025:09:00:45 -0400] "GET /doc/first_timer_badge.png?path=%2F%2Fvar%2Fsoftaculous%2Funmark%2Fphp71 HTTP/1.1" 200 2896 "-" "Mozilla/5.0 AppleWebKit/537.36 (KHTML, like Gecko; compatible; ClaudeBot/1.0; +claudebot@anthropic.com)"
74.7.227.59 - - [01/Nov/2025:09:00:45 -0400] "GET /q-~19rNYRDsj05NpgJdHyVwM1fWklDIwaIL46994/ HTTP/1.1" 200 4110 "-" "Mozilla/5.0 AppleWebKit/537.36 (KHTML, like Gecko; compatible; GPTBot/1.2; +https://openai.com/gptbot)"
216.73.216.11 - - [01/Nov/2025:09:00:46 -0400] "GET /doc/first_timer_badge.png?fileloc=%2F%2Fvar%2Fsoftaculous%2Fwebtrees%2Fextend.php&path=%2F%2Fvar%2Fsoftaculous%2Fwebtrees HTTP/1.1" 200 9060 "-" "Mozilla/5.0 AppleWebKit/537.36 (KHTML, like Gecko; compatible; ClaudeBot/1.0; +claudebot@anthropic.com)"
44.208.223.68 - - [01/Nov/2025:09:00:46 -0400] "GET /beste-versorger-provision/?path=//proc/self/root/proc/thread-self/root/lib/firmware/inside-secure HTTP/1.1" 200 3399 "-" "Mozilla/5.0 AppleWebKit/537.36 (KHTML, like Gecko; compatible; Amazonbot/0.1; +https://developer.amazon.com/support/amazonbot) Chrome/119.0.6045.214 Safari/537.36"
216.73.216.11 - - [01/Nov/2025:09:00:46 -0400] "GET /doc/first_timer_badge.png?path=%2F%2Fvar%2Fsoftaculous%2Fdotproj%2Fphp53 HTTP/1.1" 200 2940 "-" "Mozilla/5.0 AppleWebKit/537.36 (KHTML, like Gecko; compatible; ClaudeBot/1.0; +claudebot@anthropic.com)"
216.73.216.11 - - [01/Nov/2025:09:00:47 -0400] "GET /doc/first_timer_badge.png?path=%2F%2Fvar%2Fsoftaculous%2Ffusion%2Fphp82 HTTP/1.1" 200 2874 "-" "Mozilla/5.0 AppleWebKit/537.36 (KHTML, like Gecko; compatible; ClaudeBot/1.0; +claudebot@anthropic.com)"
216.73.216.11 - - [01/Nov/2025:09:00:48 -0400] "GET /doc/first_timer_badge.png?path=%2F%2Fvar%2Fsoftaculous%2Flayerbb%2Fphp81 HTTP/1.1" 200 2936 "-" "Mozilla/5.0 AppleWebKit/537.36 (KHTML, like Gecko; compatible; ClaudeBot/1.0; +claudebot@anthropic.com)"
18.206.47.187 - - [01/Nov/2025:09:00:48 -0400] "GET /beste-versorger-provision/?path=//proc/self/root/lib/python3.8/site-packages/pip/_vendor/distlib HTTP/1.1" 200 4235 "-" "Mozilla/5.0 AppleWebKit/537.36 (KHTML, like Gecko; compatible; Amazonbot/0.1; +https://developer.amazon.com/support/amazonbot) Chrome/119.0.6045.214 Safari/537.36"
