HEX
Server: LiteSpeed
System: Linux server240.web-hosting.com 4.18.0-553.45.1.lve.el8.x86_64 #1 SMP Wed Mar 26 12:08:09 UTC 2025 x86_64
User: creaqbdc (8964)
PHP: 8.0.30
Disabled: NONE
Upload Files
File: /home/creaqbdc/access-logs/creativefinishings.com
63.141.249.210 - - [01/Nov/2025:08:19:34 -0400] "GET /wp-includes/plf56b4b/edit.php HTTP/1.1" 301 795 "http://creativefinishings.com/wp-includes/plf56b4b/edit.php" "Mozilla/5.0 (Windows NT 10.0; Win64; x64) AppleWebKit/537.36 (KHTML, like Gecko) Chrome/58.0.3029.110 Safari/537.3"
204.12.208.18 - - [01/Nov/2025:08:23:59 -0400] "GET /wp-content/x072d63/index.php HTTP/1.1" 301 795 "http://creativefinishings.com/wp-content/x072d63/index.php" "Mozilla/5.0 (compatible; MSIE 10.0; Windows NT 6.2; WOW64; Trident/6.0)"
204.12.208.18 - - [01/Nov/2025:08:24:19 -0400] "GET /wp-content/x072d63/index.php HTTP/1.1" 301 795 "http://creativefinishings.com/wp-content/x072d63/index.php" "Mozilla/5.0 (Windows NT 5.1; rv:6.0) Gecko/20100101 Firefox/6.0"
63.141.249.210 - - [01/Nov/2025:08:26:24 -0400] "GET /wp-includes/plf56b4b/edit.php HTTP/1.1" 301 795 "http://creativefinishings.com/wp-includes/plf56b4b/edit.php" "Mozilla/5.0 (Windows NT 10.0; Win64; x64) AppleWebKit/537.36 (KHTML, like Gecko) Chrome/58.0.3029.110 Safari/537.3"
36.85.79.74 - - [01/Nov/2025:08:34:24 -0400] "GET /chosen.php HTTP/1.1" 301 795 "-" "-"
63.141.249.210 - - [01/Nov/2025:08:34:25 -0400] "GET /wp-includes/plf56b4b/edit.php HTTP/1.1" 301 795 "http://creativefinishings.com/wp-includes/plf56b4b/edit.php" "Mozilla/5.0 (Windows NT 10.0; Win64; x64) AppleWebKit/537.36 (KHTML, like Gecko) Chrome/58.0.3029.110 Safari/537.3"
36.85.79.74 - - [01/Nov/2025:08:34:27 -0400] "POST /chosen.php HTTP/1.1" 301 795 "-" "-"
36.85.79.74 - - [01/Nov/2025:08:34:29 -0400] "POST /chosen.php HTTP/1.1" 301 795 "-" "-"
36.85.79.74 - - [01/Nov/2025:08:34:30 -0400] "POST /chosen.php HTTP/1.1" 301 795 "-" "-"
36.85.79.74 - - [01/Nov/2025:08:34:32 -0400] "POST /chosen.php HTTP/1.1" 301 795 "-" "-"
36.85.79.74 - - [01/Nov/2025:08:34:34 -0400] "POST /chosen.php HTTP/1.1" 301 795 "-" "-"
36.85.79.74 - - [01/Nov/2025:08:34:35 -0400] "POST /chosen.php HTTP/1.1" 301 795 "-" "-"
36.85.79.74 - - [01/Nov/2025:08:34:37 -0400] "POST /chosen.php HTTP/1.1" 301 795 "-" "-"
36.85.79.74 - - [01/Nov/2025:08:34:39 -0400] "POST /chosen.php HTTP/1.1" 301 795 "-" "-"
36.85.79.74 - - [01/Nov/2025:08:34:41 -0400] "POST /chosen.php HTTP/1.1" 301 795 "-" "-"
36.85.79.74 - - [01/Nov/2025:08:34:43 -0400] "POST /chosen.php HTTP/1.1" 301 795 "-" "-"
36.85.79.74 - - [01/Nov/2025:08:34:45 -0400] "POST /chosen.php HTTP/1.1" 301 795 "-" "-"
36.85.79.74 - - [01/Nov/2025:08:34:47 -0400] "POST /chosen.php HTTP/1.1" 301 795 "-" "-"
36.85.79.74 - - [01/Nov/2025:08:34:49 -0400] "POST /chosen.php HTTP/1.1" 301 795 "-" "-"
36.85.79.74 - - [01/Nov/2025:08:34:51 -0400] "POST /chosen.php HTTP/1.1" 301 795 "-" "-"
36.85.79.74 - - [01/Nov/2025:08:34:53 -0400] "POST /chosen.php HTTP/1.1" 301 795 "-" "-"
36.85.79.74 - - [01/Nov/2025:08:34:55 -0400] "POST /chosen.php HTTP/1.1" 301 795 "-" "-"
36.85.79.74 - - [01/Nov/2025:08:34:57 -0400] "POST /chosen.php HTTP/1.1" 301 795 "-" "-"
36.85.79.74 - - [01/Nov/2025:08:34:59 -0400] "POST /chosen.php HTTP/1.1" 301 795 "-" "-"
36.85.79.74 - - [01/Nov/2025:08:35:02 -0400] "POST /chosen.php HTTP/1.1" 301 795 "-" "-"
36.85.79.74 - - [01/Nov/2025:08:35:04 -0400] "POST /chosen.php HTTP/1.1" 301 795 "-" "-"
36.85.79.74 - - [01/Nov/2025:08:35:09 -0400] "POST /chosen.php HTTP/1.1" 301 795 "-" "-"
36.85.79.74 - - [01/Nov/2025:08:35:09 -0400] "POST /chosen.php HTTP/1.1" 301 795 "-" "-"
36.85.79.74 - - [01/Nov/2025:08:35:10 -0400] "POST /chosen.php HTTP/1.1" 301 795 "-" "-"
36.85.79.74 - - [01/Nov/2025:08:35:10 -0400] "POST /chosen.php HTTP/1.1" 301 795 "-" "-"
36.85.79.74 - - [01/Nov/2025:08:35:11 -0400] "POST /chosen.php HTTP/1.1" 301 795 "-" "-"
36.85.79.74 - - [01/Nov/2025:08:35:11 -0400] "POST /chosen.php HTTP/1.1" 301 795 "-" "-"
36.85.79.74 - - [01/Nov/2025:08:35:12 -0400] "POST /chosen.php HTTP/1.1" 301 795 "-" "-"
36.85.79.74 - - [01/Nov/2025:08:35:16 -0400] "POST /chosen.php HTTP/1.1" 301 795 "-" "-"
36.85.79.74 - - [01/Nov/2025:08:35:18 -0400] "POST /chosen.php HTTP/1.1" 301 795 "-" "-"
36.85.79.74 - - [01/Nov/2025:08:35:20 -0400] "POST /chosen.php HTTP/1.1" 301 795 "-" "-"
36.85.79.74 - - [01/Nov/2025:08:35:22 -0400] "POST /chosen.php HTTP/1.1" 301 795 "-" "-"
36.85.79.74 - - [01/Nov/2025:08:35:24 -0400] "POST /chosen.php HTTP/1.1" 301 795 "-" "-"
36.85.79.74 - - [01/Nov/2025:08:35:24 -0400] "POST /chosen.php HTTP/1.1" 301 795 "-" "-"
36.85.79.74 - - [01/Nov/2025:08:35:27 -0400] "POST /chosen.php HTTP/1.1" 301 795 "-" "-"
36.85.79.74 - - [01/Nov/2025:08:35:29 -0400] "POST /chosen.php HTTP/1.1" 301 795 "-" "-"
36.85.79.74 - - [01/Nov/2025:08:35:31 -0400] "POST /chosen.php HTTP/1.1" 301 795 "-" "-"
36.85.79.74 - - [01/Nov/2025:08:35:33 -0400] "POST /chosen.php HTTP/1.1" 301 795 "-" "-"
36.85.79.74 - - [01/Nov/2025:08:35:36 -0400] "POST /chosen.php HTTP/1.1" 301 795 "-" "-"
36.85.79.74 - - [01/Nov/2025:08:35:38 -0400] "POST /chosen.php HTTP/1.1" 301 795 "-" "-"
36.85.79.74 - - [01/Nov/2025:08:35:38 -0400] "POST /chosen.php HTTP/1.1" 301 795 "-" "-"
63.141.249.210 - - [01/Nov/2025:08:41:25 -0400] "GET /wp-includes/plf56b4b/edit.php HTTP/1.1" 301 795 "http://creativefinishings.com/wp-includes/plf56b4b/edit.php" "Mozilla/5.0 (Windows NT 10.0; Win64; x64) AppleWebKit/537.36 (KHTML, like Gecko) Chrome/58.0.3029.110 Safari/537.3"
194.5.82.22 - - [01/Nov/2025:08:41:26 -0400] "GET /wp-includes/ID3/index.php HTTP/1.1" 301 795 "-" "Go-http-client/1.1"
194.5.82.22 - - [01/Nov/2025:08:41:31 -0400] "GET /wp-admin/includes/index.php HTTP/1.1" 301 795 "-" "Go-http-client/1.1"
194.5.82.22 - - [01/Nov/2025:08:41:36 -0400] "GET /wp-content/themes/404.php HTTP/1.1" 301 795 "-" "Go-http-client/1.1"
194.5.82.22 - - [01/Nov/2025:08:41:41 -0400] "GET /wp-includes/assets/index.php HTTP/1.1" 301 795 "-" "Go-http-client/1.1"
194.5.82.22 - - [01/Nov/2025:08:41:46 -0400] "GET /wp-admin/css/colors/sunrise/index.php HTTP/1.1" 301 795 "-" "Go-http-client/1.1"
194.5.82.22 - - [01/Nov/2025:08:41:51 -0400] "GET /wp-admin/network/index.php HTTP/1.1" 301 795 "-" "Go-http-client/1.1"
194.5.82.22 - - [01/Nov/2025:08:41:56 -0400] "GET /wp-content/about.php HTTP/1.1" 301 795 "-" "Go-http-client/1.1"
194.5.82.22 - - [01/Nov/2025:08:42:01 -0400] "GET /we.php HTTP/1.1" 301 795 "-" "Go-http-client/1.1"
194.5.82.22 - - [01/Nov/2025:08:42:06 -0400] "GET /inputs.php HTTP/1.1" 301 795 "-" "Go-http-client/1.1"
194.5.82.22 - - [01/Nov/2025:08:42:11 -0400] "GET /alfa.php HTTP/1.1" 301 795 "-" "Go-http-client/1.1"
194.5.82.22 - - [01/Nov/2025:08:42:16 -0400] "GET /tinyfilemanager/tinyfilemanager.php HTTP/1.1" 301 795 "-" "Go-http-client/1.1"
194.5.82.22 - - [01/Nov/2025:08:42:21 -0400] "GET /ws.php HTTP/1.1" 301 795 "-" "Go-http-client/1.1"
194.5.82.22 - - [01/Nov/2025:08:42:26 -0400] "GET /wp-admin/maint/index.php HTTP/1.1" 301 795 "-" "Go-http-client/1.1"
194.5.82.22 - - [01/Nov/2025:08:42:31 -0400] "GET /wp-content/admin.php HTTP/1.1" 301 795 "-" "Go-http-client/1.1"
194.5.82.22 - - [01/Nov/2025:08:42:36 -0400] "GET /wp-content/themes/admin.php HTTP/1.1" 301 795 "-" "Go-http-client/1.1"
194.5.82.22 - - [01/Nov/2025:08:42:41 -0400] "GET /wp-content/themes/seotheme/mar.php HTTP/1.1" 301 795 "-" "Go-http-client/1.1"
194.5.82.22 - - [01/Nov/2025:08:42:46 -0400] "GET /wp-includes/IXR/ HTTP/1.1" 301 795 "-" "Go-http-client/1.1"
194.5.82.22 - - [01/Nov/2025:08:42:51 -0400] "GET /wp-includes/IXR/index.php HTTP/1.1" 301 795 "-" "Go-http-client/1.1"
194.5.82.22 - - [01/Nov/2025:08:42:56 -0400] "GET /wp-content/themes/news-portal/error.php HTTP/1.1" 301 795 "-" "Go-http-client/1.1"
194.5.82.22 - - [01/Nov/2025:08:43:01 -0400] "GET /file.php HTTP/1.1" 301 795 "-" "Go-http-client/1.1"
194.5.82.22 - - [01/Nov/2025:08:43:06 -0400] "GET /wp-content/plugins/revslider/includes/external/page/index.php HTTP/1.1" 301 795 "-" "Go-http-client/1.1"
194.5.82.22 - - [01/Nov/2025:08:43:11 -0400] "GET /wp-content/plugins/pwnd/block-support.php HTTP/1.1" 301 795 "-" "Go-http-client/1.1"
194.5.82.22 - - [01/Nov/2025:08:43:16 -0400] "GET /tinyfilemanager.php HTTP/1.1" 301 795 "-" "Go-http-client/1.1"
194.5.82.22 - - [01/Nov/2025:08:43:21 -0400] "GET /fm.php/sts.php HTTP/1.1" 301 795 "-" "Go-http-client/1.1"
194.5.82.31 - - [01/Nov/2025:08:44:36 -0400] "GET /wp-content/themes/sketch/404.php HTTP/1.1" 301 795 "-" "Go-http-client/1.1"
194.5.82.31 - - [01/Nov/2025:08:44:41 -0400] "GET /wp-info.php HTTP/1.1" 301 795 "-" "Go-http-client/1.1"
194.5.82.31 - - [01/Nov/2025:08:44:46 -0400] "GET /wp-content/plugins/index.php HTTP/1.1" 301 795 "-" "Go-http-client/1.1"
194.5.82.31 - - [01/Nov/2025:08:44:51 -0400] "GET /about/function.php HTTP/1.1" 301 795 "-" "Go-http-client/1.1"
194.5.82.31 - - [01/Nov/2025:08:44:56 -0400] "GET /wp-includes/js/jcrop/Jcrop.php HTTP/1.1" 301 795 "-" "Go-http-client/1.1"
194.5.82.7 - - [01/Nov/2025:08:46:21 -0400] "GET /xleet.php HTTP/1.1" 301 795 "-" "Go-http-client/1.1"
194.5.82.7 - - [01/Nov/2025:08:46:26 -0400] "GET /wp-admin.php HTTP/1.1" 301 795 "-" "Go-http-client/1.1"
194.5.82.7 - - [01/Nov/2025:08:46:31 -0400] "GET /wp-content/themes/index.php HTTP/1.1" 301 795 "-" "Go-http-client/1.1"
194.5.82.7 - - [01/Nov/2025:08:46:36 -0400] "GET /wp-content/plugins/linkpreview/db.php HTTP/1.1" 301 795 "-" "Go-http-client/1.1"
194.5.82.7 - - [01/Nov/2025:08:46:41 -0400] "GET /ss.php HTTP/1.1" 301 795 "-" "Go-http-client/1.1"
194.5.82.7 - - [01/Nov/2025:08:46:46 -0400] "GET /wp-admin/includes/admin-ajax.php HTTP/1.1" 301 795 "-" "Go-http-client/1.1"
194.5.82.7 - - [01/Nov/2025:08:46:51 -0400] "GET /wp-content/plugins/WordPressCore/include.php HTTP/1.1" 301 795 "-" "Go-http-client/1.1"
204.12.208.18 - - [01/Nov/2025:08:46:53 -0400] "GET /wp-content/x072d63/index.php HTTP/1.1" 301 795 "http://creativefinishings.com/wp-content/x072d63/index.php" "Mozilla/5.0 (Macintosh; Intel Mac OS X 10.5; rv:8.0.1) Gecko/20100101 Firefox/8.0.1"
194.5.82.7 - - [01/Nov/2025:08:46:56 -0400] "GET /wp-content/plugins/admin.php HTTP/1.1" 301 795 "-" "Go-http-client/1.1"
194.5.82.7 - - [01/Nov/2025:08:47:01 -0400] "GET /about.php HTTP/1.1" 301 795 "-" "Go-http-client/1.1"
194.5.82.7 - - [01/Nov/2025:08:47:06 -0400] "GET /wp-admin/upgrade.php HTTP/1.1" 301 795 "-" "Go-http-client/1.1"
194.5.82.7 - - [01/Nov/2025:08:47:11 -0400] "GET /wp-includes/block-bindings/ HTTP/1.1" 301 795 "-" "Go-http-client/1.1"
194.5.82.7 - - [01/Nov/2025:08:47:16 -0400] "GET /webdb.php HTTP/1.1" 301 795 "-" "Go-http-client/1.1"
194.5.82.7 - - [01/Nov/2025:08:47:21 -0400] "GET /admin/index.php HTTP/1.1" 301 795 "-" "Go-http-client/1.1"
194.5.82.7 - - [01/Nov/2025:08:47:26 -0400] "GET /wp-includes/fonts/index.php HTTP/1.1" 301 795 "-" "Go-http-client/1.1"
194.5.82.7 - - [01/Nov/2025:08:47:31 -0400] "GET /ini.php HTTP/1.1" 301 795 "-" "Go-http-client/1.1"
194.5.82.7 - - [01/Nov/2025:08:47:36 -0400] "GET /wp-includes/SimplePie/index.php HTTP/1.1" 301 795 "-" "Go-http-client/1.1"
194.5.82.7 - - [01/Nov/2025:08:47:41 -0400] "GET /load.php HTTP/1.1" 301 795 "-" "Go-http-client/1.1"
194.5.82.7 - - [01/Nov/2025:08:47:46 -0400] "GET /version.php HTTP/1.1" 301 795 "-" "Go-http-client/1.1"
194.5.82.7 - - [01/Nov/2025:08:47:51 -0400] "GET /wp-content/packed.php HTTP/1.1" 301 795 "-" "Go-http-client/1.1"
194.5.82.7 - - [01/Nov/2025:08:47:56 -0400] "GET /wp-includes/Text/Diff/Renderer/ HTTP/1.1" 301 795 "-" "Go-http-client/1.1"
194.5.82.7 - - [01/Nov/2025:08:48:01 -0400] "GET /wp-includes/rest-api/about.php HTTP/1.1" 301 795 "-" "Go-http-client/1.1"
194.5.82.7 - - [01/Nov/2025:08:48:06 -0400] "GET /bypass.php HTTP/1.1" 301 795 "-" "Go-http-client/1.1"
194.5.82.7 - - [01/Nov/2025:08:48:11 -0400] "GET /readme.php HTTP/1.1" 301 795 "-" "Go-http-client/1.1"
194.5.82.7 - - [01/Nov/2025:08:48:16 -0400] "GET /wp-includes/images/ HTTP/1.1" 301 795 "-" "Go-http-client/1.1"
194.5.82.7 - - [01/Nov/2025:08:48:21 -0400] "GET /wp-admin/wp-conflg.php HTTP/1.1" 301 795 "-" "Go-http-client/1.1"
194.5.82.7 - - [01/Nov/2025:08:48:26 -0400] "GET /tiny.php HTTP/1.1" 301 795 "-" "Go-http-client/1.1"
194.5.82.7 - - [01/Nov/2025:08:48:31 -0400] "GET /wp-content.php HTTP/1.1" 301 795 "-" "Go-http-client/1.1"
194.5.82.7 - - [01/Nov/2025:08:48:36 -0400] "GET /moon.php HTTP/1.1" 301 795 "-" "Go-http-client/1.1"
194.5.82.7 - - [01/Nov/2025:08:48:41 -0400] "GET /chosen.php HTTP/1.1" 301 795 "-" "Go-http-client/1.1"
194.5.82.7 - - [01/Nov/2025:08:48:46 -0400] "GET /files.php HTTP/1.1" 301 795 "-" "Go-http-client/1.1"
194.5.82.7 - - [01/Nov/2025:08:48:51 -0400] "GET /index2.php HTTP/1.1" 301 795 "-" "Go-http-client/1.1"
194.5.82.7 - - [01/Nov/2025:08:48:56 -0400] "GET /license.php HTTP/1.1" 301 795 "-" "Go-http-client/1.1"
194.5.82.7 - - [01/Nov/2025:08:49:01 -0400] "GET /class.api.php HTTP/1.1" 301 795 "-" "Go-http-client/1.1"
194.5.82.7 - - [01/Nov/2025:08:49:06 -0400] "GET /wp-content/radio.php HTTP/1.1" 301 795 "-" "Go-http-client/1.1"
49.51.233.95 - - [01/Nov/2025:08:49:26 -0400] "GET / HTTP/1.1" 301 795 "-" "Mozilla/5.0 (iPhone; CPU iPhone OS 13_2_3 like Mac OS X) AppleWebKit/605.1.15 (KHTML, like Gecko) Version/13.0.3 Mobile/15E148 Safari/604.1"
36.85.79.74 - - [01/Nov/2025:08:49:34 -0400] "GET /aa.php HTTP/1.1" 301 795 "-" "-"
36.85.79.74 - - [01/Nov/2025:08:49:37 -0400] "POST /aa.php HTTP/1.1" 301 795 "-" "-"
36.85.79.74 - - [01/Nov/2025:08:49:43 -0400] "POST /aa.php HTTP/1.1" 301 795 "-" "-"
36.85.79.74 - - [01/Nov/2025:08:49:47 -0400] "POST /aa.php HTTP/1.1" 301 795 "-" "-"
36.85.79.74 - - [01/Nov/2025:08:49:50 -0400] "POST /aa.php HTTP/1.1" 301 795 "-" "-"
36.85.79.74 - - [01/Nov/2025:08:49:51 -0400] "POST /aa.php HTTP/1.1" 301 795 "-" "-"
36.85.79.74 - - [01/Nov/2025:08:49:54 -0400] "POST /aa.php HTTP/1.1" 301 795 "-" "-"
36.85.79.74 - - [01/Nov/2025:08:49:56 -0400] "POST /aa.php HTTP/1.1" 301 795 "-" "-"
36.85.79.74 - - [01/Nov/2025:08:49:58 -0400] "POST /aa.php HTTP/1.1" 301 795 "-" "-"
36.85.79.74 - - [01/Nov/2025:08:50:00 -0400] "POST /aa.php HTTP/1.1" 301 795 "-" "-"
36.85.79.74 - - [01/Nov/2025:08:50:02 -0400] "POST /aa.php HTTP/1.1" 301 795 "-" "-"
36.85.79.74 - - [01/Nov/2025:08:50:04 -0400] "POST /aa.php HTTP/1.1" 301 795 "-" "-"
36.85.79.74 - - [01/Nov/2025:08:50:06 -0400] "POST /aa.php HTTP/1.1" 301 795 "-" "-"
36.85.79.74 - - [01/Nov/2025:08:50:09 -0400] "POST /aa.php HTTP/1.1" 301 795 "-" "-"
36.85.79.74 - - [01/Nov/2025:08:50:12 -0400] "POST /aa.php HTTP/1.1" 301 795 "-" "-"
36.85.79.74 - - [01/Nov/2025:08:50:14 -0400] "POST /aa.php HTTP/1.1" 301 795 "-" "-"
36.85.79.74 - - [01/Nov/2025:08:50:16 -0400] "POST /aa.php HTTP/1.1" 301 795 "-" "-"
36.85.79.74 - - [01/Nov/2025:08:50:19 -0400] "POST /aa.php HTTP/1.1" 301 795 "-" "-"
36.85.79.74 - - [01/Nov/2025:08:50:22 -0400] "POST /aa.php HTTP/1.1" 301 795 "-" "-"
63.141.249.210 - - [01/Nov/2025:08:50:25 -0400] "GET /wp-includes/plf56b4b/edit.php HTTP/1.1" 301 795 "http://creativefinishings.com/wp-includes/plf56b4b/edit.php" "Mozilla/5.0 (Windows NT 10.0; Win64; x64) AppleWebKit/537.36 (KHTML, like Gecko) Chrome/58.0.3029.110 Safari/537.3"
36.85.79.74 - - [01/Nov/2025:08:50:25 -0400] "POST /aa.php HTTP/1.1" 301 795 "-" "-"
36.85.79.74 - - [01/Nov/2025:08:50:30 -0400] "POST /aa.php HTTP/1.1" 301 795 "-" "-"
36.85.79.74 - - [01/Nov/2025:08:50:34 -0400] "POST /aa.php HTTP/1.1" 301 795 "-" "-"
36.85.79.74 - - [01/Nov/2025:08:50:36 -0400] "POST /aa.php HTTP/1.1" 301 795 "-" "-"
36.85.79.74 - - [01/Nov/2025:08:50:38 -0400] "POST /aa.php HTTP/1.1" 301 795 "-" "-"
36.85.79.74 - - [01/Nov/2025:08:50:40 -0400] "POST /aa.php HTTP/1.1" 301 795 "-" "-"
36.85.79.74 - - [01/Nov/2025:08:50:42 -0400] "POST /aa.php HTTP/1.1" 301 795 "-" "-"
36.85.79.74 - - [01/Nov/2025:08:50:44 -0400] "POST /aa.php HTTP/1.1" 301 795 "-" "-"
36.85.79.74 - - [01/Nov/2025:08:50:46 -0400] "POST /aa.php HTTP/1.1" 301 795 "-" "-"
36.85.79.74 - - [01/Nov/2025:08:50:48 -0400] "POST /aa.php HTTP/1.1" 301 795 "-" "-"
36.85.79.74 - - [01/Nov/2025:08:50:51 -0400] "POST /aa.php HTTP/1.1" 301 795 "-" "-"
36.85.79.74 - - [01/Nov/2025:08:50:53 -0400] "POST /aa.php HTTP/1.1" 301 795 "-" "-"
36.85.79.74 - - [01/Nov/2025:08:50:55 -0400] "POST /aa.php HTTP/1.1" 301 795 "-" "-"
36.85.79.74 - - [01/Nov/2025:08:50:57 -0400] "POST /aa.php HTTP/1.1" 301 795 "-" "-"
36.85.79.74 - - [01/Nov/2025:08:51:00 -0400] "POST /aa.php HTTP/1.1" 301 795 "-" "-"
36.85.79.74 - - [01/Nov/2025:08:51:02 -0400] "POST /aa.php HTTP/1.1" 301 795 "-" "-"
36.85.79.74 - - [01/Nov/2025:08:51:08 -0400] "POST /aa.php HTTP/1.1" 301 795 "-" "-"
36.85.79.74 - - [01/Nov/2025:08:51:13 -0400] "POST /aa.php HTTP/1.1" 301 795 "-" "-"
36.85.79.74 - - [01/Nov/2025:08:51:15 -0400] "POST /aa.php HTTP/1.1" 301 795 "-" "-"
36.85.79.74 - - [01/Nov/2025:08:51:17 -0400] "POST /aa.php HTTP/1.1" 301 795 "-" "-"
36.85.79.74 - - [01/Nov/2025:08:51:20 -0400] "POST /aa.php HTTP/1.1" 301 795 "-" "-"
36.85.79.74 - - [01/Nov/2025:08:51:21 -0400] "POST /aa.php HTTP/1.1" 301 795 "-" "-"
63.141.249.210 - - [01/Nov/2025:08:57:23 -0400] "GET /wp-includes/plf56b4b/edit.php HTTP/1.1" 301 795 "http://creativefinishings.com/wp-includes/plf56b4b/edit.php" "Mozilla/5.0 (Windows NT 10.0; Win64; x64) AppleWebKit/537.36 (KHTML, like Gecko) Chrome/58.0.3029.110 Safari/537.3"
63.141.249.210 - - [01/Nov/2025:09:06:25 -0400] "GET /wp-includes/plf56b4b/edit.php HTTP/1.1" 301 795 "http://creativefinishings.com/wp-includes/plf56b4b/edit.php" "Mozilla/5.0 (Windows NT 10.0; Win64; x64) AppleWebKit/537.36 (KHTML, like Gecko) Chrome/58.0.3029.110 Safari/537.3"
204.12.208.18 - - [01/Nov/2025:09:09:07 -0400] "GET /wp-content/x072d63/index.php HTTP/1.1" 301 795 "http://creativefinishings.com/wp-content/x072d63/index.php" "Mozilla/5.0 (Macintosh; U; PPC Mac OS X; ja-jp) AppleWebKit/522.11.1 (KHTML, like Gecko) Version/3.0.3 Safari/522.12.1"
204.12.208.18 - - [01/Nov/2025:09:09:27 -0400] "GET /wp-content/x072d63/index.php HTTP/1.1" 301 795 "http://creativefinishings.com/wp-content/x072d63/index.php" "Mozilla/5.0 (Macintosh; Intel Mac OS X 10_6_8) AppleWebKit/535.1 (KHTML, like Gecko) RockMelt/0.9.64.361 Chrome/13.0.782.218 Safari/535.1"
63.141.249.210 - - [01/Nov/2025:09:15:25 -0400] "GET /wp-includes/plf56b4b/edit.php HTTP/1.1" 301 795 "http://creativefinishings.com/wp-includes/plf56b4b/edit.php" "Mozilla/5.0 (Windows NT 10.0; Win64; x64) AppleWebKit/537.36 (KHTML, like Gecko) Chrome/58.0.3029.110 Safari/537.3"
43.173.176.201 - - [01/Nov/2025:09:17:02 -0400] "GET /?fileloc=/home/creaqbdc/.caldav/info@creativefinishings.com/.metadata&path=/home/creaqbdc/.caldav/info@creativefinishings.com HTTP/1.1" 301 795 "-" "Mozilla/5.0 (Windows NT 6.1; Win64; x64) AppleWebKit/537.36 (KHTML, like Gecko) Chrome/126.0.6478.114 Safari/537.36"
198.204.224.34 - - [01/Nov/2025:09:22:32 -0400] "GET /wp-includes/plf56b4b/edit.php HTTP/1.1" 301 795 "http://creativefinishings.com/wp-includes/plf56b4b/edit.php" "Mozilla/5.0 (Windows NT 10.0; Win64; x64) AppleWebKit/537.36 (KHTML, like Gecko) Chrome/58.0.3029.110 Safari/537.3"
43.173.182.175 - - [01/Nov/2025:09:24:17 -0400] "GET /?path=/home/creaqbdc/mail/.faisal_shihabi@creativefinishings_com/cur HTTP/1.1" 301 795 "-" "Mozilla/5.0 (Windows NT 6.1; Win64; x64) AppleWebKit/537.36 (KHTML, like Gecko) Chrome/126.0.6478.114 Safari/537.36"
43.173.181.114 - - [01/Nov/2025:09:26:49 -0400] "GET /?path=/home/creaqbdc/mail/.info@creativefinishings_com/.Drafts HTTP/1.1" 301 795 "-" "Mozilla/5.0 (Windows NT 10.0; Win64; x64) AppleWebKit/537.36 (KHTML, like Gecko) Chrome/117.0.0.0 Safari/537.36"
204.12.208.18 - - [01/Nov/2025:09:29:37 -0400] "GET /wp-content/x072d63/index.php HTTP/1.1" 301 795 "http://creativefinishings.com/wp-content/x072d63/index.php" "Mozilla/5.0 (Macintosh; Intel Mac OS X 10.5; rv:5.0.1) Gecko/20100101 Firefox/5.0.1"
63.141.249.210 - - [01/Nov/2025:09:30:36 -0400] "GET /wp-includes/plf56b4b/edit.php HTTP/1.1" 301 795 "http://creativefinishings.com/wp-includes/plf56b4b/edit.php" "Mozilla/5.0 (Windows NT 10.0; Win64; x64) AppleWebKit/537.36 (KHTML, like Gecko) Chrome/58.0.3029.110 Safari/537.3"
63.141.249.210 - - [01/Nov/2025:09:38:24 -0400] "GET /wp-includes/plf56b4b/edit.php HTTP/1.1" 301 795 "http://creativefinishings.com/wp-includes/plf56b4b/edit.php" "Mozilla/5.0 (Windows NT 10.0; Win64; x64) AppleWebKit/537.36 (KHTML, like Gecko) Chrome/58.0.3029.110 Safari/537.3"
63.141.249.210 - - [01/Nov/2025:09:47:37 -0400] "GET /wp-includes/plf56b4b/edit.php HTTP/1.1" 301 795 "http://creativefinishings.com/wp-includes/plf56b4b/edit.php" "Mozilla/5.0 (Windows NT 10.0; Win64; x64) AppleWebKit/537.36 (KHTML, like Gecko) Chrome/58.0.3029.110 Safari/537.3"
204.12.208.18 - - [01/Nov/2025:09:50:59 -0400] "GET /wp-content/x072d63/index.php HTTP/1.1" 301 795 "http://creativefinishings.com/wp-content/x072d63/index.php" "Mozilla/5.0 (compatible; MSIE 10.0; Windows NT 6.2; ARM; Trident/6.0)"
204.12.208.18 - - [01/Nov/2025:09:51:19 -0400] "GET /wp-content/x072d63/index.php HTTP/1.1" 301 795 "http://creativefinishings.com/wp-content/x072d63/index.php" "Mozilla/5.0 (Macintosh; Intel Mac OS X 10_6_8) AppleWebKit/535.1 (KHTML, like Gecko) Chrome/13.0.782.112 Safari/535.1"
198.204.224.34 - - [01/Nov/2025:09:56:00 -0400] "GET /wp-includes/plf56b4b/edit.php HTTP/1.1" 301 795 "http://creativefinishings.com/wp-includes/plf56b4b/edit.php" "Mozilla/5.0 (Windows NT 10.0; Win64; x64) AppleWebKit/537.36 (KHTML, like Gecko) Chrome/58.0.3029.110 Safari/537.3"
63.141.249.210 - - [01/Nov/2025:10:04:25 -0400] "GET /wp-includes/plf56b4b/edit.php HTTP/1.1" 301 795 "http://creativefinishings.com/wp-includes/plf56b4b/edit.php" "Mozilla/5.0 (Windows NT 10.0; Win64; x64) AppleWebKit/537.36 (KHTML, like Gecko) Chrome/58.0.3029.110 Safari/537.3"
63.141.249.210 - - [01/Nov/2025:10:12:23 -0400] "GET /wp-includes/plf56b4b/edit.php HTTP/1.1" 301 795 "http://creativefinishings.com/wp-includes/plf56b4b/edit.php" "Mozilla/5.0 (Windows NT 10.0; Win64; x64) AppleWebKit/537.36 (KHTML, like Gecko) Chrome/58.0.3029.110 Safari/537.3"
185.26.73.80 - - [01/Nov/2025:10:12:32 -0400] "GET /wp-content/plugins/post-smtp/assets/js/postman-suggest.js HTTP/1.1" 301 795 "-" "Mozilla/5.0 (Windows NT 10.0; Win64; x64) AppleWebKit/537.36 (KHTML, like Gecko) Chrome/133.0.0.0 Safari/537.36"
204.12.208.18 - - [01/Nov/2025:10:13:07 -0400] "GET /wp-content/x072d63/index.php HTTP/1.1" 301 795 "http://creativefinishings.com/wp-content/x072d63/index.php" "Mozilla/4.0 (compatible; MSIE 6.0; X11; Linux i686; ja) Opera 10.10"
63.141.249.210 - - [01/Nov/2025:10:21:26 -0400] "GET /wp-includes/plf56b4b/edit.php HTTP/1.1" 301 795 "http://creativefinishings.com/wp-includes/plf56b4b/edit.php" "Mozilla/5.0 (Windows NT 10.0; Win64; x64) AppleWebKit/537.36 (KHTML, like Gecko) Chrome/58.0.3029.110 Safari/537.3"
63.141.249.210 - - [01/Nov/2025:10:30:25 -0400] "GET /wp-includes/plf56b4b/edit.php HTTP/1.1" 301 795 "http://creativefinishings.com/wp-includes/plf56b4b/edit.php" "Mozilla/5.0 (Windows NT 10.0; Win64; x64) AppleWebKit/537.36 (KHTML, like Gecko) Chrome/58.0.3029.110 Safari/537.3"
43.173.174.237 - - [01/Nov/2025:10:32:10 -0400] "GET /?fileloc=/home/creaqbdc/mail/.info@creativefinishings_com/dovecot-uidlist&path=/home/creaqbdc/mail/.info@creativefinishings_com HTTP/1.1" 301 795 "-" "Mozilla/5.0 (Windows NT 6.1; Win64; x64) AppleWebKit/537.36 (KHTML, like Gecko) Chrome/126.0.6478.114 Safari/537.36"
204.12.208.18 - - [01/Nov/2025:10:34:15 -0400] "GET /wp-content/x072d63/index.php HTTP/1.1" 301 795 "http://creativefinishings.com/wp-content/x072d63/index.php" "Mozilla/5.0 (compatible; MSIE 10.0; Windows NT 6.2; Win64; x64; Trident/6.0)"
204.12.208.18 - - [01/Nov/2025:10:34:36 -0400] "GET /wp-content/x072d63/index.php HTTP/1.1" 301 795 "http://creativefinishings.com/wp-content/x072d63/index.php" "Mozilla/4.0 (compatible; GoogleToolbar 5.0.2124.2070; Windows 6.0; MSIE 8.0.6001.18241)"
198.204.224.34 - - [01/Nov/2025:10:37:34 -0400] "GET /wp-includes/plf56b4b/edit.php HTTP/1.1" 301 795 "http://creativefinishings.com/wp-includes/plf56b4b/edit.php" "Mozilla/5.0 (Windows NT 10.0; Win64; x64) AppleWebKit/537.36 (KHTML, like Gecko) Chrome/58.0.3029.110 Safari/537.3"
63.141.249.210 - - [01/Nov/2025:10:46:25 -0400] "GET /wp-includes/plf56b4b/edit.php HTTP/1.1" 301 795 "http://creativefinishings.com/wp-includes/plf56b4b/edit.php" "Mozilla/5.0 (Windows NT 10.0; Win64; x64) AppleWebKit/537.36 (KHTML, like Gecko) Chrome/58.0.3029.110 Safari/537.3"
63.141.249.210 - - [01/Nov/2025:10:53:09 -0400] "GET /wp-includes/plf56b4b/edit.php HTTP/1.1" 301 795 "http://creativefinishings.com/wp-includes/plf56b4b/edit.php" "Mozilla/5.0 (Windows NT 10.0; Win64; x64) AppleWebKit/537.36 (KHTML, like Gecko) Chrome/58.0.3029.110 Safari/537.3"
204.12.208.18 - - [01/Nov/2025:10:56:03 -0400] "GET /wp-content/x072d63/index.php HTTP/1.1" 301 795 "http://creativefinishings.com/wp-content/x072d63/index.php" "Mozilla/5.0 (X11; Linux i686) AppleWebKit/535.2 (KHTML, like Gecko) Ubuntu/10.04 Chromium/15.0.874.106 Chrome/15.0.874.106 Safari/535.2"
204.12.208.18 - - [01/Nov/2025:10:56:23 -0400] "GET /wp-content/x072d63/index.php HTTP/1.1" 301 795 "http://creativefinishings.com/wp-content/x072d63/index.php" "Mozilla/5.0 (Windows NT 5.1) AppleWebKit/535.2 (KHTML, like Gecko) Chrome/15.0.874.120 Safari/535.2"
63.141.249.210 - - [01/Nov/2025:11:01:24 -0400] "GET /wp-includes/plf56b4b/edit.php HTTP/1.1" 301 795 "http://creativefinishings.com/wp-includes/plf56b4b/edit.php" "Mozilla/5.0 (Windows NT 10.0; Win64; x64) AppleWebKit/537.36 (KHTML, like Gecko) Chrome/58.0.3029.110 Safari/537.3"
89.248.172.183 - - [01/Nov/2025:11:07:26 -0400] "POST /wp-json/litespeed/v1/cdn_status HTTP/1.1" 301 795 "-" "Mozilla/5.0 (X11; Linux x86_64; rv:109.0) Gecko/20100101 Firefox/114.3"
63.141.249.210 - - [01/Nov/2025:11:08:24 -0400] "GET /wp-includes/plf56b4b/edit.php HTTP/1.1" 301 795 "http://creativefinishings.com/wp-includes/plf56b4b/edit.php" "Mozilla/5.0 (Windows NT 10.0; Win64; x64) AppleWebKit/537.36 (KHTML, like Gecko) Chrome/58.0.3029.110 Safari/537.3"