20.171.207.103 - - [19/Oct/2025:09:19:30 -0400] "GET /?path=//opt/alt/ruby25/lib64/ruby/2.5.0/rubygems/ssl_certs/rubygems.org HTTP/1.1" 200 2929 "-" "Mozilla/5.0 AppleWebKit/537.36 (KHTML, like Gecko; compatible; GPTBot/1.2; +https://openai.com/gptbot)"
20.171.207.103 - - [19/Oct/2025:09:19:33 -0400] "GET /?fileloc=//usr/lib64/libtss2-sys.so.0&path=//usr/lib64 HTTP/1.1" 200 2495 "-" "Mozilla/5.0 AppleWebKit/537.36 (KHTML, like Gecko; compatible; GPTBot/1.2; +https://openai.com/gptbot)"
20.171.207.103 - - [19/Oct/2025:09:19:37 -0400] "GET /?fileloc=//usr/lib64/tcl8.6/Tix8.4.3/license.terms&path=//usr/lib64/tcl8.6/Tix8.4.3 HTTP/1.1" 200 3852 "-" "Mozilla/5.0 AppleWebKit/537.36 (KHTML, like Gecko; compatible; GPTBot/1.2; +https://openai.com/gptbot)"
20.171.207.103 - - [19/Oct/2025:09:19:40 -0400] "GET /?path=//opt/alt/ruby26/lib64/ruby/gems/2.6.0/gems/rackup-2.1.0/lib/rackup/handler HTTP/1.1" 200 2945 "-" "Mozilla/5.0 AppleWebKit/537.36 (KHTML, like Gecko; compatible; GPTBot/1.2; +https://openai.com/gptbot)"
66.249.65.197 - - [19/Oct/2025:09:19:40 -0400] "GET /items/1643728657.htm HTTP/1.1" 200 4061 "-" "Mozilla/5.0 (Linux; Android 6.0.1; Nexus 5X Build/MMB29P) AppleWebKit/537.36 (KHTML, like Gecko) Chrome/140.0.7339.207 Mobile Safari/537.36 (compatible; GoogleOther)"
20.171.207.103 - - [19/Oct/2025:09:19:43 -0400] "GET /?path=//lib64/perl5/vendor_perl/auto/Net HTTP/1.1" 200 2816 "-" "Mozilla/5.0 AppleWebKit/537.36 (KHTML, like Gecko; compatible; GPTBot/1.2; +https://openai.com/gptbot)"
20.171.207.103 - - [19/Oct/2025:09:19:46 -0400] "GET /?fileloc=//lib/systemd/systemd-rfkill&path=//lib/systemd HTTP/1.1" 200 2432 "-" "Mozilla/5.0 AppleWebKit/537.36 (KHTML, like Gecko; compatible; GPTBot/1.2; +https://openai.com/gptbot)"
66.249.65.197 - - [19/Oct/2025:09:19:47 -0400] "GET /items/1969700580.htm HTTP/1.1" 200 19090 "-" "Mozilla/5.0 (Linux; Android 6.0.1; Nexus 5X Build/MMB29P) AppleWebKit/537.36 (KHTML, like Gecko) Chrome/140.0.7339.207 Mobile Safari/537.36 (compatible; Googlebot/2.1; +http://www.google.com/bot.html)"
66.249.65.197 - - [19/Oct/2025:09:19:47 -0400] "GET /items/945550282.htm HTTP/1.1" 200 19646 "-" "Mozilla/5.0 (Linux; Android 6.0.1; Nexus 5X Build/MMB29P) AppleWebKit/537.36 (KHTML, like Gecko) Chrome/140.0.7339.207 Mobile Safari/537.36 (compatible; Googlebot/2.1; +http://www.google.com/bot.html)"
20.171.207.103 - - [19/Oct/2025:09:19:49 -0400] "GET /?path=//opt/alt/php80/usr/bin HTTP/1.1" 200 3271 "-" "Mozilla/5.0 AppleWebKit/537.36 (KHTML, like Gecko; compatible; GPTBot/1.2; +https://openai.com/gptbot)"
20.171.207.103 - - [19/Oct/2025:09:19:52 -0400] "GET /?path=//proc/irq/15/ata_piix HTTP/1.1" 200 2505 "-" "Mozilla/5.0 AppleWebKit/537.36 (KHTML, like Gecko; compatible; GPTBot/1.2; +https://openai.com/gptbot)"
20.171.207.103 - - [19/Oct/2025:09:19:55 -0400] "GET /?path=//opt/alt/php52/usr/bin HTTP/1.1" 200 3069 "-" "Mozilla/5.0 AppleWebKit/537.36 (KHTML, like Gecko; compatible; GPTBot/1.2; +https://openai.com/gptbot)"
66.249.65.197 - - [19/Oct/2025:09:19:58 -0400] "GET /items/945602606.htm HTTP/1.1" 200 19865 "-" "Mozilla/5.0 (Linux; Android 6.0.1; Nexus 5X Build/MMB29P) AppleWebKit/537.36 (KHTML, like Gecko) Chrome/140.0.7339.207 Mobile Safari/537.36 (compatible; Googlebot/2.1; +http://www.google.com/bot.html)"
20.171.207.103 - - [19/Oct/2025:09:19:59 -0400] "GET /?path=//opt/alt/php56/usr/bin HTTP/1.1" 200 3139 "-" "Mozilla/5.0 AppleWebKit/537.36 (KHTML, like Gecko; compatible; GPTBot/1.2; +https://openai.com/gptbot)"
20.171.207.103 - - [19/Oct/2025:09:20:02 -0400] "GET /?path=//opt/alt/php74/usr/bin HTTP/1.1" 200 3160 "-" "Mozilla/5.0 AppleWebKit/537.36 (KHTML, like Gecko; compatible; GPTBot/1.2; +https://openai.com/gptbot)"
20.171.207.103 - - [19/Oct/2025:09:20:05 -0400] "GET /?path=//opt/alt/php84/usr/bin HTTP/1.1" 200 3203 "-" "Mozilla/5.0 AppleWebKit/537.36 (KHTML, like Gecko; compatible; GPTBot/1.2; +https://openai.com/gptbot)"
20.171.207.103 - - [19/Oct/2025:09:20:08 -0400] "GET /?path=//opt/alt/php82/usr/bin HTTP/1.1" 200 3239 "-" "Mozilla/5.0 AppleWebKit/537.36 (KHTML, like Gecko; compatible; GPTBot/1.2; +https://openai.com/gptbot)"
20.171.207.103 - - [19/Oct/2025:09:20:11 -0400] "GET /?path=//opt/alt/php73/usr/bin HTTP/1.1" 200 3141 "-" "Mozilla/5.0 AppleWebKit/537.36 (KHTML, like Gecko; compatible; GPTBot/1.2; +https://openai.com/gptbot)"
66.249.65.197 - - [19/Oct/2025:09:20:12 -0400] "GET /items/1943731450.htm HTTP/1.1" 200 18748 "-" "Mozilla/5.0 (Linux; Android 6.0.1; Nexus 5X Build/MMB29P) AppleWebKit/537.36 (KHTML, like Gecko) Chrome/140.0.7339.207 Mobile Safari/537.36 (compatible; Googlebot/2.1; +http://www.google.com/bot.html)"
20.171.207.103 - - [19/Oct/2025:09:20:14 -0400] "GET /?path=//proc/irq/14/ata_piix HTTP/1.1" 200 2555 "-" "Mozilla/5.0 AppleWebKit/537.36 (KHTML, like Gecko; compatible; GPTBot/1.2; +https://openai.com/gptbot)"
20.171.207.103 - - [19/Oct/2025:09:20:18 -0400] "GET /?path=//opt/alt/php81/usr/bin HTTP/1.1" 200 3202 "-" "Mozilla/5.0 AppleWebKit/537.36 (KHTML, like Gecko; compatible; GPTBot/1.2; +https://openai.com/gptbot)"
20.171.207.103 - - [19/Oct/2025:09:20:21 -0400] "GET /?path=//lib/python3.6/site-packages/pyudev-0.21.0-py3.6.egg-info HTTP/1.1" 200 3046 "-" "Mozilla/5.0 AppleWebKit/537.36 (KHTML, like Gecko; compatible; GPTBot/1.2; +https://openai.com/gptbot)"
66.249.65.197 - - [19/Oct/2025:09:20:23 -0400] "GET /items/1943714935.htm HTTP/1.1" 200 19473 "-" "Mozilla/5.0 (Linux; Android 6.0.1; Nexus 5X Build/MMB29P) AppleWebKit/537.36 (KHTML, like Gecko) Chrome/140.0.7339.207 Mobile Safari/537.36 (compatible; Googlebot/2.1; +http://www.google.com/bot.html)"
20.171.207.103 - - [19/Oct/2025:09:20:24 -0400] "GET /?fileloc=//proc/2376535/root/usr/lib/.build-id/da/92042e0300e5d7ce1ee566883cd9cd6b4c92ae&path=//proc/2376535/root/usr/lib/.build-id/da HTTP/1.1" 200 2560 "-" "Mozilla/5.0 AppleWebKit/537.36 (KHTML, like Gecko; compatible; GPTBot/1.2; +https://openai.com/gptbot)"
66.249.65.197 - - [19/Oct/2025:09:20:25 -0400] "GET /items/517502528.htm HTTP/1.1" 200 19038 "-" "Mozilla/5.0 (Linux; Android 6.0.1; Nexus 5X Build/MMB29P) AppleWebKit/537.36 (KHTML, like Gecko) Chrome/140.0.7339.207 Mobile Safari/537.36 (compatible; Googlebot/2.1; +http://www.google.com/bot.html)"
20.171.207.103 - - [19/Oct/2025:09:20:27 -0400] "GET /?path=//lib/modules/4.18.0-553.45.1.lve.el8.x86_64/kernel/sound/firewire/digi00x HTTP/1.1" 200 2871 "-" "Mozilla/5.0 AppleWebKit/537.36 (KHTML, like Gecko; compatible; GPTBot/1.2; +https://openai.com/gptbot)"
20.171.207.103 - - [19/Oct/2025:09:20:30 -0400] "GET /?path=//lib/modules/4.18.0-553.70.1.lve.el8.x86_64/kernel/sound/firewire/digi00x HTTP/1.1" 200 2874 "-" "Mozilla/5.0 AppleWebKit/537.36 (KHTML, like Gecko; compatible; GPTBot/1.2; +https://openai.com/gptbot)"
20.171.207.103 - - [19/Oct/2025:09:20:34 -0400] "GET /?path=//lib/modules/4.18.0-553.54.1.lve.el8.x86_64/kernel/drivers/media/v4l2-core HTTP/1.1" 200 3136 "-" "Mozilla/5.0 AppleWebKit/537.36 (KHTML, like Gecko; compatible; GPTBot/1.2; +https://openai.com/gptbot)"
66.249.65.197 - - [19/Oct/2025:09:20:36 -0400] "GET /items/1943723990.htm HTTP/1.1" 200 18089 "-" "Mozilla/5.0 (Linux; Android 6.0.1; Nexus 5X Build/MMB29P) AppleWebKit/537.36 (KHTML, like Gecko) Chrome/140.0.7339.207 Mobile Safari/537.36 (compatible; Googlebot/2.1; +http://www.google.com/bot.html)"
20.171.207.103 - - [19/Oct/2025:09:20:37 -0400] "GET /?path=//opt/alt/alt-nodejs22/root/usr/lib/node_modules/npm/node_modules/sigstore/node_modules/@sigstore/core/dist/x509 HTTP/1.1" 200 3051 "-" "Mozilla/5.0 AppleWebKit/537.36 (KHTML, like Gecko; compatible; GPTBot/1.2; +https://openai.com/gptbot)"
66.249.65.197 - - [19/Oct/2025:09:20:37 -0400] "GET /items/476362458.htm HTTP/1.1" 200 18922 "-" "Mozilla/5.0 (Linux; Android 6.0.1; Nexus 5X Build/MMB29P) AppleWebKit/537.36 (KHTML, like Gecko) Chrome/140.0.7339.207 Mobile Safari/537.36 (compatible; Googlebot/2.1; +http://www.google.com/bot.html)"
20.171.207.103 - - [19/Oct/2025:09:20:40 -0400] "GET /?fileloc=//opt/alt/ruby18/lib64/ruby/1.8/test/unit/ui/testrunnerutilities.rb&path=//opt/alt/ruby18/lib64/ruby/1.8/test/unit/ui HTTP/1.1" 200 3095 "-" "Mozilla/5.0 AppleWebKit/537.36 (KHTML, like Gecko; compatible; GPTBot/1.2; +https://openai.com/gptbot)"
20.171.207.103 - - [19/Oct/2025:09:20:43 -0400] "GET /?path=//opt/alt/ruby26/lib64/ruby/gems/2.6.0/doc/rack-3.0.8/ri/Rack/QueryParser/InvalidParameterError HTTP/1.1" 200 2940 "-" "Mozilla/5.0 AppleWebKit/537.36 (KHTML, like Gecko; compatible; GPTBot/1.2; +https://openai.com/gptbot)"
20.171.207.103 - - [19/Oct/2025:09:20:46 -0400] "GET /?fileloc=//usr/lib64/libtinfo.so.5.9&path=//usr/lib64 HTTP/1.1" 200 2493 "-" "Mozilla/5.0 AppleWebKit/537.36 (KHTML, like Gecko; compatible; GPTBot/1.2; +https://openai.com/gptbot)"
66.249.65.197 - - [19/Oct/2025:09:20:48 -0400] "GET /items/1943738002.htm HTTP/1.1" 200 19583 "-" "Mozilla/5.0 (Linux; Android 6.0.1; Nexus 5X Build/MMB29P) AppleWebKit/537.36 (KHTML, like Gecko) Chrome/140.0.7339.207 Mobile Safari/537.36 (compatible; Googlebot/2.1; +http://www.google.com/bot.html)"
20.171.207.103 - - [19/Oct/2025:09:20:49 -0400] "GET /?fileloc=//opt/alt/alt-nodejs22/root/usr/lib/node_modules/npm/node_modules/sigstore/node_modules/@sigstore/core/dist/x509/index.js&path=//opt/alt/alt-nodejs22/root/usr/lib/node_modules/npm/node_modules/sigstore/node_modules/@sigstore/core/dist/x509 HTTP/1.1" 200 3160 "-" "Mozilla/5.0 AppleWebKit/537.36 (KHTML, like Gecko; compatible; GPTBot/1.2; +https://openai.com/gptbot)"
20.171.207.103 - - [19/Oct/2025:09:20:52 -0400] "GET /?fileloc=//usr/lib64/libxcb-res.so.0&path=//usr/lib64 HTTP/1.1" 200 2445 "-" "Mozilla/5.0 AppleWebKit/537.36 (KHTML, like Gecko; compatible; GPTBot/1.2; +https://openai.com/gptbot)"
20.171.207.103 - - [19/Oct/2025:09:20:55 -0400] "GET /?fileloc=//usr/lib64/libnss_dns.so.2&path=//usr/lib64 HTTP/1.1" 200 2494 "-" "Mozilla/5.0 AppleWebKit/537.36 (KHTML, like Gecko; compatible; GPTBot/1.2; +https://openai.com/gptbot)"
20.171.207.103 - - [19/Oct/2025:09:20:59 -0400] "GET /?fileloc=//tmp/4bbb35/merkur-paignton.html&path=//tmp/4bbb35 HTTP/1.1" 200 4304 "-" "Mozilla/5.0 AppleWebKit/537.36 (KHTML, like Gecko; compatible; GPTBot/1.2; +https://openai.com/gptbot)"
66.249.65.197 - - [19/Oct/2025:09:20:59 -0400] "GET /items/1458197658.htm HTTP/1.1" 200 18917 "-" "Mozilla/5.0 (Linux; Android 6.0.1; Nexus 5X Build/MMB29P) AppleWebKit/537.36 (KHTML, like Gecko) Chrome/140.0.7339.207 Mobile Safari/537.36 (compatible; Googlebot/2.1; +http://www.google.com/bot.html)"
20.171.207.103 - - [19/Oct/2025:09:21:02 -0400] "GET /?fileloc=//tmp/4bbb35/yggdrasil-games.html&path=//tmp/4bbb35 HTTP/1.1" 200 4301 "-" "Mozilla/5.0 AppleWebKit/537.36 (KHTML, like Gecko; compatible; GPTBot/1.2; +https://openai.com/gptbot)"
20.171.207.103 - - [19/Oct/2025:09:21:05 -0400] "GET /?fileloc=//lib64/gettext/urlget&path=//lib64/gettext HTTP/1.1" 200 2430 "-" "Mozilla/5.0 AppleWebKit/537.36 (KHTML, like Gecko; compatible; GPTBot/1.2; +https://openai.com/gptbot)"
20.171.207.103 - - [19/Oct/2025:09:21:08 -0400] "GET /?fileloc=//usr/lib64/libicutest.so.60.3&path=//usr/lib64 HTTP/1.1" 200 2496 "-" "Mozilla/5.0 AppleWebKit/537.36 (KHTML, like Gecko; compatible; GPTBot/1.2; +https://openai.com/gptbot)"
66.249.65.197 - - [19/Oct/2025:09:21:11 -0400] "GET /items/1458189627.htm HTTP/1.1" 200 18858 "-" "Mozilla/5.0 (Linux; Android 6.0.1; Nexus 5X Build/MMB29P) AppleWebKit/537.36 (KHTML, like Gecko) Chrome/140.0.7339.207 Mobile Safari/537.36 (compatible; Googlebot/2.1; +http://www.google.com/bot.html)"
20.171.207.103 - - [19/Oct/2025:09:21:11 -0400] "GET /?fileloc=//usr/lib64/libpoppler.so.104&path=//usr/lib64 HTTP/1.1" 200 2495 "-" "Mozilla/5.0 AppleWebKit/537.36 (KHTML, like Gecko; compatible; GPTBot/1.2; +https://openai.com/gptbot)"
20.171.207.103 - - [19/Oct/2025:09:21:14 -0400] "GET /?path=//lib/modules/4.18.0-553.54.1.lve.el8.x86_64/kernel/sound/firewire/digi00x HTTP/1.1" 200 2874 "-" "Mozilla/5.0 AppleWebKit/537.36 (KHTML, like Gecko; compatible; GPTBot/1.2; +https://openai.com/gptbot)"
20.171.207.103 - - [19/Oct/2025:09:21:17 -0400] "GET /?fileloc=//lib/modules/4.18.0-553.70.1.lve.el8.x86_64/kernel/net/unix/unix_diag.ko.xz&path=//lib/modules/4.18.0-553.70.1.lve.el8.x86_64/kernel/net/unix HTTP/1.1" 200 2486 "-" "Mozilla/5.0 AppleWebKit/537.36 (KHTML, like Gecko; compatible; GPTBot/1.2; +https://openai.com/gptbot)"
20.171.207.103 - - [19/Oct/2025:09:21:20 -0400] "GET /?fileloc=//lib/modules/4.18.0-553.45.1.lve.el8.x86_64/kernel/net/ceph/libceph.ko.xz&path=//lib/modules/4.18.0-553.45.1.lve.el8.x86_64/kernel/net/ceph HTTP/1.1" 200 2483 "-" "Mozilla/5.0 AppleWebKit/537.36 (KHTML, like Gecko; compatible; GPTBot/1.2; +https://openai.com/gptbot)"
20.171.207.103 - - [19/Oct/2025:09:21:23 -0400] "GET /?path=//usr/lib/modules/4.18.0-553.70.1.lve.el8.x86_64/kernel/net/key HTTP/1.1" 200 2833 "-" "Mozilla/5.0 AppleWebKit/537.36 (KHTML, like Gecko; compatible; GPTBot/1.2; +https://openai.com/gptbot)"
66.249.65.197 - - [19/Oct/2025:09:21:24 -0400] "GET /items/1458206851.htm HTTP/1.1" 200 18233 "-" "Mozilla/5.0 (Linux; Android 6.0.1; Nexus 5X Build/MMB29P) AppleWebKit/537.36 (KHTML, like Gecko) Chrome/140.0.7339.207 Mobile Safari/537.36 (compatible; Googlebot/2.1; +http://www.google.com/bot.html)"
20.171.207.103 - - [19/Oct/2025:09:21:27 -0400] "GET /?path=//usr/lib/modules/4.18.0-553.45.1.lve.el8.x86_64/kernel/net/key HTTP/1.1" 200 2828 "-" "Mozilla/5.0 AppleWebKit/537.36 (KHTML, like Gecko; compatible; GPTBot/1.2; +https://openai.com/gptbot)"
20.171.207.103 - - [19/Oct/2025:09:21:30 -0400] "GET /?fileloc=//proc/sys/vm/hugetlb_shm_group&path=//proc/sys/vm HTTP/1.1" 200 2450 "-" "Mozilla/5.0 AppleWebKit/537.36 (KHTML, like Gecko; compatible; GPTBot/1.2; +https://openai.com/gptbot)"
20.171.207.103 - - [19/Oct/2025:09:21:33 -0400] "GET /?path=//lib/modules/4.18.0-553.70.1.lve.el8.x86_64/kernel/net/key HTTP/1.1" 200 2819 "-" "Mozilla/5.0 AppleWebKit/537.36 (KHTML, like Gecko; compatible; GPTBot/1.2; +https://openai.com/gptbot)"
20.171.207.103 - - [19/Oct/2025:09:21:36 -0400] "GET /?fileloc=//lib64/libparted-fs-resize.so.0.0.1&path=//lib64 HTTP/1.1" 200 2437 "-" "Mozilla/5.0 AppleWebKit/537.36 (KHTML, like Gecko; compatible; GPTBot/1.2; +https://openai.com/gptbot)"
66.249.65.197 - - [19/Oct/2025:09:21:37 -0400] "GET /items/78607086.htm HTTP/1.1" 200 19034 "-" "Mozilla/5.0 (Linux; Android 6.0.1; Nexus 5X Build/MMB29P) AppleWebKit/537.36 (KHTML, like Gecko) Chrome/140.0.7339.207 Mobile Safari/537.36 (compatible; Googlebot/2.1; +http://www.google.com/bot.html)"
20.171.207.103 - - [19/Oct/2025:09:21:39 -0400] "GET /?fileloc=//usr/lib64/libpangoxft-1.0.so.0&path=//usr/lib64 HTTP/1.1" 200 2497 "-" "Mozilla/5.0 AppleWebKit/537.36 (KHTML, like Gecko; compatible; GPTBot/1.2; +https://openai.com/gptbot)"
20.171.207.103 - - [19/Oct/2025:09:21:43 -0400] "GET /?path=//opt/alt/freetds11 HTTP/1.1" 200 2825 "-" "Mozilla/5.0 AppleWebKit/537.36 (KHTML, like Gecko; compatible; GPTBot/1.2; +https://openai.com/gptbot)"
20.171.207.103 - - [19/Oct/2025:09:21:46 -0400] "GET /?fileloc=//tmp/4bbb35/casino-latest-slots.html&path=//tmp/4bbb35 HTTP/1.1" 200 3758 "-" "Mozilla/5.0 AppleWebKit/537.36 (KHTML, like Gecko; compatible; GPTBot/1.2; +https://openai.com/gptbot)"
20.171.207.103 - - [19/Oct/2025:09:21:49 -0400] "GET /?path=//opt/alt/python39/lib64/python3.9/lib2to3/pgen2 HTTP/1.1" 200 3229 "-" "Mozilla/5.0 AppleWebKit/537.36 (KHTML, like Gecko; compatible; GPTBot/1.2; +https://openai.com/gptbot)"
20.171.207.103 - - [19/Oct/2025:09:21:52 -0400] "GET /?path=//opt/alt/python37/lib64/python3.7/lib2to3/pgen2 HTTP/1.1" 200 3191 "-" "Mozilla/5.0 AppleWebKit/537.36 (KHTML, like Gecko; compatible; GPTBot/1.2; +https://openai.com/gptbot)"
20.171.207.103 - - [19/Oct/2025:09:21:56 -0400] "GET /?path=//opt/alt/curlssl11 HTTP/1.1" 200 2752 "-" "Mozilla/5.0 AppleWebKit/537.36 (KHTML, like Gecko; compatible; GPTBot/1.2; +https://openai.com/gptbot)"
66.249.65.197 - - [19/Oct/2025:09:21:58 -0400] "GET /items/1458206329.htm HTTP/1.1" 200 18965 "-" "Mozilla/5.0 (Linux; Android 6.0.1; Nexus 5X Build/MMB29P) AppleWebKit/537.36 (KHTML, like Gecko) Chrome/140.0.7339.207 Mobile Safari/537.36 (compatible; Googlebot/2.1; +http://www.google.com/bot.html)"
20.171.207.103 - - [19/Oct/2025:09:21:59 -0400] "GET /?path=//opt/alt/python35/lib64/python3.5/lib2to3/pgen2 HTTP/1.1" 200 3230 "-" "Mozilla/5.0 AppleWebKit/537.36 (KHTML, like Gecko; compatible; GPTBot/1.2; +https://openai.com/gptbot)"
20.171.207.103 - - [19/Oct/2025:09:22:02 -0400] "GET /?path=//opt/alt/python27/lib64/python2.7/lib2to3/pgen2 HTTP/1.1" 200 3571 "-" "Mozilla/5.0 AppleWebKit/537.36 (KHTML, like Gecko; compatible; GPTBot/1.2; +https://openai.com/gptbot)"
20.171.207.103 - - [19/Oct/2025:09:22:05 -0400] "GET /?path=//opt/alt/python38/lib64/python3.8/lib2to3/pgen2 HTTP/1.1" 200 3257 "-" "Mozilla/5.0 AppleWebKit/537.36 (KHTML, like Gecko; compatible; GPTBot/1.2; +https://openai.com/gptbot)"
20.171.207.103 - - [19/Oct/2025:09:22:08 -0400] "GET /?path=//lib/firmware/inside-secure HTTP/1.1" 200 2809 "-" "Mozilla/5.0 AppleWebKit/537.36 (KHTML, like Gecko; compatible; GPTBot/1.2; +https://openai.com/gptbot)"
66.249.65.197 - - [19/Oct/2025:09:22:08 -0400] "GET /items/1458199649.htm HTTP/1.1" 200 18762 "-" "Mozilla/5.0 (Linux; Android 6.0.1; Nexus 5X Build/MMB29P) AppleWebKit/537.36 (KHTML, like Gecko) Chrome/140.0.7339.207 Mobile Safari/537.36 (compatible; Googlebot/2.1; +http://www.google.com/bot.html)"
20.171.207.103 - - [19/Oct/2025:09:22:11 -0400] "GET /?fileloc=//lib64/libMagickCore-6.Q16.so.7.0.0&path=//lib64 HTTP/1.1" 200 2490 "-" "Mozilla/5.0 AppleWebKit/537.36 (KHTML, like Gecko; compatible; GPTBot/1.2; +https://openai.com/gptbot)"
20.171.207.103 - - [19/Oct/2025:09:22:14 -0400] "GET /free-slots-real-cash-no-deposit/&amp?path=/home/creaqbdc/public_html/creativefinishings.com HTTP/1.1" 200 2912 "-" "Mozilla/5.0 AppleWebKit/537.36 (KHTML, like Gecko; compatible; GPTBot/1.2; +https://openai.com/gptbot)"
20.171.207.103 - - [19/Oct/2025:09:22:17 -0400] "GET /?path=//opt/imunify360/venv/lib/python3.11/site-packages/Crypto/__pycache__ HTTP/1.1" 200 2896 "-" "Mozilla/5.0 AppleWebKit/537.36 (KHTML, like Gecko; compatible; GPTBot/1.2; +https://openai.com/gptbot)"
66.249.65.197 - - [19/Oct/2025:09:22:18 -0400] "GET /items/1458190456.htm HTTP/1.1" 200 19466 "-" "Mozilla/5.0 (Linux; Android 6.0.1; Nexus 5X Build/MMB29P) AppleWebKit/537.36 (KHTML, like Gecko) Chrome/140.0.7339.207 Mobile Safari/537.36 (compatible; Googlebot/2.1; +http://www.google.com/bot.html)"
66.249.65.198 - - [19/Oct/2025:09:22:19 -0400] "GET /items/964681832.htm HTTP/1.1" 200 3949 "-" "Mozilla/5.0 (Linux; Android 6.0.1; Nexus 5X Build/MMB29P) AppleWebKit/537.36 (KHTML, like Gecko) Chrome/140.0.7339.207 Mobile Safari/537.36 (compatible; GoogleOther)"
66.249.65.197 - - [19/Oct/2025:09:22:20 -0400] "GET /product/edit/C319973927 HTTP/1.1" 200 4011 "-" "Mozilla/5.0 (Linux; Android 6.0.1; Nexus 5X Build/MMB29P) AppleWebKit/537.36 (KHTML, like Gecko) Chrome/140.0.7339.207 Mobile Safari/537.36 (compatible; GoogleOther)"
20.171.207.103 - - [19/Oct/2025:09:22:21 -0400] "GET /?fileloc=//sbin/dnssec-keymgr&path=//sbin HTTP/1.1" 200 2867 "-" "Mozilla/5.0 AppleWebKit/537.36 (KHTML, like Gecko; compatible; GPTBot/1.2; +https://openai.com/gptbot)"
20.171.207.103 - - [19/Oct/2025:09:22:24 -0400] "GET /?path=//proc/2376535/root/lib/debug/lib64 HTTP/1.1" 200 2572 "-" "Mozilla/5.0 AppleWebKit/537.36 (KHTML, like Gecko; compatible; GPTBot/1.2; +https://openai.com/gptbot)"
20.171.207.103 - - [19/Oct/2025:09:22:27 -0400] "GET /?fileloc=//usr/lib64/libGeoIP.so.1.6.12&path=//usr/lib64 HTTP/1.1" 200 2497 "-" "Mozilla/5.0 AppleWebKit/537.36 (KHTML, like Gecko; compatible; GPTBot/1.2; +https://openai.com/gptbot)"
66.249.65.197 - - [19/Oct/2025:09:22:28 -0400] "GET /items/1961520919.htm HTTP/1.1" 200 19684 "-" "Mozilla/5.0 (Linux; Android 6.0.1; Nexus 5X Build/MMB29P) AppleWebKit/537.36 (KHTML, like Gecko) Chrome/140.0.7339.207 Mobile Safari/537.36 (compatible; Googlebot/2.1; +http://www.google.com/bot.html)"
20.171.207.103 - - [19/Oct/2025:09:22:30 -0400] "GET /free-slots-real-cash-no-deposit/&amp?path=/home/creaqbdc/public_html/creativefinishings.com/nidal.naji HTTP/1.1" 200 2889 "-" "Mozilla/5.0 AppleWebKit/537.36 (KHTML, like Gecko; compatible; GPTBot/1.2; +https://openai.com/gptbot)"
20.171.207.103 - - [19/Oct/2025:09:22:33 -0400] "GET /?path=//lib/firmware/inside-secure/eip197_minifw HTTP/1.1" 200 2869 "-" "Mozilla/5.0 AppleWebKit/537.36 (KHTML, like Gecko; compatible; GPTBot/1.2; +https://openai.com/gptbot)"
20.171.207.103 - - [19/Oct/2025:09:22:36 -0400] "GET /?fileloc=//lib/systemd/systemd-socket-proxyd&path=//lib/systemd HTTP/1.1" 200 2483 "-" "Mozilla/5.0 AppleWebKit/537.36 (KHTML, like Gecko; compatible; GPTBot/1.2; +https://openai.com/gptbot)"
66.249.65.197 - - [19/Oct/2025:09:22:38 -0400] "GET /items/1458205492.htm HTTP/1.1" 200 18639 "-" "Mozilla/5.0 (Linux; Android 6.0.1; Nexus 5X Build/MMB29P) AppleWebKit/537.36 (KHTML, like Gecko) Chrome/140.0.7339.207 Mobile Safari/537.36 (compatible; Googlebot/2.1; +http://www.google.com/bot.html)"
20.171.207.103 - - [19/Oct/2025:09:22:39 -0400] "GET /?fileloc=//usr/selector/php&path=//usr/selector HTTP/1.1" 200 2486 "-" "Mozilla/5.0 AppleWebKit/537.36 (KHTML, like Gecko; compatible; GPTBot/1.2; +https://openai.com/gptbot)"
20.171.207.103 - - [19/Oct/2025:09:22:42 -0400] "GET /?path=//usr/local/lib64/perl5/auto/XML/SAX/Base HTTP/1.1" 200 2867 "-" "Mozilla/5.0 AppleWebKit/537.36 (KHTML, like Gecko; compatible; GPTBot/1.2; +https://openai.com/gptbot)"
20.171.207.103 - - [19/Oct/2025:09:22:45 -0400] "GET /?fileloc=//lib64/libbabeltrace-dummy.so.1&path=//lib64 HTTP/1.1" 200 2485 "-" "Mozilla/5.0 AppleWebKit/537.36 (KHTML, like Gecko; compatible; GPTBot/1.2; +https://openai.com/gptbot)"
8.217.213.80 - - [19/Oct/2025:09:22:47 -0400] "GET /wp-content/uploads/2024/09/befor1-1.webp HTTP/1.1" 200 41140 "-" "AliyunSecBot/Aliyun (AliyunSecBot@service.alibaba.com)"
66.249.65.197 - - [19/Oct/2025:09:22:48 -0400] "GET /items/78654591.htm HTTP/1.1" 200 19072 "-" "Mozilla/5.0 (Linux; Android 6.0.1; Nexus 5X Build/MMB29P) AppleWebKit/537.36 (KHTML, like Gecko) Chrome/140.0.7339.207 Mobile Safari/537.36 (compatible; Googlebot/2.1; +http://www.google.com/bot.html)"
20.171.207.103 - - [19/Oct/2025:09:22:49 -0400] "GET /?fileloc=//bin/unexpand&path=//bin HTTP/1.1" 200 2467 "-" "Mozilla/5.0 AppleWebKit/537.36 (KHTML, like Gecko; compatible; GPTBot/1.2; +https://openai.com/gptbot)"
20.171.207.103 - - [19/Oct/2025:09:22:52 -0400] "GET /?fileloc=//bin/readlink&path=//bin HTTP/1.1" 200 2467 "-" "Mozilla/5.0 AppleWebKit/537.36 (KHTML, like Gecko; compatible; GPTBot/1.2; +https://openai.com/gptbot)"
20.171.207.103 - - [19/Oct/2025:09:22:55 -0400] "GET /?fileloc=//bin/nsupdate&path=//bin HTTP/1.1" 200 2467 "-" "Mozilla/5.0 AppleWebKit/537.36 (KHTML, like Gecko; compatible; GPTBot/1.2; +https://openai.com/gptbot)"
66.249.65.197 - - [19/Oct/2025:09:22:57 -0400] "GET /items/1961473544.htm HTTP/1.1" 200 19361 "-" "Mozilla/5.0 (Linux; Android 6.0.1; Nexus 5X Build/MMB29P) AppleWebKit/537.36 (KHTML, like Gecko) Chrome/140.0.7339.207 Mobile Safari/537.36 (compatible; Googlebot/2.1; +http://www.google.com/bot.html)"
20.171.207.103 - - [19/Oct/2025:09:22:58 -0400] "GET /?fileloc=//etc/lynx.cfg&path=//etc HTTP/1.1" 403 1242 "-" "Mozilla/5.0 AppleWebKit/537.36 (KHTML, like Gecko; compatible; GPTBot/1.2; +https://openai.com/gptbot)"
66.249.65.197 - - [19/Oct/2025:09:22:58 -0400] "GET /items/1458195667.htm HTTP/1.1" 200 19617 "-" "Mozilla/5.0 (Linux; Android 6.0.1; Nexus 5X Build/MMB29P) AppleWebKit/537.36 (KHTML, like Gecko) Chrome/140.0.7339.207 Mobile Safari/537.36 (compatible; Googlebot/2.1; +http://www.google.com/bot.html)"
20.171.207.103 - - [19/Oct/2025:09:23:01 -0400] "GET /?fileloc=//bin/createdb&path=//bin HTTP/1.1" 200 2467 "-" "Mozilla/5.0 AppleWebKit/537.36 (KHTML, like Gecko; compatible; GPTBot/1.2; +https://openai.com/gptbot)"
20.171.207.103 - - [19/Oct/2025:09:23:05 -0400] "GET /?fileloc=//bin/truncate&path=//bin HTTP/1.1" 200 2467 "-" "Mozilla/5.0 AppleWebKit/537.36 (KHTML, like Gecko; compatible; GPTBot/1.2; +https://openai.com/gptbot)"
20.171.207.103 - - [19/Oct/2025:09:23:08 -0400] "GET /?fileloc=//bin/preunzip&path=//bin HTTP/1.1" 200 4432 "-" "Mozilla/5.0 AppleWebKit/537.36 (KHTML, like Gecko; compatible; GPTBot/1.2; +https://openai.com/gptbot)"
20.171.207.103 - - [19/Oct/2025:09:23:11 -0400] "GET /?fileloc=//bin/xsltproc&path=//bin HTTP/1.1" 200 2467 "-" "Mozilla/5.0 AppleWebKit/537.36 (KHTML, like Gecko; compatible; GPTBot/1.2; +https://openai.com/gptbot)"
20.171.207.103 - - [19/Oct/2025:09:23:14 -0400] "GET /?fileloc=//bin/nslookup&path=//bin HTTP/1.1" 200 2468 "-" "Mozilla/5.0 AppleWebKit/537.36 (KHTML, like Gecko; compatible; GPTBot/1.2; +https://openai.com/gptbot)"
20.171.207.103 - - [19/Oct/2025:09:23:17 -0400] "GET /?fileloc=//bin/autoscan&path=//bin HTTP/1.1" 200 8878 "-" "Mozilla/5.0 AppleWebKit/537.36 (KHTML, like Gecko; compatible; GPTBot/1.2; +https://openai.com/gptbot)"
66.249.65.197 - - [19/Oct/2025:09:23:17 -0400] "GET /items/78638580.htm HTTP/1.1" 200 18378 "-" "Mozilla/5.0 (Linux; Android 6.0.1; Nexus 5X Build/MMB29P) AppleWebKit/537.36 (KHTML, like Gecko) Chrome/140.0.7339.207 Mobile Safari/537.36 (compatible; Googlebot/2.1; +http://www.google.com/bot.html)"
20.171.207.103 - - [19/Oct/2025:09:23:20 -0400] "GET /?fileloc=//bin/utmpdump&path=//bin HTTP/1.1" 200 2468 "-" "Mozilla/5.0 AppleWebKit/537.36 (KHTML, like Gecko; compatible; GPTBot/1.2; +https://openai.com/gptbot)"
20.171.207.103 - - [19/Oct/2025:09:23:23 -0400] "GET /?fileloc=//bin/hostname&path=//bin HTTP/1.1" 200 2467 "-" "Mozilla/5.0 AppleWebKit/537.36 (KHTML, like Gecko; compatible; GPTBot/1.2; +https://openai.com/gptbot)"
20.171.207.103 - - [19/Oct/2025:09:23:26 -0400] "GET /?fileloc=//etc/lynx.lss&path=//etc HTTP/1.1" 403 1242 "-" "Mozilla/5.0 AppleWebKit/537.36 (KHTML, like Gecko; compatible; GPTBot/1.2; +https://openai.com/gptbot)"
66.249.65.198 - - [19/Oct/2025:09:23:27 -0400] "GET /items/1458217326.htm HTTP/1.1" 200 19238 "-" "Mozilla/5.0 (Linux; Android 6.0.1; Nexus 5X Build/MMB29P) AppleWebKit/537.36 (KHTML, like Gecko) Chrome/140.0.7339.207 Mobile Safari/537.36 (compatible; Googlebot/2.1; +http://www.google.com/bot.html)"
20.171.207.103 - - [19/Oct/2025:09:23:29 -0400] "GET /?fileloc=//bin/vimtutor&path=//bin HTTP/1.1" 200 3576 "-" "Mozilla/5.0 AppleWebKit/537.36 (KHTML, like Gecko; compatible; GPTBot/1.2; +https://openai.com/gptbot)"
20.171.207.103 - - [19/Oct/2025:09:23:33 -0400] "GET /?fileloc=//bin/vacuumdb&path=//bin HTTP/1.1" 200 2468 "-" "Mozilla/5.0 AppleWebKit/537.36 (KHTML, like Gecko; compatible; GPTBot/1.2; +https://openai.com/gptbot)"
20.171.207.103 - - [19/Oct/2025:09:23:36 -0400] "GET /?fileloc=//bin/fc-match&path=//bin HTTP/1.1" 200 2468 "-" "Mozilla/5.0 AppleWebKit/537.36 (KHTML, like Gecko; compatible; GPTBot/1.2; +https://openai.com/gptbot)"
66.249.65.197 - - [19/Oct/2025:09:23:37 -0400] "GET /items/78618270.htm HTTP/1.1" 200 17788 "-" "Mozilla/5.0 (Linux; Android 6.0.1; Nexus 5X Build/MMB29P) AppleWebKit/537.36 (KHTML, like Gecko) Chrome/140.0.7339.207 Mobile Safari/537.36 (compatible; Googlebot/2.1; +http://www.google.com/bot.html)"
20.171.207.103 - - [19/Oct/2025:09:23:39 -0400] "GET /?fileloc=//bin/automake&path=//bin HTTP/1.1" 200 81010 "-" "Mozilla/5.0 AppleWebKit/537.36 (KHTML, like Gecko; compatible; GPTBot/1.2; +https://openai.com/gptbot)"
20.171.207.103 - - [19/Oct/2025:09:23:42 -0400] "GET /?fileloc=//bin/unzipsfx&path=//bin HTTP/1.1" 200 2469 "-" "Mozilla/5.0 AppleWebKit/537.36 (KHTML, like Gecko; compatible; GPTBot/1.2; +https://openai.com/gptbot)"
20.171.207.103 - - [19/Oct/2025:09:23:45 -0400] "GET /?fileloc=//bin/tmpwatch&path=//bin HTTP/1.1" 200 2471 "-" "Mozilla/5.0 AppleWebKit/537.36 (KHTML, like Gecko; compatible; GPTBot/1.2; +https://openai.com/gptbot)"
20.171.207.103 - - [19/Oct/2025:09:23:48 -0400] "GET /?path=//usr/lib/modules/4.18.0-553.45.1.lve.el8.x86_64/kernel/drivers/infiniband/ulp/opa_vnic HTTP/1.1" 200 2899 "-" "Mozilla/5.0 AppleWebKit/537.36 (KHTML, like Gecko; compatible; GPTBot/1.2; +https://openai.com/gptbot)"
20.171.207.103 - - [19/Oct/2025:09:23:52 -0400] "GET /?path=//usr/lib/modules/4.18.0-553.70.1.lve.el8.x86_64/kernel/drivers/infiniband/ulp/opa_vnic HTTP/1.1" 200 2903 "-" "Mozilla/5.0 AppleWebKit/537.36 (KHTML, like Gecko; compatible; GPTBot/1.2; +https://openai.com/gptbot)"
20.171.207.103 - - [19/Oct/2025:09:23:55 -0400] "GET /?fileloc=//lib64/libQt5QuickTest.so.5.15.3&path=//lib64 HTTP/1.1" 200 2487 "-" "Mozilla/5.0 AppleWebKit/537.36 (KHTML, like Gecko; compatible; GPTBot/1.2; +https://openai.com/gptbot)"
66.249.65.197 - - [19/Oct/2025:09:23:56 -0400] "GET /items/1458176639.htm HTTP/1.1" 200 18571 "-" "Mozilla/5.0 (Linux; Android 6.0.1; Nexus 5X Build/MMB29P) AppleWebKit/537.36 (KHTML, like Gecko) Chrome/140.0.7339.207 Mobile Safari/537.36 (compatible; Googlebot/2.1; +http://www.google.com/bot.html)"
20.171.207.103 - - [19/Oct/2025:09:23:58 -0400] "GET /?path=//lib64/python2.7/Demo/tkinter/ttk/img HTTP/1.1" 200 2950 "-" "Mozilla/5.0 AppleWebKit/537.36 (KHTML, like Gecko; compatible; GPTBot/1.2; +https://openai.com/gptbot)"
20.171.207.103 - - [19/Oct/2025:09:24:01 -0400] "GET /?fileloc=//opt/alt/ruby20/lib64/ruby/gems/2.0.0/gems/rack-1.6.4/test/spec_sendfile.rb&path=//opt/alt/ruby20/lib64/ruby/gems/2.0.0/gems/rack-1.6.4/test HTTP/1.1" 200 3622 "-" "Mozilla/5.0 AppleWebKit/537.36 (KHTML, like Gecko; compatible; GPTBot/1.2; +https://openai.com/gptbot)"
20.171.207.103 - - [19/Oct/2025:09:24:04 -0400] "GET /?fileloc=//proc/2376535/root/proc/self/root/var/softaculous/weberp/clone.php&path=//proc/2376535/root/proc/self/root/var/softaculous/weberp HTTP/1.1" 200 2554 "-" "Mozilla/5.0 AppleWebKit/537.36 (KHTML, like Gecko; compatible; GPTBot/1.2; +https://openai.com/gptbot)"
66.249.65.197 - - [19/Oct/2025:09:24:06 -0400] "GET /items/78638775.htm HTTP/1.1" 200 19107 "-" "Mozilla/5.0 (Linux; Android 6.0.1; Nexus 5X Build/MMB29P) AppleWebKit/537.36 (KHTML, like Gecko) Chrome/140.0.7339.207 Mobile Safari/537.36 (compatible; Googlebot/2.1; +http://www.google.com/bot.html)"
20.171.207.103 - - [19/Oct/2025:09:24:07 -0400] "GET /?fileloc=//opt/alt/ruby24/lib64/ruby/gems/2.4.0/gems/rack-1.6.4/test/spec_handler.rb&path=//opt/alt/ruby24/lib64/ruby/gems/2.4.0/gems/rack-1.6.4/test HTTP/1.1" 200 3095 "-" "Mozilla/5.0 AppleWebKit/537.36 (KHTML, like Gecko; compatible; GPTBot/1.2; +https://openai.com/gptbot)"
20.171.207.103 - - [19/Oct/2025:09:24:10 -0400] "GET /?fileloc=//bin/make-dummy-cert&path=//bin HTTP/1.1" 200 2753 "-" "Mozilla/5.0 AppleWebKit/537.36 (KHTML, like Gecko; compatible; GPTBot/1.2; +https://openai.com/gptbot)"
20.171.207.103 - - [19/Oct/2025:09:24:14 -0400] "GET /?fileloc=//bin/mysql_find_rows&path=//bin HTTP/1.1" 200 4083 "-" "Mozilla/5.0 AppleWebKit/537.36 (KHTML, like Gecko; compatible; GPTBot/1.2; +https://openai.com/gptbot)"
66.249.65.197 - - [19/Oct/2025:09:24:16 -0400] "GET /items/1458197008.htm HTTP/1.1" 200 18841 "-" "Mozilla/5.0 (Linux; Android 6.0.1; Nexus 5X Build/MMB29P) AppleWebKit/537.36 (KHTML, like Gecko) Chrome/140.0.7339.207 Mobile Safari/537.36 (compatible; Googlebot/2.1; +http://www.google.com/bot.html)"
20.171.207.103 - - [19/Oct/2025:09:24:17 -0400] "GET /?fileloc=//bin/renew-dummy-cert&path=//bin HTTP/1.1" 200 2886 "-" "Mozilla/5.0 AppleWebKit/537.36 (KHTML, like Gecko; compatible; GPTBot/1.2; +https://openai.com/gptbot)"
20.171.207.103 - - [19/Oct/2025:09:24:20 -0400] "GET /?path=//proc/2376535/root/var/softaculous/sitepad/editor/site-data/plugins/kkart-pro/includes/gateways/stripe/stripe-php HTTP/1.1" 200 2680 "-" "Mozilla/5.0 AppleWebKit/537.36 (KHTML, like Gecko; compatible; GPTBot/1.2; +https://openai.com/gptbot)"
20.171.207.103 - - [19/Oct/2025:09:24:23 -0400] "GET /?fileloc=//proc/sys/fs/nfs/nfs_mountpoint_timeout&path=//proc/sys/fs/nfs HTTP/1.1" 200 2514 "-" "Mozilla/5.0 AppleWebKit/537.36 (KHTML, like Gecko; compatible; GPTBot/1.2; +https://openai.com/gptbot)"
20.171.207.103 - - [19/Oct/2025:09:24:26 -0400] "GET /?fileloc=//opt/alt/php56/usr/lib64/php/modules/grpc.so&path=//opt/alt/php56/usr/lib64/php/modules HTTP/1.1" 200 2533 "-" "Mozilla/5.0 AppleWebKit/537.36 (KHTML, like Gecko; compatible; GPTBot/1.2; +https://openai.com/gptbot)"
20.171.207.103 - - [19/Oct/2025:09:24:30 -0400] "GET /?fileloc=//opt/alt/php84/usr/lib64/php/modules/tidy.so&path=//opt/alt/php84/usr/lib64/php/modules HTTP/1.1" 200 2533 "-" "Mozilla/5.0 AppleWebKit/537.36 (KHTML, like Gecko; compatible; GPTBot/1.2; +https://openai.com/gptbot)"
20.171.207.103 - - [19/Oct/2025:09:24:33 -0400] "GET /?fileloc=//opt/alt/php52/usr/lib64/php/build/config.guess&path=//opt/alt/php52/usr/lib64/php/build HTTP/1.1" 200 16676 "-" "Mozilla/5.0 AppleWebKit/537.36 (KHTML, like Gecko; compatible; GPTBot/1.2; +https://openai.com/gptbot)"
66.249.65.197 - - [19/Oct/2025:09:24:35 -0400] "GET /items/78636077.htm HTTP/1.1" 200 18467 "-" "Mozilla/5.0 (Linux; Android 6.0.1; Nexus 5X Build/MMB29P) AppleWebKit/537.36 (KHTML, like Gecko) Chrome/140.0.7339.207 Mobile Safari/537.36 (compatible; Googlebot/2.1; +http://www.google.com/bot.html)"
66.249.65.197 - - [19/Oct/2025:09:24:35 -0400] "GET /items/1393464738.htm HTTP/1.1" 200 18124 "-" "Mozilla/5.0 (Linux; Android 6.0.1; Nexus 5X Build/MMB29P) AppleWebKit/537.36 (KHTML, like Gecko) Chrome/140.0.7339.207 Mobile Safari/537.36 (compatible; Googlebot/2.1; +http://www.google.com/bot.html)"
20.171.207.103 - - [19/Oct/2025:09:24:36 -0400] "GET /?fileloc=//lib64/libpixman-1.so.0&path=//lib64 HTTP/1.1" 200 2480 "-" "Mozilla/5.0 AppleWebKit/537.36 (KHTML, like Gecko; compatible; GPTBot/1.2; +https://openai.com/gptbot)"
66.249.65.197 - - [19/Oct/2025:09:24:36 -0400] "GET /items/27859780.htm HTTP/1.1" 200 19035 "-" "Mozilla/5.0 (Linux; Android 6.0.1; Nexus 5X Build/MMB29P) AppleWebKit/537.36 (KHTML, like Gecko) Chrome/140.0.7339.207 Mobile Safari/537.36 (compatible; Googlebot/2.1; +http://www.google.com/bot.html)"
20.171.207.103 - - [19/Oct/2025:09:24:39 -0400] "GET /?fileloc=//lib64/libmenuw.so.5.9&path=//lib64 HTTP/1.1" 200 2478 "-" "Mozilla/5.0 AppleWebKit/537.36 (KHTML, like Gecko; compatible; GPTBot/1.2; +https://openai.com/gptbot)"
20.171.207.103 - - [19/Oct/2025:09:24:42 -0400] "GET /?fileloc=//opt/alt/python37/lib64/python3.7/ctypes/macholib/README.ctypes&path=//opt/alt/python37/lib64/python3.7/ctypes/macholib HTTP/1.1" 200 2716 "-" "Mozilla/5.0 AppleWebKit/537.36 (KHTML, like Gecko; compatible; GPTBot/1.2; +https://openai.com/gptbot)"
20.171.207.103 - - [19/Oct/2025:09:24:45 -0400] "GET /?fileloc=//proc/2376535/root/proc/self/root/var/softaculous/omeka/upgrade.php&path=//proc/2376535/root/proc/self/root/var/softaculous/omeka HTTP/1.1" 200 2554 "-" "Mozilla/5.0 AppleWebKit/537.36 (KHTML, like Gecko; compatible; GPTBot/1.2; +https://openai.com/gptbot)"
66.249.65.197 - - [19/Oct/2025:09:24:46 -0400] "GET /items/1458199519.htm HTTP/1.1" 200 19678 "-" "Mozilla/5.0 (Linux; Android 6.0.1; Nexus 5X Build/MMB29P) AppleWebKit/537.36 (KHTML, like Gecko) Chrome/140.0.7339.207 Mobile Safari/537.36 (compatible; Googlebot/2.1; +http://www.google.com/bot.html)"
20.171.207.103 - - [19/Oct/2025:09:24:48 -0400] "GET /?path=//usr/local/lib64/perl5/auto/CPAN HTTP/1.1" 200 2935 "-" "Mozilla/5.0 AppleWebKit/537.36 (KHTML, like Gecko; compatible; GPTBot/1.2; +https://openai.com/gptbot)"
20.171.207.103 - - [19/Oct/2025:09:24:52 -0400] "GET /?path=//usr/local/lib64/perl5/auto/YAML HTTP/1.1" 200 2832 "-" "Mozilla/5.0 AppleWebKit/537.36 (KHTML, like Gecko; compatible; GPTBot/1.2; +https://openai.com/gptbot)"
20.171.207.103 - - [19/Oct/2025:09:24:55 -0400] "GET /?path=//usr/local/lib64/perl5/auto/HTML HTTP/1.1" 200 2859 "-" "Mozilla/5.0 AppleWebKit/537.36 (KHTML, like Gecko; compatible; GPTBot/1.2; +https://openai.com/gptbot)"
66.249.65.197 - - [19/Oct/2025:09:24:56 -0400] "GET /items/78641280.htm HTTP/1.1" 200 18630 "-" "Mozilla/5.0 (Linux; Android 6.0.1; Nexus 5X Build/MMB29P) AppleWebKit/537.36 (KHTML, like Gecko) Chrome/140.0.7339.207 Mobile Safari/537.36 (compatible; Googlebot/2.1; +http://www.google.com/bot.html)"
20.171.207.103 - - [19/Oct/2025:09:24:58 -0400] "GET /?path=//usr/local/lib64/perl5/auto/JSON HTTP/1.1" 200 2826 "-" "Mozilla/5.0 AppleWebKit/537.36 (KHTML, like Gecko; compatible; GPTBot/1.2; +https://openai.com/gptbot)"
20.171.207.103 - - [19/Oct/2025:09:25:01 -0400] "GET /?fileloc=//proc/self/cpu_resctrl_groups&path=//proc/self HTTP/1.1" 200 2447 "-" "Mozilla/5.0 AppleWebKit/537.36 (KHTML, like Gecko; compatible; GPTBot/1.2; +https://openai.com/gptbot)"
20.171.207.103 - - [19/Oct/2025:09:25:04 -0400] "GET /?path=//usr/local/lib64/perl5/auto/CPAN/Meta HTTP/1.1" 200 2806 "-" "Mozilla/5.0 AppleWebKit/537.36 (KHTML, like Gecko; compatible; GPTBot/1.2; +https://openai.com/gptbot)"
20.171.207.103 - - [19/Oct/2025:09:25:07 -0400] "GET /?fileloc=//tmp/4bbb35/jackpots-ireland.html&path=//tmp/4bbb35 HTTP/1.1" 200 3951 "-" "Mozilla/5.0 AppleWebKit/537.36 (KHTML, like Gecko; compatible; GPTBot/1.2; +https://openai.com/gptbot)"
20.171.207.103 - - [19/Oct/2025:09:25:11 -0400] "GET /?fileloc=//usr/lib64/libicui18n.so.60.3&path=//usr/lib64 HTTP/1.1" 200 2496 "-" "Mozilla/5.0 AppleWebKit/537.36 (KHTML, like Gecko; compatible; GPTBot/1.2; +https://openai.com/gptbot)"
20.171.207.103 - - [19/Oct/2025:09:25:14 -0400] "GET /?path=//usr/local/lib64/perl5/auto/JSON/XS HTTP/1.1" 200 2915 "-" "Mozilla/5.0 AppleWebKit/537.36 (KHTML, like Gecko; compatible; GPTBot/1.2; +https://openai.com/gptbot)"
66.249.65.199 - - [19/Oct/2025:09:25:15 -0400] "GET /items/1458203501.htm HTTP/1.1" 200 19637 "-" "Mozilla/5.0 (Linux; Android 6.0.1; Nexus 5X Build/MMB29P) AppleWebKit/537.36 (KHTML, like Gecko) Chrome/140.0.7339.207 Mobile Safari/537.36 (compatible; Googlebot/2.1; +http://www.google.com/bot.html)"
66.249.65.198 - - [19/Oct/2025:09:25:15 -0400] "GET /items/220947530.htm HTTP/1.1" 200 18381 "-" "Mozilla/5.0 (Linux; Android 6.0.1; Nexus 5X Build/MMB29P) AppleWebKit/537.36 (KHTML, like Gecko) Chrome/140.0.7339.207 Mobile Safari/537.36 (compatible; Googlebot/2.1; +http://www.google.com/bot.html)"
20.171.207.103 - - [19/Oct/2025:09:25:17 -0400] "GET /?fileloc=//var/softaculous/microweber/install.php&path=//var/softaculous/microweber HTTP/1.1" 200 7899 "-" "Mozilla/5.0 AppleWebKit/537.36 (KHTML, like Gecko; compatible; GPTBot/1.2; +https://openai.com/gptbot)"
20.171.207.103 - - [19/Oct/2025:09:25:20 -0400] "GET /?path=//opt/alt/php55/link/conf HTTP/1.1" 200 2871 "-" "Mozilla/5.0 AppleWebKit/537.36 (KHTML, like Gecko; compatible; GPTBot/1.2; +https://openai.com/gptbot)"
20.171.207.103 - - [19/Oct/2025:09:25:23 -0400] "GET /?fileloc=//tmp/4bbb35/roulette-winnings.html&path=//tmp/4bbb35 HTTP/1.1" 200 3833 "-" "Mozilla/5.0 AppleWebKit/537.36 (KHTML, like Gecko; compatible; GPTBot/1.2; +https://openai.com/gptbot)"
66.249.65.197 - - [19/Oct/2025:09:25:25 -0400] "GET /items/78624763.htm HTTP/1.1" 200 18896 "-" "Mozilla/5.0 (Linux; Android 6.0.1; Nexus 5X Build/MMB29P) AppleWebKit/537.36 (KHTML, like Gecko) Chrome/140.0.7339.207 Mobile Safari/537.36 (compatible; Googlebot/2.1; +http://www.google.com/bot.html)"
20.171.207.103 - - [19/Oct/2025:09:25:26 -0400] "GET /?path=//opt/cpanel/ea-php54 HTTP/1.1" 200 2791 "-" "Mozilla/5.0 AppleWebKit/537.36 (KHTML, like Gecko; compatible; GPTBot/1.2; +https://openai.com/gptbot)"
66.249.65.197 - - [19/Oct/2025:09:25:27 -0400] "GET /items/1063550701.htm HTTP/1.1" 200 4063 "-" "Mozilla/5.0 (Linux; Android 6.0.1; Nexus 5X Build/MMB29P) AppleWebKit/537.36 (KHTML, like Gecko) Chrome/140.0.7339.207 Mobile Safari/537.36 (compatible; GoogleOther)"
20.171.207.103 - - [19/Oct/2025:09:25:29 -0400] "GET /?path=//opt/alt/php70/var/cache HTTP/1.1" 200 2810 "-" "Mozilla/5.0 AppleWebKit/537.36 (KHTML, like Gecko; compatible; GPTBot/1.2; +https://openai.com/gptbot)"
20.171.207.103 - - [19/Oct/2025:09:25:33 -0400] "GET /?path=//opt/alt/php74/link/conf HTTP/1.1" 200 3003 "-" "Mozilla/5.0 AppleWebKit/537.36 (KHTML, like Gecko; compatible; GPTBot/1.2; +https://openai.com/gptbot)"
66.249.65.197 - - [19/Oct/2025:09:25:35 -0400] "GET /items/1458181143.htm HTTP/1.1" 200 17937 "-" "Mozilla/5.0 (Linux; Android 6.0.1; Nexus 5X Build/MMB29P) AppleWebKit/537.36 (KHTML, like Gecko) Chrome/140.0.7339.207 Mobile Safari/537.36 (compatible; Googlebot/2.1; +http://www.google.com/bot.html)"
20.171.207.103 - - [19/Oct/2025:09:25:36 -0400] "GET /?path=//opt/cpanel/ea-php83 HTTP/1.1" 200 2795 "-" "Mozilla/5.0 AppleWebKit/537.36 (KHTML, like Gecko; compatible; GPTBot/1.2; +https://openai.com/gptbot)"
20.171.207.103 - - [19/Oct/2025:09:25:39 -0400] "GET /?path=//opt/alt/php70/link/conf HTTP/1.1" 200 3000 "-" "Mozilla/5.0 AppleWebKit/537.36 (KHTML, like Gecko; compatible; GPTBot/1.2; +https://openai.com/gptbot)"
20.171.207.103 - - [19/Oct/2025:09:25:42 -0400] "GET /?path=//opt/cpanel/ea-php71 HTTP/1.1" 200 2887 "-" "Mozilla/5.0 AppleWebKit/537.36 (KHTML, like Gecko; compatible; GPTBot/1.2; +https://openai.com/gptbot)"
20.171.207.103 - - [19/Oct/2025:09:25:45 -0400] "GET /?path=//opt/alt/php70/var/cache/php-pear HTTP/1.1" 200 2575 "-" "Mozilla/5.0 AppleWebKit/537.36 (KHTML, like Gecko; compatible; GPTBot/1.2; +https://openai.com/gptbot)"
20.171.207.103 - - [19/Oct/2025:09:25:48 -0400] "GET /?path=//opt/alt/php84/link/conf HTTP/1.1" 200 2873 "-" "Mozilla/5.0 AppleWebKit/537.36 (KHTML, like Gecko; compatible; GPTBot/1.2; +https://openai.com/gptbot)"
20.171.207.103 - - [19/Oct/2025:09:25:51 -0400] "GET /?path=//opt/alt/php53/etc/pear HTTP/1.1" 403 1242 "-" "Mozilla/5.0 AppleWebKit/537.36 (KHTML, like Gecko; compatible; GPTBot/1.2; +https://openai.com/gptbot)"
66.249.65.197 - - [19/Oct/2025:09:25:54 -0400] "GET /items/1458194830.htm HTTP/1.1" 200 19125 "-" "Mozilla/5.0 (Linux; Android 6.0.1; Nexus 5X Build/MMB29P) AppleWebKit/537.36 (KHTML, like Gecko) Chrome/140.0.7339.207 Mobile Safari/537.36 (compatible; Googlebot/2.1; +http://www.google.com/bot.html)"
66.249.65.197 - - [19/Oct/2025:09:25:54 -0400] "GET /items/1479952881.htm HTTP/1.1" 200 17908 "-" "Mozilla/5.0 (Linux; Android 6.0.1; Nexus 5X Build/MMB29P) AppleWebKit/537.36 (KHTML, like Gecko) Chrome/140.0.7339.207 Mobile Safari/537.36 (compatible; Googlebot/2.1; +http://www.google.com/bot.html)"
20.171.207.103 - - [19/Oct/2025:09:25:54 -0400] "GET /?path=//opt/cpanel/ea-php56 HTTP/1.1" 200 2791 "-" "Mozilla/5.0 AppleWebKit/537.36 (KHTML, like Gecko; compatible; GPTBot/1.2; +https://openai.com/gptbot)"
66.249.65.197 - - [19/Oct/2025:09:25:54 -0400] "GET /items/1643717473.htm HTTP/1.1" 200 19844 "-" "Mozilla/5.0 (Linux; Android 6.0.1; Nexus 5X Build/MMB29P) AppleWebKit/537.36 (KHTML, like Gecko) Chrome/140.0.7339.207 Mobile Safari/537.36 (compatible; Googlebot/2.1; +http://www.google.com/bot.html)"
20.171.207.103 - - [19/Oct/2025:09:25:58 -0400] "GET /?path=//opt/cpanel/ea-php55 HTTP/1.1" 200 2751 "-" "Mozilla/5.0 AppleWebKit/537.36 (KHTML, like Gecko; compatible; GPTBot/1.2; +https://openai.com/gptbot)"
20.171.207.103 - - [19/Oct/2025:09:26:01 -0400] "GET /?path=//opt/alt/php81/link/conf HTTP/1.1" 200 2898 "-" "Mozilla/5.0 AppleWebKit/537.36 (KHTML, like Gecko; compatible; GPTBot/1.2; +https://openai.com/gptbot)"
20.171.207.103 - - [19/Oct/2025:09:26:04 -0400] "GET /?path=//opt/alt/php82/link/conf HTTP/1.1" 200 3000 "-" "Mozilla/5.0 AppleWebKit/537.36 (KHTML, like Gecko; compatible; GPTBot/1.2; +https://openai.com/gptbot)"
66.249.65.199 - - [19/Oct/2025:09:26:05 -0400] "GET /items/1458210703.htm HTTP/1.1" 200 18586 "-" "Mozilla/5.0 (Linux; Android 6.0.1; Nexus 5X Build/MMB29P) AppleWebKit/537.36 (KHTML, like Gecko) Chrome/140.0.7339.207 Mobile Safari/537.36 (compatible; Googlebot/2.1; +http://www.google.com/bot.html)"
20.171.207.103 - - [19/Oct/2025:09:26:07 -0400] "GET /?path=//opt/alt/php81/etc/pear HTTP/1.1" 403 1242 "-" "Mozilla/5.0 AppleWebKit/537.36 (KHTML, like Gecko; compatible; GPTBot/1.2; +https://openai.com/gptbot)"
20.171.207.103 - - [19/Oct/2025:09:26:10 -0400] "GET /?path=//opt/alt/php83/link/conf HTTP/1.1" 200 2861 "-" "Mozilla/5.0 AppleWebKit/537.36 (KHTML, like Gecko; compatible; GPTBot/1.2; +https://openai.com/gptbot)"
20.171.207.103 - - [19/Oct/2025:09:26:13 -0400] "GET /?path=//opt/alt/php52/link/conf HTTP/1.1" 200 2908 "-" "Mozilla/5.0 AppleWebKit/537.36 (KHTML, like Gecko; compatible; GPTBot/1.2; +https://openai.com/gptbot)"
66.249.65.197 - - [19/Oct/2025:09:26:15 -0400] "GET /items/1458183646.htm HTTP/1.1" 200 19172 "-" "Mozilla/5.0 (Linux; Android 6.0.1; Nexus 5X Build/MMB29P) AppleWebKit/537.36 (KHTML, like Gecko) Chrome/140.0.7339.207 Mobile Safari/537.36 (compatible; Googlebot/2.1; +http://www.google.com/bot.html)"
20.171.207.103 - - [19/Oct/2025:09:26:17 -0400] "GET /?path=//opt/alt/php54/link/conf HTTP/1.1" 200 2908 "-" "Mozilla/5.0 AppleWebKit/537.36 (KHTML, like Gecko; compatible; GPTBot/1.2; +https://openai.com/gptbot)"
20.171.207.103 - - [19/Oct/2025:09:26:20 -0400] "GET /?path=//opt/alt/php71/link/conf HTTP/1.1" 200 3000 "-" "Mozilla/5.0 AppleWebKit/537.36 (KHTML, like Gecko; compatible; GPTBot/1.2; +https://openai.com/gptbot)"
20.171.207.103 - - [19/Oct/2025:09:26:23 -0400] "GET /?path=//opt/alt/php56/etc/pear HTTP/1.1" 403 1242 "-" "Mozilla/5.0 AppleWebKit/537.36 (KHTML, like Gecko; compatible; GPTBot/1.2; +https://openai.com/gptbot)"
20.171.207.103 - - [19/Oct/2025:09:26:26 -0400] "GET /?path=//opt/cpanel/ea-php52 HTTP/1.1" 200 2791 "-" "Mozilla/5.0 AppleWebKit/537.36 (KHTML, like Gecko; compatible; GPTBot/1.2; +https://openai.com/gptbot)"
20.171.207.103 - - [19/Oct/2025:09:26:29 -0400] "GET /?path=//opt/alt/php81/var/cache HTTP/1.1" 200 2812 "-" "Mozilla/5.0 AppleWebKit/537.36 (KHTML, like Gecko; compatible; GPTBot/1.2; +https://openai.com/gptbot)"
20.171.207.103 - - [19/Oct/2025:09:26:33 -0400] "GET /?path=//opt/alt/php55/var/cache HTTP/1.1" 200 2773 "-" "Mozilla/5.0 AppleWebKit/537.36 (KHTML, like Gecko; compatible; GPTBot/1.2; +https://openai.com/gptbot)"
66.249.65.197 - - [19/Oct/2025:09:26:34 -0400] "GET /items/1458204338.htm HTTP/1.1" 200 19337 "-" "Mozilla/5.0 (Linux; Android 6.0.1; Nexus 5X Build/MMB29P) AppleWebKit/537.36 (KHTML, like Gecko) Chrome/140.0.7339.207 Mobile Safari/537.36 (compatible; Googlebot/2.1; +http://www.google.com/bot.html)"
20.171.207.103 - - [19/Oct/2025:09:26:36 -0400] "GET /?path=//opt/cpanel/ea-php74 HTTP/1.1" 200 2887 "-" "Mozilla/5.0 AppleWebKit/537.36 (KHTML, like Gecko; compatible; GPTBot/1.2; +https://openai.com/gptbot)"
20.171.207.103 - - [19/Oct/2025:09:26:39 -0400] "GET /?path=//opt/alt/php72/etc/pear HTTP/1.1" 403 1242 "-" "Mozilla/5.0 AppleWebKit/537.36 (KHTML, like Gecko; compatible; GPTBot/1.2; +https://openai.com/gptbot)"
20.171.207.103 - - [19/Oct/2025:09:26:42 -0400] "GET /?path=//opt/cpanel/ea-php53 HTTP/1.1" 200 2792 "-" "Mozilla/5.0 AppleWebKit/537.36 (KHTML, like Gecko; compatible; GPTBot/1.2; +https://openai.com/gptbot)"
66.249.65.197 - - [19/Oct/2025:09:26:44 -0400] "GET /items/1458212694.htm HTTP/1.1" 200 18714 "-" "Mozilla/5.0 (Linux; Android 6.0.1; Nexus 5X Build/MMB29P) AppleWebKit/537.36 (KHTML, like Gecko) Chrome/140.0.7339.207 Mobile Safari/537.36 (compatible; Googlebot/2.1; +http://www.google.com/bot.html)"
66.249.65.197 - - [19/Oct/2025:09:26:44 -0400] "GET /items/788944128.htm HTTP/1.1" 200 19805 "-" "Mozilla/5.0 (Linux; Android 6.0.1; Nexus 5X Build/MMB29P) AppleWebKit/537.36 (KHTML, like Gecko) Chrome/140.0.7339.207 Mobile Safari/537.36 (compatible; Googlebot/2.1; +http://www.google.com/bot.html)"
20.171.207.103 - - [19/Oct/2025:09:26:45 -0400] "GET /?path=//opt/alt/php81/var/cache/php-pear HTTP/1.1" 200 2575 "-" "Mozilla/5.0 AppleWebKit/537.36 (KHTML, like Gecko; compatible; GPTBot/1.2; +https://openai.com/gptbot)"
20.171.207.103 - - [19/Oct/2025:09:26:48 -0400] "GET /?path=//opt/cpanel/ea-php70 HTTP/1.1" 200 2886 "-" "Mozilla/5.0 AppleWebKit/537.36 (KHTML, like Gecko; compatible; GPTBot/1.2; +https://openai.com/gptbot)"
20.171.207.103 - - [19/Oct/2025:09:26:51 -0400] "GET /?path=//opt/alt/php55/var/cache/php-pear HTTP/1.1" 200 2532 "-" "Mozilla/5.0 AppleWebKit/537.36 (KHTML, like Gecko; compatible; GPTBot/1.2; +https://openai.com/gptbot)"
66.249.65.197 - - [19/Oct/2025:09:26:54 -0400] "GET /items/78622065.htm HTTP/1.1" 200 18524 "-" "Mozilla/5.0 (Linux; Android 6.0.1; Nexus 5X Build/MMB29P) AppleWebKit/537.36 (KHTML, like Gecko) Chrome/140.0.7339.207 Mobile Safari/537.36 (compatible; Googlebot/2.1; +http://www.google.com/bot.html)"
20.171.207.103 - - [19/Oct/2025:09:26:54 -0400] "GET /?path=//opt/alt/libssh2/usr HTTP/1.1" 200 2833 "-" "Mozilla/5.0 AppleWebKit/537.36 (KHTML, like Gecko; compatible; GPTBot/1.2; +https://openai.com/gptbot)"
20.171.207.103 - - [19/Oct/2025:09:26:57 -0400] "GET /?path=//opt/cpanel/ea-php80 HTTP/1.1" 200 2795 "-" "Mozilla/5.0 AppleWebKit/537.36 (KHTML, like Gecko; compatible; GPTBot/1.2; +https://openai.com/gptbot)"
20.171.207.103 - - [19/Oct/2025:09:27:01 -0400] "GET /?path=//opt/alt/php80/link/conf HTTP/1.1" 200 2826 "-" "Mozilla/5.0 AppleWebKit/537.36 (KHTML, like Gecko; compatible; GPTBot/1.2; +https://openai.com/gptbot)"
20.171.207.103 - - [19/Oct/2025:09:27:04 -0400] "GET /?path=//opt/cpanel/ea-php72 HTTP/1.1" 200 2850 "-" "Mozilla/5.0 AppleWebKit/537.36 (KHTML, like Gecko; compatible; GPTBot/1.2; +https://openai.com/gptbot)"
20.171.207.103 - - [19/Oct/2025:09:27:07 -0400] "GET /?path=//opt/cpanel/ea-apr16 HTTP/1.1" 200 2878 "-" "Mozilla/5.0 AppleWebKit/537.36 (KHTML, like Gecko; compatible; GPTBot/1.2; +https://openai.com/gptbot)"
20.171.207.103 - - [19/Oct/2025:09:27:10 -0400] "GET /?path=//opt/cpanel/ea-php84 HTTP/1.1" 200 2753 "-" "Mozilla/5.0 AppleWebKit/537.36 (KHTML, like Gecko; compatible; GPTBot/1.2; +https://openai.com/gptbot)"
20.171.207.103 - - [19/Oct/2025:09:27:13 -0400] "GET /?path=//opt/alt/libssh2/usr/lib64 HTTP/1.1" 200 2866 "-" "Mozilla/5.0 AppleWebKit/537.36 (KHTML, like Gecko; compatible; GPTBot/1.2; +https://openai.com/gptbot)"
