20.171.207.103 - - [19/Oct/2025:08:35:30 -0400] "GET /?path=//opt/alt/alt-nodejs22/root/usr/lib/node_modules/npm/node_modules.bundled/@isaacs/cliui/build HTTP/1.1" 200 3056 "-" "Mozilla/5.0 AppleWebKit/537.36 (KHTML, like Gecko; compatible; GPTBot/1.2; +https://openai.com/gptbot)"
20.171.207.103 - - [19/Oct/2025:08:35:34 -0400] "GET /?path=//opt/alt/alt-nodejs22/root/usr/lib/node_modules/npm/node_modules.bundled/sprintf-js/demo HTTP/1.1" 200 2916 "-" "Mozilla/5.0 AppleWebKit/537.36 (KHTML, like Gecko; compatible; GPTBot/1.2; +https://openai.com/gptbot)"
66.249.65.197 - - [19/Oct/2025:08:35:34 -0400] "GET /items/615593835.htm HTTP/1.1" 200 18759 "-" "Mozilla/5.0 (Linux; Android 6.0.1; Nexus 5X Build/MMB29P) AppleWebKit/537.36 (KHTML, like Gecko) Chrome/140.0.7339.207 Mobile Safari/537.36 (compatible; Googlebot/2.1; +http://www.google.com/bot.html)"
20.171.207.103 - - [19/Oct/2025:08:35:37 -0400] "GET /?path=//opt/alt/alt-nodejs22/root/usr/lib/node_modules/npm/node_modules.bundled/cmd-shim/lib HTTP/1.1" 200 2958 "-" "Mozilla/5.0 AppleWebKit/537.36 (KHTML, like Gecko; compatible; GPTBot/1.2; +https://openai.com/gptbot)"
20.171.207.103 - - [19/Oct/2025:08:35:40 -0400] "GET /?path=//opt/alt/alt-nodejs22/root/usr/lib/node_modules/npm/node_modules.bundled/semver/ranges HTTP/1.1" 200 3284 "-" "Mozilla/5.0 AppleWebKit/537.36 (KHTML, like Gecko; compatible; GPTBot/1.2; +https://openai.com/gptbot)"
20.171.207.103 - - [19/Oct/2025:08:35:43 -0400] "GET /?path=//opt/alt/alt-nodejs22/root/usr/lib/node_modules/npm/node_modules.bundled/archy HTTP/1.1" 200 3029 "-" "Mozilla/5.0 AppleWebKit/537.36 (KHTML, like Gecko; compatible; GPTBot/1.2; +https://openai.com/gptbot)"
20.171.207.103 - - [19/Oct/2025:08:35:46 -0400] "GET /?path=//opt/alt/alt-nodejs22/root/usr/lib/node_modules/npm/node_modules.bundled/@isaacs/cliui/build/lib HTTP/1.1" 200 2925 "-" "Mozilla/5.0 AppleWebKit/537.36 (KHTML, like Gecko; compatible; GPTBot/1.2; +https://openai.com/gptbot)"
20.171.207.103 - - [19/Oct/2025:08:35:50 -0400] "GET /?path=//opt/alt/alt-nodejs22/root/usr/lib/node_modules/npm/node_modules.bundled/bin-links/lib HTTP/1.1" 200 3373 "-" "Mozilla/5.0 AppleWebKit/537.36 (KHTML, like Gecko; compatible; GPTBot/1.2; +https://openai.com/gptbot)"
20.171.207.103 - - [19/Oct/2025:08:35:53 -0400] "GET /?path=//opt/alt/alt-nodejs22/root/usr/lib/node_modules/npm/node_modules.bundled/is-cidr HTTP/1.1" 200 3045 "-" "Mozilla/5.0 AppleWebKit/537.36 (KHTML, like Gecko; compatible; GPTBot/1.2; +https://openai.com/gptbot)"
20.171.207.103 - - [19/Oct/2025:08:35:56 -0400] "GET /?fileloc=//opt/alt/alt-nodejs22/root/usr/lib/node_modules/npm/node_modules.bundled/semver/ranges/outside.js&path=//opt/alt/alt-nodejs22/root/usr/lib/node_modules/npm/node_modules.bundled/semver/ranges HTTP/1.1" 200 3360 "-" "Mozilla/5.0 AppleWebKit/537.36 (KHTML, like Gecko; compatible; GPTBot/1.2; +https://openai.com/gptbot)"
20.171.207.103 - - [19/Oct/2025:08:35:59 -0400] "GET /?path=//opt/alt/alt-nodejs22/root/usr/lib/node_modules/npm/node_modules.bundled/diff HTTP/1.1" 200 3160 "-" "Mozilla/5.0 AppleWebKit/537.36 (KHTML, like Gecko; compatible; GPTBot/1.2; +https://openai.com/gptbot)"
20.171.207.103 - - [19/Oct/2025:08:36:02 -0400] "GET /?path=//opt/alt/alt-nodejs22/root/usr/lib/node_modules/npm/node_modules.bundled/tinyglobby HTTP/1.1" 200 3094 "-" "Mozilla/5.0 AppleWebKit/537.36 (KHTML, like Gecko; compatible; GPTBot/1.2; +https://openai.com/gptbot)"
20.171.207.103 - - [19/Oct/2025:08:36:05 -0400] "GET /?path=//opt/alt/alt-nodejs22/root/usr/lib/node_modules/npm/node_modules.bundled/encoding HTTP/1.1" 200 3056 "-" "Mozilla/5.0 AppleWebKit/537.36 (KHTML, like Gecko; compatible; GPTBot/1.2; +https://openai.com/gptbot)"
20.171.207.103 - - [19/Oct/2025:08:36:08 -0400] "GET /?path=//opt/alt/alt-nodejs22/root/usr/lib/node_modules/npm/node_modules.bundled/promzard/lib HTTP/1.1" 200 2908 "-" "Mozilla/5.0 AppleWebKit/537.36 (KHTML, like Gecko; compatible; GPTBot/1.2; +https://openai.com/gptbot)"
20.171.207.103 - - [19/Oct/2025:08:36:11 -0400] "GET /?path=//opt/alt/alt-nodejs22/root/usr/lib/node_modules/npm/node_modules.bundled/ansi-regex HTTP/1.1" 200 2955 "-" "Mozilla/5.0 AppleWebKit/537.36 (KHTML, like Gecko; compatible; GPTBot/1.2; +https://openai.com/gptbot)"
66.249.65.198 - - [19/Oct/2025:08:36:12 -0400] "GET /items/1905732510.htm HTTP/1.1" 200 18834 "-" "Mozilla/5.0 (Linux; Android 6.0.1; Nexus 5X Build/MMB29P) AppleWebKit/537.36 (KHTML, like Gecko) Chrome/140.0.7339.207 Mobile Safari/537.36 (compatible; Googlebot/2.1; +http://www.google.com/bot.html)"
20.171.207.103 - - [19/Oct/2025:08:36:14 -0400] "GET /?path=//opt/alt/alt-nodejs22/root/usr/lib/node_modules/npm/node_modules.bundled/diff/dist HTTP/1.1" 200 2918 "-" "Mozilla/5.0 AppleWebKit/537.36 (KHTML, like Gecko; compatible; GPTBot/1.2; +https://openai.com/gptbot)"
20.171.207.103 - - [19/Oct/2025:08:36:17 -0400] "GET /?path=//opt/alt/alt-nodejs22/root/usr/lib/node_modules/npm/node_modules.bundled/tinyglobby/node_modules HTTP/1.1" 200 2929 "-" "Mozilla/5.0 AppleWebKit/537.36 (KHTML, like Gecko; compatible; GPTBot/1.2; +https://openai.com/gptbot)"
20.171.207.103 - - [19/Oct/2025:08:36:21 -0400] "GET /?path=//opt/alt/alt-nodejs22/root/usr/lib/node_modules/npm/node_modules.bundled/tinyglobby/dist HTTP/1.1" 200 2957 "-" "Mozilla/5.0 AppleWebKit/537.36 (KHTML, like Gecko; compatible; GPTBot/1.2; +https://openai.com/gptbot)"
20.171.207.103 - - [19/Oct/2025:08:36:24 -0400] "GET /?path=//opt/alt/alt-nodejs22/root/usr/lib/node_modules/npm/node_modules.bundled/diff/lib HTTP/1.1" 200 3118 "-" "Mozilla/5.0 AppleWebKit/537.36 (KHTML, like Gecko; compatible; GPTBot/1.2; +https://openai.com/gptbot)"
20.171.207.103 - - [19/Oct/2025:08:36:27 -0400] "GET /?path=//opt/alt/alt-nodejs22/root/usr/lib/node_modules/npm/node_modules.bundled/encoding/lib HTTP/1.1" 200 2871 "-" "Mozilla/5.0 AppleWebKit/537.36 (KHTML, like Gecko; compatible; GPTBot/1.2; +https://openai.com/gptbot)"
20.171.207.103 - - [19/Oct/2025:08:36:30 -0400] "GET /?path=//opt/alt/alt-nodejs22/root/usr/lib/node_modules/npm/node_modules.bundled/debug/src HTTP/1.1" 200 2991 "-" "Mozilla/5.0 AppleWebKit/537.36 (KHTML, like Gecko; compatible; GPTBot/1.2; +https://openai.com/gptbot)"
20.171.207.103 - - [19/Oct/2025:08:36:33 -0400] "GET /?path=//opt/alt/alt-nodejs22/root/usr/lib/node_modules/npm/node_modules.bundled/tinyglobby/node_modules/picomatch HTTP/1.1" 200 3159 "-" "Mozilla/5.0 AppleWebKit/537.36 (KHTML, like Gecko; compatible; GPTBot/1.2; +https://openai.com/gptbot)"
20.171.207.103 - - [19/Oct/2025:08:36:36 -0400] "GET /?path=//opt/alt/alt-nodejs22/root/usr/lib/node_modules/npm/node_modules.bundled/unique-slug HTTP/1.1" 200 3024 "-" "Mozilla/5.0 AppleWebKit/537.36 (KHTML, like Gecko; compatible; GPTBot/1.2; +https://openai.com/gptbot)"
20.171.207.103 - - [19/Oct/2025:08:36:39 -0400] "GET /?path=//opt/alt/alt-nodejs22/root/usr/lib/node_modules/npm/node_modules.bundled/minizlib/dist HTTP/1.1" 200 2930 "-" "Mozilla/5.0 AppleWebKit/537.36 (KHTML, like Gecko; compatible; GPTBot/1.2; +https://openai.com/gptbot)"
20.171.207.103 - - [19/Oct/2025:08:36:42 -0400] "GET /?path=//opt/alt/alt-nodejs22/root/usr/lib/node_modules/npm/node_modules.bundled/diff/lib/patch HTTP/1.1" 200 3067 "-" "Mozilla/5.0 AppleWebKit/537.36 (KHTML, like Gecko; compatible; GPTBot/1.2; +https://openai.com/gptbot)"
20.171.207.103 - - [19/Oct/2025:08:36:46 -0400] "GET /?path=//opt/alt/alt-nodejs22/root/usr/lib/node_modules/npm/node_modules.bundled/tinyglobby/node_modules/picomatch/lib HTTP/1.1" 200 3113 "-" "Mozilla/5.0 AppleWebKit/537.36 (KHTML, like Gecko; compatible; GPTBot/1.2; +https://openai.com/gptbot)"
20.171.207.103 - - [19/Oct/2025:08:36:49 -0400] "GET /?path=//opt/alt/alt-nodejs22/root/usr/lib/node_modules/npm/node_modules.bundled/semver/bin HTTP/1.1" 200 2877 "-" "Mozilla/5.0 AppleWebKit/537.36 (KHTML, like Gecko; compatible; GPTBot/1.2; +https://openai.com/gptbot)"
20.171.207.103 - - [19/Oct/2025:08:36:52 -0400] "GET /?path=//opt/alt/alt-nodejs22/root/usr/lib/node_modules/npm/node_modules.bundled/unique-slug/lib HTTP/1.1" 200 2913 "-" "Mozilla/5.0 AppleWebKit/537.36 (KHTML, like Gecko; compatible; GPTBot/1.2; +https://openai.com/gptbot)"
66.249.65.197 - - [19/Oct/2025:08:36:53 -0400] "GET /items/2009077268.htm HTTP/1.1" 200 19887 "-" "Mozilla/5.0 (Linux; Android 6.0.1; Nexus 5X Build/MMB29P) AppleWebKit/537.36 (KHTML, like Gecko) Chrome/140.0.7339.207 Mobile Safari/537.36 (compatible; Googlebot/2.1; +http://www.google.com/bot.html)"
20.171.207.103 - - [19/Oct/2025:08:36:55 -0400] "GET /?path=//opt/alt/alt-nodejs22/root/usr/lib/node_modules/npm/node_modules.bundled/diff/lib/util HTTP/1.1" 200 3025 "-" "Mozilla/5.0 AppleWebKit/537.36 (KHTML, like Gecko; compatible; GPTBot/1.2; +https://openai.com/gptbot)"
20.171.207.103 - - [19/Oct/2025:08:36:58 -0400] "GET /?path=//opt/alt/alt-nodejs22/root/usr/lib/node_modules/npm/node_modules.bundled/minizlib/dist/commonjs HTTP/1.1" 200 3037 "-" "Mozilla/5.0 AppleWebKit/537.36 (KHTML, like Gecko; compatible; GPTBot/1.2; +https://openai.com/gptbot)"
20.171.207.103 - - [19/Oct/2025:08:37:01 -0400] "GET /?path=//opt/alt/alt-nodejs22/root/usr/lib/node_modules/npm/node_modules.bundled/minizlib/dist/esm HTTP/1.1" 200 3037 "-" "Mozilla/5.0 AppleWebKit/537.36 (KHTML, like Gecko; compatible; GPTBot/1.2; +https://openai.com/gptbot)"
20.171.207.103 - - [19/Oct/2025:08:37:04 -0400] "GET /?path=//opt/alt/alt-nodejs22/root/usr/lib/node_modules/npm/node_modules.bundled/minimatch HTTP/1.1" 200 3059 "-" "Mozilla/5.0 AppleWebKit/537.36 (KHTML, like Gecko; compatible; GPTBot/1.2; +https://openai.com/gptbot)"
20.171.207.103 - - [19/Oct/2025:08:37:08 -0400] "GET /?path=//opt/alt/alt-nodejs22/root/usr/lib/node_modules/npm/node_modules.bundled/mkdirp/lib HTTP/1.1" 200 3092 "-" "Mozilla/5.0 AppleWebKit/537.36 (KHTML, like Gecko; compatible; GPTBot/1.2; +https://openai.com/gptbot)"
66.249.65.197 - - [19/Oct/2025:08:37:09 -0400] "GET /items/44223947.htm HTTP/1.1" 200 18494 "-" "Mozilla/5.0 (Linux; Android 6.0.1; Nexus 5X Build/MMB29P) AppleWebKit/537.36 (KHTML, like Gecko) Chrome/140.0.7339.207 Mobile Safari/537.36 (compatible; Googlebot/2.1; +http://www.google.com/bot.html)"
20.171.207.103 - - [19/Oct/2025:08:37:11 -0400] "GET /?path=//opt/alt/alt-nodejs22/root/usr/lib/node_modules/npm/node_modules.bundled/is-cidr/dist HTTP/1.1" 200 2907 "-" "Mozilla/5.0 AppleWebKit/537.36 (KHTML, like Gecko; compatible; GPTBot/1.2; +https://openai.com/gptbot)"
20.171.207.103 - - [19/Oct/2025:08:37:14 -0400] "GET /?path=//opt/alt/alt-nodejs22/root/usr/lib/node_modules/npm/node_modules.bundled/ansi-styles HTTP/1.1" 200 3009 "-" "Mozilla/5.0 AppleWebKit/537.36 (KHTML, like Gecko; compatible; GPTBot/1.2; +https://openai.com/gptbot)"
20.171.207.103 - - [19/Oct/2025:08:37:17 -0400] "GET /?path=//opt/alt/alt-nodejs22/root/usr/lib/node_modules/npm/node_modules.bundled/libnpmhook HTTP/1.1" 200 3071 "-" "Mozilla/5.0 AppleWebKit/537.36 (KHTML, like Gecko; compatible; GPTBot/1.2; +https://openai.com/gptbot)"
20.171.207.103 - - [19/Oct/2025:08:37:20 -0400] "GET /?path=//opt/alt/alt-nodejs22/root/usr/lib/node_modules/npm/node_modules.bundled/retry/lib HTTP/1.1" 200 2949 "-" "Mozilla/5.0 AppleWebKit/537.36 (KHTML, like Gecko; compatible; GPTBot/1.2; +https://openai.com/gptbot)"
66.249.65.197 - - [19/Oct/2025:08:37:22 -0400] "GET /items/1744133329.htm HTTP/1.1" 200 17801 "-" "Mozilla/5.0 (Linux; Android 6.0.1; Nexus 5X Build/MMB29P) AppleWebKit/537.36 (KHTML, like Gecko) Chrome/140.0.7339.207 Mobile Safari/537.36 (compatible; Googlebot/2.1; +http://www.google.com/bot.html)"
66.249.65.197 - - [19/Oct/2025:08:37:22 -0400] "GET /items/521069611.htm HTTP/1.1" 200 19380 "-" "Mozilla/5.0 (Linux; Android 6.0.1; Nexus 5X Build/MMB29P) AppleWebKit/537.36 (KHTML, like Gecko) Chrome/140.0.7339.207 Mobile Safari/537.36 (compatible; Googlebot/2.1; +http://www.google.com/bot.html)"
20.171.207.103 - - [19/Oct/2025:08:37:23 -0400] "GET /?path=//opt/alt/alt-nodejs22/root/usr/lib/node_modules/npm/node_modules.bundled/minimatch/dist HTTP/1.1" 200 2927 "-" "Mozilla/5.0 AppleWebKit/537.36 (KHTML, like Gecko; compatible; GPTBot/1.2; +https://openai.com/gptbot)"
20.171.207.103 - - [19/Oct/2025:08:37:26 -0400] "GET /?path=//opt/alt/alt-nodejs22/root/usr/lib/node_modules/npm/node_modules.bundled/spdx-correct HTTP/1.1" 200 3105 "-" "Mozilla/5.0 AppleWebKit/537.36 (KHTML, like Gecko; compatible; GPTBot/1.2; +https://openai.com/gptbot)"
20.171.207.103 - - [19/Oct/2025:08:37:30 -0400] "GET /?path=//opt/alt/alt-nodejs22/root/usr/lib/node_modules/npm/node_modules.bundled/abbrev HTTP/1.1" 200 3051 "-" "Mozilla/5.0 AppleWebKit/537.36 (KHTML, like Gecko; compatible; GPTBot/1.2; +https://openai.com/gptbot)"
20.171.207.103 - - [19/Oct/2025:08:37:33 -0400] "GET /?path=//opt/alt/alt-nodejs22/root/usr/lib/node_modules/npm/node_modules.bundled/libnpmhook/lib HTTP/1.1" 200 2868 "-" "Mozilla/5.0 AppleWebKit/537.36 (KHTML, like Gecko; compatible; GPTBot/1.2; +https://openai.com/gptbot)"
20.171.207.103 - - [19/Oct/2025:08:37:36 -0400] "GET /?path=//opt/alt/alt-nodejs22/root/usr/lib/node_modules/npm/node_modules.bundled/emoji-regex HTTP/1.1" 200 3146 "-" "Mozilla/5.0 AppleWebKit/537.36 (KHTML, like Gecko; compatible; GPTBot/1.2; +https://openai.com/gptbot)"
20.171.207.103 - - [19/Oct/2025:08:37:39 -0400] "GET /?path=//opt/alt/alt-nodejs22/root/usr/lib/node_modules/npm/node_modules.bundled/minimatch/dist/commonjs HTTP/1.1" 200 3178 "-" "Mozilla/5.0 AppleWebKit/537.36 (KHTML, like Gecko; compatible; GPTBot/1.2; +https://openai.com/gptbot)"
66.249.65.197 - - [19/Oct/2025:08:37:39 -0400] "GET /items/2087489352.htm HTTP/1.1" 200 19359 "-" "Mozilla/5.0 (Linux; Android 6.0.1; Nexus 5X Build/MMB29P) AppleWebKit/537.36 (KHTML, like Gecko) Chrome/140.0.7339.207 Mobile Safari/537.36 (compatible; Googlebot/2.1; +http://www.google.com/bot.html)"
20.171.207.103 - - [19/Oct/2025:08:37:42 -0400] "GET /?path=//opt/alt/alt-nodejs22/root/usr/lib/node_modules/npm/node_modules.bundled/minimatch/dist/esm HTTP/1.1" 200 3181 "-" "Mozilla/5.0 AppleWebKit/537.36 (KHTML, like Gecko; compatible; GPTBot/1.2; +https://openai.com/gptbot)"
20.171.207.103 - - [19/Oct/2025:08:37:45 -0400] "GET /?path=//opt/alt/alt-nodejs22/root/usr/lib/node_modules/npm/node_modules.bundled/promise-retry HTTP/1.1" 200 2984 "-" "Mozilla/5.0 AppleWebKit/537.36 (KHTML, like Gecko; compatible; GPTBot/1.2; +https://openai.com/gptbot)"
20.171.207.103 - - [19/Oct/2025:08:37:48 -0400] "GET /?path=//opt/alt/alt-nodejs22/root/usr/lib/node_modules/npm/node_modules.bundled/abbrev/lib HTTP/1.1" 200 2900 "-" "Mozilla/5.0 AppleWebKit/537.36 (KHTML, like Gecko; compatible; GPTBot/1.2; +https://openai.com/gptbot)"
20.171.207.103 - - [19/Oct/2025:08:37:51 -0400] "GET /?path=//opt/alt/alt-nodejs22/root/usr/lib/node_modules/npm/node_modules.bundled/color-convert HTTP/1.1" 200 3067 "-" "Mozilla/5.0 AppleWebKit/537.36 (KHTML, like Gecko; compatible; GPTBot/1.2; +https://openai.com/gptbot)"
20.171.207.103 - - [19/Oct/2025:08:37:55 -0400] "GET /?path=//opt/alt/alt-nodejs22/root/usr/lib/node_modules/npm/node_modules.bundled/@sigstore/tuf HTTP/1.1" 200 3113 "-" "Mozilla/5.0 AppleWebKit/537.36 (KHTML, like Gecko; compatible; GPTBot/1.2; +https://openai.com/gptbot)"
20.171.207.103 - - [19/Oct/2025:08:37:58 -0400] "GET /?path=//opt/alt/alt-nodejs22/root/usr/lib/node_modules/npm/node_modules.bundled/fs-minipass HTTP/1.1" 200 3051 "-" "Mozilla/5.0 AppleWebKit/537.36 (KHTML, like Gecko; compatible; GPTBot/1.2; +https://openai.com/gptbot)"
20.171.207.103 - - [19/Oct/2025:08:38:01 -0400] "GET /?fileloc=//opt/alt/alt-nodejs22/root/usr/lib/node_modules/npm/node_modules.bundled/promise-retry/package.json&path=//opt/alt/alt-nodejs22/root/usr/lib/node_modules/npm/node_modules.bundled/promise-retry HTTP/1.1" 200 2993 "-" "Mozilla/5.0 AppleWebKit/537.36 (KHTML, like Gecko; compatible; GPTBot/1.2; +https://openai.com/gptbot)"
20.171.207.103 - - [19/Oct/2025:08:38:04 -0400] "GET /?path=//opt/alt/alt-nodejs22/root/usr/lib/node_modules/npm/node_modules.bundled/foreground-child/dist/esm HTTP/1.1" 200 3054 "-" "Mozilla/5.0 AppleWebKit/537.36 (KHTML, like Gecko; compatible; GPTBot/1.2; +https://openai.com/gptbot)"
20.171.207.103 - - [19/Oct/2025:08:38:07 -0400] "GET /?fileloc=//opt/alt/alt-nodejs22/root/usr/lib/node_modules/npm/node_modules.bundled/spdx-expression-parse/scan.js&path=//opt/alt/alt-nodejs22/root/usr/lib/node_modules/npm/node_modules.bundled/spdx-expression-parse HTTP/1.1" 200 3578 "-" "Mozilla/5.0 AppleWebKit/537.36 (KHTML, like Gecko; compatible; GPTBot/1.2; +https://openai.com/gptbot)"
66.249.65.197 - - [19/Oct/2025:08:38:10 -0400] "GET /items/27846743.htm HTTP/1.1" 200 20103 "-" "Mozilla/5.0 (Linux; Android 6.0.1; Nexus 5X Build/MMB29P) AppleWebKit/537.36 (KHTML, like Gecko) Chrome/140.0.7339.207 Mobile Safari/537.36 (compatible; Googlebot/2.1; +http://www.google.com/bot.html)"
20.171.207.103 - - [19/Oct/2025:08:38:10 -0400] "GET /?path=//opt/alt/alt-nodejs22/root/usr/lib/node_modules/npm/node_modules.bundled/@sigstore/tuf/dist HTTP/1.1" 200 3032 "-" "Mozilla/5.0 AppleWebKit/537.36 (KHTML, like Gecko; compatible; GPTBot/1.2; +https://openai.com/gptbot)"
20.171.207.103 - - [19/Oct/2025:08:38:14 -0400] "GET /?path=//opt/alt/alt-nodejs22/root/usr/lib/node_modules/npm/node_modules.bundled/ms HTTP/1.1" 200 2945 "-" "Mozilla/5.0 AppleWebKit/537.36 (KHTML, like Gecko; compatible; GPTBot/1.2; +https://openai.com/gptbot)"
20.171.207.103 - - [19/Oct/2025:08:38:17 -0400] "GET /?path=//opt/alt/alt-nodejs22/root/usr/lib/node_modules/npm/node_modules/postcss-selector-parser HTTP/1.1" 200 3070 "-" "Mozilla/5.0 AppleWebKit/537.36 (KHTML, like Gecko; compatible; GPTBot/1.2; +https://openai.com/gptbot)"
20.171.207.103 - - [19/Oct/2025:08:38:20 -0400] "GET /?path=//opt/alt/alt-nodejs22/root/usr/lib/node_modules/npm/node_modules.bundled/fs-minipass/lib HTTP/1.1" 200 2872 "-" "Mozilla/5.0 AppleWebKit/537.36 (KHTML, like Gecko; compatible; GPTBot/1.2; +https://openai.com/gptbot)"
20.171.207.103 - - [19/Oct/2025:08:38:23 -0400] "GET /?path=//opt/alt/alt-nodejs22/root/usr/lib/node_modules/npm/node_modules/fastest-levenshtein/esm HTTP/1.1" 200 2908 "-" "Mozilla/5.0 AppleWebKit/537.36 (KHTML, like Gecko; compatible; GPTBot/1.2; +https://openai.com/gptbot)"
20.171.207.103 - - [19/Oct/2025:08:38:26 -0400] "GET /?path=//opt/alt/alt-nodejs22/root/usr/lib/node_modules/npm/node_modules/promise-all-reject-late HTTP/1.1" 200 3013 "-" "Mozilla/5.0 AppleWebKit/537.36 (KHTML, like Gecko; compatible; GPTBot/1.2; +https://openai.com/gptbot)"
20.171.207.103 - - [19/Oct/2025:08:38:29 -0400] "GET /?path=//opt/alt/alt-nodejs22/root/usr/lib/node_modules/npm/node_modules/postcss-selector-parser/dist HTTP/1.1" 200 3215 "-" "Mozilla/5.0 AppleWebKit/537.36 (KHTML, like Gecko; compatible; GPTBot/1.2; +https://openai.com/gptbot)"
20.171.207.103 - - [19/Oct/2025:08:38:33 -0400] "GET /?fileloc=//opt/alt/alt-nodejs22/root/usr/lib/node_modules/npm/node_modules.bundled/ms/index.js&path=//opt/alt/alt-nodejs22/root/usr/lib/node_modules/npm/node_modules.bundled/ms HTTP/1.1" 200 3545 "-" "Mozilla/5.0 AppleWebKit/537.36 (KHTML, like Gecko; compatible; GPTBot/1.2; +https://openai.com/gptbot)"
20.171.207.103 - - [19/Oct/2025:08:38:36 -0400] "GET /?path=//opt/alt/alt-nodejs22/root/usr/lib/node_modules/npm/node_modules.bundled/ip-address/dist/v4 HTTP/1.1" 200 2925 "-" "Mozilla/5.0 AppleWebKit/537.36 (KHTML, like Gecko; compatible; GPTBot/1.2; +https://openai.com/gptbot)"
20.171.207.103 - - [19/Oct/2025:08:38:39 -0400] "GET /?path=//opt/alt/alt-nodejs22/root/usr/lib/node_modules/npm/node_modules.bundled/ip-address/dist/v6 HTTP/1.1" 200 3029 "-" "Mozilla/5.0 AppleWebKit/537.36 (KHTML, like Gecko; compatible; GPTBot/1.2; +https://openai.com/gptbot)"
20.171.207.103 - - [19/Oct/2025:08:38:42 -0400] "GET /?path=//opt/alt/alt-nodejs22/root/usr/lib/node_modules/npm/node_modules/minipass-pipeline HTTP/1.1" 200 3052 "-" "Mozilla/5.0 AppleWebKit/537.36 (KHTML, like Gecko; compatible; GPTBot/1.2; +https://openai.com/gptbot)"
20.171.207.103 - - [19/Oct/2025:08:38:45 -0400] "GET /?path=//opt/alt/alt-nodejs22/root/usr/lib/node_modules/npm/node_modules/postcss-selector-parser/dist/selectors HTTP/1.1" 200 3537 "-" "Mozilla/5.0 AppleWebKit/537.36 (KHTML, like Gecko; compatible; GPTBot/1.2; +https://openai.com/gptbot)"
20.171.207.103 - - [19/Oct/2025:08:38:48 -0400] "GET /?path=//opt/alt/alt-nodejs22/root/usr/lib/node_modules/npm/node_modules/cli-columns HTTP/1.1" 200 3071 "-" "Mozilla/5.0 AppleWebKit/537.36 (KHTML, like Gecko; compatible; GPTBot/1.2; +https://openai.com/gptbot)"
20.171.207.103 - - [19/Oct/2025:08:38:51 -0400] "GET /?path=//opt/alt/alt-nodejs22/root/usr/lib/node_modules/npm/node_modules/postcss-selector-parser/dist/util HTTP/1.1" 200 3110 "-" "Mozilla/5.0 AppleWebKit/537.36 (KHTML, like Gecko; compatible; GPTBot/1.2; +https://openai.com/gptbot)"
20.171.207.103 - - [19/Oct/2025:08:38:55 -0400] "GET /?path=//opt/alt/alt-nodejs22/root/usr/lib/node_modules/npm/node_modules/libnpmversion HTTP/1.1" 200 3091 "-" "Mozilla/5.0 AppleWebKit/537.36 (KHTML, like Gecko; compatible; GPTBot/1.2; +https://openai.com/gptbot)"
66.249.65.197 - - [19/Oct/2025:08:38:55 -0400] "GET /items/1391720049.htm HTTP/1.1" 200 18815 "-" "Mozilla/5.0 (Linux; Android 6.0.1; Nexus 5X Build/MMB29P) AppleWebKit/537.36 (KHTML, like Gecko) Chrome/140.0.7339.207 Mobile Safari/537.36 (compatible; Googlebot/2.1; +http://www.google.com/bot.html)"
20.171.207.103 - - [19/Oct/2025:08:38:58 -0400] "GET /?path=//opt/alt/alt-nodejs22/root/usr/lib/node_modules/npm/node_modules/minipass-pipeline/node_modules HTTP/1.1" 200 2879 "-" "Mozilla/5.0 AppleWebKit/537.36 (KHTML, like Gecko; compatible; GPTBot/1.2; +https://openai.com/gptbot)"
20.171.207.103 - - [19/Oct/2025:08:39:01 -0400] "GET /?path=//opt/alt/alt-nodejs22/root/usr/lib/node_modules/npm/node_modules/minimatch HTTP/1.1" 200 3045 "-" "Mozilla/5.0 AppleWebKit/537.36 (KHTML, like Gecko; compatible; GPTBot/1.2; +https://openai.com/gptbot)"
20.171.207.103 - - [19/Oct/2025:08:39:04 -0400] "GET /?fileloc=//opt/alt/alt-nodejs22/root/usr/lib/node_modules/npm/node_modules/cli-columns/color.js&path=//opt/alt/alt-nodejs22/root/usr/lib/node_modules/npm/node_modules/cli-columns HTTP/1.1" 200 2826 "-" "Mozilla/5.0 AppleWebKit/537.36 (KHTML, like Gecko; compatible; GPTBot/1.2; +https://openai.com/gptbot)"
20.171.207.103 - - [19/Oct/2025:08:39:07 -0400] "GET /?path=//opt/alt/alt-nodejs22/root/usr/lib/node_modules/npm/node_modules/encoding HTTP/1.1" 200 2975 "-" "Mozilla/5.0 AppleWebKit/537.36 (KHTML, like Gecko; compatible; GPTBot/1.2; +https://openai.com/gptbot)"
20.171.207.103 - - [19/Oct/2025:08:39:10 -0400] "GET /?path=//opt/alt/alt-nodejs22/root/usr/lib/node_modules/npm/node_modules/spdx-expression-parse HTTP/1.1" 200 3064 "-" "Mozilla/5.0 AppleWebKit/537.36 (KHTML, like Gecko; compatible; GPTBot/1.2; +https://openai.com/gptbot)"
20.171.207.103 - - [19/Oct/2025:08:39:13 -0400] "GET /?path=//opt/alt/alt-nodejs22/root/usr/lib/node_modules/npm/node_modules/minipass-pipeline/node_modules/minipass HTTP/1.1" 200 2998 "-" "Mozilla/5.0 AppleWebKit/537.36 (KHTML, like Gecko; compatible; GPTBot/1.2; +https://openai.com/gptbot)"
20.171.207.103 - - [19/Oct/2025:08:39:17 -0400] "GET /?path=//opt/alt/alt-nodejs22/root/usr/lib/node_modules/npm/node_modules/minipass-collect HTTP/1.1" 200 2949 "-" "Mozilla/5.0 AppleWebKit/537.36 (KHTML, like Gecko; compatible; GPTBot/1.2; +https://openai.com/gptbot)"
20.171.207.103 - - [19/Oct/2025:08:39:20 -0400] "GET /?path=//opt/alt/alt-nodejs22/root/usr/lib/node_modules/npm/node_modules/minipass HTTP/1.1" 200 3044 "-" "Mozilla/5.0 AppleWebKit/537.36 (KHTML, like Gecko; compatible; GPTBot/1.2; +https://openai.com/gptbot)"
66.249.65.197 - - [19/Oct/2025:08:39:22 -0400] "GET /items/1015148910.htm HTTP/1.1" 200 18998 "-" "Mozilla/5.0 (Linux; Android 6.0.1; Nexus 5X Build/MMB29P) AppleWebKit/537.36 (KHTML, like Gecko) Chrome/140.0.7339.207 Mobile Safari/537.36 (compatible; Googlebot/2.1; +http://www.google.com/bot.html)"
20.171.207.103 - - [19/Oct/2025:08:39:23 -0400] "GET /?path=//opt/alt/alt-nodejs22/root/usr/lib/node_modules/npm/node_modules/cross-spawn HTTP/1.1" 200 3111 "-" "Mozilla/5.0 AppleWebKit/537.36 (KHTML, like Gecko; compatible; GPTBot/1.2; +https://openai.com/gptbot)"
20.171.207.103 - - [19/Oct/2025:08:39:26 -0400] "GET /?path=//opt/alt/alt-nodejs22/root/usr/lib/node_modules/npm/node_modules/util-deprecate HTTP/1.1" 200 3085 "-" "Mozilla/5.0 AppleWebKit/537.36 (KHTML, like Gecko; compatible; GPTBot/1.2; +https://openai.com/gptbot)"
20.171.207.103 - - [19/Oct/2025:08:39:29 -0400] "GET /?path=//opt/alt/alt-nodejs22/root/usr/lib/node_modules/npm/node_modules/promise-retry HTTP/1.1" 200 3005 "-" "Mozilla/5.0 AppleWebKit/537.36 (KHTML, like Gecko; compatible; GPTBot/1.2; +https://openai.com/gptbot)"
66.249.65.198 - - [19/Oct/2025:08:39:30 -0400] "GET /items/169176299.htm HTTP/1.1" 200 19311 "-" "Mozilla/5.0 (Linux; Android 6.0.1; Nexus 5X Build/MMB29P) AppleWebKit/537.36 (KHTML, like Gecko) Chrome/140.0.7339.207 Mobile Safari/537.36 (compatible; Googlebot/2.1; +http://www.google.com/bot.html)"
20.171.207.103 - - [19/Oct/2025:08:39:32 -0400] "GET /?path=//opt/alt/alt-nodejs22/root/usr/lib/node_modules/npm/node_modules/sigstore HTTP/1.1" 200 3079 "-" "Mozilla/5.0 AppleWebKit/537.36 (KHTML, like Gecko; compatible; GPTBot/1.2; +https://openai.com/gptbot)"
20.171.207.103 - - [19/Oct/2025:08:39:36 -0400] "GET /?path=//opt/alt/alt-nodejs22/root/usr/lib/node_modules/npm/node_modules/minipass/dist HTTP/1.1" 200 2925 "-" "Mozilla/5.0 AppleWebKit/537.36 (KHTML, like Gecko; compatible; GPTBot/1.2; +https://openai.com/gptbot)"
20.171.207.103 - - [19/Oct/2025:08:39:39 -0400] "GET /?path=//opt/alt/alt-nodejs22/root/usr/lib/node_modules/npm/node_modules/ansi-styles HTTP/1.1" 200 2998 "-" "Mozilla/5.0 AppleWebKit/537.36 (KHTML, like Gecko; compatible; GPTBot/1.2; +https://openai.com/gptbot)"
20.171.207.103 - - [19/Oct/2025:08:39:42 -0400] "GET /?path=//opt/alt/alt-nodejs22/root/usr/lib/node_modules/npm/node_modules/libnpmaccess HTTP/1.1" 200 3095 "-" "Mozilla/5.0 AppleWebKit/537.36 (KHTML, like Gecko; compatible; GPTBot/1.2; +https://openai.com/gptbot)"
20.171.207.103 - - [19/Oct/2025:08:39:45 -0400] "GET /?path=//opt/alt/alt-nodejs22/root/usr/lib/node_modules/npm/node_modules/sigstore/dist HTTP/1.1" 200 2975 "-" "Mozilla/5.0 AppleWebKit/537.36 (KHTML, like Gecko; compatible; GPTBot/1.2; +https://openai.com/gptbot)"
20.171.207.103 - - [19/Oct/2025:08:39:48 -0400] "GET /?path=//opt/alt/alt-nodejs22/root/usr/lib/node_modules/npm/node_modules/libnpmhook HTTP/1.1" 200 3065 "-" "Mozilla/5.0 AppleWebKit/537.36 (KHTML, like Gecko; compatible; GPTBot/1.2; +https://openai.com/gptbot)"
20.171.207.103 - - [19/Oct/2025:08:39:51 -0400] "GET /?path=//opt/alt/alt-nodejs22/root/usr/lib/node_modules/npm/node_modules/libnpmfund HTTP/1.1" 200 3090 "-" "Mozilla/5.0 AppleWebKit/537.36 (KHTML, like Gecko; compatible; GPTBot/1.2; +https://openai.com/gptbot)"
20.171.207.103 - - [19/Oct/2025:08:39:54 -0400] "GET /?path=//opt/alt/alt-nodejs22/root/usr/lib/node_modules/npm/node_modules/minipass/dist/commonjs HTTP/1.1" 200 2967 "-" "Mozilla/5.0 AppleWebKit/537.36 (KHTML, like Gecko; compatible; GPTBot/1.2; +https://openai.com/gptbot)"
20.171.207.103 - - [19/Oct/2025:08:39:57 -0400] "GET /?path=//opt/alt/alt-nodejs22/root/usr/lib/node_modules/npm/node_modules/libnpmaccess/lib HTTP/1.1" 200 2891 "-" "Mozilla/5.0 AppleWebKit/537.36 (KHTML, like Gecko; compatible; GPTBot/1.2; +https://openai.com/gptbot)"
20.171.207.103 - - [19/Oct/2025:08:40:00 -0400] "GET /?path=//opt/alt/alt-nodejs22/root/usr/lib/node_modules/npm/node_modules/minipass/dist/esm HTTP/1.1" 200 2959 "-" "Mozilla/5.0 AppleWebKit/537.36 (KHTML, like Gecko; compatible; GPTBot/1.2; +https://openai.com/gptbot)"
20.171.207.103 - - [19/Oct/2025:08:40:03 -0400] "GET /?path=//opt/alt/alt-nodejs22/root/usr/lib/node_modules/npm/node_modules/supports-color HTTP/1.1" 200 2975 "-" "Mozilla/5.0 AppleWebKit/537.36 (KHTML, like Gecko; compatible; GPTBot/1.2; +https://openai.com/gptbot)"
20.171.207.103 - - [19/Oct/2025:08:40:07 -0400] "GET /?path=//opt/alt/alt-nodejs22/root/usr/lib/node_modules/npm/node_modules/libnpmpublish HTTP/1.1" 200 3029 "-" "Mozilla/5.0 AppleWebKit/537.36 (KHTML, like Gecko; compatible; GPTBot/1.2; +https://openai.com/gptbot)"
20.171.207.103 - - [19/Oct/2025:08:40:10 -0400] "GET /?path=//opt/alt/alt-nodejs22/root/usr/lib/node_modules/npm/node_modules/encoding/lib HTTP/1.1" 200 2895 "-" "Mozilla/5.0 AppleWebKit/537.36 (KHTML, like Gecko; compatible; GPTBot/1.2; +https://openai.com/gptbot)"
66.249.65.198 - - [19/Oct/2025:08:40:13 -0400] "GET /items/615608489.htm HTTP/1.1" 200 19192 "-" "Mozilla/5.0 (Linux; Android 6.0.1; Nexus 5X Build/MMB29P) AppleWebKit/537.36 (KHTML, like Gecko) Chrome/140.0.7339.207 Mobile Safari/537.36 (compatible; Googlebot/2.1; +http://www.google.com/bot.html)"
20.171.207.103 - - [19/Oct/2025:08:40:13 -0400] "GET /?path=//opt/alt/alt-nodejs22/root/usr/lib/node_modules/npm/node_modules/libnpmteam HTTP/1.1" 200 3060 "-" "Mozilla/5.0 AppleWebKit/537.36 (KHTML, like Gecko; compatible; GPTBot/1.2; +https://openai.com/gptbot)"
20.171.207.103 - - [19/Oct/2025:08:40:16 -0400] "GET /?path=//opt/alt/alt-nodejs22/root/usr/lib/node_modules/npm/node_modules/jsonparse HTTP/1.1" 200 3125 "-" "Mozilla/5.0 AppleWebKit/537.36 (KHTML, like Gecko; compatible; GPTBot/1.2; +https://openai.com/gptbot)"
66.249.65.198 - - [19/Oct/2025:08:40:17 -0400] "GET /items/1698970041.htm HTTP/1.1" 200 18867 "-" "Mozilla/5.0 (Linux; Android 6.0.1; Nexus 5X Build/MMB29P) AppleWebKit/537.36 (KHTML, like Gecko) Chrome/140.0.7339.207 Mobile Safari/537.36 (compatible; Googlebot/2.1; +http://www.google.com/bot.html)"
20.171.207.103 - - [19/Oct/2025:08:40:19 -0400] "GET /?path=//opt/alt/alt-nodejs22/root/usr/lib/node_modules/npm/node_modules/libnpmhook/lib HTTP/1.1" 200 2862 "-" "Mozilla/5.0 AppleWebKit/537.36 (KHTML, like Gecko; compatible; GPTBot/1.2; +https://openai.com/gptbot)"
20.171.207.103 - - [19/Oct/2025:08:40:23 -0400] "GET /?path=//opt/alt/alt-nodejs22/root/usr/lib/node_modules/npm/node_modules/minizlib HTTP/1.1" 200 3041 "-" "Mozilla/5.0 AppleWebKit/537.36 (KHTML, like Gecko; compatible; GPTBot/1.2; +https://openai.com/gptbot)"
20.171.207.103 - - [19/Oct/2025:08:40:26 -0400] "GET /?path=//opt/alt/alt-nodejs22/root/usr/lib/node_modules/npm/node_modules/libnpmpublish/lib HTTP/1.1" 200 2982 "-" "Mozilla/5.0 AppleWebKit/537.36 (KHTML, like Gecko; compatible; GPTBot/1.2; +https://openai.com/gptbot)"
20.171.207.103 - - [19/Oct/2025:08:40:29 -0400] "GET /?path=//opt/alt/alt-nodejs22/root/usr/lib/node_modules/npm/node_modules/libnpmteam/lib HTTP/1.1" 200 2892 "-" "Mozilla/5.0 AppleWebKit/537.36 (KHTML, like Gecko; compatible; GPTBot/1.2; +https://openai.com/gptbot)"
20.171.207.103 - - [19/Oct/2025:08:40:32 -0400] "GET /?path=//opt/alt/alt-nodejs22/root/usr/lib/node_modules/npm/node_modules/color-convert HTTP/1.1" 200 3052 "-" "Mozilla/5.0 AppleWebKit/537.36 (KHTML, like Gecko; compatible; GPTBot/1.2; +https://openai.com/gptbot)"
20.171.207.103 - - [19/Oct/2025:08:40:35 -0400] "GET /?path=//opt/alt/alt-nodejs22/root/usr/lib/node_modules/npm/node_modules/fs-minipass HTTP/1.1" 200 3039 "-" "Mozilla/5.0 AppleWebKit/537.36 (KHTML, like Gecko; compatible; GPTBot/1.2; +https://openai.com/gptbot)"
20.171.207.103 - - [19/Oct/2025:08:40:38 -0400] "GET /?path=//opt/alt/alt-nodejs22/root/usr/lib/node_modules/npm/node_modules/jsonparse/samplejson HTTP/1.1" 200 2940 "-" "Mozilla/5.0 AppleWebKit/537.36 (KHTML, like Gecko; compatible; GPTBot/1.2; +https://openai.com/gptbot)"
45.227.253.15 - - [19/Oct/2025:08:40:39 -0400] "GET /wp-content/plugins/elementskit-lite/compatibility/backward/backward/index.php?ARRAY=7o2230223n313736303838313438342p2231223n22687474703n5p2s5p2s7n7334343676313373752r67697665656r63652r6p61745p2s3s6p633q78696164616r5s72616r645s7061746826743q313736303837373838342q3761643930336664346465346433626239373262633437303038633238646636222p2232223n223361306666643434373565643539383632306462623439313836343862626364222p2233223n226630633834306462643437326464376133373338326237636638383235333233222p2262696r675s70617373223n2231332q34392q35312q36382q37352q38342q3232227q HTTP/1.1" 200 5110 "-" "Mozilla/5.0 (Windows NT 10.0; Win64; x64) AppleWebKit/537.36 (KHTML, like Gecko) Chrome/79.0.3970 Safari/537.36 Edg/79.0.143.5"
20.171.207.103 - - [19/Oct/2025:08:40:42 -0400] "GET /?path=//opt/alt/alt-nodejs22/root/usr/lib/node_modules/npm/node_modules/minipass-sized HTTP/1.1" 200 3086 "-" "Mozilla/5.0 AppleWebKit/537.36 (KHTML, like Gecko; compatible; GPTBot/1.2; +https://openai.com/gptbot)"
20.171.207.103 - - [19/Oct/2025:08:40:45 -0400] "GET /?path=//opt/alt/alt-nodejs22/root/usr/lib/node_modules/npm/node_modules/promise-call-limit HTTP/1.1" 200 2989 "-" "Mozilla/5.0 AppleWebKit/537.36 (KHTML, like Gecko; compatible; GPTBot/1.2; +https://openai.com/gptbot)"
20.171.207.103 - - [19/Oct/2025:08:40:48 -0400] "GET /?path=//opt/alt/alt-nodejs22/root/usr/lib/node_modules/npm/node_modules/minizlib/dist HTTP/1.1" 200 2924 "-" "Mozilla/5.0 AppleWebKit/537.36 (KHTML, like Gecko; compatible; GPTBot/1.2; +https://openai.com/gptbot)"
20.171.207.103 - - [19/Oct/2025:08:40:51 -0400] "GET /?path=//opt/alt/alt-nodejs22/root/usr/lib/node_modules/npm/node_modules/fs-minipass/lib HTTP/1.1" 200 2897 "-" "Mozilla/5.0 AppleWebKit/537.36 (KHTML, like Gecko; compatible; GPTBot/1.2; +https://openai.com/gptbot)"
20.171.207.103 - - [19/Oct/2025:08:40:54 -0400] "GET /?fileloc=//opt/alt/alt-nodejs22/root/usr/lib/node_modules/npm/node_modules/jsonparse/samplejson/basic.json&path=//opt/alt/alt-nodejs22/root/usr/lib/node_modules/npm/node_modules/jsonparse/samplejson HTTP/1.1" 200 3380 "-" "Mozilla/5.0 AppleWebKit/537.36 (KHTML, like Gecko; compatible; GPTBot/1.2; +https://openai.com/gptbot)"
20.171.207.103 - - [19/Oct/2025:08:40:57 -0400] "GET /?path=//opt/alt/alt-nodejs22/root/usr/lib/node_modules/npm/node_modules/treeverse HTTP/1.1" 200 3005 "-" "Mozilla/5.0 AppleWebKit/537.36 (KHTML, like Gecko; compatible; GPTBot/1.2; +https://openai.com/gptbot)"
20.171.207.103 - - [19/Oct/2025:08:41:01 -0400] "GET /?path=//opt/alt/alt-nodejs22/root/usr/lib/node_modules/npm/node_modules/promise-call-limit/dist HTTP/1.1" 200 2887 "-" "Mozilla/5.0 AppleWebKit/537.36 (KHTML, like Gecko; compatible; GPTBot/1.2; +https://openai.com/gptbot)"
20.171.207.103 - - [19/Oct/2025:08:41:04 -0400] "GET /?path=//opt/alt/alt-nodejs22/root/usr/lib/node_modules/npm/node_modules/promzard HTTP/1.1" 200 3028 "-" "Mozilla/5.0 AppleWebKit/537.36 (KHTML, like Gecko; compatible; GPTBot/1.2; +https://openai.com/gptbot)"
20.171.207.103 - - [19/Oct/2025:08:41:07 -0400] "GET /?path=//opt/alt/alt-nodejs22/root/usr/lib/node_modules/npm/node_modules/minizlib/dist/esm HTTP/1.1" 200 2995 "-" "Mozilla/5.0 AppleWebKit/537.36 (KHTML, like Gecko; compatible; GPTBot/1.2; +https://openai.com/gptbot)"
20.171.207.103 - - [19/Oct/2025:08:41:10 -0400] "GET /?path=//opt/alt/alt-nodejs22/root/usr/lib/node_modules/npm/node_modules/minizlib/dist/commonjs HTTP/1.1" 200 2994 "-" "Mozilla/5.0 AppleWebKit/537.36 (KHTML, like Gecko; compatible; GPTBot/1.2; +https://openai.com/gptbot)"
20.171.207.103 - - [19/Oct/2025:08:41:13 -0400] "GET /?path=//opt/alt/alt-nodejs22/root/usr/lib/node_modules/npm/node_modules/promise-call-limit/dist/commonjs HTTP/1.1" 200 2966 "-" "Mozilla/5.0 AppleWebKit/537.36 (KHTML, like Gecko; compatible; GPTBot/1.2; +https://openai.com/gptbot)"
196.251.66.105 - - [19/Oct/2025:08:41:15 -0400] "GET /a.php HTTP/1.1" 200 5110 "-" "Mozilla/5.0 (Linux; Android 7.0; SM-G892A Build/NRD90M; wv) AppleWebKit/537.36 (KHTML, Gecko) Version/4.0 Chrome/60.0.3112.107 Mobile Safari/537.36"
20.171.207.103 - - [19/Oct/2025:08:41:16 -0400] "GET /?path=//opt/alt/alt-nodejs22/root/usr/lib/node_modules/npm/node_modules/promise-call-limit/dist/esm HTTP/1.1" 200 2973 "-" "Mozilla/5.0 AppleWebKit/537.36 (KHTML, like Gecko; compatible; GPTBot/1.2; +https://openai.com/gptbot)"
20.171.207.103 - - [19/Oct/2025:08:41:19 -0400] "GET /?path=//opt/alt/alt-nodejs22/root/usr/lib/node_modules/npm/node_modules/treeverse/lib HTTP/1.1" 200 3031 "-" "Mozilla/5.0 AppleWebKit/537.36 (KHTML, like Gecko; compatible; GPTBot/1.2; +https://openai.com/gptbot)"
20.171.207.103 - - [19/Oct/2025:08:41:23 -0400] "GET /?path=//opt/alt/alt-nodejs22/root/usr/lib/node_modules/npm/node_modules/promzard/lib HTTP/1.1" 200 2863 "-" "Mozilla/5.0 AppleWebKit/537.36 (KHTML, like Gecko; compatible; GPTBot/1.2; +https://openai.com/gptbot)"
20.171.207.103 - - [19/Oct/2025:08:41:26 -0400] "GET /?path=//opt/alt/alt-nodejs22/root/usr/lib/node_modules/npm/node_modules/mute-stream HTTP/1.1" 200 3039 "-" "Mozilla/5.0 AppleWebKit/537.36 (KHTML, like Gecko; compatible; GPTBot/1.2; +https://openai.com/gptbot)"
20.171.207.103 - - [19/Oct/2025:08:41:29 -0400] "GET /?path=//opt/alt/alt-nodejs22/root/usr/lib/node_modules/npm/node_modules/jsonparse/examples HTTP/1.1" 200 2907 "-" "Mozilla/5.0 AppleWebKit/537.36 (KHTML, like Gecko; compatible; GPTBot/1.2; +https://openai.com/gptbot)"
20.171.207.103 - - [19/Oct/2025:08:41:32 -0400] "GET /?path=//opt/alt/alt-nodejs22/root/usr/lib/node_modules/npm/node_modules/libnpmfund/lib HTTP/1.1" 200 2893 "-" "Mozilla/5.0 AppleWebKit/537.36 (KHTML, like Gecko; compatible; GPTBot/1.2; +https://openai.com/gptbot)"
20.171.207.103 - - [19/Oct/2025:08:41:35 -0400] "GET /?path=//opt/alt/alt-nodejs22/root/usr/lib/node_modules/npm/node_modules/imurmurhash HTTP/1.1" 200 2968 "-" "Mozilla/5.0 AppleWebKit/537.36 (KHTML, like Gecko; compatible; GPTBot/1.2; +https://openai.com/gptbot)"
20.171.207.103 - - [19/Oct/2025:08:41:39 -0400] "GET /?path=//opt/alt/alt-nodejs22/root/usr/lib/node_modules/npm/node_modules/minimatch/dist HTTP/1.1" 200 2921 "-" "Mozilla/5.0 AppleWebKit/537.36 (KHTML, like Gecko; compatible; GPTBot/1.2; +https://openai.com/gptbot)"
20.171.207.103 - - [19/Oct/2025:08:41:42 -0400] "GET /?path=//opt/alt/alt-nodejs22/root/usr/lib/node_modules/npm/node_modules/mute-stream/lib HTTP/1.1" 200 2897 "-" "Mozilla/5.0 AppleWebKit/537.36 (KHTML, like Gecko; compatible; GPTBot/1.2; +https://openai.com/gptbot)"
20.171.207.103 - - [19/Oct/2025:08:41:45 -0400] "GET /?path=//opt/alt/alt-nodejs22/root/usr/lib/node_modules/npm/node_modules/common-ancestor-path HTTP/1.1" 200 3007 "-" "Mozilla/5.0 AppleWebKit/537.36 (KHTML, like Gecko; compatible; GPTBot/1.2; +https://openai.com/gptbot)"
20.171.207.103 - - [19/Oct/2025:08:41:48 -0400] "GET /?path=//opt/alt/alt-nodejs22/root/usr/lib/node_modules/npm/node_modules/libnpmorg HTTP/1.1" 200 3021 "-" "Mozilla/5.0 AppleWebKit/537.36 (KHTML, like Gecko; compatible; GPTBot/1.2; +https://openai.com/gptbot)"
20.171.207.103 - - [19/Oct/2025:08:41:51 -0400] "GET /?path=//opt/alt/alt-nodejs22/root/usr/lib/node_modules/npm/node_modules/libnpmversion/lib HTTP/1.1" 200 3123 "-" "Mozilla/5.0 AppleWebKit/537.36 (KHTML, like Gecko; compatible; GPTBot/1.2; +https://openai.com/gptbot)"
20.171.207.103 - - [19/Oct/2025:08:41:54 -0400] "GET /?path=//opt/alt/alt-nodejs22/root/usr/lib/node_modules/npm/node_modules/minimatch/dist/commonjs HTTP/1.1" 200 3112 "-" "Mozilla/5.0 AppleWebKit/537.36 (KHTML, like Gecko; compatible; GPTBot/1.2; +https://openai.com/gptbot)"
66.249.65.197 - - [19/Oct/2025:08:41:56 -0400] "GET /items/1660284163.htm HTTP/1.1" 200 19013 "-" "Mozilla/5.0 (Linux; Android 6.0.1; Nexus 5X Build/MMB29P) AppleWebKit/537.36 (KHTML, like Gecko) Chrome/140.0.7339.207 Mobile Safari/537.36 (compatible; Googlebot/2.1; +http://www.google.com/bot.html)"
20.171.207.103 - - [19/Oct/2025:08:41:58 -0400] "GET /?path=//opt/alt/alt-nodejs22/root/usr/lib/node_modules/npm/node_modules/minimatch/dist/esm HTTP/1.1" 200 3171 "-" "Mozilla/5.0 AppleWebKit/537.36 (KHTML, like Gecko; compatible; GPTBot/1.2; +https://openai.com/gptbot)"
20.171.207.103 - - [19/Oct/2025:08:42:01 -0400] "GET /?path=//opt/alt/alt-nodejs22/root/usr/lib/node_modules/npm/node_modules.bundled/diff/lib/diff HTTP/1.1" 200 3163 "-" "Mozilla/5.0 AppleWebKit/537.36 (KHTML, like Gecko; compatible; GPTBot/1.2; +https://openai.com/gptbot)"
20.171.207.103 - - [19/Oct/2025:08:42:04 -0400] "GET /?path=//opt/alt/alt-nodejs22/root/usr/lib/node_modules/npm/node_modules/libnpmorg/lib HTTP/1.1" 200 2896 "-" "Mozilla/5.0 AppleWebKit/537.36 (KHTML, like Gecko; compatible; GPTBot/1.2; +https://openai.com/gptbot)"
20.171.207.103 - - [19/Oct/2025:08:42:07 -0400] "GET /?path=//opt/alt/alt-nodejs22/root/usr/lib/node_modules/npm/node_modules.bundled/@npmcli/arborist/lib/arborist HTTP/1.1" 200 3163 "-" "Mozilla/5.0 AppleWebKit/537.36 (KHTML, like Gecko; compatible; GPTBot/1.2; +https://openai.com/gptbot)"
20.171.207.103 - - [19/Oct/2025:08:42:10 -0400] "GET /?fileloc=//opt/alt/alt-nodejs22/root/usr/lib/node_modules/npm/node_modules/minimatch/dist/commonjs/brace-expressions.js&path=//opt/alt/alt-nodejs22/root/usr/lib/node_modules/npm/node_modules/minimatch/dist/commonjs HTTP/1.1" 200 4654 "-" "Mozilla/5.0 AppleWebKit/537.36 (KHTML, like Gecko; compatible; GPTBot/1.2; +https://openai.com/gptbot)"
20.171.207.103 - - [19/Oct/2025:08:42:14 -0400] "GET /?path=//opt/alt/alt-nodejs22/root/usr/lib/node_modules/npm/node_modules.bundled/diff/lib/convert HTTP/1.1" 200 2920 "-" "Mozilla/5.0 AppleWebKit/537.36 (KHTML, like Gecko; compatible; GPTBot/1.2; +https://openai.com/gptbot)"
20.171.207.103 - - [19/Oct/2025:08:42:17 -0400] "GET /?path=//opt/alt/alt-nodejs22/root/usr/lib/node_modules/npm/node_modules.bundled/@npmcli/run-script HTTP/1.1" 200 3025 "-" "Mozilla/5.0 AppleWebKit/537.36 (KHTML, like Gecko; compatible; GPTBot/1.2; +https://openai.com/gptbot)"
20.171.207.103 - - [19/Oct/2025:08:42:20 -0400] "GET /?path=//opt/alt/alt-nodejs22/root/usr/lib/node_modules/npm/node_modules.bundled/@isaacs/fs-minipass HTTP/1.1" 200 3064 "-" "Mozilla/5.0 AppleWebKit/537.36 (KHTML, like Gecko; compatible; GPTBot/1.2; +https://openai.com/gptbot)"
20.171.207.103 - - [19/Oct/2025:08:42:23 -0400] "GET /?path=//opt/alt/alt-nodejs22/root/usr/lib/node_modules/npm/node_modules.bundled/signal-exit/dist/cjs HTTP/1.1" 200 3084 "-" "Mozilla/5.0 AppleWebKit/537.36 (KHTML, like Gecko; compatible; GPTBot/1.2; +https://openai.com/gptbot)"
20.171.207.103 - - [19/Oct/2025:08:42:26 -0400] "GET /?fileloc=//opt/alt/alt-nodejs22/root/usr/lib/node_modules/npm/node_modules.bundled/diff/lib/diff/json.js&path=//opt/alt/alt-nodejs22/root/usr/lib/node_modules/npm/node_modules.bundled/diff/lib/diff HTTP/1.1" 200 7993 "-" "Mozilla/5.0 AppleWebKit/537.36 (KHTML, like Gecko; compatible; GPTBot/1.2; +https://openai.com/gptbot)"
20.171.207.103 - - [19/Oct/2025:08:42:29 -0400] "GET /?path=//opt/alt/alt-nodejs22/root/usr/lib/node_modules/npm/node_modules.bundled/brace-expansion HTTP/1.1" 200 2956 "-" "Mozilla/5.0 AppleWebKit/537.36 (KHTML, like Gecko; compatible; GPTBot/1.2; +https://openai.com/gptbot)"
66.249.65.197 - - [19/Oct/2025:08:42:32 -0400] "GET /items/2084030135.htm HTTP/1.1" 200 19367 "-" "Mozilla/5.0 (Linux; Android 6.0.1; Nexus 5X Build/MMB29P) AppleWebKit/537.36 (KHTML, like Gecko) Chrome/140.0.7339.207 Mobile Safari/537.36 (compatible; Googlebot/2.1; +http://www.google.com/bot.html)"
20.171.207.103 - - [19/Oct/2025:08:42:32 -0400] "GET /?path=//opt/alt/alt-nodejs22/root/usr/lib/node_modules/npm/node_modules.bundled/@npmcli/run-script/lib HTTP/1.1" 200 3309 "-" "Mozilla/5.0 AppleWebKit/537.36 (KHTML, like Gecko; compatible; GPTBot/1.2; +https://openai.com/gptbot)"
20.171.207.103 - - [19/Oct/2025:08:42:35 -0400] "GET /?path=//opt/alt/alt-nodejs22/root/usr/lib/node_modules/npm/node_modules.bundled/strip-ansi-cjs HTTP/1.1" 200 3018 "-" "Mozilla/5.0 AppleWebKit/537.36 (KHTML, like Gecko; compatible; GPTBot/1.2; +https://openai.com/gptbot)"
20.171.207.103 - - [19/Oct/2025:08:42:39 -0400] "GET /?path=//opt/alt/alt-nodejs22/root/usr/lib/node_modules/npm/node_modules.bundled/@isaacs/fs-minipass/dist HTTP/1.1" 200 2941 "-" "Mozilla/5.0 AppleWebKit/537.36 (KHTML, like Gecko; compatible; GPTBot/1.2; +https://openai.com/gptbot)"
20.171.207.103 - - [19/Oct/2025:08:42:42 -0400] "GET /?path=//opt/alt/alt-nodejs22/root/usr/lib/node_modules/npm/node_modules.bundled/minipass-fetch HTTP/1.1" 200 2994 "-" "Mozilla/5.0 AppleWebKit/537.36 (KHTML, like Gecko; compatible; GPTBot/1.2; +https://openai.com/gptbot)"
20.171.207.103 - - [19/Oct/2025:08:42:45 -0400] "GET /?path=//opt/alt/alt-nodejs22/root/usr/lib/node_modules/npm/node_modules.bundled/@npmcli/run-script/lib/node-gyp-bin HTTP/1.1" 200 2952 "-" "Mozilla/5.0 AppleWebKit/537.36 (KHTML, like Gecko; compatible; GPTBot/1.2; +https://openai.com/gptbot)"
20.171.207.103 - - [19/Oct/2025:08:42:48 -0400] "GET /?path=//opt/alt/alt-nodejs22/root/usr/lib/node_modules/npm/node_modules.bundled/sprintf-js/src HTTP/1.1" 200 2967 "-" "Mozilla/5.0 AppleWebKit/537.36 (KHTML, like Gecko; compatible; GPTBot/1.2; +https://openai.com/gptbot)"
34.204.150.196 - - [19/Oct/2025:08:42:50 -0400] "GET /ufc-gold-blitz-tall-fortune-facility-studios-position-comment/?path=/home/creaqbdc/public_html/wp-includes HTTP/1.1" 200 18604 "-" "Mozilla/5.0 AppleWebKit/537.36 (KHTML, like Gecko; compatible; Amazonbot/0.1; +https://developer.amazon.com/support/amazonbot) Chrome/119.0.6045.214 Safari/537.36"
20.171.207.103 - - [19/Oct/2025:08:42:51 -0400] "GET /?path=//opt/alt/alt-nodejs22/root/usr/lib/node_modules/npm/node_modules.bundled/walk-up-path HTTP/1.1" 200 2989 "-" "Mozilla/5.0 AppleWebKit/537.36 (KHTML, like Gecko; compatible; GPTBot/1.2; +https://openai.com/gptbot)"
20.171.207.103 - - [19/Oct/2025:08:42:54 -0400] "GET /?path=//opt/alt/alt-nodejs22/root/usr/lib/node_modules/npm/node_modules.bundled/@isaacs/fs-minipass/dist/esm HTTP/1.1" 200 2951 "-" "Mozilla/5.0 AppleWebKit/537.36 (KHTML, like Gecko; compatible; GPTBot/1.2; +https://openai.com/gptbot)"
100.28.57.133 - - [19/Oct/2025:08:42:56 -0400] "GET /portfolio-commercial?fileloc=/home/creaqbdc/public_html/wp-config-sample.php&path=/home/creaqbdc/public_html HTTP/1.1" 200 24000 "-" "Mozilla/5.0 AppleWebKit/537.36 (KHTML, like Gecko; compatible; Amazonbot/0.1; +https://developer.amazon.com/support/amazonbot) Chrome/119.0.6045.214 Safari/537.36"
20.171.207.103 - - [19/Oct/2025:08:42:57 -0400] "GET /?path=//opt/alt/alt-nodejs22/root/usr/lib/node_modules/npm/node_modules.bundled/archy/examples HTTP/1.1" 200 2954 "-" "Mozilla/5.0 AppleWebKit/537.36 (KHTML, like Gecko; compatible; GPTBot/1.2; +https://openai.com/gptbot)"
44.209.89.189 - - [19/Oct/2025:08:43:00 -0400] "GET /ufc-gold-blitz-tall-fortune-facility-studios-position-comment/?fileloc=/home/creaqbdc/public_html/xmlrpc.php&path=/home/creaqbdc/public_html HTTP/1.1" 200 4470 "-" "Mozilla/5.0 AppleWebKit/537.36 (KHTML, like Gecko; compatible; Amazonbot/0.1; +https://developer.amazon.com/support/amazonbot) Chrome/119.0.6045.214 Safari/537.36"
20.171.207.103 - - [19/Oct/2025:08:43:01 -0400] "GET /?path=//opt/alt/alt-nodejs22/root/usr/lib/node_modules/npm/node_modules.bundled/@isaacs/fs-minipass/dist/commonjs HTTP/1.1" 200 2986 "-" "Mozilla/5.0 AppleWebKit/537.36 (KHTML, like Gecko; compatible; GPTBot/1.2; +https://openai.com/gptbot)"
44.194.139.149 - - [19/Oct/2025:08:43:02 -0400] "GET /the-drama-of-deciding-fate-in-a-kick-off-duel/?path=/home/creaqbdc/public_html/wp-includes HTTP/1.1" 200 18617 "-" "Mozilla/5.0 AppleWebKit/537.36 (KHTML, like Gecko; compatible; Amazonbot/0.1; +https://developer.amazon.com/support/amazonbot) Chrome/119.0.6045.214 Safari/537.36"
20.171.207.103 - - [19/Oct/2025:08:43:04 -0400] "GET /?path=//opt/alt/alt-nodejs22/root/usr/lib/node_modules/npm/node_modules.bundled/minipass-fetch/lib HTTP/1.1" 200 3170 "-" "Mozilla/5.0 AppleWebKit/537.36 (KHTML, like Gecko; compatible; GPTBot/1.2; +https://openai.com/gptbot)"
20.171.207.103 - - [19/Oct/2025:08:43:07 -0400] "GET /?path=//opt/alt/alt-nodejs22/root/usr/lib/node_modules/npm/node_modules.bundled/which HTTP/1.1" 200 3153 "-" "Mozilla/5.0 AppleWebKit/537.36 (KHTML, like Gecko; compatible; GPTBot/1.2; +https://openai.com/gptbot)"
20.171.207.103 - - [19/Oct/2025:08:43:10 -0400] "GET /?path=//opt/alt/alt-nodejs22/root/usr/lib/node_modules/npm/node_modules.bundled/walk-up-path/dist HTTP/1.1" 200 2884 "-" "Mozilla/5.0 AppleWebKit/537.36 (KHTML, like Gecko; compatible; GPTBot/1.2; +https://openai.com/gptbot)"
44.214.19.8 - - [19/Oct/2025:08:43:11 -0400] "GET /ufc-gold-blitz-tall-fortune-facility-studios-position-comment/?fileloc=/home/creaqbdc/public_html/wp-comments-post.php&path=/home/creaqbdc/public_html HTTP/1.1" 200 4095 "-" "Mozilla/5.0 AppleWebKit/537.36 (KHTML, like Gecko; compatible; Amazonbot/0.1; +https://developer.amazon.com/support/amazonbot) Chrome/119.0.6045.214 Safari/537.36"
34.195.248.30 - - [19/Oct/2025:08:43:12 -0400] "GET /just-how-to-register-and-you-nv-casino-can-allege-funzpoints-casino-promo-code-bring/?path=/home/creaqbdc/public_html/images HTTP/1.1" 200 3526 "-" "Mozilla/5.0 AppleWebKit/537.36 (KHTML, like Gecko; compatible; Amazonbot/0.1; +https://developer.amazon.com/support/amazonbot) Chrome/119.0.6045.214 Safari/537.36"
66.249.65.197 - - [19/Oct/2025:08:43:13 -0400] "GET /items/615656693.htm HTTP/1.1" 200 18723 "-" "Mozilla/5.0 (Linux; Android 6.0.1; Nexus 5X Build/MMB29P) AppleWebKit/537.36 (KHTML, like Gecko) Chrome/140.0.7339.207 Mobile Safari/537.36 (compatible; Googlebot/2.1; +http://www.google.com/bot.html)"
20.171.207.103 - - [19/Oct/2025:08:43:13 -0400] "GET /?path=//opt/alt/alt-nodejs22/root/usr/lib/node_modules/npm/node_modules.bundled/jackspeak HTTP/1.1" 200 3057 "-" "Mozilla/5.0 AppleWebKit/537.36 (KHTML, like Gecko; compatible; GPTBot/1.2; +https://openai.com/gptbot)"
18.213.240.226 - - [19/Oct/2025:08:43:14 -0400] "GET /apartment-interior-vinyl-wrap-in-dubai-kitchen-bathroom-doors-wordrobes/?path=/home/creaqbdc/public_html/.well-known HTTP/1.1" 200 3490 "-" "Mozilla/5.0 AppleWebKit/537.36 (KHTML, like Gecko; compatible; Amazonbot/0.1; +https://developer.amazon.com/support/amazonbot) Chrome/119.0.6045.214 Safari/537.36"
