66.249.65.197 - - [19/Oct/2025:09:11:48 -0400] "GET /items/1461597810.htm HTTP/1.1" 200 19319 "-" "Mozilla/5.0 (Linux; Android 6.0.1; Nexus 5X Build/MMB29P) AppleWebKit/537.36 (KHTML, like Gecko) Chrome/140.0.7339.207 Mobile Safari/537.36 (compatible; Googlebot/2.1; +http://www.google.com/bot.html)"
20.171.207.103 - - [19/Oct/2025:09:11:50 -0400] "GET /?path=//usr/local/lib64/perl5/auto/Types HTTP/1.1" 200 2827 "-" "Mozilla/5.0 AppleWebKit/537.36 (KHTML, like Gecko; compatible; GPTBot/1.2; +https://openai.com/gptbot)"
20.171.207.103 - - [19/Oct/2025:09:11:53 -0400] "GET /?path=//usr/local/lib64/perl5/auto/Alien HTTP/1.1" 200 2793 "-" "Mozilla/5.0 AppleWebKit/537.36 (KHTML, like Gecko; compatible; GPTBot/1.2; +https://openai.com/gptbot)"
20.171.207.103 - - [19/Oct/2025:09:11:56 -0400] "GET /?path=//opt/alt/python310/lib/python3.10/site-packages/pip/_vendor/urllib3/__pycache__ HTTP/1.1" 200 3310 "-" "Mozilla/5.0 AppleWebKit/537.36 (KHTML, like Gecko; compatible; GPTBot/1.2; +https://openai.com/gptbot)"
66.249.65.197 - - [19/Oct/2025:09:11:59 -0400] "GET /items/1461604817.htm HTTP/1.1" 200 19725 "-" "Mozilla/5.0 (Linux; Android 6.0.1; Nexus 5X Build/MMB29P) AppleWebKit/537.36 (KHTML, like Gecko) Chrome/140.0.7339.207 Mobile Safari/537.36 (compatible; Googlebot/2.1; +http://www.google.com/bot.html)"
20.171.207.103 - - [19/Oct/2025:09:11:59 -0400] "GET /?path=//opt/alt/python312/lib/python3.12/site-packages/pip/_vendor/urllib3/__pycache__ HTTP/1.1" 200 3352 "-" "Mozilla/5.0 AppleWebKit/537.36 (KHTML, like Gecko; compatible; GPTBot/1.2; +https://openai.com/gptbot)"
20.171.207.103 - - [19/Oct/2025:09:12:02 -0400] "GET /?fileloc=//proc/keys&path=//proc HTTP/1.1" 200 2470 "-" "Mozilla/5.0 AppleWebKit/537.36 (KHTML, like Gecko; compatible; GPTBot/1.2; +https://openai.com/gptbot)"
20.171.207.103 - - [19/Oct/2025:09:12:05 -0400] "GET /?path=//usr/local/lib64/perl5/auto/Types/Serialiser HTTP/1.1" 200 2860 "-" "Mozilla/5.0 AppleWebKit/537.36 (KHTML, like Gecko; compatible; GPTBot/1.2; +https://openai.com/gptbot)"
20.171.207.103 - - [19/Oct/2025:09:12:09 -0400] "GET /?path=//usr/lib64/cmake/Qt5Core HTTP/1.1" 200 2557 "-" "Mozilla/5.0 AppleWebKit/537.36 (KHTML, like Gecko; compatible; GPTBot/1.2; +https://openai.com/gptbot)"
66.249.65.197 - - [19/Oct/2025:09:12:12 -0400] "GET /items/515826174.htm HTTP/1.1" 200 19013 "-" "Mozilla/5.0 (Linux; Android 6.0.1; Nexus 5X Build/MMB29P) AppleWebKit/537.36 (KHTML, like Gecko) Chrome/140.0.7339.207 Mobile Safari/537.36 (compatible; Googlebot/2.1; +http://www.google.com/bot.html)"
20.171.207.103 - - [19/Oct/2025:09:12:12 -0400] "GET /?path=//usr/lib64/cmake/Qt5DBus HTTP/1.1" 200 2558 "-" "Mozilla/5.0 AppleWebKit/537.36 (KHTML, like Gecko; compatible; GPTBot/1.2; +https://openai.com/gptbot)"
20.171.207.103 - - [19/Oct/2025:09:12:15 -0400] "GET /?path=//opt/imunify360/venv/lib/python3.11/site-packages/Crypto/SelfTest/Protocol/__pycache__ HTTP/1.1" 200 3019 "-" "Mozilla/5.0 AppleWebKit/537.36 (KHTML, like Gecko; compatible; GPTBot/1.2; +https://openai.com/gptbot)"
20.171.207.103 - - [19/Oct/2025:09:12:18 -0400] "GET /?fileloc=//lib/systemd/system/tcsd.service&path=//lib/systemd/system HTTP/1.1" 200 2579 "-" "Mozilla/5.0 AppleWebKit/537.36 (KHTML, like Gecko; compatible; GPTBot/1.2; +https://openai.com/gptbot)"
20.171.207.103 - - [19/Oct/2025:09:12:21 -0400] "GET /?fileloc=//lib/systemd/system/httpd.service&path=//lib/systemd/system HTTP/1.1" 200 2819 "-" "Mozilla/5.0 AppleWebKit/537.36 (KHTML, like Gecko; compatible; GPTBot/1.2; +https://openai.com/gptbot)"
20.171.207.103 - - [19/Oct/2025:09:12:24 -0400] "GET /?fileloc=//lib/systemd/system/mysql.service&path=//lib/systemd/system HTTP/1.1" 200 5055 "-" "Mozilla/5.0 AppleWebKit/537.36 (KHTML, like Gecko; compatible; GPTBot/1.2; +https://openai.com/gptbot)"
20.171.207.103 - - [19/Oct/2025:09:12:28 -0400] "GET /?fileloc=//lib/systemd/system/csf.service&path=//lib/systemd/system HTTP/1.1" 200 2650 "-" "Mozilla/5.0 AppleWebKit/537.36 (KHTML, like Gecko; compatible; GPTBot/1.2; +https://openai.com/gptbot)"
20.171.207.103 - - [19/Oct/2025:09:12:31 -0400] "GET /?fileloc=//lib/systemd/system/lfd.service&path=//lib/systemd/system HTTP/1.1" 200 2648 "-" "Mozilla/5.0 AppleWebKit/537.36 (KHTML, like Gecko; compatible; GPTBot/1.2; +https://openai.com/gptbot)"
20.171.207.103 - - [19/Oct/2025:09:12:34 -0400] "GET /?fileloc=//lib/systemd/system/rdisc.service&path=//lib/systemd/system HTTP/1.1" 200 2621 "-" "Mozilla/5.0 AppleWebKit/537.36 (KHTML, like Gecko; compatible; GPTBot/1.2; +https://openai.com/gptbot)"
66.249.65.197 - - [19/Oct/2025:09:12:34 -0400] "GET /items/1461608807.htm HTTP/1.1" 200 17908 "-" "Mozilla/5.0 (Linux; Android 6.0.1; Nexus 5X Build/MMB29P) AppleWebKit/537.36 (KHTML, like Gecko) Chrome/140.0.7339.207 Mobile Safari/537.36 (compatible; Googlebot/2.1; +http://www.google.com/bot.html)"
66.249.65.197 - - [19/Oct/2025:09:12:34 -0400] "GET /items/1458183833.htm HTTP/1.1" 200 18955 "-" "Mozilla/5.0 (Linux; Android 6.0.1; Nexus 5X Build/MMB29P) AppleWebKit/537.36 (KHTML, like Gecko) Chrome/140.0.7339.207 Mobile Safari/537.36 (compatible; Googlebot/2.1; +http://www.google.com/bot.html)"
20.171.207.103 - - [19/Oct/2025:09:12:37 -0400] "GET /?path=//lib64/qt5/qml/Qt/labs/animation HTTP/1.1" 200 2948 "-" "Mozilla/5.0 AppleWebKit/537.36 (KHTML, like Gecko; compatible; GPTBot/1.2; +https://openai.com/gptbot)"
20.171.207.103 - - [19/Oct/2025:09:12:40 -0400] "GET /?path=//opt/alt/python38/lib64/python3.8/site-packages/__pycache__ HTTP/1.1" 200 2599 "-" "Mozilla/5.0 AppleWebKit/537.36 (KHTML, like Gecko; compatible; GPTBot/1.2; +https://openai.com/gptbot)"
66.249.65.197 - - [19/Oct/2025:09:12:41 -0400] "GET /items/515828874.htm HTTP/1.1" 200 18538 "-" "Mozilla/5.0 (Linux; Android 6.0.1; Nexus 5X Build/MMB29P) AppleWebKit/537.36 (KHTML, like Gecko) Chrome/140.0.7339.207 Mobile Safari/537.36 (compatible; Googlebot/2.1; +http://www.google.com/bot.html)"
20.171.207.103 - - [19/Oct/2025:09:12:43 -0400] "GET /?path=//opt/alt/python39/lib64/python3.9/site-packages/__pycache__ HTTP/1.1" 200 2552 "-" "Mozilla/5.0 AppleWebKit/537.36 (KHTML, like Gecko; compatible; GPTBot/1.2; +https://openai.com/gptbot)"
20.171.207.103 - - [19/Oct/2025:09:12:46 -0400] "GET /?fileloc=//lib/systemd/system/bird.service&path=//lib/systemd/system HTTP/1.1" 200 2640 "-" "Mozilla/5.0 AppleWebKit/537.36 (KHTML, like Gecko; compatible; GPTBot/1.2; +https://openai.com/gptbot)"
20.171.207.103 - - [19/Oct/2025:09:12:50 -0400] "GET /?fileloc=//proc/sys/vm/mmap_rnd_bits&path=//proc/sys/vm HTTP/1.1" 200 2492 "-" "Mozilla/5.0 AppleWebKit/537.36 (KHTML, like Gecko; compatible; GPTBot/1.2; +https://openai.com/gptbot)"
66.249.65.197 - - [19/Oct/2025:09:12:51 -0400] "GET /items/515791145.htm HTTP/1.1" 200 18801 "-" "Mozilla/5.0 (Linux; Android 6.0.1; Nexus 5X Build/MMB29P) AppleWebKit/537.36 (KHTML, like Gecko) Chrome/140.0.7339.207 Mobile Safari/537.36 (compatible; Googlebot/2.1; +http://www.google.com/bot.html)"
20.171.207.103 - - [19/Oct/2025:09:12:53 -0400] "GET /?fileloc=//proc/sys/vm/max_map_count&path=//proc/sys/vm HTTP/1.1" 200 2499 "-" "Mozilla/5.0 AppleWebKit/537.36 (KHTML, like Gecko; compatible; GPTBot/1.2; +https://openai.com/gptbot)"
20.171.207.103 - - [19/Oct/2025:09:12:56 -0400] "GET /?fileloc=//proc/sys/vm/mmap_min_addr&path=//proc/sys/vm HTTP/1.1" 200 2498 "-" "Mozilla/5.0 AppleWebKit/537.36 (KHTML, like Gecko; compatible; GPTBot/1.2; +https://openai.com/gptbot)"
20.171.207.103 - - [19/Oct/2025:09:12:59 -0400] "GET /?fileloc=//proc/sys/vm/oom_dump_tasks&path=//proc/sys/vm HTTP/1.1" 200 2496 "-" "Mozilla/5.0 AppleWebKit/537.36 (KHTML, like Gecko; compatible; GPTBot/1.2; +https://openai.com/gptbot)"
20.171.207.103 - - [19/Oct/2025:09:13:02 -0400] "GET /?fileloc=//usr/lib64/libicutu.so.60.3&path=//usr/lib64 HTTP/1.1" 200 2494 "-" "Mozilla/5.0 AppleWebKit/537.36 (KHTML, like Gecko; compatible; GPTBot/1.2; +https://openai.com/gptbot)"
66.249.65.199 - - [19/Oct/2025:09:13:04 -0400] "GET /items/1461602314.htm HTTP/1.1" 200 17974 "-" "Mozilla/5.0 (Linux; Android 6.0.1; Nexus 5X Build/MMB29P) AppleWebKit/537.36 (KHTML, like Gecko) Chrome/140.0.7339.207 Mobile Safari/537.36 (compatible; Googlebot/2.1; +http://www.google.com/bot.html)"
20.171.207.103 - - [19/Oct/2025:09:13:05 -0400] "GET /?fileloc=//usr/lib64/libicuio.so.60.3&path=//usr/lib64 HTTP/1.1" 200 2494 "-" "Mozilla/5.0 AppleWebKit/537.36 (KHTML, like Gecko; compatible; GPTBot/1.2; +https://openai.com/gptbot)"
20.171.207.103 - - [19/Oct/2025:09:13:09 -0400] "GET /?fileloc=//bin/pg_restore&path=//bin HTTP/1.1" 200 2473 "-" "Mozilla/5.0 AppleWebKit/537.36 (KHTML, like Gecko; compatible; GPTBot/1.2; +https://openai.com/gptbot)"
20.171.207.103 - - [19/Oct/2025:09:13:12 -0400] "GET /?fileloc=//usr/lib64/libicuuc.so.60.3&path=//usr/lib64 HTTP/1.1" 200 2494 "-" "Mozilla/5.0 AppleWebKit/537.36 (KHTML, like Gecko; compatible; GPTBot/1.2; +https://openai.com/gptbot)"
20.171.207.103 - - [19/Oct/2025:09:13:15 -0400] "GET /?path=//opt/imunify360/venv/lib/python3.11/site-packages/charset_normalizer/cli/__pycache__ HTTP/1.1" 200 2959 "-" "Mozilla/5.0 AppleWebKit/537.36 (KHTML, like Gecko; compatible; GPTBot/1.2; +https://openai.com/gptbot)"
66.249.65.197 - - [19/Oct/2025:09:13:17 -0400] "GET /items/1461597623.htm HTTP/1.1" 200 18633 "-" "Mozilla/5.0 (Linux; Android 6.0.1; Nexus 5X Build/MMB29P) AppleWebKit/537.36 (KHTML, like Gecko) Chrome/140.0.7339.207 Mobile Safari/537.36 (compatible; Googlebot/2.1; +http://www.google.com/bot.html)"
20.171.207.103 - - [19/Oct/2025:09:13:18 -0400] "GET /?path=//proc/2376535/root/lib/rpm/platform/i386-linux HTTP/1.1" 200 2593 "-" "Mozilla/5.0 AppleWebKit/537.36 (KHTML, like Gecko; compatible; GPTBot/1.2; +https://openai.com/gptbot)"
20.171.207.103 - - [19/Oct/2025:09:13:21 -0400] "GET /?fileloc=//bin/pg_dumpall&path=//bin HTTP/1.1" 200 2473 "-" "Mozilla/5.0 AppleWebKit/537.36 (KHTML, like Gecko; compatible; GPTBot/1.2; +https://openai.com/gptbot)"
20.171.207.103 - - [19/Oct/2025:09:13:24 -0400] "GET /?path=//proc/2376535/root/lib/rpm/platform/i586-linux HTTP/1.1" 200 2593 "-" "Mozilla/5.0 AppleWebKit/537.36 (KHTML, like Gecko; compatible; GPTBot/1.2; +https://openai.com/gptbot)"
20.171.207.103 - - [19/Oct/2025:09:13:27 -0400] "GET /?path=//proc/2376535/root/lib/rpm/platform/i686-linux HTTP/1.1" 200 2593 "-" "Mozilla/5.0 AppleWebKit/537.36 (KHTML, like Gecko; compatible; GPTBot/1.2; +https://openai.com/gptbot)"
20.171.207.103 - - [19/Oct/2025:09:13:31 -0400] "GET /?fileloc=//proc/2376535/root/usr/lib/.build-id/da/5dc4d9437e3807fc9d52d06ad610f194015d53&path=//proc/2376535/root/usr/lib/.build-id/da HTTP/1.1" 200 2561 "-" "Mozilla/5.0 AppleWebKit/537.36 (KHTML, like Gecko; compatible; GPTBot/1.2; +https://openai.com/gptbot)"
66.249.65.197 - - [19/Oct/2025:09:13:31 -0400] "GET /items/515823533.htm HTTP/1.1" 200 18830 "-" "Mozilla/5.0 (Linux; Android 6.0.1; Nexus 5X Build/MMB29P) AppleWebKit/537.36 (KHTML, like Gecko) Chrome/140.0.7339.207 Mobile Safari/537.36 (compatible; Googlebot/2.1; +http://www.google.com/bot.html)"
20.171.207.103 - - [19/Oct/2025:09:13:34 -0400] "GET /?fileloc=//proc/2376535/root/usr/lib/.build-id/da/4998008f538a021ed41c8f59a12b34392edd1d&path=//proc/2376535/root/usr/lib/.build-id/da HTTP/1.1" 200 2561 "-" "Mozilla/5.0 AppleWebKit/537.36 (KHTML, like Gecko; compatible; GPTBot/1.2; +https://openai.com/gptbot)"
20.171.207.103 - - [19/Oct/2025:09:13:37 -0400] "GET /?fileloc=//proc/2376535/root/usr/lib/.build-id/da/8a26740073e75e8ddb11c78a5aad5f745c4082&path=//proc/2376535/root/usr/lib/.build-id/da HTTP/1.1" 200 2560 "-" "Mozilla/5.0 AppleWebKit/537.36 (KHTML, like Gecko; compatible; GPTBot/1.2; +https://openai.com/gptbot)"
20.171.207.103 - - [19/Oct/2025:09:13:40 -0400] "GET /?path=//proc/fs/fscache HTTP/1.1" 200 2805 "-" "Mozilla/5.0 AppleWebKit/537.36 (KHTML, like Gecko; compatible; GPTBot/1.2; +https://openai.com/gptbot)"
20.171.207.103 - - [19/Oct/2025:09:13:43 -0400] "GET /?path=//opt/alt/openssl HTTP/1.1" 200 2936 "-" "Mozilla/5.0 AppleWebKit/537.36 (KHTML, like Gecko; compatible; GPTBot/1.2; +https://openai.com/gptbot)"
20.171.207.103 - - [19/Oct/2025:09:13:46 -0400] "GET /?fileloc=//usr/lib64/python2.7/lib-tk/test/test_ttk/test_extensions.py&path=//usr/lib64/python2.7/lib-tk/test/test_ttk HTTP/1.1" 200 5384 "-" "Mozilla/5.0 AppleWebKit/537.36 (KHTML, like Gecko; compatible; GPTBot/1.2; +https://openai.com/gptbot)"
66.249.65.197 - - [19/Oct/2025:09:13:47 -0400] "GET /items/515826361.htm HTTP/1.1" 200 17935 "-" "Mozilla/5.0 (Linux; Android 6.0.1; Nexus 5X Build/MMB29P) AppleWebKit/537.36 (KHTML, like Gecko) Chrome/140.0.7339.207 Mobile Safari/537.36 (compatible; Googlebot/2.1; +http://www.google.com/bot.html)"
20.171.207.103 - - [19/Oct/2025:09:13:50 -0400] "GET /?fileloc=//proc/2376535/root/usr/lib/.build-id/da/70d0c01e95502d24c1ec404cda600138ece894&path=//proc/2376535/root/usr/lib/.build-id/da HTTP/1.1" 200 2559 "-" "Mozilla/5.0 AppleWebKit/537.36 (KHTML, like Gecko; compatible; GPTBot/1.2; +https://openai.com/gptbot)"
20.171.207.103 - - [19/Oct/2025:09:13:53 -0400] "GET /?fileloc=//lib64/python2.7/lib-tk/test/test_tkinter/test_variables.pyc&path=//lib64/python2.7/lib-tk/test/test_tkinter HTTP/1.1" 200 2525 "-" "Mozilla/5.0 AppleWebKit/537.36 (KHTML, like Gecko; compatible; GPTBot/1.2; +https://openai.com/gptbot)"
66.249.65.197 - - [19/Oct/2025:09:13:54 -0400] "GET /items/1065308752.htm HTTP/1.1" 200 3979 "-" "Mozilla/5.0 (Linux; Android 6.0.1; Nexus 5X Build/MMB29P) AppleWebKit/537.36 (KHTML, like Gecko) Chrome/140.0.7339.207 Mobile Safari/537.36 (compatible; GoogleOther)"
20.171.207.103 - - [19/Oct/2025:09:13:56 -0400] "GET /?fileloc=//usr/lib64/python2.7/lib-tk/test/test_tkinter/test_text.pyo&path=//usr/lib64/python2.7/lib-tk/test/test_tkinter HTTP/1.1" 200 2533 "-" "Mozilla/5.0 AppleWebKit/537.36 (KHTML, like Gecko; compatible; GPTBot/1.2; +https://openai.com/gptbot)"
66.249.65.197 - - [19/Oct/2025:09:13:58 -0400] "GET /items/515817690.htm HTTP/1.1" 200 19121 "-" "Mozilla/5.0 (Linux; Android 6.0.1; Nexus 5X Build/MMB29P) AppleWebKit/537.36 (KHTML, like Gecko) Chrome/140.0.7339.207 Mobile Safari/537.36 (compatible; Googlebot/2.1; +http://www.google.com/bot.html)"
20.171.207.103 - - [19/Oct/2025:09:13:59 -0400] "GET /?fileloc=//usr/lib64/python2.7/lib-tk/test/test_tkinter/test_loadtk.py&path=//usr/lib64/python2.7/lib-tk/test/test_tkinter HTTP/1.1" 200 3143 "-" "Mozilla/5.0 AppleWebKit/537.36 (KHTML, like Gecko; compatible; GPTBot/1.2; +https://openai.com/gptbot)"
20.171.207.103 - - [19/Oct/2025:09:14:02 -0400] "GET /?fileloc=//usr/lib64/python2.7/lib-tk/test/test_ttk/test_extensions.pyc&path=//usr/lib64/python2.7/lib-tk/test/test_ttk HTTP/1.1" 200 2489 "-" "Mozilla/5.0 AppleWebKit/537.36 (KHTML, like Gecko; compatible; GPTBot/1.2; +https://openai.com/gptbot)"
20.171.207.103 - - [19/Oct/2025:09:14:06 -0400] "GET /?fileloc=//usr/lib64/python2.7/lib-tk/test/test_ttk/test_functions.pyo&path=//usr/lib64/python2.7/lib-tk/test/test_ttk HTTP/1.1" 200 2542 "-" "Mozilla/5.0 AppleWebKit/537.36 (KHTML, like Gecko; compatible; GPTBot/1.2; +https://openai.com/gptbot)"
20.171.207.103 - - [19/Oct/2025:09:14:09 -0400] "GET /?fileloc=//lib64/python2.7/lib-tk/test/test_tkinter/test_misc.pyc&path=//lib64/python2.7/lib-tk/test/test_tkinter HTTP/1.1" 200 2526 "-" "Mozilla/5.0 AppleWebKit/537.36 (KHTML, like Gecko; compatible; GPTBot/1.2; +https://openai.com/gptbot)"
20.171.207.103 - - [19/Oct/2025:09:14:12 -0400] "GET /?fileloc=//usr/lib64/python2.7/lib-tk/test/test_tkinter/test_loadtk.pyo&path=//usr/lib64/python2.7/lib-tk/test/test_tkinter HTTP/1.1" 200 2533 "-" "Mozilla/5.0 AppleWebKit/537.36 (KHTML, like Gecko; compatible; GPTBot/1.2; +https://openai.com/gptbot)"
20.171.207.103 - - [19/Oct/2025:09:14:15 -0400] "GET /?fileloc=//usr/lib64/python2.7/lib-tk/test/test_tkinter/test_misc.py&path=//usr/lib64/python2.7/lib-tk/test/test_tkinter HTTP/1.1" 200 3274 "-" "Mozilla/5.0 AppleWebKit/537.36 (KHTML, like Gecko; compatible; GPTBot/1.2; +https://openai.com/gptbot)"
20.171.207.103 - - [19/Oct/2025:09:14:18 -0400] "GET /?fileloc=//lib64/python2.7/lib-tk/test/test_tkinter/test_loadtk.pyc&path=//lib64/python2.7/lib-tk/test/test_tkinter HTTP/1.1" 200 2524 "-" "Mozilla/5.0 AppleWebKit/537.36 (KHTML, like Gecko; compatible; GPTBot/1.2; +https://openai.com/gptbot)"
20.171.207.103 - - [19/Oct/2025:09:14:21 -0400] "GET /?fileloc=//usr/lib64/python2.7/lib-tk/test/test_ttk/test_extensions.pyo&path=//usr/lib64/python2.7/lib-tk/test/test_ttk HTTP/1.1" 200 2545 "-" "Mozilla/5.0 AppleWebKit/537.36 (KHTML, like Gecko; compatible; GPTBot/1.2; +https://openai.com/gptbot)"
20.171.207.103 - - [19/Oct/2025:09:14:25 -0400] "GET /?fileloc=//lib64/python2.7/lib-tk/test/test_ttk/test_widgets.pyc&path=//lib64/python2.7/lib-tk/test/test_ttk HTTP/1.1" 200 2521 "-" "Mozilla/5.0 AppleWebKit/537.36 (KHTML, like Gecko; compatible; GPTBot/1.2; +https://openai.com/gptbot)"
20.171.207.103 - - [19/Oct/2025:09:14:28 -0400] "GET /?fileloc=//lib64/python2.7/lib-tk/test/test_tkinter/test_loadtk.pyo&path=//lib64/python2.7/lib-tk/test/test_tkinter HTTP/1.1" 200 2524 "-" "Mozilla/5.0 AppleWebKit/537.36 (KHTML, like Gecko; compatible; GPTBot/1.2; +https://openai.com/gptbot)"
20.171.207.103 - - [19/Oct/2025:09:14:31 -0400] "GET /?fileloc=//lib64/python2.7/lib-tk/test/test_tkinter/test_widgets.py&path=//lib64/python2.7/lib-tk/test/test_tkinter HTTP/1.1" 200 10069 "-" "Mozilla/5.0 AppleWebKit/537.36 (KHTML, like Gecko; compatible; GPTBot/1.2; +https://openai.com/gptbot)"
20.171.207.103 - - [19/Oct/2025:09:14:34 -0400] "GET /?fileloc=//usr/lib64/python2.7/lib-tk/test/test_ttk/test_functions.py&path=//usr/lib64/python2.7/lib-tk/test/test_ttk HTTP/1.1" 200 6685 "-" "Mozilla/5.0 AppleWebKit/537.36 (KHTML, like Gecko; compatible; GPTBot/1.2; +https://openai.com/gptbot)"
20.171.207.103 - - [19/Oct/2025:09:14:37 -0400] "GET /?fileloc=//usr/lib64/python2.7/lib-tk/test/test_ttk/test_functions.pyc&path=//usr/lib64/python2.7/lib-tk/test/test_ttk HTTP/1.1" 200 2543 "-" "Mozilla/5.0 AppleWebKit/537.36 (KHTML, like Gecko; compatible; GPTBot/1.2; +https://openai.com/gptbot)"
20.171.207.103 - - [19/Oct/2025:09:14:41 -0400] "GET /?fileloc=//lib64/python2.7/lib-tk/test/test_tkinter/test_variables.py&path=//lib64/python2.7/lib-tk/test/test_tkinter HTTP/1.1" 200 4083 "-" "Mozilla/5.0 AppleWebKit/537.36 (KHTML, like Gecko; compatible; GPTBot/1.2; +https://openai.com/gptbot)"
20.171.207.103 - - [19/Oct/2025:09:14:44 -0400] "GET /?fileloc=//usr/lib64/python2.7/lib-tk/test/test_tkinter/test_font.py&path=//usr/lib64/python2.7/lib-tk/test/test_tkinter HTTP/1.1" 200 3473 "-" "Mozilla/5.0 AppleWebKit/537.36 (KHTML, like Gecko; compatible; GPTBot/1.2; +https://openai.com/gptbot)"
20.171.207.103 - - [19/Oct/2025:09:14:47 -0400] "GET /?fileloc=//lib64/python2.7/lib-tk/test/test_tkinter/test_misc.py&path=//lib64/python2.7/lib-tk/test/test_tkinter HTTP/1.1" 200 3254 "-" "Mozilla/5.0 AppleWebKit/537.36 (KHTML, like Gecko; compatible; GPTBot/1.2; +https://openai.com/gptbot)"
20.171.207.103 - - [19/Oct/2025:09:14:50 -0400] "GET /?fileloc=//lib64/python2.7/lib-tk/test/test_tkinter/test_widgets.pyo&path=//lib64/python2.7/lib-tk/test/test_tkinter HTTP/1.1" 200 2523 "-" "Mozilla/5.0 AppleWebKit/537.36 (KHTML, like Gecko; compatible; GPTBot/1.2; +https://openai.com/gptbot)"
66.249.65.197 - - [19/Oct/2025:09:14:50 -0400] "GET /items/515823671.htm HTTP/1.1" 200 18936 "-" "Mozilla/5.0 (Linux; Android 6.0.1; Nexus 5X Build/MMB29P) AppleWebKit/537.36 (KHTML, like Gecko) Chrome/140.0.7339.207 Mobile Safari/537.36 (compatible; Googlebot/2.1; +http://www.google.com/bot.html)"
20.171.207.103 - - [19/Oct/2025:09:14:53 -0400] "GET /?fileloc=//lib64/python2.7/lib-tk/test/test_tkinter/test_images.pyo&path=//lib64/python2.7/lib-tk/test/test_tkinter HTTP/1.1" 200 2525 "-" "Mozilla/5.0 AppleWebKit/537.36 (KHTML, like Gecko; compatible; GPTBot/1.2; +https://openai.com/gptbot)"
20.171.207.103 - - [19/Oct/2025:09:14:56 -0400] "GET /?fileloc=//lib64/python2.7/lib-tk/test/test_tkinter/test_misc.pyo&path=//lib64/python2.7/lib-tk/test/test_tkinter HTTP/1.1" 200 2525 "-" "Mozilla/5.0 AppleWebKit/537.36 (KHTML, like Gecko; compatible; GPTBot/1.2; +https://openai.com/gptbot)"
20.171.207.103 - - [19/Oct/2025:09:14:59 -0400] "GET /?fileloc=//lib64/python2.7/lib-tk/test/test_tkinter/test_loadtk.py&path=//lib64/python2.7/lib-tk/test/test_tkinter HTTP/1.1" 200 3124 "-" "Mozilla/5.0 AppleWebKit/537.36 (KHTML, like Gecko; compatible; GPTBot/1.2; +https://openai.com/gptbot)"
20.171.207.103 - - [19/Oct/2025:09:15:02 -0400] "GET /?fileloc=//usr/lib64/python2.7/lib-tk/test/test_tkinter/test_text.py&path=//usr/lib64/python2.7/lib-tk/test/test_tkinter HTTP/1.1" 200 3034 "-" "Mozilla/5.0 AppleWebKit/537.36 (KHTML, like Gecko; compatible; GPTBot/1.2; +https://openai.com/gptbot)"
20.171.207.103 - - [19/Oct/2025:09:15:06 -0400] "GET /?fileloc=//usr/lib64/python2.7/lib-tk/test/test_tkinter/test_font.pyc&path=//usr/lib64/python2.7/lib-tk/test/test_tkinter HTTP/1.1" 200 2485 "-" "Mozilla/5.0 AppleWebKit/537.36 (KHTML, like Gecko; compatible; GPTBot/1.2; +https://openai.com/gptbot)"
20.171.207.103 - - [19/Oct/2025:09:15:09 -0400] "GET /?fileloc=//lib64/python2.7/lib-tk/test/test_tkinter/test_images.pyc&path=//lib64/python2.7/lib-tk/test/test_tkinter HTTP/1.1" 200 2474 "-" "Mozilla/5.0 AppleWebKit/537.36 (KHTML, like Gecko; compatible; GPTBot/1.2; +https://openai.com/gptbot)"
66.249.65.198 - - [19/Oct/2025:09:15:10 -0400] "GET /items/515805669.htm HTTP/1.1" 200 18851 "-" "Mozilla/5.0 (Linux; Android 6.0.1; Nexus 5X Build/MMB29P) AppleWebKit/537.36 (KHTML, like Gecko) Chrome/140.0.7339.207 Mobile Safari/537.36 (compatible; Googlebot/2.1; +http://www.google.com/bot.html)"
20.171.207.103 - - [19/Oct/2025:09:15:12 -0400] "GET /?fileloc=//usr/lib64/python2.7/lib-tk/test/test_tkinter/test_text.pyc&path=//usr/lib64/python2.7/lib-tk/test/test_tkinter HTTP/1.1" 200 2533 "-" "Mozilla/5.0 AppleWebKit/537.36 (KHTML, like Gecko; compatible; GPTBot/1.2; +https://openai.com/gptbot)"
20.171.207.103 - - [19/Oct/2025:09:15:15 -0400] "GET /?fileloc=//usr/lib64/python2.7/lib-tk/test/test_tkinter/test_font.pyo&path=//usr/lib64/python2.7/lib-tk/test/test_tkinter HTTP/1.1" 200 2533 "-" "Mozilla/5.0 AppleWebKit/537.36 (KHTML, like Gecko; compatible; GPTBot/1.2; +https://openai.com/gptbot)"
20.171.207.103 - - [19/Oct/2025:09:15:18 -0400] "GET /?fileloc=//lib64/python2.7/lib-tk/test/test_tkinter/test_variables.pyo&path=//lib64/python2.7/lib-tk/test/test_tkinter HTTP/1.1" 200 2473 "-" "Mozilla/5.0 AppleWebKit/537.36 (KHTML, like Gecko; compatible; GPTBot/1.2; +https://openai.com/gptbot)"
66.249.65.197 - - [19/Oct/2025:09:15:21 -0400] "GET /items/646046696.htm HTTP/1.1" 200 18790 "-" "Mozilla/5.0 (Linux; Android 6.0.1; Nexus 5X Build/MMB29P) AppleWebKit/537.36 (KHTML, like Gecko) Chrome/140.0.7339.207 Mobile Safari/537.36 (compatible; Googlebot/2.1; +http://www.google.com/bot.html)"
66.249.65.197 - - [19/Oct/2025:09:15:21 -0400] "GET /items/1461608994.htm HTTP/1.1" 200 19276 "-" "Mozilla/5.0 (Linux; Android 6.0.1; Nexus 5X Build/MMB29P) AppleWebKit/537.36 (KHTML, like Gecko) Chrome/140.0.7339.207 Mobile Safari/537.36 (compatible; Googlebot/2.1; +http://www.google.com/bot.html)"
20.171.207.103 - - [19/Oct/2025:09:15:21 -0400] "GET /?fileloc=//lib64/python2.7/lib-tk/test/test_tkinter/test_images.py&path=//lib64/python2.7/lib-tk/test/test_tkinter HTTP/1.1" 200 4398 "-" "Mozilla/5.0 AppleWebKit/537.36 (KHTML, like Gecko; compatible; GPTBot/1.2; +https://openai.com/gptbot)"
20.171.207.103 - - [19/Oct/2025:09:15:25 -0400] "GET /?fileloc=//usr/lib64/libnl-3.so.200.26.0&path=//usr/lib64 HTTP/1.1" 200 2496 "-" "Mozilla/5.0 AppleWebKit/537.36 (KHTML, like Gecko; compatible; GPTBot/1.2; +https://openai.com/gptbot)"
20.171.207.103 - - [19/Oct/2025:09:15:28 -0400] "GET /?fileloc=//proc/2376535/root/var/softaculous/zwiicms/user.json&path=//proc/2376535/root/var/softaculous/zwiicms HTTP/1.1" 200 2533 "-" "Mozilla/5.0 AppleWebKit/537.36 (KHTML, like Gecko; compatible; GPTBot/1.2; +https://openai.com/gptbot)"
20.171.207.103 - - [19/Oct/2025:09:15:31 -0400] "GET /free-slots-real-cash-no-deposit/&amp?path=/home/creaqbdc/public_html/tmp HTTP/1.1" 200 2942 "-" "Mozilla/5.0 AppleWebKit/537.36 (KHTML, like Gecko; compatible; GPTBot/1.2; +https://openai.com/gptbot)"
20.171.207.103 - - [19/Oct/2025:09:15:34 -0400] "GET /?fileloc=//tmp/4bbb35/gambling-news-canada-today.html&path=//tmp/4bbb35 HTTP/1.1" 200 4300 "-" "Mozilla/5.0 AppleWebKit/537.36 (KHTML, like Gecko; compatible; GPTBot/1.2; +https://openai.com/gptbot)"
66.249.65.197 - - [19/Oct/2025:09:15:35 -0400] "GET /items/515815049.htm HTTP/1.1" 200 18830 "-" "Mozilla/5.0 (Linux; Android 6.0.1; Nexus 5X Build/MMB29P) AppleWebKit/537.36 (KHTML, like Gecko) Chrome/140.0.7339.207 Mobile Safari/537.36 (compatible; Googlebot/2.1; +http://www.google.com/bot.html)"
20.171.207.103 - - [19/Oct/2025:09:15:37 -0400] "GET /?fileloc=//lib64/libQt5QmlModels.so.5.15.3&path=//lib64 HTTP/1.1" 200 2486 "-" "Mozilla/5.0 AppleWebKit/537.36 (KHTML, like Gecko; compatible; GPTBot/1.2; +https://openai.com/gptbot)"
20.171.207.103 - - [19/Oct/2025:09:15:40 -0400] "GET /?fileloc=//usr/lib64/libgirepository-1.0.so.1.0.0&path=//usr/lib64 HTTP/1.1" 200 2502 "-" "Mozilla/5.0 AppleWebKit/537.36 (KHTML, like Gecko; compatible; GPTBot/1.2; +https://openai.com/gptbot)"
20.171.207.103 - - [19/Oct/2025:09:15:43 -0400] "GET /?fileloc=//usr/lib64/libkadm5srv.so&path=//usr/lib64 HTTP/1.1" 200 2445 "-" "Mozilla/5.0 AppleWebKit/537.36 (KHTML, like Gecko; compatible; GPTBot/1.2; +https://openai.com/gptbot)"
66.249.65.197 - - [19/Oct/2025:09:15:45 -0400] "GET /items/1461607645.htm HTTP/1.1" 200 19231 "-" "Mozilla/5.0 (Linux; Android 6.0.1; Nexus 5X Build/MMB29P) AppleWebKit/537.36 (KHTML, like Gecko) Chrome/140.0.7339.207 Mobile Safari/537.36 (compatible; Googlebot/2.1; +http://www.google.com/bot.html)"
20.171.207.103 - - [19/Oct/2025:09:15:46 -0400] "GET /free-slots-real-cash-no-deposit/&amp?path=/home/creaqbdc/public_html/tmp/tmp HTTP/1.1" 200 2958 "-" "Mozilla/5.0 AppleWebKit/537.36 (KHTML, like Gecko; compatible; GPTBot/1.2; +https://openai.com/gptbot)"
20.171.207.103 - - [19/Oct/2025:09:15:50 -0400] "GET /?fileloc=//lib64/libQt5QuickParticles.so.5&path=//lib64 HTTP/1.1" 200 2482 "-" "Mozilla/5.0 AppleWebKit/537.36 (KHTML, like Gecko; compatible; GPTBot/1.2; +https://openai.com/gptbot)"
20.171.207.103 - - [19/Oct/2025:09:15:53 -0400] "GET /?fileloc=//lib64/libguestStoreClient.so.0&path=//lib64 HTTP/1.1" 200 2486 "-" "Mozilla/5.0 AppleWebKit/537.36 (KHTML, like Gecko; compatible; GPTBot/1.2; +https://openai.com/gptbot)"
66.249.65.197 - - [19/Oct/2025:09:15:56 -0400] "GET /items/1461605004.htm HTTP/1.1" 200 18840 "-" "Mozilla/5.0 (Linux; Android 6.0.1; Nexus 5X Build/MMB29P) AppleWebKit/537.36 (KHTML, like Gecko) Chrome/140.0.7339.207 Mobile Safari/537.36 (compatible; Googlebot/2.1; +http://www.google.com/bot.html)"
20.171.207.103 - - [19/Oct/2025:09:15:56 -0400] "GET /?fileloc=//usr/lib64/libpaper.so.1.1.2&path=//usr/lib64 HTTP/1.1" 200 2495 "-" "Mozilla/5.0 AppleWebKit/537.36 (KHTML, like Gecko; compatible; GPTBot/1.2; +https://openai.com/gptbot)"
20.171.207.103 - - [19/Oct/2025:09:15:59 -0400] "GET /?fileloc=//usr/lib64/libaudit.so.1.0.0&path=//usr/lib64 HTTP/1.1" 200 2496 "-" "Mozilla/5.0 AppleWebKit/537.36 (KHTML, like Gecko; compatible; GPTBot/1.2; +https://openai.com/gptbot)"
20.171.207.103 - - [19/Oct/2025:09:16:02 -0400] "GET /?path=//usr/lib/modules/4.18.0-553.54.1.lve.el8.x86_64/kernel/drivers/infiniband/ulp/opa_vnic HTTP/1.1" 200 2903 "-" "Mozilla/5.0 AppleWebKit/537.36 (KHTML, like Gecko; compatible; GPTBot/1.2; +https://openai.com/gptbot)"
20.171.207.103 - - [19/Oct/2025:09:16:05 -0400] "GET /?fileloc=//usr/lib64/libkcapi.so.1.4.0&path=//usr/lib64 HTTP/1.1" 200 2495 "-" "Mozilla/5.0 AppleWebKit/537.36 (KHTML, like Gecko; compatible; GPTBot/1.2; +https://openai.com/gptbot)"
20.171.207.103 - - [19/Oct/2025:09:16:09 -0400] "GET /?fileloc=//usr/lib64/libblkid.so.1.1.0&path=//usr/lib64 HTTP/1.1" 200 2496 "-" "Mozilla/5.0 AppleWebKit/537.36 (KHTML, like Gecko; compatible; GPTBot/1.2; +https://openai.com/gptbot)"
20.171.207.103 - - [19/Oct/2025:09:16:12 -0400] "GET /?fileloc=//usr/lib64/libnl-xfrm-3.so.200&path=//usr/lib64 HTTP/1.1" 200 2497 "-" "Mozilla/5.0 AppleWebKit/537.36 (KHTML, like Gecko; compatible; GPTBot/1.2; +https://openai.com/gptbot)"
20.171.207.103 - - [19/Oct/2025:09:16:15 -0400] "GET /?fileloc=//lib64/gconv/GEORGIAN-ACADEMY.so&path=//lib64/gconv HTTP/1.1" 200 2501 "-" "Mozilla/5.0 AppleWebKit/537.36 (KHTML, like Gecko; compatible; GPTBot/1.2; +https://openai.com/gptbot)"
66.249.65.199 - - [19/Oct/2025:09:16:15 -0400] "GET /items/1856722561.htm HTTP/1.1" 200 18008 "-" "Mozilla/5.0 (Linux; Android 6.0.1; Nexus 5X Build/MMB29P) AppleWebKit/537.36 (KHTML, like Gecko) Chrome/140.0.7339.207 Mobile Safari/537.36 (compatible; Googlebot/2.1; +http://www.google.com/bot.html)"
66.249.65.197 - - [19/Oct/2025:09:16:16 -0400] "GET /items/2087556070.htm HTTP/1.1" 200 18873 "-" "Mozilla/5.0 (Linux; Android 6.0.1; Nexus 5X Build/MMB29P) AppleWebKit/537.36 (KHTML, like Gecko) Chrome/140.0.7339.207 Mobile Safari/537.36 (compatible; Googlebot/2.1; +http://www.google.com/bot.html)"
20.171.207.103 - - [19/Oct/2025:09:16:18 -0400] "GET /?fileloc=//usr/lib64/libgcrypt.so.20.2.5&path=//usr/lib64 HTTP/1.1" 200 2497 "-" "Mozilla/5.0 AppleWebKit/537.36 (KHTML, like Gecko; compatible; GPTBot/1.2; +https://openai.com/gptbot)"
20.171.207.103 - - [19/Oct/2025:09:16:21 -0400] "GET /?path=//lib64/perl5/vendor_perl/List/Util HTTP/1.1" 200 2798 "-" "Mozilla/5.0 AppleWebKit/537.36 (KHTML, like Gecko; compatible; GPTBot/1.2; +https://openai.com/gptbot)"
20.171.207.103 - - [19/Oct/2025:09:16:24 -0400] "GET /?path=//usr/lib64/perl5/vendor_perl/File/Spec HTTP/1.1" 200 3135 "-" "Mozilla/5.0 AppleWebKit/537.36 (KHTML, like Gecko; compatible; GPTBot/1.2; +https://openai.com/gptbot)"
66.249.65.197 - - [19/Oct/2025:09:16:26 -0400] "GET /items/2087554209.htm HTTP/1.1" 200 18059 "-" "Mozilla/5.0 (Linux; Android 6.0.1; Nexus 5X Build/MMB29P) AppleWebKit/537.36 (KHTML, like Gecko) Chrome/140.0.7339.207 Mobile Safari/537.36 (compatible; Googlebot/2.1; +http://www.google.com/bot.html)"
66.249.65.198 - - [19/Oct/2025:09:16:27 -0400] "GET /items/1641998305.htm HTTP/1.1" 200 18352 "-" "Mozilla/5.0 (Linux; Android 6.0.1; Nexus 5X Build/MMB29P) AppleWebKit/537.36 (KHTML, like Gecko) Chrome/140.0.7339.207 Mobile Safari/537.36 (compatible; Googlebot/2.1; +http://www.google.com/bot.html)"
20.171.207.103 - - [19/Oct/2025:09:16:27 -0400] "GET /?path=//lib64/perl5/vendor_perl/File/Spec HTTP/1.1" 200 3112 "-" "Mozilla/5.0 AppleWebKit/537.36 (KHTML, like Gecko; compatible; GPTBot/1.2; +https://openai.com/gptbot)"
20.171.207.103 - - [19/Oct/2025:09:16:31 -0400] "GET /?path=//usr/lib64/perl5/vendor_perl/Devel HTTP/1.1" 200 2878 "-" "Mozilla/5.0 AppleWebKit/537.36 (KHTML, like Gecko; compatible; GPTBot/1.2; +https://openai.com/gptbot)"
20.171.207.103 - - [19/Oct/2025:09:16:34 -0400] "GET /?path=//lib64/perl5/vendor_perl/auto/Term HTTP/1.1" 200 2816 "-" "Mozilla/5.0 AppleWebKit/537.36 (KHTML, like Gecko; compatible; GPTBot/1.2; +https://openai.com/gptbot)"
20.171.207.103 - - [19/Oct/2025:09:16:37 -0400] "GET /?path=//lib64/perl5/vendor_perl/auto/Data HTTP/1.1" 200 2813 "-" "Mozilla/5.0 AppleWebKit/537.36 (KHTML, like Gecko; compatible; GPTBot/1.2; +https://openai.com/gptbot)"
66.249.65.197 - - [19/Oct/2025:09:16:38 -0400] "GET /items/1481578981.htm HTTP/1.1" 200 18638 "-" "Mozilla/5.0 (Linux; Android 6.0.1; Nexus 5X Build/MMB29P) AppleWebKit/537.36 (KHTML, like Gecko) Chrome/140.0.7339.207 Mobile Safari/537.36 (compatible; Googlebot/2.1; +http://www.google.com/bot.html)"
20.171.207.103 - - [19/Oct/2025:09:16:40 -0400] "GET /?path=//usr/lib64/perl5/vendor_perl/auto/Data HTTP/1.1" 200 2823 "-" "Mozilla/5.0 AppleWebKit/537.36 (KHTML, like Gecko; compatible; GPTBot/1.2; +https://openai.com/gptbot)"
20.171.207.103 - - [19/Oct/2025:09:16:43 -0400] "GET /?path=//usr/lib64/perl5/vendor_perl/Crypt HTTP/1.1" 200 2956 "-" "Mozilla/5.0 AppleWebKit/537.36 (KHTML, like Gecko; compatible; GPTBot/1.2; +https://openai.com/gptbot)"
20.171.207.103 - - [19/Oct/2025:09:16:46 -0400] "GET /?fileloc=//usr/lib64/libz.so.1.2.11&path=//usr/lib64 HTTP/1.1" 200 2494 "-" "Mozilla/5.0 AppleWebKit/537.36 (KHTML, like Gecko; compatible; GPTBot/1.2; +https://openai.com/gptbot)"
66.249.65.197 - - [19/Oct/2025:09:16:48 -0400] "GET /items/1481583800.htm HTTP/1.1" 200 18847 "-" "Mozilla/5.0 (Linux; Android 6.0.1; Nexus 5X Build/MMB29P) AppleWebKit/537.36 (KHTML, like Gecko) Chrome/140.0.7339.207 Mobile Safari/537.36 (compatible; Googlebot/2.1; +http://www.google.com/bot.html)"
20.171.207.103 - - [19/Oct/2025:09:16:49 -0400] "GET /?path=//usr/lib64/perl5/PerlIO HTTP/1.1" 200 2971 "-" "Mozilla/5.0 AppleWebKit/537.36 (KHTML, like Gecko; compatible; GPTBot/1.2; +https://openai.com/gptbot)"
20.171.207.103 - - [19/Oct/2025:09:16:52 -0400] "GET /?fileloc=//lib64/libGraphicsMagickWand-Q16.so.2.9.7&path=//lib64 HTTP/1.1" 200 2495 "-" "Mozilla/5.0 AppleWebKit/537.36 (KHTML, like Gecko; compatible; GPTBot/1.2; +https://openai.com/gptbot)"
20.171.207.103 - - [19/Oct/2025:09:16:56 -0400] "GET /?path=//usr/lib64/perl5/vendor_perl/auto/Data/Dumper HTTP/1.1" 200 2832 "-" "Mozilla/5.0 AppleWebKit/537.36 (KHTML, like Gecko; compatible; GPTBot/1.2; +https://openai.com/gptbot)"
20.171.207.103 - - [19/Oct/2025:09:16:59 -0400] "GET /?fileloc=//usr/lib64/libjpeg.so.62.2.0&path=//usr/lib64 HTTP/1.1" 200 2495 "-" "Mozilla/5.0 AppleWebKit/537.36 (KHTML, like Gecko; compatible; GPTBot/1.2; +https://openai.com/gptbot)"
20.171.207.103 - - [19/Oct/2025:09:17:02 -0400] "GET /?path=//usr/lib64/perl5/vendor_perl/common HTTP/1.1" 200 2869 "-" "Mozilla/5.0 AppleWebKit/537.36 (KHTML, like Gecko; compatible; GPTBot/1.2; +https://openai.com/gptbot)"
20.171.207.103 - - [19/Oct/2025:09:17:05 -0400] "GET /?fileloc=//usr/lib64/libexslt.so.0.8.20&path=//usr/lib64 HTTP/1.1" 200 2496 "-" "Mozilla/5.0 AppleWebKit/537.36 (KHTML, like Gecko; compatible; GPTBot/1.2; +https://openai.com/gptbot)"
20.171.207.103 - - [19/Oct/2025:09:17:08 -0400] "GET /?fileloc=//bin/ps2pdfwr&path=//bin HTTP/1.1" 200 3069 "-" "Mozilla/5.0 AppleWebKit/537.36 (KHTML, like Gecko; compatible; GPTBot/1.2; +https://openai.com/gptbot)"
66.249.65.198 - - [19/Oct/2025:09:17:08 -0400] "GET /items/1481578339.htm HTTP/1.1" 200 18949 "-" "Mozilla/5.0 (Linux; Android 6.0.1; Nexus 5X Build/MMB29P) AppleWebKit/537.36 (KHTML, like Gecko) Chrome/140.0.7339.207 Mobile Safari/537.36 (compatible; Googlebot/2.1; +http://www.google.com/bot.html)"
20.171.207.103 - - [19/Oct/2025:09:17:11 -0400] "GET /?path=//opt/imunify360/venv/lib/python3.11/site-packages/Crypto/IO/__pycache__ HTTP/1.1" 200 3065 "-" "Mozilla/5.0 AppleWebKit/537.36 (KHTML, like Gecko; compatible; GPTBot/1.2; +https://openai.com/gptbot)"
20.171.207.103 - - [19/Oct/2025:09:17:14 -0400] "GET /?fileloc=//usr/lib64/libprotobuf-c.so&path=//usr/lib64 HTTP/1.1" 200 2496 "-" "Mozilla/5.0 AppleWebKit/537.36 (KHTML, like Gecko; compatible; GPTBot/1.2; +https://openai.com/gptbot)"
20.171.207.103 - - [19/Oct/2025:09:17:18 -0400] "GET /?path=//opt/imunify360/venv/lib/python3.11/site-packages/Crypto/Signature/__pycache__ HTTP/1.1" 200 3107 "-" "Mozilla/5.0 AppleWebKit/537.36 (KHTML, like Gecko; compatible; GPTBot/1.2; +https://openai.com/gptbot)"
66.249.65.198 - - [19/Oct/2025:09:17:20 -0400] "GET /items/1481619863.htm HTTP/1.1" 200 18980 "-" "Mozilla/5.0 (Linux; Android 6.0.1; Nexus 5X Build/MMB29P) AppleWebKit/537.36 (KHTML, like Gecko) Chrome/140.0.7339.207 Mobile Safari/537.36 (compatible; Googlebot/2.1; +http://www.google.com/bot.html)"
20.171.207.103 - - [19/Oct/2025:09:17:21 -0400] "GET /?path=//opt/imunify360/venv/lib/python3.11/site-packages/Crypto/SelfTest/__pycache__ HTTP/1.1" 200 3062 "-" "Mozilla/5.0 AppleWebKit/537.36 (KHTML, like Gecko; compatible; GPTBot/1.2; +https://openai.com/gptbot)"
20.171.207.103 - - [19/Oct/2025:09:17:24 -0400] "GET /?path=//opt/imunify360/venv/lib/python3.11/site-packages/Crypto/PublicKey/__pycache__ HTTP/1.1" 200 3135 "-" "Mozilla/5.0 AppleWebKit/537.36 (KHTML, like Gecko; compatible; GPTBot/1.2; +https://openai.com/gptbot)"
20.171.207.103 - - [19/Oct/2025:09:17:27 -0400] "GET /?path=//opt/imunify360/venv/lib/python3.11/site-packages/Crypto/Util/__pycache__ HTTP/1.1" 200 3342 "-" "Mozilla/5.0 AppleWebKit/537.36 (KHTML, like Gecko; compatible; GPTBot/1.2; +https://openai.com/gptbot)"
20.171.207.103 - - [19/Oct/2025:09:17:30 -0400] "GET /?path=//opt/imunify360/venv/lib/python3.11/site-packages/Crypto/Protocol/__pycache__ HTTP/1.1" 200 3032 "-" "Mozilla/5.0 AppleWebKit/537.36 (KHTML, like Gecko; compatible; GPTBot/1.2; +https://openai.com/gptbot)"
66.249.65.197 - - [19/Oct/2025:09:17:31 -0400] "GET /items/1481585661.htm HTTP/1.1" 200 19077 "-" "Mozilla/5.0 (Linux; Android 6.0.1; Nexus 5X Build/MMB29P) AppleWebKit/537.36 (KHTML, like Gecko) Chrome/140.0.7339.207 Mobile Safari/537.36 (compatible; Googlebot/2.1; +http://www.google.com/bot.html)"
20.171.207.103 - - [19/Oct/2025:09:17:33 -0400] "GET /?path=//opt/imunify360/venv/lib/python3.11/site-packages/Crypto/Hash/__pycache__ HTTP/1.1" 200 3923 "-" "Mozilla/5.0 AppleWebKit/537.36 (KHTML, like Gecko; compatible; GPTBot/1.2; +https://openai.com/gptbot)"
20.171.207.103 - - [19/Oct/2025:09:17:37 -0400] "GET /?path=//opt/imunify360/venv/lib/python3.11/site-packages/Crypto/Random/__pycache__ HTTP/1.1" 200 2954 "-" "Mozilla/5.0 AppleWebKit/537.36 (KHTML, like Gecko; compatible; GPTBot/1.2; +https://openai.com/gptbot)"
20.171.207.103 - - [19/Oct/2025:09:17:40 -0400] "GET /?path=//opt/imunify360/venv/lib/python3.11/site-packages/Crypto/SelfTest/IO/__pycache__ HTTP/1.1" 200 2975 "-" "Mozilla/5.0 AppleWebKit/537.36 (KHTML, like Gecko; compatible; GPTBot/1.2; +https://openai.com/gptbot)"
66.249.65.197 - - [19/Oct/2025:09:17:41 -0400] "GET /items/945600477.htm HTTP/1.1" 200 18577 "-" "Mozilla/5.0 (Linux; Android 6.0.1; Nexus 5X Build/MMB29P) AppleWebKit/537.36 (KHTML, like Gecko) Chrome/140.0.7339.207 Mobile Safari/537.36 (compatible; Googlebot/2.1; +http://www.google.com/bot.html)"
20.171.207.103 - - [19/Oct/2025:09:17:43 -0400] "GET /?path=//lib64/cmake/Qt5Multimedia HTTP/1.1" 200 3123 "-" "Mozilla/5.0 AppleWebKit/537.36 (KHTML, like Gecko; compatible; GPTBot/1.2; +https://openai.com/gptbot)"
20.171.207.103 - - [19/Oct/2025:09:17:46 -0400] "GET /?path=//opt/alt/alt-nodejs22/root/usr/lib/node_modules/npm/node_modules/string-width-cjs HTTP/1.1" 200 3005 "-" "Mozilla/5.0 AppleWebKit/537.36 (KHTML, like Gecko; compatible; GPTBot/1.2; +https://openai.com/gptbot)"
20.171.207.103 - - [19/Oct/2025:09:17:49 -0400] "GET /?path=//opt/alt/alt-nodejs22/root/usr/lib/node_modules/npm/node_modules/socks-proxy-agent HTTP/1.1" 200 3051 "-" "Mozilla/5.0 AppleWebKit/537.36 (KHTML, like Gecko; compatible; GPTBot/1.2; +https://openai.com/gptbot)"
20.171.207.103 - - [19/Oct/2025:09:17:52 -0400] "GET /?path=//lib64/qt5/plugins/mediaservice HTTP/1.1" 200 2988 "-" "Mozilla/5.0 AppleWebKit/537.36 (KHTML, like Gecko; compatible; GPTBot/1.2; +https://openai.com/gptbot)"
20.171.207.103 - - [19/Oct/2025:09:17:55 -0400] "GET /?fileloc=//usr/lib64/libacl.so.1.1.2253&path=//usr/lib64 HTTP/1.1" 200 2497 "-" "Mozilla/5.0 AppleWebKit/537.36 (KHTML, like Gecko; compatible; GPTBot/1.2; +https://openai.com/gptbot)"
20.171.207.103 - - [19/Oct/2025:09:17:59 -0400] "GET /?fileloc=//proc/sys/fscache/object_max_active&path=//proc/sys/fscache HTTP/1.1" 200 2508 "-" "Mozilla/5.0 AppleWebKit/537.36 (KHTML, like Gecko; compatible; GPTBot/1.2; +https://openai.com/gptbot)"
66.249.65.198 - - [19/Oct/2025:09:18:02 -0400] "GET /items/1697264885.htm HTTP/1.1" 200 18545 "-" "Mozilla/5.0 (Linux; Android 6.0.1; Nexus 5X Build/MMB29P) AppleWebKit/537.36 (KHTML, like Gecko) Chrome/140.0.7339.207 Mobile Safari/537.36 (compatible; Googlebot/2.1; +http://www.google.com/bot.html)"
20.171.207.103 - - [19/Oct/2025:09:18:02 -0400] "GET /?path=//opt/alt/alt-nodejs22/root/usr/lib/node_modules/npm/node_modules/socks-proxy-agent/dist HTTP/1.1" 200 2881 "-" "Mozilla/5.0 AppleWebKit/537.36 (KHTML, like Gecko; compatible; GPTBot/1.2; +https://openai.com/gptbot)"
20.171.207.103 - - [19/Oct/2025:09:18:05 -0400] "GET /?fileloc=//usr/lib/systemd/systemd-veritysetup&path=//usr/lib/systemd HTTP/1.1" 200 2441 "-" "Mozilla/5.0 AppleWebKit/537.36 (KHTML, like Gecko; compatible; GPTBot/1.2; +https://openai.com/gptbot)"
20.171.207.103 - - [19/Oct/2025:09:18:08 -0400] "GET /?fileloc=//lib64/qt5/plugins/mediaservice/libgstaudiodecoder.so&path=//lib64/qt5/plugins/mediaservice HTTP/1.1" 200 2466 "-" "Mozilla/5.0 AppleWebKit/537.36 (KHTML, like Gecko; compatible; GPTBot/1.2; +https://openai.com/gptbot)"
20.171.207.103 - - [19/Oct/2025:09:18:11 -0400] "GET /?fileloc=//proc/sys/kernel/stack_tracer_enabled&path=//proc/sys/kernel HTTP/1.1" 200 2507 "-" "Mozilla/5.0 AppleWebKit/537.36 (KHTML, like Gecko; compatible; GPTBot/1.2; +https://openai.com/gptbot)"
66.249.65.198 - - [19/Oct/2025:09:18:12 -0400] "GET /items/945607100.htm HTTP/1.1" 200 18660 "-" "Mozilla/5.0 (Linux; Android 6.0.1; Nexus 5X Build/MMB29P) AppleWebKit/537.36 (KHTML, like Gecko) Chrome/140.0.7339.207 Mobile Safari/537.36 (compatible; Googlebot/2.1; +http://www.google.com/bot.html)"
20.171.207.103 - - [19/Oct/2025:09:18:15 -0400] "GET /?fileloc=//usr/lib/systemd/systemd-coredump&path=//usr/lib/systemd HTTP/1.1" 200 2440 "-" "Mozilla/5.0 AppleWebKit/537.36 (KHTML, like Gecko; compatible; GPTBot/1.2; +https://openai.com/gptbot)"
20.171.207.103 - - [19/Oct/2025:09:18:18 -0400] "GET /?fileloc=//usr/lib/systemd/systemd-resolved&path=//usr/lib/systemd HTTP/1.1" 200 2493 "-" "Mozilla/5.0 AppleWebKit/537.36 (KHTML, like Gecko; compatible; GPTBot/1.2; +https://openai.com/gptbot)"
20.171.207.103 - - [19/Oct/2025:09:18:21 -0400] "GET /?fileloc=//proc/sys/kernel/bootloader_version&path=//proc/sys/kernel HTTP/1.1" 200 2504 "-" "Mozilla/5.0 AppleWebKit/537.36 (KHTML, like Gecko; compatible; GPTBot/1.2; +https://openai.com/gptbot)"
66.249.65.197 - - [19/Oct/2025:09:18:23 -0400] "GET /items/46304262.htm HTTP/1.1" 200 18676 "-" "Mozilla/5.0 (Linux; Android 6.0.1; Nexus 5X Build/MMB29P) AppleWebKit/537.36 (KHTML, like Gecko) Chrome/140.0.7339.207 Mobile Safari/537.36 (compatible; Googlebot/2.1; +http://www.google.com/bot.html)"
66.249.65.197 - - [19/Oct/2025:09:18:23 -0400] "GET /items/1697250361.htm HTTP/1.1" 200 19411 "-" "Mozilla/5.0 (Linux; Android 6.0.1; Nexus 5X Build/MMB29P) AppleWebKit/537.36 (KHTML, like Gecko) Chrome/140.0.7339.207 Mobile Safari/537.36 (compatible; Googlebot/2.1; +http://www.google.com/bot.html)"
20.171.207.103 - - [19/Oct/2025:09:18:24 -0400] "GET /?fileloc=//proc/sys/kernel/hung_task_check_count&path=//proc/sys/kernel HTTP/1.1" 200 2515 "-" "Mozilla/5.0 AppleWebKit/537.36 (KHTML, like Gecko; compatible; GPTBot/1.2; +https://openai.com/gptbot)"
20.171.207.103 - - [19/Oct/2025:09:18:27 -0400] "GET /?fileloc=//usr/lib/systemd/systemd-random-seed&path=//usr/lib/systemd HTTP/1.1" 200 2496 "-" "Mozilla/5.0 AppleWebKit/537.36 (KHTML, like Gecko; compatible; GPTBot/1.2; +https://openai.com/gptbot)"
20.171.207.103 - - [19/Oct/2025:09:18:30 -0400] "GET /?fileloc=//proc/sys/kernel/bpf_stats_enabled&path=//proc/sys/kernel HTTP/1.1" 200 2507 "-" "Mozilla/5.0 AppleWebKit/537.36 (KHTML, like Gecko; compatible; GPTBot/1.2; +https://openai.com/gptbot)"
66.249.65.197 - - [19/Oct/2025:09:18:33 -0400] "GET /items/1697266234.htm HTTP/1.1" 200 18852 "-" "Mozilla/5.0 (Linux; Android 6.0.1; Nexus 5X Build/MMB29P) AppleWebKit/537.36 (KHTML, like Gecko) Chrome/140.0.7339.207 Mobile Safari/537.36 (compatible; Googlebot/2.1; +http://www.google.com/bot.html)"
20.171.207.103 - - [19/Oct/2025:09:18:34 -0400] "GET /?fileloc=//usr/lib/systemd/systemd-hostnamed&path=//usr/lib/systemd HTTP/1.1" 200 2493 "-" "Mozilla/5.0 AppleWebKit/537.36 (KHTML, like Gecko; compatible; GPTBot/1.2; +https://openai.com/gptbot)"
20.171.207.103 - - [19/Oct/2025:09:18:37 -0400] "GET /?fileloc=//proc/sys/kernel/unknown_nmi_panic&path=//proc/sys/kernel HTTP/1.1" 200 2509 "-" "Mozilla/5.0 AppleWebKit/537.36 (KHTML, like Gecko; compatible; GPTBot/1.2; +https://openai.com/gptbot)"
20.171.207.103 - - [19/Oct/2025:09:18:40 -0400] "GET /?fileloc=//usr/lib/systemd/systemd-modules-load&path=//usr/lib/systemd HTTP/1.1" 200 2495 "-" "Mozilla/5.0 AppleWebKit/537.36 (KHTML, like Gecko; compatible; GPTBot/1.2; +https://openai.com/gptbot)"
43.157.148.38 - - [19/Oct/2025:09:18:43 -0400] "GET / HTTP/1.1" 200 5094 "http://creativefinishings.com" "Mozilla/5.0 (iPhone; CPU iPhone OS 13_2_3 like Mac OS X) AppleWebKit/605.1.15 (KHTML, like Gecko) Version/13.0.3 Mobile/15E148 Safari/604.1"
20.171.207.103 - - [19/Oct/2025:09:18:43 -0400] "GET /?fileloc=//proc/sys/kernel/softlockup_panic&path=//proc/sys/kernel HTTP/1.1" 200 2506 "-" "Mozilla/5.0 AppleWebKit/537.36 (KHTML, like Gecko; compatible; GPTBot/1.2; +https://openai.com/gptbot)"
20.171.207.103 - - [19/Oct/2025:09:18:46 -0400] "GET /?fileloc=//usr/lib/systemd/systemd-shutdown&path=//usr/lib/systemd HTTP/1.1" 200 2494 "-" "Mozilla/5.0 AppleWebKit/537.36 (KHTML, like Gecko; compatible; GPTBot/1.2; +https://openai.com/gptbot)"
20.171.207.103 - - [19/Oct/2025:09:18:49 -0400] "GET /?fileloc=//proc/sys/kernel/traceoff_on_warning&path=//proc/sys/kernel HTTP/1.1" 200 2456 "-" "Mozilla/5.0 AppleWebKit/537.36 (KHTML, like Gecko; compatible; GPTBot/1.2; +https://openai.com/gptbot)"
20.171.207.103 - - [19/Oct/2025:09:18:53 -0400] "GET /?fileloc=//proc/sys/kernel/perf_event_paranoid&path=//proc/sys/kernel HTTP/1.1" 200 2508 "-" "Mozilla/5.0 AppleWebKit/537.36 (KHTML, like Gecko; compatible; GPTBot/1.2; +https://openai.com/gptbot)"
66.249.65.197 - - [19/Oct/2025:09:18:54 -0400] "GET /items/1697293933.htm HTTP/1.1" 200 18625 "-" "Mozilla/5.0 (Linux; Android 6.0.1; Nexus 5X Build/MMB29P) AppleWebKit/537.36 (KHTML, like Gecko) Chrome/140.0.7339.207 Mobile Safari/537.36 (compatible; Googlebot/2.1; +http://www.google.com/bot.html)"
20.171.207.103 - - [19/Oct/2025:09:18:56 -0400] "GET /?fileloc=//usr/include/drm/habanalabs_accel.h&path=//usr/include/drm HTTP/1.1" 200 21737 "-" "Mozilla/5.0 AppleWebKit/537.36 (KHTML, like Gecko; compatible; GPTBot/1.2; +https://openai.com/gptbot)"
20.171.207.103 - - [19/Oct/2025:09:18:59 -0400] "GET /?fileloc=//usr/lib/systemd/systemd-portabled&path=//usr/lib/systemd HTTP/1.1" 200 2493 "-" "Mozilla/5.0 AppleWebKit/537.36 (KHTML, like Gecko; compatible; GPTBot/1.2; +https://openai.com/gptbot)"
20.171.207.103 - - [19/Oct/2025:09:19:02 -0400] "GET /?fileloc=//proc/sys/kernel/kexec_load_disabled&path=//proc/sys/kernel HTTP/1.1" 200 2505 "-" "Mozilla/5.0 AppleWebKit/537.36 (KHTML, like Gecko; compatible; GPTBot/1.2; +https://openai.com/gptbot)"
66.249.65.199 - - [19/Oct/2025:09:19:05 -0400] "GET /items/27845906.htm HTTP/1.1" 200 19289 "-" "Mozilla/5.0 (Linux; Android 6.0.1; Nexus 5X Build/MMB29P) AppleWebKit/537.36 (KHTML, like Gecko) Chrome/140.0.7339.207 Mobile Safari/537.36 (compatible; Googlebot/2.1; +http://www.google.com/bot.html)"
66.249.65.197 - - [19/Oct/2025:09:19:05 -0400] "GET /items/945593797.htm HTTP/1.1" 200 19546 "-" "Mozilla/5.0 (Linux; Android 6.0.1; Nexus 5X Build/MMB29P) AppleWebKit/537.36 (KHTML, like Gecko) Chrome/140.0.7339.207 Mobile Safari/537.36 (compatible; Googlebot/2.1; +http://www.google.com/bot.html)"
20.171.207.103 - - [19/Oct/2025:09:19:05 -0400] "GET /?fileloc=//proc/sys/kernel/sched_energy_aware&path=//proc/sys/kernel HTTP/1.1" 200 2455 "-" "Mozilla/5.0 AppleWebKit/537.36 (KHTML, like Gecko; compatible; GPTBot/1.2; +https://openai.com/gptbot)"
20.171.207.103 - - [19/Oct/2025:09:19:08 -0400] "GET /?fileloc=//lib/rpm/redhat/brp-mangle-shebangs&path=//lib/rpm/redhat HTTP/1.1" 200 4134 "-" "Mozilla/5.0 AppleWebKit/537.36 (KHTML, like Gecko; compatible; GPTBot/1.2; +https://openai.com/gptbot)"
20.171.207.103 - - [19/Oct/2025:09:19:11 -0400] "GET /?fileloc=//usr/lib/dracut/dracut-functions.sh&path=//usr/lib/dracut HTTP/1.1" 200 8788 "-" "Mozilla/5.0 AppleWebKit/537.36 (KHTML, like Gecko; compatible; GPTBot/1.2; +https://openai.com/gptbot)"
20.171.207.103 - - [19/Oct/2025:09:19:15 -0400] "GET /?fileloc=//usr/lib/systemd/systemd-remount-fs&path=//usr/lib/systemd HTTP/1.1" 200 2494 "-" "Mozilla/5.0 AppleWebKit/537.36 (KHTML, like Gecko; compatible; GPTBot/1.2; +https://openai.com/gptbot)"
66.249.65.197 - - [19/Oct/2025:09:19:16 -0400] "GET /items/945579972.htm HTTP/1.1" 200 18884 "-" "Mozilla/5.0 (Linux; Android 6.0.1; Nexus 5X Build/MMB29P) AppleWebKit/537.36 (KHTML, like Gecko) Chrome/140.0.7339.207 Mobile Safari/537.36 (compatible; Googlebot/2.1; +http://www.google.com/bot.html)"
20.171.207.103 - - [19/Oct/2025:09:19:18 -0400] "GET /?fileloc=//proc/sys/kernel/hardlockup_panic&path=//proc/sys/kernel HTTP/1.1" 200 2507 "-" "Mozilla/5.0 AppleWebKit/537.36 (KHTML, like Gecko; compatible; GPTBot/1.2; +https://openai.com/gptbot)"
20.171.207.103 - - [19/Oct/2025:09:19:21 -0400] "GET /?fileloc=//usr/lib/systemd/systemd-cryptsetup&path=//usr/lib/systemd HTTP/1.1" 200 2494 "-" "Mozilla/5.0 AppleWebKit/537.36 (KHTML, like Gecko; compatible; GPTBot/1.2; +https://openai.com/gptbot)"
20.171.207.103 - - [19/Oct/2025:09:19:24 -0400] "GET /?fileloc=//proc/sys/kernel/modules_disabled&path=//proc/sys/kernel HTTP/1.1" 200 2501 "-" "Mozilla/5.0 AppleWebKit/537.36 (KHTML, like Gecko; compatible; GPTBot/1.2; +https://openai.com/gptbot)"
66.249.65.197 - - [19/Oct/2025:09:19:27 -0400] "GET /items/1697264243.htm HTTP/1.1" 200 18612 "-" "Mozilla/5.0 (Linux; Android 6.0.1; Nexus 5X Build/MMB29P) AppleWebKit/537.36 (KHTML, like Gecko) Chrome/140.0.7339.207 Mobile Safari/537.36 (compatible; Googlebot/2.1; +http://www.google.com/bot.html)"
20.171.207.103 - - [19/Oct/2025:09:19:27 -0400] "GET /?fileloc=//proc/sys/kernel/sched_rr_timeslice_ms&path=//proc/sys/kernel HTTP/1.1" 200 2511 "-" "Mozilla/5.0 AppleWebKit/537.36 (KHTML, like Gecko; compatible; GPTBot/1.2; +https://openai.com/gptbot)"
