20.171.207.103 - - [19/Oct/2025:08:43:16 -0400] "GET /?path=//opt/alt/alt-nodejs22/root/usr/lib/node_modules/npm/node_modules.bundled/shebang-regex HTTP/1.1" 200 2955 "-" "Mozilla/5.0 AppleWebKit/537.36 (KHTML, like Gecko; compatible; GPTBot/1.2; +https://openai.com/gptbot)"
54.157.99.244 - - [19/Oct/2025:08:43:18 -0400] "GET /apartment-interior-vinyl-wrap-in-dubai-kitchen-bathroom-doors-wordrobes/?fileloc=/home/creaqbdc/public_html/wp-config.php&path=/home/creaqbdc/public_html HTTP/1.1" 403 1242 "-" "Mozilla/5.0 AppleWebKit/537.36 (KHTML, like Gecko; compatible; Amazonbot/0.1; +https://developer.amazon.com/support/amazonbot) Chrome/119.0.6045.214 Safari/537.36"
20.171.207.103 - - [19/Oct/2025:08:43:19 -0400] "GET /?path=//opt/alt/alt-nodejs22/root/usr/lib/node_modules/npm/node_modules.bundled/path-scurry HTTP/1.1" 200 3060 "-" "Mozilla/5.0 AppleWebKit/537.36 (KHTML, like Gecko; compatible; GPTBot/1.2; +https://openai.com/gptbot)"
20.171.207.103 - - [19/Oct/2025:08:43:22 -0400] "GET /?path=//opt/alt/alt-nodejs22/root/usr/lib/node_modules/npm/node_modules.bundled/ignore-walk HTTP/1.1" 200 3055 "-" "Mozilla/5.0 AppleWebKit/537.36 (KHTML, like Gecko; compatible; GPTBot/1.2; +https://openai.com/gptbot)"
54.91.122.193 - - [19/Oct/2025:08:43:23 -0400] "GET /the-drama-of-deciding-fate-in-a-kick-off-duel/?path=/home/creaqbdc/public_html/araj1971 HTTP/1.1" 200 3546 "-" "Mozilla/5.0 AppleWebKit/537.36 (KHTML, like Gecko; compatible; Amazonbot/0.1; +https://developer.amazon.com/support/amazonbot) Chrome/119.0.6045.214 Safari/537.36"
66.249.65.197 - - [19/Oct/2025:08:43:24 -0400] "GET /items/615592673.htm HTTP/1.1" 200 18865 "-" "Mozilla/5.0 (Linux; Android 6.0.1; Nexus 5X Build/MMB29P) AppleWebKit/537.36 (KHTML, like Gecko) Chrome/140.0.7339.207 Mobile Safari/537.36 (compatible; Googlebot/2.1; +http://www.google.com/bot.html)"
20.171.207.103 - - [19/Oct/2025:08:43:26 -0400] "GET /?path=//opt/alt/alt-nodejs22/root/usr/lib/node_modules/npm/node_modules.bundled/which/node_modules HTTP/1.1" 200 2883 "-" "Mozilla/5.0 AppleWebKit/537.36 (KHTML, like Gecko; compatible; GPTBot/1.2; +https://openai.com/gptbot)"
98.84.184.80 - - [19/Oct/2025:08:43:27 -0400] "GET /the-drama-of-deciding-fate-in-a-kick-off-duel/?fileloc=/home/creaqbdc/public_html/.htaccess&path=/home/creaqbdc/public_html HTTP/1.1" 403 1242 "-" "Mozilla/5.0 AppleWebKit/537.36 (KHTML, like Gecko; compatible; Amazonbot/0.1; +https://developer.amazon.com/support/amazonbot) Chrome/119.0.6045.214 Safari/537.36"
20.171.207.103 - - [19/Oct/2025:08:43:29 -0400] "GET /?fileloc=//opt/alt/alt-nodejs22/root/usr/lib/node_modules/npm/node_modules.bundled/jackspeak/LICENSE.md&path=//opt/alt/alt-nodejs22/root/usr/lib/node_modules/npm/node_modules.bundled/jackspeak HTTP/1.1" 200 3263 "-" "Mozilla/5.0 AppleWebKit/537.36 (KHTML, like Gecko; compatible; GPTBot/1.2; +https://openai.com/gptbot)"
34.236.135.14 - - [19/Oct/2025:08:43:30 -0400] "GET /no-deposit-added-bonus-rules-exclusive-totally-free-also-provides-in-the-2025/?fileloc=/home/creaqbdc/public_html/wp-trackback.php&path=/home/creaqbdc/public_html HTTP/1.1" 200 5009 "-" "Mozilla/5.0 AppleWebKit/537.36 (KHTML, like Gecko; compatible; Amazonbot/0.1; +https://developer.amazon.com/support/amazonbot) Chrome/119.0.6045.214 Safari/537.36"
20.171.207.103 - - [19/Oct/2025:08:43:32 -0400] "GET /?path=//opt/alt/alt-nodejs22/root/usr/lib/node_modules/npm/node_modules.bundled/walk-up-path/dist/mjs HTTP/1.1" 200 2975 "-" "Mozilla/5.0 AppleWebKit/537.36 (KHTML, like Gecko; compatible; GPTBot/1.2; +https://openai.com/gptbot)"
66.249.65.197 - - [19/Oct/2025:08:43:33 -0400] "GET /items/849001919.htm HTTP/1.1" 200 17901 "-" "Mozilla/5.0 (Linux; Android 6.0.1; Nexus 5X Build/MMB29P) AppleWebKit/537.36 (KHTML, like Gecko) Chrome/140.0.7339.207 Mobile Safari/537.36 (compatible; Googlebot/2.1; +http://www.google.com/bot.html)"
3.220.70.171 - - [19/Oct/2025:08:43:33 -0400] "GET /ready-yourself-to-get-wowed-with-these-nv-casino-wow-vegas-slots-record-2025-gamble-today/?fileloc=/home/creaqbdc/public_html/wp-load.php&path=/home/creaqbdc/public_html HTTP/1.1" 200 4834 "-" "Mozilla/5.0 AppleWebKit/537.36 (KHTML, like Gecko; compatible; Amazonbot/0.1; +https://developer.amazon.com/support/amazonbot) Chrome/119.0.6045.214 Safari/537.36"
20.171.207.103 - - [19/Oct/2025:08:43:35 -0400] "GET /?path=//opt/alt/alt-nodejs22/root/usr/lib/node_modules/npm/node_modules.bundled/path-scurry/dist HTTP/1.1" 200 2925 "-" "Mozilla/5.0 AppleWebKit/537.36 (KHTML, like Gecko; compatible; GPTBot/1.2; +https://openai.com/gptbot)"
20.171.207.103 - - [19/Oct/2025:08:43:38 -0400] "GET /?path=//opt/alt/alt-nodejs22/root/usr/lib/node_modules/npm/node_modules.bundled/jackspeak/dist HTTP/1.1" 200 2893 "-" "Mozilla/5.0 AppleWebKit/537.36 (KHTML, like Gecko; compatible; GPTBot/1.2; +https://openai.com/gptbot)"
20.171.207.103 - - [19/Oct/2025:08:43:41 -0400] "GET /?path=//opt/alt/alt-nodejs22/root/usr/lib/node_modules/npm/node_modules.bundled/ignore-walk/lib HTTP/1.1" 200 2912 "-" "Mozilla/5.0 AppleWebKit/537.36 (KHTML, like Gecko; compatible; GPTBot/1.2; +https://openai.com/gptbot)"
20.171.207.103 - - [19/Oct/2025:08:43:44 -0400] "GET /?path=//opt/alt/alt-nodejs22/root/usr/lib/node_modules/npm/node_modules.bundled/which/lib HTTP/1.1" 200 2902 "-" "Mozilla/5.0 AppleWebKit/537.36 (KHTML, like Gecko; compatible; GPTBot/1.2; +https://openai.com/gptbot)"
20.171.207.103 - - [19/Oct/2025:08:43:47 -0400] "GET /?path=//opt/alt/alt-nodejs22/root/usr/lib/node_modules/npm/node_modules.bundled/which/bin HTTP/1.1" 200 2912 "-" "Mozilla/5.0 AppleWebKit/537.36 (KHTML, like Gecko; compatible; GPTBot/1.2; +https://openai.com/gptbot)"
20.171.207.103 - - [19/Oct/2025:08:43:51 -0400] "GET /?path=//opt/alt/alt-nodejs22/root/usr/lib/node_modules/npm/node_modules.bundled/jackspeak/dist/commonjs HTTP/1.1" 200 2998 "-" "Mozilla/5.0 AppleWebKit/537.36 (KHTML, like Gecko; compatible; GPTBot/1.2; +https://openai.com/gptbot)"
20.171.207.103 - - [19/Oct/2025:08:43:54 -0400] "GET /?path=//opt/alt/alt-nodejs22/root/usr/lib/node_modules/npm/node_modules.bundled/npm-packlist HTTP/1.1" 200 2996 "-" "Mozilla/5.0 AppleWebKit/537.36 (KHTML, like Gecko; compatible; GPTBot/1.2; +https://openai.com/gptbot)"
66.249.65.197 - - [19/Oct/2025:08:43:57 -0400] "GET /items/1015192482.htm HTTP/1.1" 200 18934 "-" "Mozilla/5.0 (Linux; Android 6.0.1; Nexus 5X Build/MMB29P) AppleWebKit/537.36 (KHTML, like Gecko) Chrome/140.0.7339.207 Mobile Safari/537.36 (compatible; Googlebot/2.1; +http://www.google.com/bot.html)"
20.171.207.103 - - [19/Oct/2025:08:43:57 -0400] "GET /?path=//opt/alt/alt-nodejs22/root/usr/lib/node_modules/npm/node_modules.bundled/jackspeak/dist/esm HTTP/1.1" 200 2976 "-" "Mozilla/5.0 AppleWebKit/537.36 (KHTML, like Gecko; compatible; GPTBot/1.2; +https://openai.com/gptbot)"
20.171.207.103 - - [19/Oct/2025:08:44:00 -0400] "GET /?path=//opt/alt/alt-nodejs22/root/usr/lib/node_modules/npm/node_modules.bundled/path-scurry/dist/commonjs HTTP/1.1" 200 2938 "-" "Mozilla/5.0 AppleWebKit/537.36 (KHTML, like Gecko; compatible; GPTBot/1.2; +https://openai.com/gptbot)"
20.171.207.103 - - [19/Oct/2025:08:44:03 -0400] "GET /?path=//opt/alt/alt-nodejs22/root/usr/lib/node_modules/npm/node_modules.bundled/path-scurry/dist/esm HTTP/1.1" 200 2967 "-" "Mozilla/5.0 AppleWebKit/537.36 (KHTML, like Gecko; compatible; GPTBot/1.2; +https://openai.com/gptbot)"
20.171.207.103 - - [19/Oct/2025:08:44:06 -0400] "GET /?path=//opt/alt/alt-nodejs22/root/usr/lib/node_modules/npm/node_modules.bundled/string-width HTTP/1.1" 200 3008 "-" "Mozilla/5.0 AppleWebKit/537.36 (KHTML, like Gecko; compatible; GPTBot/1.2; +https://openai.com/gptbot)"
8.217.213.185 - - [19/Oct/2025:08:44:07 -0400] "GET /robots.txt HTTP/1.1" 200 102 "-" "AliyunSecBot/Aliyun (AliyunSecBot@service.alibaba.com)"
8.217.214.117 - - [19/Oct/2025:08:44:08 -0400] "GET /wp-content/litespeed/css/29dddeceb685c1bd570178801cc05246.css?ver=3c3f9 HTTP/1.1" 200 4093 "-" "AliyunSecBot/Aliyun (AliyunSecBot@service.alibaba.com)"
20.171.207.103 - - [19/Oct/2025:08:44:09 -0400] "GET /?path=//opt/alt/alt-nodejs22/root/usr/lib/node_modules/npm/node_modules.bundled/@isaacs/cliui/node_modules HTTP/1.1" 200 3027 "-" "Mozilla/5.0 AppleWebKit/537.36 (KHTML, like Gecko; compatible; GPTBot/1.2; +https://openai.com/gptbot)"
20.171.207.103 - - [19/Oct/2025:08:44:13 -0400] "GET /?path=//opt/alt/alt-nodejs22/root/usr/lib/node_modules/npm/node_modules.bundled/spdx-correct/node_modules HTTP/1.1" 200 2895 "-" "Mozilla/5.0 AppleWebKit/537.36 (KHTML, like Gecko; compatible; GPTBot/1.2; +https://openai.com/gptbot)"
20.171.207.103 - - [19/Oct/2025:08:44:16 -0400] "GET /?path=//opt/alt/alt-nodejs22/root/usr/lib/node_modules/npm/node_modules.bundled/@npmcli/installed-package-contents/bin HTTP/1.1" 200 2905 "-" "Mozilla/5.0 AppleWebKit/537.36 (KHTML, like Gecko; compatible; GPTBot/1.2; +https://openai.com/gptbot)"
20.171.207.103 - - [19/Oct/2025:08:44:19 -0400] "GET /?path=//opt/alt/alt-nodejs22/root/usr/lib/node_modules/npm/node_modules.bundled/@npmcli/metavuln-calculator HTTP/1.1" 200 3113 "-" "Mozilla/5.0 AppleWebKit/537.36 (KHTML, like Gecko; compatible; GPTBot/1.2; +https://openai.com/gptbot)"
20.171.207.103 - - [19/Oct/2025:08:44:22 -0400] "GET /?path=//opt/alt/alt-nodejs22/root/usr/lib/node_modules/npm/node_modules.bundled/chalk/source/vendor/ansi-styles HTTP/1.1" 200 2936 "-" "Mozilla/5.0 AppleWebKit/537.36 (KHTML, like Gecko; compatible; GPTBot/1.2; +https://openai.com/gptbot)"
20.171.207.103 - - [19/Oct/2025:08:44:25 -0400] "GET /?path=//opt/alt/alt-nodejs22/root/usr/lib/node_modules/npm/node_modules.bundled/normalize-package-data/lib HTTP/1.1" 200 3196 "-" "Mozilla/5.0 AppleWebKit/537.36 (KHTML, like Gecko; compatible; GPTBot/1.2; +https://openai.com/gptbot)"
20.171.207.103 - - [19/Oct/2025:08:44:28 -0400] "GET /?path=//opt/alt/alt-nodejs22/root/usr/lib/node_modules/npm/node_modules.bundled/spdx-correct/node_modules/spdx-expression-parse HTTP/1.1" 200 3151 "-" "Mozilla/5.0 AppleWebKit/537.36 (KHTML, like Gecko; compatible; GPTBot/1.2; +https://openai.com/gptbot)"
20.171.207.103 - - [19/Oct/2025:08:44:31 -0400] "GET /?path=//opt/alt/alt-nodejs22/root/usr/lib/node_modules/npm/node_modules.bundled/@npmcli/metavuln-calculator/node_modules HTTP/1.1" 200 2869 "-" "Mozilla/5.0 AppleWebKit/537.36 (KHTML, like Gecko; compatible; GPTBot/1.2; +https://openai.com/gptbot)"
20.171.207.103 - - [19/Oct/2025:08:44:35 -0400] "GET /?path=//opt/alt/alt-nodejs22/root/usr/lib/node_modules/npm/node_modules.bundled/@npmcli/installed-package-contents/lib HTTP/1.1" 200 2895 "-" "Mozilla/5.0 AppleWebKit/537.36 (KHTML, like Gecko; compatible; GPTBot/1.2; +https://openai.com/gptbot)"
20.171.207.103 - - [19/Oct/2025:08:44:38 -0400] "GET /?path=//opt/alt/alt-nodejs22/root/usr/lib/node_modules/npm/node_modules.bundled/@npmcli/metavuln-calculator/lib HTTP/1.1" 200 3083 "-" "Mozilla/5.0 AppleWebKit/537.36 (KHTML, like Gecko; compatible; GPTBot/1.2; +https://openai.com/gptbot)"
20.171.207.103 - - [19/Oct/2025:08:44:41 -0400] "GET /?path=//opt/alt/alt-nodejs22/root/usr/lib/node_modules/npm/node_modules.bundled/cacache/node_modules/tar/dist HTTP/1.1" 200 2912 "-" "Mozilla/5.0 AppleWebKit/537.36 (KHTML, like Gecko; compatible; GPTBot/1.2; +https://openai.com/gptbot)"
20.171.207.103 - - [19/Oct/2025:08:44:44 -0400] "GET /?path=//opt/alt/alt-nodejs22/root/usr/lib/node_modules/npm/node_modules.bundled/npm-packlist/lib HTTP/1.1" 200 2903 "-" "Mozilla/5.0 AppleWebKit/537.36 (KHTML, like Gecko; compatible; GPTBot/1.2; +https://openai.com/gptbot)"
20.171.207.103 - - [19/Oct/2025:08:44:47 -0400] "GET /?path=//opt/alt/alt-nodejs22/root/usr/lib/node_modules/npm/node_modules.bundled/cacache/node_modules/mkdirp HTTP/1.1" 200 3123 "-" "Mozilla/5.0 AppleWebKit/537.36 (KHTML, like Gecko; compatible; GPTBot/1.2; +https://openai.com/gptbot)"
43.173.178.176 - - [19/Oct/2025:08:44:50 -0400] "GET /?p=3949 HTTP/1.1" 200 5160 "-" "Mozilla/5.0 (Windows NT 10.0; Win64; x64) AppleWebKit/537.36 (KHTML, like Gecko) Chrome/133.0.0.0 Safari/537.36"
20.171.207.103 - - [19/Oct/2025:08:44:51 -0400] "GET /?path=//opt/alt/alt-nodejs22/root/usr/lib/node_modules/npm/node_modules.bundled/cacache/node_modules/yallist HTTP/1.1" 200 3042 "-" "Mozilla/5.0 AppleWebKit/537.36 (KHTML, like Gecko; compatible; GPTBot/1.2; +https://openai.com/gptbot)"
20.171.207.103 - - [19/Oct/2025:08:44:54 -0400] "GET /?path=//opt/alt/alt-nodejs22/root/usr/lib/node_modules/npm/node_modules.bundled/cacache/node_modules/tar/dist/commonjs HTTP/1.1" 200 4114 "-" "Mozilla/5.0 AppleWebKit/537.36 (KHTML, like Gecko; compatible; GPTBot/1.2; +https://openai.com/gptbot)"
20.171.207.103 - - [19/Oct/2025:08:44:57 -0400] "GET /?path=//opt/alt/alt-nodejs22/root/usr/lib/node_modules/npm/node_modules.bundled/cacache/node_modules/tar/dist/esm HTTP/1.1" 200 4103 "-" "Mozilla/5.0 AppleWebKit/537.36 (KHTML, like Gecko; compatible; GPTBot/1.2; +https://openai.com/gptbot)"
20.171.207.103 - - [19/Oct/2025:08:45:00 -0400] "GET /?path=//opt/alt/alt-nodejs22/root/usr/lib/node_modules/npm/node_modules.bundled/sigstore/node_modules/@sigstore/core HTTP/1.1" 200 3080 "-" "Mozilla/5.0 AppleWebKit/537.36 (KHTML, like Gecko; compatible; GPTBot/1.2; +https://openai.com/gptbot)"
66.249.65.197 - - [19/Oct/2025:08:45:02 -0400] "GET /items/2010777280.htm HTTP/1.1" 200 19245 "-" "Mozilla/5.0 (Linux; Android 6.0.1; Nexus 5X Build/MMB29P) AppleWebKit/537.36 (KHTML, like Gecko) Chrome/140.0.7339.207 Mobile Safari/537.36 (compatible; Googlebot/2.1; +http://www.google.com/bot.html)"
20.171.207.103 - - [19/Oct/2025:08:45:03 -0400] "GET /?path=//opt/alt/alt-nodejs22/root/usr/lib/node_modules/npm/node_modules.bundled/cacache/node_modules/yallist/dist HTTP/1.1" 200 2915 "-" "Mozilla/5.0 AppleWebKit/537.36 (KHTML, like Gecko; compatible; GPTBot/1.2; +https://openai.com/gptbot)"
20.171.207.103 - - [19/Oct/2025:08:45:06 -0400] "GET /?path=//opt/alt/alt-nodejs22/root/usr/lib/node_modules/npm/node_modules.bundled/cacache/node_modules/mkdirp/dist HTTP/1.1" 200 2902 "-" "Mozilla/5.0 AppleWebKit/537.36 (KHTML, like Gecko; compatible; GPTBot/1.2; +https://openai.com/gptbot)"
20.171.207.103 - - [19/Oct/2025:08:45:10 -0400] "GET /?fileloc=//opt/alt/alt-nodejs22/root/usr/lib/node_modules/npm/node_modules.bundled/cacache/node_modules/tar/dist/esm/get-write-flag.js&path=//opt/alt/alt-nodejs22/root/usr/lib/node_modules/npm/node_modules.bundled/cacache/node_modules/tar/dist/esm HTTP/1.1" 200 3152 "-" "Mozilla/5.0 AppleWebKit/537.36 (KHTML, like Gecko; compatible; GPTBot/1.2; +https://openai.com/gptbot)"
20.171.207.103 - - [19/Oct/2025:08:45:13 -0400] "GET /?path=//opt/alt/alt-nodejs22/root/usr/lib/node_modules/npm/node_modules.bundled/sigstore/node_modules/@sigstore/core/dist HTTP/1.1" 200 3355 "-" "Mozilla/5.0 AppleWebKit/537.36 (KHTML, like Gecko; compatible; GPTBot/1.2; +https://openai.com/gptbot)"
20.171.207.103 - - [19/Oct/2025:08:45:16 -0400] "GET /?path=//opt/alt/alt-nodejs22/root/usr/lib/node_modules/npm/node_modules.bundled/tinyglobby/node_modules/fdir HTTP/1.1" 200 3079 "-" "Mozilla/5.0 AppleWebKit/537.36 (KHTML, like Gecko; compatible; GPTBot/1.2; +https://openai.com/gptbot)"
20.171.207.103 - - [19/Oct/2025:08:45:19 -0400] "GET /?path=//opt/alt/alt-nodejs22/root/usr/lib/node_modules/npm/node_modules.bundled/cacache/node_modules/yallist/dist/commonjs HTTP/1.1" 200 3012 "-" "Mozilla/5.0 AppleWebKit/537.36 (KHTML, like Gecko; compatible; GPTBot/1.2; +https://openai.com/gptbot)"
20.171.207.103 - - [19/Oct/2025:08:45:22 -0400] "GET /?path=//opt/alt/alt-nodejs22/root/usr/lib/node_modules/npm/node_modules.bundled/cacache/node_modules/mkdirp/dist/cjs HTTP/1.1" 200 2994 "-" "Mozilla/5.0 AppleWebKit/537.36 (KHTML, like Gecko; compatible; GPTBot/1.2; +https://openai.com/gptbot)"
20.171.207.103 - - [19/Oct/2025:08:45:25 -0400] "GET /?path=//opt/alt/alt-nodejs22/root/usr/lib/node_modules/npm/node_modules.bundled/@npmcli/metavuln-calculator/node_modules/pacote HTTP/1.1" 200 3134 "-" "Mozilla/5.0 AppleWebKit/537.36 (KHTML, like Gecko; compatible; GPTBot/1.2; +https://openai.com/gptbot)"
20.171.207.103 - - [19/Oct/2025:08:45:28 -0400] "GET /?path=//opt/alt/alt-nodejs22/root/usr/lib/node_modules/npm/node_modules.bundled/tinyglobby/node_modules/fdir/dist HTTP/1.1" 200 3273 "-" "Mozilla/5.0 AppleWebKit/537.36 (KHTML, like Gecko; compatible; GPTBot/1.2; +https://openai.com/gptbot)"
20.171.207.103 - - [19/Oct/2025:08:45:32 -0400] "GET /?path=//opt/alt/alt-nodejs22/root/usr/lib/node_modules/npm/node_modules.bundled/cacache/node_modules/chownr HTTP/1.1" 200 3075 "-" "Mozilla/5.0 AppleWebKit/537.36 (KHTML, like Gecko; compatible; GPTBot/1.2; +https://openai.com/gptbot)"
20.171.207.103 - - [19/Oct/2025:08:45:35 -0400] "GET /?path=//opt/alt/alt-nodejs22/root/usr/lib/node_modules/npm/node_modules.bundled/cacache/node_modules/mkdirp/dist/mjs HTTP/1.1" 200 3815 "-" "Mozilla/5.0 AppleWebKit/537.36 (KHTML, like Gecko; compatible; GPTBot/1.2; +https://openai.com/gptbot)"
20.171.207.103 - - [19/Oct/2025:08:45:38 -0400] "GET /?path=//opt/alt/alt-nodejs22/root/usr/lib/node_modules/npm/node_modules.bundled/tar/node_modules/minizlib HTTP/1.1" 200 3099 "-" "Mozilla/5.0 AppleWebKit/537.36 (KHTML, like Gecko; compatible; GPTBot/1.2; +https://openai.com/gptbot)"
20.171.207.103 - - [19/Oct/2025:08:45:41 -0400] "GET /?path=//opt/alt/alt-nodejs22/root/usr/lib/node_modules/npm/node_modules.bundled/cacache/node_modules/yallist/dist/esm HTTP/1.1" 200 3013 "-" "Mozilla/5.0 AppleWebKit/537.36 (KHTML, like Gecko; compatible; GPTBot/1.2; +https://openai.com/gptbot)"
20.171.207.103 - - [19/Oct/2025:08:45:44 -0400] "GET /?path=//opt/alt/alt-nodejs22/root/usr/lib/node_modules/npm/node_modules.bundled/@npmcli/metavuln-calculator/node_modules/pacote/bin HTTP/1.1" 200 2953 "-" "Mozilla/5.0 AppleWebKit/537.36 (KHTML, like Gecko; compatible; GPTBot/1.2; +https://openai.com/gptbot)"
66.249.65.197 - - [19/Oct/2025:08:45:44 -0400] "GET /?zhHant/product/surugaya/C2716134339?campaign_uid=f64d716db5e979ed2f947dbaf4296895b951ae7f HTTP/1.1" 200 18758 "-" "Mozilla/5.0 (Linux; Android 6.0.1; Nexus 5X Build/MMB29P) AppleWebKit/537.36 (KHTML, like Gecko) Chrome/140.0.7339.207 Mobile Safari/537.36 (compatible; Googlebot/2.1; +http://www.google.com/bot.html)"
20.171.207.103 - - [19/Oct/2025:08:45:47 -0400] "GET /?path=//opt/alt/alt-nodejs22/root/usr/lib/node_modules/npm/node_modules.bundled/tinyglobby/node_modules/fdir/dist/builder HTTP/1.1" 200 3013 "-" "Mozilla/5.0 AppleWebKit/537.36 (KHTML, like Gecko; compatible; GPTBot/1.2; +https://openai.com/gptbot)"
37.120.155.34 - - [19/Oct/2025:08:45:50 -0400] "GET /wp-login.php HTTP/1.1" 200 3979 "https://creativefinishings.com/" "Mozilla/5.0 (Windows NT 10.0; Win64; x64) AppleWebKit/537.36 (KHTML, like Gecko) Chrome/139.0.0.0 Safari/537.36"
20.171.207.103 - - [19/Oct/2025:08:45:50 -0400] "GET /?path=//opt/alt/alt-nodejs22/root/usr/lib/node_modules/npm/node_modules.bundled/@npmcli/metavuln-calculator/node_modules/pacote/lib HTTP/1.1" 200 3263 "-" "Mozilla/5.0 AppleWebKit/537.36 (KHTML, like Gecko; compatible; GPTBot/1.2; +https://openai.com/gptbot)"
37.120.155.34 - - [19/Oct/2025:08:45:51 -0400] "GET /favicon.ico HTTP/1.1" 404 1251 "https://creativefinishings.com/wp-login.php" "Mozilla/5.0 (Windows NT 10.0; Win64; x64) AppleWebKit/537.36 (KHTML, like Gecko) Chrome/139.0.0.0 Safari/537.36"
37.120.155.34 - - [19/Oct/2025:08:45:53 -0400] "POST /xmlrpc.php HTTP/1.1" 200 5115 "-" "Mozilla/5.0 (Windows NT 10.0; Win64; x64) AppleWebKit/537.36 (KHTML, like Gecko) Chrome/139.0.0.0 Safari/537.36"
20.171.207.103 - - [19/Oct/2025:08:45:53 -0400] "GET /?path=//opt/alt/alt-nodejs22/root/usr/lib/node_modules/npm/node_modules.bundled/tar/node_modules/minizlib/node_modules HTTP/1.1" 200 2900 "-" "Mozilla/5.0 AppleWebKit/537.36 (KHTML, like Gecko; compatible; GPTBot/1.2; +https://openai.com/gptbot)"
20.171.207.103 - - [19/Oct/2025:08:45:56 -0400] "GET /?path=//opt/alt/alt-nodejs22/root/usr/lib/node_modules/npm/node_modules.bundled/tinyglobby/node_modules/fdir/dist/api HTTP/1.1" 200 3133 "-" "Mozilla/5.0 AppleWebKit/537.36 (KHTML, like Gecko; compatible; GPTBot/1.2; +https://openai.com/gptbot)"
20.171.207.103 - - [19/Oct/2025:08:46:00 -0400] "GET /?path=//opt/alt/alt-nodejs22/root/usr/lib/node_modules/npm/node_modules.bundled/cacache/node_modules/chownr/dist HTTP/1.1" 200 2952 "-" "Mozilla/5.0 AppleWebKit/537.36 (KHTML, like Gecko; compatible; GPTBot/1.2; +https://openai.com/gptbot)"
20.171.207.103 - - [19/Oct/2025:08:46:03 -0400] "GET /?path=//opt/alt/alt-nodejs22/root/usr/lib/node_modules/npm/node_modules.bundled/node-gyp/gyp/pylib/packaging/__pycache__ HTTP/1.1" 200 3718 "-" "Mozilla/5.0 AppleWebKit/537.36 (KHTML, like Gecko; compatible; GPTBot/1.2; +https://openai.com/gptbot)"
20.171.207.103 - - [19/Oct/2025:08:46:06 -0400] "GET /?path=//opt/alt/alt-nodejs22/root/usr/lib/node_modules/npm/node_modules.bundled/@npmcli/metavuln-calculator/node_modules/pacote/lib/util HTTP/1.1" 200 3239 "-" "Mozilla/5.0 AppleWebKit/537.36 (KHTML, like Gecko; compatible; GPTBot/1.2; +https://openai.com/gptbot)"
66.249.65.199 - - [19/Oct/2025:08:46:09 -0400] "GET /items/2087546887.htm HTTP/1.1" 200 17920 "-" "Mozilla/5.0 (Linux; Android 6.0.1; Nexus 5X Build/MMB29P) AppleWebKit/537.36 (KHTML, like Gecko) Chrome/140.0.7339.207 Mobile Safari/537.36 (compatible; Googlebot/2.1; +http://www.google.com/bot.html)"
20.171.207.103 - - [19/Oct/2025:08:46:09 -0400] "GET /?path=//opt/alt/alt-nodejs22/root/usr/lib/node_modules/npm/node_modules.bundled/tar/node_modules/minipass HTTP/1.1" 200 3045 "-" "Mozilla/5.0 AppleWebKit/537.36 (KHTML, like Gecko; compatible; GPTBot/1.2; +https://openai.com/gptbot)"
20.171.207.103 - - [19/Oct/2025:08:46:12 -0400] "GET /?path=//opt/alt/alt-nodejs22/root/usr/lib/node_modules/npm/node_modules.bundled/tinyglobby/node_modules/fdir/dist/api/functions HTTP/1.1" 200 3286 "-" "Mozilla/5.0 AppleWebKit/537.36 (KHTML, like Gecko; compatible; GPTBot/1.2; +https://openai.com/gptbot)"
37.120.155.34 - - [19/Oct/2025:08:46:14 -0400] "GET /wp-login.php HTTP/1.1" 200 3979 "https://creativefinishings.com/" "Mozilla/5.0 (Windows NT 10.0; Win64; x64) AppleWebKit/537.36 (KHTML, like Gecko) Chrome/139.0.0.0 Safari/537.36"
37.120.155.34 - - [19/Oct/2025:08:46:15 -0400] "GET /favicon.ico HTTP/1.1" 404 1251 "https://creativefinishings.com/wp-login.php" "Mozilla/5.0 (Windows NT 10.0; Win64; x64) AppleWebKit/537.36 (KHTML, like Gecko) Chrome/139.0.0.0 Safari/537.36"
20.171.207.103 - - [19/Oct/2025:08:46:16 -0400] "GET /?path=//opt/alt/alt-nodejs22/root/usr/lib/node_modules/npm/node_modules.bundled/cacache/node_modules/chownr/dist/commonjs HTTP/1.1" 200 3018 "-" "Mozilla/5.0 AppleWebKit/537.36 (KHTML, like Gecko; compatible; GPTBot/1.2; +https://openai.com/gptbot)"
37.120.155.34 - - [19/Oct/2025:08:46:17 -0400] "POST /xmlrpc.php HTTP/1.1" 200 5098 "-" "Mozilla/5.0 (Windows NT 10.0; Win64; x64) AppleWebKit/537.36 (KHTML, like Gecko) Chrome/139.0.0.0 Safari/537.36"
20.171.207.103 - - [19/Oct/2025:08:46:19 -0400] "GET /?path=//opt/alt/alt-nodejs22/root/usr/lib/node_modules/npm/node_modules.bundled/tar/node_modules/minizlib/node_modules/minipass HTTP/1.1" 200 3065 "-" "Mozilla/5.0 AppleWebKit/537.36 (KHTML, like Gecko; compatible; GPTBot/1.2; +https://openai.com/gptbot)"
20.171.207.103 - - [19/Oct/2025:08:46:22 -0400] "GET /?path=//opt/alt/alt-nodejs22/root/usr/lib/node_modules/npm/node_modules.bundled/cacache/node_modules/chownr/dist/esm HTTP/1.1" 200 3013 "-" "Mozilla/5.0 AppleWebKit/537.36 (KHTML, like Gecko; compatible; GPTBot/1.2; +https://openai.com/gptbot)"
20.171.207.103 - - [19/Oct/2025:08:46:25 -0400] "GET /?path=//opt/alt/alt-nodejs22/root/usr/lib/node_modules/npm/node_modules/chownr HTTP/1.1" 200 3008 "-" "Mozilla/5.0 AppleWebKit/537.36 (KHTML, like Gecko; compatible; GPTBot/1.2; +https://openai.com/gptbot)"
20.171.207.103 - - [19/Oct/2025:08:46:28 -0400] "GET /?fileloc=//opt/alt/alt-nodejs22/root/usr/lib/node_modules/npm/node_modules.bundled/node-gyp/gyp/pylib/packaging/__pycache__/_musllinux.cpython-38.pyc&path=//opt/alt/alt-nodejs22/root/usr/lib/node_modules/npm/node_modules.bundled/node-gyp/gyp/pylib/packaging/__pycache__ HTTP/1.1" 200 2635 "-" "Mozilla/5.0 AppleWebKit/537.36 (KHTML, like Gecko; compatible; GPTBot/1.2; +https://openai.com/gptbot)"
20.171.207.103 - - [19/Oct/2025:08:46:32 -0400] "GET /?path=//opt/alt/alt-nodejs22/root/usr/lib/node_modules/npm/node_modules/yallist HTTP/1.1" 200 3045 "-" "Mozilla/5.0 AppleWebKit/537.36 (KHTML, like Gecko; compatible; GPTBot/1.2; +https://openai.com/gptbot)"
20.171.207.103 - - [19/Oct/2025:08:46:35 -0400] "GET /?path=//opt/alt/alt-nodejs22/root/usr/lib/node_modules/npm/node_modules/mkdirp HTTP/1.1" 200 3123 "-" "Mozilla/5.0 AppleWebKit/537.36 (KHTML, like Gecko; compatible; GPTBot/1.2; +https://openai.com/gptbot)"
20.171.207.103 - - [19/Oct/2025:08:46:38 -0400] "GET /?path=//opt/alt/alt-nodejs22/root/usr/lib/node_modules/npm/node_modules/abbrev HTTP/1.1" 200 2986 "-" "Mozilla/5.0 AppleWebKit/537.36 (KHTML, like Gecko; compatible; GPTBot/1.2; +https://openai.com/gptbot)"
20.171.207.103 - - [19/Oct/2025:08:46:41 -0400] "GET /?path=//opt/alt/alt-nodejs22/root/usr/lib/node_modules/npm/node_modules/cssesc HTTP/1.1" 200 3124 "-" "Mozilla/5.0 AppleWebKit/537.36 (KHTML, like Gecko; compatible; GPTBot/1.2; +https://openai.com/gptbot)"
20.171.207.103 - - [19/Oct/2025:08:46:44 -0400] "GET /?path=//opt/alt/alt-nodejs22/root/usr/lib/node_modules/npm/node_modules/pacote HTTP/1.1" 200 3116 "-" "Mozilla/5.0 AppleWebKit/537.36 (KHTML, like Gecko; compatible; GPTBot/1.2; +https://openai.com/gptbot)"
20.171.207.103 - - [19/Oct/2025:08:46:48 -0400] "GET /?path=//opt/alt/alt-nodejs22/root/usr/lib/node_modules/npm/node_modules/aproba HTTP/1.1" 200 3011 "-" "Mozilla/5.0 AppleWebKit/537.36 (KHTML, like Gecko; compatible; GPTBot/1.2; +https://openai.com/gptbot)"
20.171.207.103 - - [19/Oct/2025:08:46:51 -0400] "GET /?path=//opt/alt/alt-nodejs22/root/usr/lib/node_modules/npm/node_modules.bundled/qrcode-terminal/vendor/QRCode HTTP/1.1" 200 3311 "-" "Mozilla/5.0 AppleWebKit/537.36 (KHTML, like Gecko; compatible; GPTBot/1.2; +https://openai.com/gptbot)"
20.171.207.103 - - [19/Oct/2025:08:46:54 -0400] "GET /?path=//opt/alt/alt-nodejs22/root/usr/lib/node_modules/npm/node_modules.bundled/@npmcli/promise-spawn HTTP/1.1" 200 3007 "-" "Mozilla/5.0 AppleWebKit/537.36 (KHTML, like Gecko; compatible; GPTBot/1.2; +https://openai.com/gptbot)"
20.171.207.103 - - [19/Oct/2025:08:46:57 -0400] "GET /?path=//opt/alt/alt-nodejs22/root/usr/lib/node_modules/npm/node_modules.bundled/@npmcli/name-from-folder HTTP/1.1" 200 3038 "-" "Mozilla/5.0 AppleWebKit/537.36 (KHTML, like Gecko; compatible; GPTBot/1.2; +https://openai.com/gptbot)"
20.171.207.103 - - [19/Oct/2025:08:47:00 -0400] "GET /?path=//opt/alt/alt-nodejs22/root/usr/lib/node_modules/npm/node_modules.bundled/@sigstore/protobuf-specs HTTP/1.1" 200 3012 "-" "Mozilla/5.0 AppleWebKit/537.36 (KHTML, like Gecko; compatible; GPTBot/1.2; +https://openai.com/gptbot)"
20.171.207.103 - - [19/Oct/2025:08:47:03 -0400] "GET /?path=//opt/alt/alt-nodejs22/root/usr/lib/node_modules/npm/node_modules/semver HTTP/1.1" 200 3318 "-" "Mozilla/5.0 AppleWebKit/537.36 (KHTML, like Gecko; compatible; GPTBot/1.2; +https://openai.com/gptbot)"
20.171.207.103 - - [19/Oct/2025:08:47:06 -0400] "GET /?path=//opt/alt/alt-nodejs22/root/usr/lib/node_modules/npm/node_modules.bundled/is-fullwidth-code-point HTTP/1.1" 200 2993 "-" "Mozilla/5.0 AppleWebKit/537.36 (KHTML, like Gecko; compatible; GPTBot/1.2; +https://openai.com/gptbot)"
20.171.207.103 - - [19/Oct/2025:08:47:10 -0400] "GET /?path=//opt/alt/alt-nodejs22/root/usr/lib/node_modules/npm/node_modules/cross-spawn/node_modules HTTP/1.1" 200 2880 "-" "Mozilla/5.0 AppleWebKit/537.36 (KHTML, like Gecko; compatible; GPTBot/1.2; +https://openai.com/gptbot)"
20.171.207.103 - - [19/Oct/2025:08:47:13 -0400] "GET /?path=//opt/alt/alt-nodejs22/root/usr/lib/node_modules/npm/node_modules/minipass-sized/node_modules HTTP/1.1" 200 2873 "-" "Mozilla/5.0 AppleWebKit/537.36 (KHTML, like Gecko; compatible; GPTBot/1.2; +https://openai.com/gptbot)"
20.171.207.103 - - [19/Oct/2025:08:47:16 -0400] "GET /?path=//opt/alt/alt-nodejs22/root/usr/lib/node_modules/npm/node_modules.bundled/validate-npm-package-license HTTP/1.1" 200 3103 "-" "Mozilla/5.0 AppleWebKit/537.36 (KHTML, like Gecko; compatible; GPTBot/1.2; +https://openai.com/gptbot)"
37.120.155.34 - - [19/Oct/2025:08:47:16 -0400] "GET /wp-login.php HTTP/1.1" 200 3949 "https://creativefinishings.com/" "Mozilla/5.0 (Windows NT 10.0; Win64; x64) AppleWebKit/537.36 (KHTML, like Gecko) Chrome/139.0.0.0 Safari/537.36"
37.120.155.34 - - [19/Oct/2025:08:47:17 -0400] "GET /favicon.ico HTTP/1.1" 404 1251 "https://creativefinishings.com/wp-login.php" "Mozilla/5.0 (Windows NT 10.0; Win64; x64) AppleWebKit/537.36 (KHTML, like Gecko) Chrome/139.0.0.0 Safari/537.36"
37.120.155.34 - - [19/Oct/2025:08:47:19 -0400] "POST /xmlrpc.php HTTP/1.1" 200 5110 "-" "Mozilla/5.0 (Windows NT 10.0; Win64; x64) AppleWebKit/537.36 (KHTML, like Gecko) Chrome/139.0.0.0 Safari/537.36"
20.171.207.103 - - [19/Oct/2025:08:47:19 -0400] "GET /?path=//opt/alt/alt-nodejs22/root/usr/lib/node_modules/npm/node_modules.bundled/@sigstore/protobuf-specs/dist HTTP/1.1" 200 3024 "-" "Mozilla/5.0 AppleWebKit/537.36 (KHTML, like Gecko; compatible; GPTBot/1.2; +https://openai.com/gptbot)"
20.171.207.103 - - [19/Oct/2025:08:47:22 -0400] "GET /?fileloc=//opt/alt/alt-nodejs22/root/usr/lib/node_modules/npm/node_modules/semver/range.bnf&path=//opt/alt/alt-nodejs22/root/usr/lib/node_modules/npm/node_modules/semver HTTP/1.1" 200 2857 "-" "Mozilla/5.0 AppleWebKit/537.36 (KHTML, like Gecko; compatible; GPTBot/1.2; +https://openai.com/gptbot)"
20.171.207.103 - - [19/Oct/2025:08:47:25 -0400] "GET /?path=//opt/alt/alt-nodejs22/root/usr/lib/node_modules/npm/node_modules/semver/classes HTTP/1.1" 200 2992 "-" "Mozilla/5.0 AppleWebKit/537.36 (KHTML, like Gecko; compatible; GPTBot/1.2; +https://openai.com/gptbot)"
20.171.207.103 - - [19/Oct/2025:08:47:29 -0400] "GET /?path=//opt/alt/alt-nodejs22/root/usr/lib/node_modules/npm/node_modules/semver/internal HTTP/1.1" 200 3115 "-" "Mozilla/5.0 AppleWebKit/537.36 (KHTML, like Gecko; compatible; GPTBot/1.2; +https://openai.com/gptbot)"
20.171.207.103 - - [19/Oct/2025:08:47:32 -0400] "GET /?path=//opt/alt/alt-nodejs22/root/usr/lib/node_modules/npm/node_modules.bundled/validate-npm-package-license/node_modules HTTP/1.1" 200 2902 "-" "Mozilla/5.0 AppleWebKit/537.36 (KHTML, like Gecko; compatible; GPTBot/1.2; +https://openai.com/gptbot)"
20.171.207.103 - - [19/Oct/2025:08:47:35 -0400] "GET /?path=//opt/alt/alt-nodejs22/root/usr/lib/node_modules/npm/node_modules/semver/ranges HTTP/1.1" 200 3278 "-" "Mozilla/5.0 AppleWebKit/537.36 (KHTML, like Gecko; compatible; GPTBot/1.2; +https://openai.com/gptbot)"
20.171.207.103 - - [19/Oct/2025:08:47:38 -0400] "GET /?path=//opt/alt/alt-nodejs22/root/usr/lib/node_modules/npm/node_modules.bundled/which/node_modules/isexe HTTP/1.1" 200 3074 "-" "Mozilla/5.0 AppleWebKit/537.36 (KHTML, like Gecko; compatible; GPTBot/1.2; +https://openai.com/gptbot)"
20.171.207.103 - - [19/Oct/2025:08:47:41 -0400] "GET /?path=//opt/alt/alt-nodejs22/root/usr/lib/node_modules/npm/node_modules/cross-spawn/node_modules/which HTTP/1.1" 200 3082 "-" "Mozilla/5.0 AppleWebKit/537.36 (KHTML, like Gecko; compatible; GPTBot/1.2; +https://openai.com/gptbot)"
20.171.207.103 - - [19/Oct/2025:08:47:44 -0400] "GET /?path=//opt/alt/alt-nodejs22/root/usr/lib/node_modules/npm/node_modules.bundled/sigstore/node_modules/@sigstore/verify HTTP/1.1" 200 2979 "-" "Mozilla/5.0 AppleWebKit/537.36 (KHTML, like Gecko; compatible; GPTBot/1.2; +https://openai.com/gptbot)"
20.171.207.103 - - [19/Oct/2025:08:47:48 -0400] "GET /?path=//opt/alt/alt-nodejs22/root/usr/lib/node_modules/npm/node_modules.bundled/validate-npm-package-license/node_modules/spdx-expression-parse HTTP/1.1" 200 3131 "-" "Mozilla/5.0 AppleWebKit/537.36 (KHTML, like Gecko; compatible; GPTBot/1.2; +https://openai.com/gptbot)"
20.171.207.103 - - [19/Oct/2025:08:47:51 -0400] "GET /?fileloc=//opt/alt/alt-nodejs22/root/usr/lib/node_modules/npm/node_modules/semver/ranges/min-satisfying.js&path=//opt/alt/alt-nodejs22/root/usr/lib/node_modules/npm/node_modules/semver/ranges HTTP/1.1" 200 2845 "-" "Mozilla/5.0 AppleWebKit/537.36 (KHTML, like Gecko; compatible; GPTBot/1.2; +https://openai.com/gptbot)"
198.244.168.193 - - [19/Oct/2025:08:47:53 -0400] "GET /robots.txt HTTP/1.1" 200 102 "-" "Mozilla/5.0 (compatible; AhrefsBot/7.0; +http://ahrefs.com/robot/)"
20.171.207.103 - - [19/Oct/2025:08:47:54 -0400] "GET /?path=//opt/alt/alt-nodejs22/root/usr/lib/node_modules/npm/node_modules.bundled/npm-audit-report HTTP/1.1" 200 2994 "-" "Mozilla/5.0 AppleWebKit/537.36 (KHTML, like Gecko; compatible; GPTBot/1.2; +https://openai.com/gptbot)"
15.235.98.245 - - [19/Oct/2025:08:47:56 -0400] "GET /dubai-kitchen/?fileloc=/home/creaqbdc/public_html/google8dd4afc7b624728e.html&path=/home/creaqbdc/public_html HTTP/1.1" 200 2514 "-" "Mozilla/5.0 (compatible; AhrefsBot/7.0; +http://ahrefs.com/robot/)"
20.171.207.103 - - [19/Oct/2025:08:47:57 -0400] "GET /?path=//opt/alt/alt-nodejs22/root/usr/lib/node_modules/npm/node_modules.bundled/sigstore/node_modules/@sigstore/verify/dist HTTP/1.1" 200 3344 "-" "Mozilla/5.0 AppleWebKit/537.36 (KHTML, like Gecko; compatible; GPTBot/1.2; +https://openai.com/gptbot)"
20.171.207.103 - - [19/Oct/2025:08:48:00 -0400] "GET /?path=//opt/alt/alt-nodejs22/root/usr/lib/node_modules/npm/node_modules/sigstore/node_modules HTTP/1.1" 200 2838 "-" "Mozilla/5.0 AppleWebKit/537.36 (KHTML, like Gecko; compatible; GPTBot/1.2; +https://openai.com/gptbot)"
20.171.207.103 - - [19/Oct/2025:08:48:03 -0400] "GET /?path=//opt/alt/alt-nodejs22/root/usr/lib/node_modules/npm/node_modules/cacache/node_modules HTTP/1.1" 200 2964 "-" "Mozilla/5.0 AppleWebKit/537.36 (KHTML, like Gecko; compatible; GPTBot/1.2; +https://openai.com/gptbot)"
20.171.207.103 - - [19/Oct/2025:08:48:06 -0400] "GET /?path=//opt/alt/alt-nodejs22/root/usr/lib/node_modules/npm/node_modules/tinyglobby HTTP/1.1" 200 3050 "-" "Mozilla/5.0 AppleWebKit/537.36 (KHTML, like Gecko; compatible; GPTBot/1.2; +https://openai.com/gptbot)"
20.171.207.103 - - [19/Oct/2025:08:48:09 -0400] "GET /?path=//opt/alt/alt-nodejs22/root/usr/lib/node_modules/npm/node_modules/binary-extensions HTTP/1.1" 200 3039 "-" "Mozilla/5.0 AppleWebKit/537.36 (KHTML, like Gecko; compatible; GPTBot/1.2; +https://openai.com/gptbot)"
20.171.207.103 - - [19/Oct/2025:08:48:13 -0400] "GET /?path=//opt/alt/alt-nodejs22/root/usr/lib/node_modules/npm/node_modules.bundled/sigstore/node_modules/@sigstore/verify/dist/bundle HTTP/1.1" 200 3054 "-" "Mozilla/5.0 AppleWebKit/537.36 (KHTML, like Gecko; compatible; GPTBot/1.2; +https://openai.com/gptbot)"
66.249.65.197 - - [19/Oct/2025:08:48:14 -0400] "GET /?zhHant/product/surugaya/C4014229087?campaign_uid=f64d716db5e979ed2f947dbaf4296895b951ae7f HTTP/1.1" 200 18286 "-" "Mozilla/5.0 (Linux; Android 6.0.1; Nexus 5X Build/MMB29P) AppleWebKit/537.36 (KHTML, like Gecko) Chrome/140.0.7339.207 Mobile Safari/537.36 (compatible; Googlebot/2.1; +http://www.google.com/bot.html)"
20.171.207.103 - - [19/Oct/2025:08:48:16 -0400] "GET /?path=//opt/alt/alt-nodejs22/root/usr/lib/node_modules/npm/node_modules.bundled/sigstore/node_modules/@sigstore/verify/dist/timestamp HTTP/1.1" 200 3130 "-" "Mozilla/5.0 AppleWebKit/537.36 (KHTML, like Gecko; compatible; GPTBot/1.2; +https://openai.com/gptbot)"
20.171.207.103 - - [19/Oct/2025:08:48:19 -0400] "GET /?path=//opt/alt/alt-nodejs22/root/usr/lib/node_modules/npm/node_modules/sigstore/node_modules/@sigstore HTTP/1.1" 200 3001 "-" "Mozilla/5.0 AppleWebKit/537.36 (KHTML, like Gecko; compatible; GPTBot/1.2; +https://openai.com/gptbot)"
20.171.207.103 - - [19/Oct/2025:08:48:22 -0400] "GET /?path=//opt/alt/alt-nodejs22/root/usr/lib/node_modules/npm/node_modules.bundled/npm-audit-report/lib HTTP/1.1" 200 3073 "-" "Mozilla/5.0 AppleWebKit/537.36 (KHTML, like Gecko; compatible; GPTBot/1.2; +https://openai.com/gptbot)"
20.171.207.103 - - [19/Oct/2025:08:48:25 -0400] "GET /?path=//opt/alt/alt-nodejs22/root/usr/lib/node_modules/npm/node_modules/cacache/node_modules/yallist HTTP/1.1" 200 3057 "-" "Mozilla/5.0 AppleWebKit/537.36 (KHTML, like Gecko; compatible; GPTBot/1.2; +https://openai.com/gptbot)"
20.171.207.103 - - [19/Oct/2025:08:48:28 -0400] "GET /?path=//opt/alt/alt-nodejs22/root/usr/lib/node_modules/npm/node_modules.bundled/sigstore/node_modules/@sigstore/verify/dist/trust HTTP/1.1" 200 3064 "-" "Mozilla/5.0 AppleWebKit/537.36 (KHTML, like Gecko; compatible; GPTBot/1.2; +https://openai.com/gptbot)"
20.171.207.103 - - [19/Oct/2025:08:48:32 -0400] "GET /?path=//opt/alt/alt-nodejs22/root/usr/lib/node_modules/npm/node_modules.bundled/sigstore/node_modules/@sigstore/verify/dist/tlog HTTP/1.1" 200 3031 "-" "Mozilla/5.0 AppleWebKit/537.36 (KHTML, like Gecko; compatible; GPTBot/1.2; +https://openai.com/gptbot)"
20.171.207.103 - - [19/Oct/2025:08:48:35 -0400] "GET /?path=//opt/alt/alt-nodejs22/root/usr/lib/node_modules/npm/node_modules/tinyglobby/node_modules HTTP/1.1" 200 2917 "-" "Mozilla/5.0 AppleWebKit/537.36 (KHTML, like Gecko; compatible; GPTBot/1.2; +https://openai.com/gptbot)"
20.171.207.103 - - [19/Oct/2025:08:48:38 -0400] "GET /?path=//opt/alt/alt-nodejs22/root/usr/lib/node_modules/npm/node_modules.bundled/npm-audit-report/lib/reporters HTTP/1.1" 200 3004 "-" "Mozilla/5.0 AppleWebKit/537.36 (KHTML, like Gecko; compatible; GPTBot/1.2; +https://openai.com/gptbot)"
20.171.207.103 - - [19/Oct/2025:08:48:41 -0400] "GET /?path=//opt/alt/alt-nodejs22/root/usr/lib/node_modules/npm/node_modules/sigstore/node_modules/@sigstore/core HTTP/1.1" 200 3072 "-" "Mozilla/5.0 AppleWebKit/537.36 (KHTML, like Gecko; compatible; GPTBot/1.2; +https://openai.com/gptbot)"
20.171.207.103 - - [19/Oct/2025:08:48:44 -0400] "GET /?path=//opt/alt/alt-nodejs22/root/usr/lib/node_modules/npm/node_modules/sigstore/node_modules/@sigstore/bundle HTTP/1.1" 200 3022 "-" "Mozilla/5.0 AppleWebKit/537.36 (KHTML, like Gecko; compatible; GPTBot/1.2; +https://openai.com/gptbot)"
20.171.207.103 - - [19/Oct/2025:08:48:48 -0400] "GET /?path=//opt/alt/alt-nodejs22/root/usr/lib/node_modules/npm/node_modules/sigstore/node_modules/@sigstore/sign HTTP/1.1" 200 3076 "-" "Mozilla/5.0 AppleWebKit/537.36 (KHTML, like Gecko; compatible; GPTBot/1.2; +https://openai.com/gptbot)"
20.171.207.103 - - [19/Oct/2025:08:48:51 -0400] "GET /?path=//opt/alt/alt-nodejs22/root/usr/lib/node_modules/npm/node_modules/tinyglobby/node_modules/picomatch HTTP/1.1" 200 3079 "-" "Mozilla/5.0 AppleWebKit/537.36 (KHTML, like Gecko; compatible; GPTBot/1.2; +https://openai.com/gptbot)"
20.171.207.103 - - [19/Oct/2025:08:48:54 -0400] "GET /?path=//opt/alt/alt-nodejs22/root/usr/lib/node_modules/npm/node_modules/sigstore/node_modules/@sigstore/core/dist HTTP/1.1" 200 3372 "-" "Mozilla/5.0 AppleWebKit/537.36 (KHTML, like Gecko; compatible; GPTBot/1.2; +https://openai.com/gptbot)"
20.171.207.103 - - [19/Oct/2025:08:48:57 -0400] "GET /?path=//opt/alt/alt-nodejs22/root/usr/lib/node_modules/npm/node_modules/sigstore/node_modules/@sigstore/bundle/dist HTTP/1.1" 200 3202 "-" "Mozilla/5.0 AppleWebKit/537.36 (KHTML, like Gecko; compatible; GPTBot/1.2; +https://openai.com/gptbot)"
20.171.207.103 - - [19/Oct/2025:08:49:00 -0400] "GET /?path=//opt/alt/alt-nodejs22/root/usr/lib/node_modules/npm/node_modules/sigstore/node_modules/@sigstore/sign/dist HTTP/1.1" 200 3281 "-" "Mozilla/5.0 AppleWebKit/537.36 (KHTML, like Gecko; compatible; GPTBot/1.2; +https://openai.com/gptbot)"
20.171.207.103 - - [19/Oct/2025:08:49:03 -0400] "GET /?path=//opt/alt/alt-nodejs22/root/usr/lib/node_modules/npm/node_modules/cacache/node_modules/yallist/dist HTTP/1.1" 200 2933 "-" "Mozilla/5.0 AppleWebKit/537.36 (KHTML, like Gecko; compatible; GPTBot/1.2; +https://openai.com/gptbot)"
20.171.207.103 - - [19/Oct/2025:08:49:06 -0400] "GET /?path=//opt/alt/alt-nodejs22/root/usr/lib/node_modules/npm/node_modules/tinyglobby/node_modules/picomatch/lib HTTP/1.1" 200 3107 "-" "Mozilla/5.0 AppleWebKit/537.36 (KHTML, like Gecko; compatible; GPTBot/1.2; +https://openai.com/gptbot)"
20.171.207.103 - - [19/Oct/2025:08:49:10 -0400] "GET /?fileloc=//opt/alt/alt-nodejs22/root/usr/lib/node_modules/npm/node_modules/cacache/node_modules/yallist/LICENSE.md&path=//opt/alt/alt-nodejs22/root/usr/lib/node_modules/npm/node_modules/cacache/node_modules/yallist HTTP/1.1" 200 3383 "-" "Mozilla/5.0 AppleWebKit/537.36 (KHTML, like Gecko; compatible; GPTBot/1.2; +https://openai.com/gptbot)"
20.171.207.103 - - [19/Oct/2025:08:49:13 -0400] "GET /?path=//opt/alt/alt-nodejs22/root/usr/lib/node_modules/npm/node_modules/sigstore/node_modules/@sigstore/sign/dist/external HTTP/1.1" 200 3115 "-" "Mozilla/5.0 AppleWebKit/537.36 (KHTML, like Gecko; compatible; GPTBot/1.2; +https://openai.com/gptbot)"
20.171.207.103 - - [19/Oct/2025:08:49:16 -0400] "GET /?path=//opt/alt/alt-nodejs22/root/usr/lib/node_modules/npm/node_modules/cacache/node_modules/yallist/dist/commonjs HTTP/1.1" 200 2944 "-" "Mozilla/5.0 AppleWebKit/537.36 (KHTML, like Gecko; compatible; GPTBot/1.2; +https://openai.com/gptbot)"
20.171.207.103 - - [19/Oct/2025:08:49:19 -0400] "GET /?path=//opt/alt/alt-nodejs22/root/usr/lib/node_modules/npm/node_modules/sigstore/node_modules/@sigstore/sign/dist/witness HTTP/1.1" 200 3126 "-" "Mozilla/5.0 AppleWebKit/537.36 (KHTML, like Gecko; compatible; GPTBot/1.2; +https://openai.com/gptbot)"
20.171.207.103 - - [19/Oct/2025:08:49:22 -0400] "GET /?path=//opt/alt/alt-nodejs22/root/usr/lib/node_modules/npm/node_modules/sigstore/node_modules/@sigstore/sign/dist/bundler HTTP/1.1" 200 3114 "-" "Mozilla/5.0 AppleWebKit/537.36 (KHTML, like Gecko; compatible; GPTBot/1.2; +https://openai.com/gptbot)"
20.171.207.103 - - [19/Oct/2025:08:49:25 -0400] "GET /?path=//opt/alt/alt-nodejs22/root/usr/lib/node_modules/npm/node_modules/sigstore/node_modules/@sigstore/sign/dist/identity HTTP/1.1" 200 2979 "-" "Mozilla/5.0 AppleWebKit/537.36 (KHTML, like Gecko; compatible; GPTBot/1.2; +https://openai.com/gptbot)"
20.171.207.103 - - [19/Oct/2025:08:49:28 -0400] "GET /?path=//opt/alt/alt-nodejs22/root/usr/lib/node_modules/npm/node_modules/sigstore/node_modules/@sigstore/sign/dist/util HTTP/1.1" 200 3052 "-" "Mozilla/5.0 AppleWebKit/537.36 (KHTML, like Gecko; compatible; GPTBot/1.2; +https://openai.com/gptbot)"
20.171.207.103 - - [19/Oct/2025:08:49:31 -0400] "GET /?path=//opt/alt/alt-nodejs22/root/usr/lib/node_modules/npm/node_modules/sigstore/node_modules/@sigstore/sign/dist/witness/tlog HTTP/1.1" 200 3033 "-" "Mozilla/5.0 AppleWebKit/537.36 (KHTML, like Gecko; compatible; GPTBot/1.2; +https://openai.com/gptbot)"
20.171.207.103 - - [19/Oct/2025:08:49:35 -0400] "GET /?path=//opt/alt/alt-nodejs22/root/usr/lib/node_modules/npm/node_modules/sigstore/node_modules/@sigstore/sign/dist/witness/tsa HTTP/1.1" 200 3020 "-" "Mozilla/5.0 AppleWebKit/537.36 (KHTML, like Gecko; compatible; GPTBot/1.2; +https://openai.com/gptbot)"
20.171.207.103 - - [19/Oct/2025:08:49:38 -0400] "GET /?path=//opt/alt/alt-nodejs22/root/usr/lib/node_modules/npm/node_modules/sigstore/node_modules/@sigstore/sign/dist/signer HTTP/1.1" 200 3050 "-" "Mozilla/5.0 AppleWebKit/537.36 (KHTML, like Gecko; compatible; GPTBot/1.2; +https://openai.com/gptbot)"
20.171.207.103 - - [19/Oct/2025:08:49:41 -0400] "GET /?path=//opt/alt/alt-nodejs22/root/usr/lib/node_modules/npm/node_modules/sigstore/node_modules/@sigstore/sign/dist/types HTTP/1.1" 200 2942 "-" "Mozilla/5.0 AppleWebKit/537.36 (KHTML, like Gecko; compatible; GPTBot/1.2; +https://openai.com/gptbot)"
20.171.207.103 - - [19/Oct/2025:08:49:44 -0400] "GET /?path=//opt/alt/alt-nodejs22/root/usr/lib/node_modules/npm/node_modules/cacache/node_modules/tar HTTP/1.1" 200 3048 "-" "Mozilla/5.0 AppleWebKit/537.36 (KHTML, like Gecko; compatible; GPTBot/1.2; +https://openai.com/gptbot)"
20.171.207.103 - - [19/Oct/2025:08:49:48 -0400] "GET /?path=//opt/alt/alt-nodejs22/root/usr/lib/node_modules/npm/node_modules/cacache/node_modules/yallist/dist/esm HTTP/1.1" 200 2940 "-" "Mozilla/5.0 AppleWebKit/537.36 (KHTML, like Gecko; compatible; GPTBot/1.2; +https://openai.com/gptbot)"
20.171.207.103 - - [19/Oct/2025:08:49:51 -0400] "GET /?path=//opt/alt/alt-nodejs22/root/usr/lib/node_modules/npm/node_modules/tinyglobby/node_modules/fdir HTTP/1.1" 200 3003 "-" "Mozilla/5.0 AppleWebKit/537.36 (KHTML, like Gecko; compatible; GPTBot/1.2; +https://openai.com/gptbot)"
20.171.207.103 - - [19/Oct/2025:08:49:54 -0400] "GET /?path=//opt/alt/alt-nodejs22/root/usr/lib/node_modules/npm/node_modules/tinyglobby/dist HTTP/1.1" 200 2982 "-" "Mozilla/5.0 AppleWebKit/537.36 (KHTML, like Gecko; compatible; GPTBot/1.2; +https://openai.com/gptbot)"
20.171.207.103 - - [19/Oct/2025:08:49:57 -0400] "GET /?path=//opt/alt/alt-nodejs22/root/usr/lib/node_modules/npm/node_modules/sigstore/node_modules/@sigstore/sign/dist/signer/fulcio HTTP/1.1" 200 3041 "-" "Mozilla/5.0 AppleWebKit/537.36 (KHTML, like Gecko; compatible; GPTBot/1.2; +https://openai.com/gptbot)"
20.171.207.103 - - [19/Oct/2025:08:50:00 -0400] "GET /?path=//opt/alt/alt-nodejs22/root/usr/lib/node_modules/npm/node_modules/emoji-regex HTTP/1.1" 200 3069 "-" "Mozilla/5.0 AppleWebKit/537.36 (KHTML, like Gecko; compatible; GPTBot/1.2; +https://openai.com/gptbot)"
20.171.207.103 - - [19/Oct/2025:08:50:03 -0400] "GET /?path=//opt/alt/alt-nodejs22/root/usr/lib/node_modules/npm/node_modules/libnpmdiff HTTP/1.1" 200 3028 "-" "Mozilla/5.0 AppleWebKit/537.36 (KHTML, like Gecko; compatible; GPTBot/1.2; +https://openai.com/gptbot)"
20.171.207.103 - - [19/Oct/2025:08:50:06 -0400] "GET /?path=//opt/alt/alt-nodejs22/root/usr/lib/node_modules/npm/node_modules/cacache/node_modules/tar/dist HTTP/1.1" 200 2899 "-" "Mozilla/5.0 AppleWebKit/537.36 (KHTML, like Gecko; compatible; GPTBot/1.2; +https://openai.com/gptbot)"
20.171.207.103 - - [19/Oct/2025:08:50:10 -0400] "GET /?path=//opt/alt/alt-nodejs22/root/usr/lib/node_modules/npm/node_modules/balanced-match HTTP/1.1" 200 2950 "-" "Mozilla/5.0 AppleWebKit/537.36 (KHTML, like Gecko; compatible; GPTBot/1.2; +https://openai.com/gptbot)"
20.171.207.103 - - [19/Oct/2025:08:50:13 -0400] "GET /?path=//opt/alt/alt-nodejs22/root/usr/lib/node_modules/npm/node_modules/https-proxy-agent HTTP/1.1" 200 3019 "-" "Mozilla/5.0 AppleWebKit/537.36 (KHTML, like Gecko; compatible; GPTBot/1.2; +https://openai.com/gptbot)"
20.171.207.103 - - [19/Oct/2025:08:50:16 -0400] "GET /?path=//opt/alt/alt-nodejs22/root/usr/lib/node_modules/npm/node_modules/http-proxy-agent HTTP/1.1" 200 3010 "-" "Mozilla/5.0 AppleWebKit/537.36 (KHTML, like Gecko; compatible; GPTBot/1.2; +https://openai.com/gptbot)"
20.171.207.103 - - [19/Oct/2025:08:50:19 -0400] "GET /?path=//opt/alt/alt-nodejs22/root/usr/lib/node_modules/npm/node_modules/libnpmdiff/lib HTTP/1.1" 200 3084 "-" "Mozilla/5.0 AppleWebKit/537.36 (KHTML, like Gecko; compatible; GPTBot/1.2; +https://openai.com/gptbot)"
20.171.207.103 - - [19/Oct/2025:08:50:22 -0400] "GET /?path=//opt/alt/alt-nodejs22/root/usr/lib/node_modules/npm/node_modules/cacache/node_modules/tar/dist/esm HTTP/1.1" 200 3948 "-" "Mozilla/5.0 AppleWebKit/537.36 (KHTML, like Gecko; compatible; GPTBot/1.2; +https://openai.com/gptbot)"
20.171.207.103 - - [19/Oct/2025:08:50:25 -0400] "GET /?path=//opt/alt/alt-nodejs22/root/usr/lib/node_modules/npm/node_modules/cacache/node_modules/tar/dist/commonjs HTTP/1.1" 200 4012 "-" "Mozilla/5.0 AppleWebKit/537.36 (KHTML, like Gecko; compatible; GPTBot/1.2; +https://openai.com/gptbot)"
20.171.207.103 - - [19/Oct/2025:08:50:29 -0400] "GET /?path=//opt/alt/alt-nodejs22/root/usr/lib/node_modules/npm/node_modules/https-proxy-agent/dist HTTP/1.1" 200 2960 "-" "Mozilla/5.0 AppleWebKit/537.36 (KHTML, like Gecko; compatible; GPTBot/1.2; +https://openai.com/gptbot)"
20.171.207.103 - - [19/Oct/2025:08:50:32 -0400] "GET /?path=//opt/alt/alt-nodejs22/root/usr/lib/node_modules/npm/node_modules/shebang-regex HTTP/1.1" 200 3001 "-" "Mozilla/5.0 AppleWebKit/537.36 (KHTML, like Gecko; compatible; GPTBot/1.2; +https://openai.com/gptbot)"
20.171.207.103 - - [19/Oct/2025:08:50:35 -0400] "GET /?path=//opt/alt/alt-nodejs22/root/usr/lib/node_modules/npm/node_modules/libnpmsearch HTTP/1.1" 200 3096 "-" "Mozilla/5.0 AppleWebKit/537.36 (KHTML, like Gecko; compatible; GPTBot/1.2; +https://openai.com/gptbot)"
20.171.207.103 - - [19/Oct/2025:08:50:38 -0400] "GET /?path=//opt/alt/alt-nodejs22/root/usr/lib/node_modules/npm/node_modules/brace-expansion HTTP/1.1" 200 2946 "-" "Mozilla/5.0 AppleWebKit/537.36 (KHTML, like Gecko; compatible; GPTBot/1.2; +https://openai.com/gptbot)"
20.171.207.103 - - [19/Oct/2025:08:50:41 -0400] "GET /?path=//opt/alt/alt-nodejs22/root/usr/lib/node_modules/npm/node_modules/ignore-walk HTTP/1.1" 200 3040 "-" "Mozilla/5.0 AppleWebKit/537.36 (KHTML, like Gecko; compatible; GPTBot/1.2; +https://openai.com/gptbot)"
20.171.207.103 - - [19/Oct/2025:08:50:44 -0400] "GET /?path=//opt/alt/alt-nodejs22/root/usr/lib/node_modules/npm/node_modules/http-proxy-agent/dist HTTP/1.1" 200 2908 "-" "Mozilla/5.0 AppleWebKit/537.36 (KHTML, like Gecko; compatible; GPTBot/1.2; +https://openai.com/gptbot)"
20.171.207.103 - - [19/Oct/2025:08:50:48 -0400] "GET /?path=//opt/alt/alt-nodejs22/root/usr/lib/node_modules/npm/node_modules/qrcode-terminal HTTP/1.1" 200 3234 "-" "Mozilla/5.0 AppleWebKit/537.36 (KHTML, like Gecko; compatible; GPTBot/1.2; +https://openai.com/gptbot)"
20.171.207.103 - - [19/Oct/2025:08:50:51 -0400] "GET /?path=//opt/alt/alt-nodejs22/root/usr/lib/node_modules/npm/node_modules/minipass-flush HTTP/1.1" 200 3050 "-" "Mozilla/5.0 AppleWebKit/537.36 (KHTML, like Gecko; compatible; GPTBot/1.2; +https://openai.com/gptbot)"
20.171.207.103 - - [19/Oct/2025:08:50:54 -0400] "GET /?path=//opt/alt/alt-nodejs22/root/usr/lib/node_modules/npm/node_modules/ignore-walk/lib HTTP/1.1" 200 2899 "-" "Mozilla/5.0 AppleWebKit/537.36 (KHTML, like Gecko; compatible; GPTBot/1.2; +https://openai.com/gptbot)"
