20.171.207.149 - - [26/Oct/2025:09:26:12 -0400] "GET /?path=//proc/self/root/proc/thread-self/root/proc/thread-self/root/proc/thread-self/root/proc/self/root/proc/thread-self/root/proc/thread-self/root/proc/self/root/proc/thread-self/root/proc/self/root/var/run/postgresql HTTP/1.1" 200 2990 "-" "Mozilla/5.0 AppleWebKit/537.36 (KHTML, like Gecko; compatible; GPTBot/1.2; +https://openai.com/gptbot)"
66.249.65.197 - - [26/Oct/2025:09:26:12 -0400] "GET /q-~197wpwp87XoNhtGQdrVXjDUv0t9dHBj7L41812/ HTTP/1.1" 200 20157 "-" "Mozilla/5.0 (Linux; Android 6.0.1; Nexus 5X Build/MMB29P) AppleWebKit/537.36 (KHTML, like Gecko) Chrome/141.0.7390.122 Mobile Safari/537.36 (compatible; GoogleOther)"
34.206.193.60 - - [26/Oct/2025:09:26:14 -0400] "GET /book-of-ra-magic-kostenlos-spielen-ohne-anmeldung/?path=//lib/.build-id/4c HTTP/1.1" 200 4629 "-" "Mozilla/5.0 AppleWebKit/537.36 (KHTML, like Gecko; compatible; Amazonbot/0.1; +https://developer.amazon.com/support/amazonbot) Chrome/119.0.6045.214 Safari/537.36"
20.171.207.149 - - [26/Oct/2025:09:26:15 -0400] "GET /?path=//proc/self/root/proc/thread-self/root/proc/thread-self/root/proc/thread-self/root/proc/self/root/proc/thread-self/root/proc/thread-self/root/proc/self/root/proc/thread-self/root/proc/self/root/lib/firewalld HTTP/1.1" 200 3102 "-" "Mozilla/5.0 AppleWebKit/537.36 (KHTML, like Gecko; compatible; GPTBot/1.2; +https://openai.com/gptbot)"
66.249.65.197 - - [26/Oct/2025:09:26:15 -0400] "GET /q-~224A3UxSFmnqX5ykEuBYPvenXcXrADvUy28963/ HTTP/1.1" 200 4402 "-" "Mozilla/5.0 (Linux; Android 6.0.1; Nexus 5X Build/MMB29P) AppleWebKit/537.36 (KHTML, like Gecko) Chrome/141.0.7390.122 Mobile Safari/537.36 (compatible; GoogleOther)"
69.197.179.242 - - [26/Oct/2025:09:26:15 -0400] "GET /wp-includes/plf56b4b/edit.php?id=421356 HTTP/1.1" 200 0 "https://creativefinishings.com/wp-includes/plf56b4b/edit.php?id=421356" "Mozilla/5.0 (Windows NT 10.0; Win64; x64) AppleWebKit/537.36 (KHTML, like Gecko) Chrome/58.0.3029.110 Safari/537.3"
20.171.207.149 - - [26/Oct/2025:09:26:18 -0400] "GET /?path=//proc/self/root/proc/thread-self/root/proc/thread-self/root/proc/thread-self/root/proc/self/root/proc/thread-self/root/proc/thread-self/root/proc/self/root/proc/thread-self/root/proc/self/root/opt/cpanel/libcurl HTTP/1.1" 200 3049 "-" "Mozilla/5.0 AppleWebKit/537.36 (KHTML, like Gecko; compatible; GPTBot/1.2; +https://openai.com/gptbot)"
98.82.38.120 - - [26/Oct/2025:09:26:19 -0400] "GET /services/custom-renovations/?path=//opt/alt/tests/alt-php80-pecl-luasandbox_4.1.2-2.el8 HTTP/1.1" 200 3355 "-" "Mozilla/5.0 AppleWebKit/537.36 (KHTML, like Gecko; compatible; Amazonbot/0.1; +https://developer.amazon.com/support/amazonbot) Chrome/119.0.6045.214 Safari/537.36"
66.249.65.197 - - [26/Oct/2025:09:26:19 -0400] "GET /items/1649078337.htm HTTP/1.1" 200 20047 "-" "Mozilla/5.0 (Linux; Android 6.0.1; Nexus 5X Build/MMB29P) AppleWebKit/537.36 (KHTML, like Gecko) Chrome/141.0.7390.122 Mobile Safari/537.36 (compatible; GoogleOther)"
20.171.207.149 - - [26/Oct/2025:09:26:21 -0400] "GET /?fileloc=//proc/self/root/proc/thread-self/root/proc/thread-self/root/proc/thread-self/root/proc/self/root/proc/thread-self/root/proc/thread-self/root/proc/self/root/proc/thread-self/root/proc/self/root/lib/firmware/isdbt_nova_12mhz.inp&path=//proc/self/root/proc/thread-self/root/proc/thread-self/root/proc/thread-self/root/proc/self/root/proc/thread-self/root/proc/thread-self/root/proc/self/root/proc/thread-self/root/proc/self/root/lib/firmware HTTP/1.1" 200 2634 "-" "Mozilla/5.0 AppleWebKit/537.36 (KHTML, like Gecko; compatible; GPTBot/1.2; +https://openai.com/gptbot)"
3.220.148.166 - - [26/Oct/2025:09:26:22 -0400] "GET /portfolio-commercial?path=//home/creaqbdc/lscache/8/e HTTP/1.1" 200 3330 "-" "Mozilla/5.0 AppleWebKit/537.36 (KHTML, like Gecko; compatible; Amazonbot/0.1; +https://developer.amazon.com/support/amazonbot) Chrome/119.0.6045.214 Safari/537.36"
66.249.65.197 - - [26/Oct/2025:09:26:22 -0400] "GET /items/1196584512.htm?fileloc=//lib64/libgstriff-1.0.so.0&path=//lib64 HTTP/1.1" 200 19819 "-" "Mozilla/5.0 (Linux; Android 6.0.1; Nexus 5X Build/MMB29P) AppleWebKit/537.36 (KHTML, like Gecko) Chrome/141.0.7390.122 Mobile Safari/537.36 (compatible; GoogleOther)"
20.171.207.149 - - [26/Oct/2025:09:26:24 -0400] "GET /?fileloc=//proc/self/root/proc/thread-self/root/proc/thread-self/root/proc/thread-self/root/proc/self/root/proc/thread-self/root/proc/thread-self/root/proc/self/root/proc/thread-self/root/proc/self/root/lib/firmware/ar9170-1.fw&path=//proc/self/root/proc/thread-self/root/proc/thread-self/root/proc/thread-self/root/proc/self/root/proc/thread-self/root/proc/thread-self/root/proc/self/root/proc/thread-self/root/proc/self/root/lib/firmware HTTP/1.1" 200 2626 "-" "Mozilla/5.0 AppleWebKit/537.36 (KHTML, like Gecko; compatible; GPTBot/1.2; +https://openai.com/gptbot)"
34.227.234.246 - - [26/Oct/2025:09:26:25 -0400] "GET /spielbank-pramie-ohne-einzahlung-beste-no-vorleistung-boni-2025/?path=//lib/.build-id/ac HTTP/1.1" 200 5123 "-" "Mozilla/5.0 AppleWebKit/537.36 (KHTML, like Gecko; compatible; Amazonbot/0.1; +https://developer.amazon.com/support/amazonbot) Chrome/119.0.6045.214 Safari/537.36"
66.249.65.197 - - [26/Oct/2025:09:26:27 -0400] "GET /items/1242214814.htm HTTP/1.1" 200 20159 "-" "Mozilla/5.0 (Linux; Android 6.0.1; Nexus 5X Build/MMB29P) AppleWebKit/537.36 (KHTML, like Gecko) Chrome/141.0.7390.122 Mobile Safari/537.36 (compatible; GoogleOther)"
20.171.207.149 - - [26/Oct/2025:09:26:27 -0400] "GET /?fileloc=//proc/self/root/proc/thread-self/root/proc/thread-self/root/proc/thread-self/root/proc/self/root/proc/thread-self/root/proc/thread-self/root/proc/self/root/proc/thread-self/root/proc/self/root/lib/firmware/iwlwifi-so-a0-gf4-a0-81.ucode&path=//proc/self/root/proc/thread-self/root/proc/thread-self/root/proc/thread-self/root/proc/self/root/proc/thread-self/root/proc/thread-self/root/proc/self/root/proc/thread-self/root/proc/self/root/lib/firmware HTTP/1.1" 200 2640 "-" "Mozilla/5.0 AppleWebKit/537.36 (KHTML, like Gecko; compatible; GPTBot/1.2; +https://openai.com/gptbot)"
44.207.69.106 - - [26/Oct/2025:09:26:29 -0400] "GET /test-post-title/?path=//opt/plesk/php/8.2/lib64/php HTTP/1.1" 200 3340 "-" "Mozilla/5.0 AppleWebKit/537.36 (KHTML, like Gecko; compatible; Amazonbot/0.1; +https://developer.amazon.com/support/amazonbot) Chrome/119.0.6045.214 Safari/537.36"
66.249.65.197 - - [26/Oct/2025:09:26:30 -0400] "GET /items/999354402.htm?fileloc=//tmp/4bbb35/21-casino-no-deposit-bonus-canada.html&path=//tmp/4bbb35 HTTP/1.1" 200 19894 "-" "Mozilla/5.0 (Linux; Android 6.0.1; Nexus 5X Build/MMB29P) AppleWebKit/537.36 (KHTML, like Gecko) Chrome/141.0.7390.122 Mobile Safari/537.36 (compatible; GoogleOther)"
20.171.207.149 - - [26/Oct/2025:09:26:31 -0400] "GET /?fileloc=//proc/self/root/proc/thread-self/root/proc/thread-self/root/proc/thread-self/root/proc/self/root/proc/thread-self/root/proc/thread-self/root/proc/self/root/proc/thread-self/root/proc/self/root/lib/firmware/iwlwifi-so-a0-gf4-a0-86.ucode&path=//proc/self/root/proc/thread-self/root/proc/thread-self/root/proc/thread-self/root/proc/self/root/proc/thread-self/root/proc/thread-self/root/proc/self/root/proc/thread-self/root/proc/self/root/lib/firmware HTTP/1.1" 200 2640 "-" "Mozilla/5.0 AppleWebKit/537.36 (KHTML, like Gecko; compatible; GPTBot/1.2; +https://openai.com/gptbot)"
52.0.63.151 - - [26/Oct/2025:09:26:33 -0400] "GET /main/?path=//usr/lib/systemd/user HTTP/1.1" 200 4777 "-" "Mozilla/5.0 AppleWebKit/537.36 (KHTML, like Gecko; compatible; Amazonbot/0.1; +https://developer.amazon.com/support/amazonbot) Chrome/119.0.6045.214 Safari/537.36"
20.171.207.149 - - [26/Oct/2025:09:26:34 -0400] "GET /?fileloc=//proc/self/root/proc/thread-self/root/proc/thread-self/root/proc/thread-self/root/proc/self/root/proc/thread-self/root/proc/thread-self/root/proc/self/root/proc/thread-self/root/proc/self/root/lib/firmware/mts_gsm.fw&path=//proc/self/root/proc/thread-self/root/proc/thread-self/root/proc/thread-self/root/proc/self/root/proc/thread-self/root/proc/thread-self/root/proc/self/root/proc/thread-self/root/proc/self/root/lib/firmware HTTP/1.1" 200 2623 "-" "Mozilla/5.0 AppleWebKit/537.36 (KHTML, like Gecko; compatible; GPTBot/1.2; +https://openai.com/gptbot)"
66.249.65.197 - - [26/Oct/2025:09:26:34 -0400] "GET /?q=2148186115800&channel=199e08&from=https://creativefinishings.com/select.cgi?q-~36i26lGa6E26Dlnokihsz3C5LFZHIcxv18429/ HTTP/1.1" 200 20606 "-" "Mozilla/5.0 (Linux; Android 6.0.1; Nexus 5X Build/MMB29P) AppleWebKit/537.36 (KHTML, like Gecko) Chrome/141.0.7390.122 Mobile Safari/537.36 (compatible; GoogleOther)"
20.171.207.149 - - [26/Oct/2025:09:26:37 -0400] "GET /?path=//proc/self/root/proc/thread-self/root/proc/thread-self/root/proc/thread-self/root/proc/self/root/proc/thread-self/root/proc/thread-self/root/proc/self/root/proc/thread-self/root/proc/self/root/lib/firmware/brcm HTTP/1.1" 200 7035 "-" "Mozilla/5.0 AppleWebKit/537.36 (KHTML, like Gecko; compatible; GPTBot/1.2; +https://openai.com/gptbot)"
66.249.65.197 - - [26/Oct/2025:09:26:37 -0400] "GET /items/266084271.htm?fileloc=/home/creaqbdc/public_html/wp-includes/class-wp-theme-json-schema.php&path=/home/creaqbdc/public_html/wp-includes HTTP/1.1" 200 19472 "-" "Mozilla/5.0 (Linux; Android 6.0.1; Nexus 5X Build/MMB29P) AppleWebKit/537.36 (KHTML, like Gecko) Chrome/141.0.7390.122 Mobile Safari/537.36 (compatible; GoogleOther)"
3.213.46.222 - - [26/Oct/2025:09:26:37 -0400] "GET /freispiele-blos-einzahlung2025-beste-freespins-kostenfrei/?path=//opt/alt/libheif HTTP/1.1" 200 3416 "-" "Mozilla/5.0 AppleWebKit/537.36 (KHTML, like Gecko; compatible; Amazonbot/0.1; +https://developer.amazon.com/support/amazonbot) Chrome/119.0.6045.214 Safari/537.36"
20.171.207.149 - - [26/Oct/2025:09:26:40 -0400] "GET /?path=//proc/self/root/proc/thread-self/root/proc/thread-self/root/proc/thread-self/root/proc/self/root/proc/thread-self/root/proc/thread-self/root/proc/self/root/proc/thread-self/root/proc/self/root/lib/firmware/tigon HTTP/1.1" 200 3078 "-" "Mozilla/5.0 AppleWebKit/537.36 (KHTML, like Gecko; compatible; GPTBot/1.2; +https://openai.com/gptbot)"
66.249.65.197 - - [26/Oct/2025:09:26:41 -0400] "GET /q-~296vx0TR4FV0RbnwmWrfgRjMJ1Bg2R0hS5847/ HTTP/1.1" 200 20148 "-" "Mozilla/5.0 (Linux; Android 6.0.1; Nexus 5X Build/MMB29P) AppleWebKit/537.36 (KHTML, like Gecko) Chrome/141.0.7390.122 Mobile Safari/537.36 (compatible; GoogleOther)"
3.210.223.61 - - [26/Oct/2025:09:26:41 -0400] "GET /master-the-challenge-of-drop-the-boss-a-gamer-s/?path=//lib/.build-id/b8 HTTP/1.1" 200 4613 "-" "Mozilla/5.0 AppleWebKit/537.36 (KHTML, like Gecko; compatible; Amazonbot/0.1; +https://developer.amazon.com/support/amazonbot) Chrome/119.0.6045.214 Safari/537.36"
20.171.207.149 - - [26/Oct/2025:09:26:43 -0400] "GET /?path=//proc/self/root/proc/thread-self/root/proc/thread-self/root/proc/thread-self/root/proc/self/root/proc/thread-self/root/proc/thread-self/root/proc/self/root/proc/thread-self/root/proc/self/root/lib/firmware/vicam HTTP/1.1" 200 2978 "-" "Mozilla/5.0 AppleWebKit/537.36 (KHTML, like Gecko; compatible; GPTBot/1.2; +https://openai.com/gptbot)"
66.249.65.197 - - [26/Oct/2025:09:26:44 -0400] "GET /portfolio-residential/?path=//var/softaculous/bootstrap/php53 HTTP/1.1" 200 20228 "-" "Mozilla/5.0 (Linux; Android 6.0.1; Nexus 5X Build/MMB29P) AppleWebKit/537.36 (KHTML, like Gecko) Chrome/141.0.7390.122 Mobile Safari/537.36 (compatible; GoogleOther)"
20.171.207.149 - - [26/Oct/2025:09:26:46 -0400] "GET /?fileloc=//proc/self/root/proc/thread-self/root/proc/thread-self/root/proc/thread-self/root/proc/self/root/proc/thread-self/root/proc/thread-self/root/proc/self/root/proc/thread-self/root/proc/self/root/lib/firmware/iwlwifi-QuZ-a0-hr-b0-50.ucode&path=//proc/self/root/proc/thread-self/root/proc/thread-self/root/proc/thread-self/root/proc/self/root/proc/thread-self/root/proc/thread-self/root/proc/self/root/proc/thread-self/root/proc/self/root/lib/firmware HTTP/1.1" 200 2641 "-" "Mozilla/5.0 AppleWebKit/537.36 (KHTML, like Gecko; compatible; GPTBot/1.2; +https://openai.com/gptbot)"
52.1.106.130 - - [26/Oct/2025:09:26:47 -0400] "GET /book-of-ra-magic-kostenlos-spielen-ohne-anmeldung/?path=//lib/firmware/e100 HTTP/1.1" 200 3433 "-" "Mozilla/5.0 AppleWebKit/537.36 (KHTML, like Gecko; compatible; Amazonbot/0.1; +https://developer.amazon.com/support/amazonbot) Chrome/119.0.6045.214 Safari/537.36"
66.249.65.197 - - [26/Oct/2025:09:26:48 -0400] "GET /items/44808250.htm?fileloc=/home/creaqbdc/public_html/wp-includes/class-wp-block-templates-registry.php?man/kaitori/ansin.html HTTP/1.1" 200 19717 "-" "Mozilla/5.0 (Linux; Android 6.0.1; Nexus 5X Build/MMB29P) AppleWebKit/537.36 (KHTML, like Gecko) Chrome/141.0.7390.122 Mobile Safari/537.36 (compatible; GoogleOther)"
52.54.157.23 - - [26/Oct/2025:09:26:48 -0400] "GET /eurogrand-kasino-probe-alle-erfahrungen-zum-euro-grand-vertrauenswurdig-login-pramie-2024-villa30-senderaum/?path=//dev/shm/lsws HTTP/1.1" 200 3032 "-" "Mozilla/5.0 AppleWebKit/537.36 (KHTML, like Gecko; compatible; Amazonbot/0.1; +https://developer.amazon.com/support/amazonbot) Chrome/119.0.6045.214 Safari/537.36"
20.171.207.149 - - [26/Oct/2025:09:26:50 -0400] "GET /?path=//proc/self/root/proc/thread-self/root/proc/thread-self/root/proc/thread-self/root/proc/self/root/proc/thread-self/root/proc/thread-self/root/proc/self/root/proc/thread-self/root/proc/self/root/lib/firmware/mrvl HTTP/1.1" 200 3718 "-" "Mozilla/5.0 AppleWebKit/537.36 (KHTML, like Gecko; compatible; GPTBot/1.2; +https://openai.com/gptbot)"
66.249.65.197 - - [26/Oct/2025:09:26:51 -0400] "GET /q-~46Zlce9hgj0OEq87wTE6pZ4Cbp47Fe1V48761/ HTTP/1.1" 200 20340 "-" "Mozilla/5.0 (Linux; Android 6.0.1; Nexus 5X Build/MMB29P) AppleWebKit/537.36 (KHTML, like Gecko) Chrome/141.0.7390.122 Mobile Safari/537.36 (compatible; GoogleOther)"
3.231.193.38 - - [26/Oct/2025:09:26:52 -0400] "GET /spielbank-pramie-ohne-einzahlung-beste-no-vorleistung-boni-2025/?path=//lib/.build-id/51 HTTP/1.1" 200 5346 "-" "Mozilla/5.0 AppleWebKit/537.36 (KHTML, like Gecko; compatible; Amazonbot/0.1; +https://developer.amazon.com/support/amazonbot) Chrome/119.0.6045.214 Safari/537.36"
20.171.207.149 - - [26/Oct/2025:09:26:53 -0400] "GET /?path=//proc/self/root/proc/thread-self/root/proc/thread-self/root/proc/thread-self/root/proc/self/root/proc/thread-self/root/proc/thread-self/root/proc/self/root/proc/thread-self/root/proc/self/root/lib/firmware/atusb HTTP/1.1" 200 3052 "-" "Mozilla/5.0 AppleWebKit/537.36 (KHTML, like Gecko; compatible; GPTBot/1.2; +https://openai.com/gptbot)"
66.249.65.197 - - [26/Oct/2025:09:26:56 -0400] "GET /q-~230Z9FkvOA74Mjm4aS9iG02hAreYm3O6X23603/ HTTP/1.1" 200 19657 "-" "Mozilla/5.0 (Linux; Android 6.0.1; Nexus 5X Build/MMB29P) AppleWebKit/537.36 (KHTML, like Gecko) Chrome/141.0.7390.122 Mobile Safari/537.36 (compatible; GoogleOther)"
20.171.207.149 - - [26/Oct/2025:09:26:56 -0400] "GET /?fileloc=//proc/self/root/proc/thread-self/root/proc/thread-self/root/proc/thread-self/root/proc/self/root/proc/thread-self/root/proc/thread-self/root/proc/self/root/proc/thread-self/root/proc/self/root/lib/firmware/brcm/brcmfmac43455-sdio.Radxa-ROCK%20Pi%20X.txt&path=//proc/self/root/proc/thread-self/root/proc/thread-self/root/proc/thread-self/root/proc/self/root/proc/thread-self/root/proc/thread-self/root/proc/self/root/proc/thread-self/root/proc/self/root/lib/firmware/brcm HTTP/1.1" 200 3605 "-" "Mozilla/5.0 AppleWebKit/537.36 (KHTML, like Gecko; compatible; GPTBot/1.2; +https://openai.com/gptbot)"
44.205.192.249 - - [26/Oct/2025:09:26:57 -0400] "GET /eurogrand-kasino-probe-alle-erfahrungen-zum-euro-grand-vertrauenswurdig-login-pramie-2024-villa30-senderaum/?path=//lib/firmware/isci HTTP/1.1" 200 3336 "-" "Mozilla/5.0 AppleWebKit/537.36 (KHTML, like Gecko; compatible; Amazonbot/0.1; +https://developer.amazon.com/support/amazonbot) Chrome/119.0.6045.214 Safari/537.36"
66.249.65.197 - - [26/Oct/2025:09:26:59 -0400] "GET /items/999354402.htm?fileloc=//tmp/4bbb35/all-skrill-casinos.html&path=//tmp/4bbb35 HTTP/1.1" 200 19547 "-" "Mozilla/5.0 (Linux; Android 6.0.1; Nexus 5X Build/MMB29P) AppleWebKit/537.36 (KHTML, like Gecko) Chrome/141.0.7390.122 Mobile Safari/537.36 (compatible; GoogleOther)"
20.171.207.149 - - [26/Oct/2025:09:26:59 -0400] "GET /?path=//proc/self/root/proc/thread-self/root/proc/thread-self/root/proc/thread-self/root/proc/self/root/proc/thread-self/root/proc/thread-self/root/proc/self/root/proc/thread-self/root/proc/self/root/lib/firmware/qcom HTTP/1.1" 200 4575 "-" "Mozilla/5.0 AppleWebKit/537.36 (KHTML, like Gecko; compatible; GPTBot/1.2; +https://openai.com/gptbot)"
20.171.207.149 - - [26/Oct/2025:09:27:02 -0400] "GET /?path=//proc/self/root/proc/thread-self/root/proc/thread-self/root/proc/thread-self/root/proc/self/root/proc/thread-self/root/proc/thread-self/root/proc/self/root/proc/thread-self/root/proc/self/root/lib/firmware/intel HTTP/1.1" 200 6521 "-" "Mozilla/5.0 AppleWebKit/537.36 (KHTML, like Gecko; compatible; GPTBot/1.2; +https://openai.com/gptbot)"
52.44.148.203 - - [26/Oct/2025:09:27:03 -0400] "GET /freispiele-blos-einzahlung2025-beste-freespins-kostenfrei/?path=//opt/alt/alt-nodejs19 HTTP/1.1" 200 3435 "-" "Mozilla/5.0 AppleWebKit/537.36 (KHTML, like Gecko; compatible; Amazonbot/0.1; +https://developer.amazon.com/support/amazonbot) Chrome/119.0.6045.214 Safari/537.36"
66.249.65.197 - - [26/Oct/2025:09:27:03 -0400] "GET /items/1757897392.htm HTTP/1.1" 200 20040 "-" "Mozilla/5.0 (Linux; Android 6.0.1; Nexus 5X Build/MMB29P) AppleWebKit/537.36 (KHTML, like Gecko) Chrome/141.0.7390.122 Mobile Safari/537.36 (compatible; GoogleOther)"
98.84.60.17 - - [26/Oct/2025:09:27:05 -0400] "GET /about-us/?path=//opt/cloudlinux/venv/lib HTTP/1.1" 200 3336 "-" "Mozilla/5.0 AppleWebKit/537.36 (KHTML, like Gecko; compatible; Amazonbot/0.1; +https://developer.amazon.com/support/amazonbot) Chrome/119.0.6045.214 Safari/537.36"
20.171.207.149 - - [26/Oct/2025:09:27:06 -0400] "GET /?path=//proc/self/root/proc/thread-self/root/proc/thread-self/root/proc/thread-self/root/proc/self/root/proc/thread-self/root/proc/thread-self/root/proc/self/root/proc/thread-self/root/proc/self/root/usr/lib/fontconfig HTTP/1.1" 200 2955 "-" "Mozilla/5.0 AppleWebKit/537.36 (KHTML, like Gecko; compatible; GPTBot/1.2; +https://openai.com/gptbot)"
66.249.65.197 - - [26/Oct/2025:09:27:06 -0400] "GET /items/617330355.htm?path=/home/creaqbdc/public_html/cgi-bin HTTP/1.1" 200 19624 "-" "Mozilla/5.0 (Linux; Android 6.0.1; Nexus 5X Build/MMB29P) AppleWebKit/537.36 (KHTML, like Gecko) Chrome/141.0.7390.122 Mobile Safari/537.36 (compatible; GoogleOther)"
98.84.70.201 - - [26/Oct/2025:09:27:08 -0400] "GET /book-of-ra-fur-nusse-zum-besten-geben-blos-eintragung/?path=//lib/.build-id/70 HTTP/1.1" 200 4283 "-" "Mozilla/5.0 AppleWebKit/537.36 (KHTML, like Gecko; compatible; Amazonbot/0.1; +https://developer.amazon.com/support/amazonbot) Chrome/119.0.6045.214 Safari/537.36"
20.171.207.149 - - [26/Oct/2025:09:27:09 -0400] "GET /?path=//proc/self/root/proc/thread-self/root/proc/thread-self/root/proc/thread-self/root/proc/self/root/proc/thread-self/root/proc/thread-self/root/proc/self/root/proc/thread-self/root/proc/self/root/opt/cpanel/libtidy HTTP/1.1" 200 2989 "-" "Mozilla/5.0 AppleWebKit/537.36 (KHTML, like Gecko; compatible; GPTBot/1.2; +https://openai.com/gptbot)"
20.171.207.149 - - [26/Oct/2025:09:27:12 -0400] "GET /?fileloc=//proc/self/root/proc/thread-self/root/proc/thread-self/root/proc/thread-self/root/proc/self/root/proc/thread-self/root/proc/thread-self/root/proc/self/root/proc/thread-self/root/proc/self/root/lib/firmware/qcom/a663_gmu.bin&path=//proc/self/root/proc/thread-self/root/proc/thread-self/root/proc/thread-self/root/proc/self/root/proc/thread-self/root/proc/thread-self/root/proc/self/root/proc/thread-self/root/proc/self/root/lib/firmware/qcom HTTP/1.1" 200 2639 "-" "Mozilla/5.0 AppleWebKit/537.36 (KHTML, like Gecko; compatible; GPTBot/1.2; +https://openai.com/gptbot)"
184.73.167.217 - - [26/Oct/2025:09:27:14 -0400] "GET /a-journey-through-timeless-realms-in-crash-x-game/?path=//lib64/python3.6/venv/scripts HTTP/1.1" 200 3410 "-" "Mozilla/5.0 AppleWebKit/537.36 (KHTML, like Gecko; compatible; Amazonbot/0.1; +https://developer.amazon.com/support/amazonbot) Chrome/119.0.6045.214 Safari/537.36"
66.249.65.197 - - [26/Oct/2025:09:27:14 -0400] "GET /q-~204u5imLb6CqXXaoaocskSfTSirjGtdZJ22967/ HTTP/1.1" 200 20522 "-" "Mozilla/5.0 (Linux; Android 6.0.1; Nexus 5X Build/MMB29P) AppleWebKit/537.36 (KHTML, like Gecko) Chrome/141.0.7390.122 Mobile Safari/537.36 (compatible; GoogleOther)"
20.171.207.149 - - [26/Oct/2025:09:27:15 -0400] "GET /?path=//proc/self/root/proc/thread-self/root/proc/thread-self/root/proc/thread-self/root/proc/self/root/proc/thread-self/root/proc/thread-self/root/proc/self/root/proc/thread-self/root/proc/self/root/lib/firmware/moxa HTTP/1.1" 200 3234 "-" "Mozilla/5.0 AppleWebKit/537.36 (KHTML, like Gecko; compatible; GPTBot/1.2; +https://openai.com/gptbot)"
66.249.65.197 - - [26/Oct/2025:09:27:16 -0400] "GET /q-~142bY0rFBVHAHOHvjfwCURR43vlvg8j4f22605/ HTTP/1.1" 200 19609 "-" "Mozilla/5.0 (Linux; Android 6.0.1; Nexus 5X Build/MMB29P) AppleWebKit/537.36 (KHTML, like Gecko) Chrome/141.0.7390.122 Mobile Safari/537.36 (compatible; GoogleOther)"
66.249.65.197 - - [26/Oct/2025:09:27:18 -0400] "GET /items/360044315.htm HTTP/1.1" 200 20292 "-" "Mozilla/5.0 (Linux; Android 6.0.1; Nexus 5X Build/MMB29P) AppleWebKit/537.36 (KHTML, like Gecko) Chrome/141.0.7390.122 Mobile Safari/537.36 (compatible; GoogleOther)"
52.22.64.232 - - [26/Oct/2025:09:27:18 -0400] "GET /services/custom-renovations/?path=//opt/cpanel/ea-openssl/lib HTTP/1.1" 200 3756 "-" "Mozilla/5.0 AppleWebKit/537.36 (KHTML, like Gecko; compatible; Amazonbot/0.1; +https://developer.amazon.com/support/amazonbot) Chrome/119.0.6045.214 Safari/537.36"
20.171.207.149 - - [26/Oct/2025:09:27:18 -0400] "GET /?path=//proc/self/root/proc/thread-self/root/proc/thread-self/root/proc/thread-self/root/proc/self/root/proc/thread-self/root/proc/thread-self/root/proc/self/root/proc/thread-self/root/proc/self/root/lib/firmware/meson HTTP/1.1" 200 2957 "-" "Mozilla/5.0 AppleWebKit/537.36 (KHTML, like Gecko; compatible; GPTBot/1.2; +https://openai.com/gptbot)"
66.249.65.197 - - [26/Oct/2025:09:27:20 -0400] "GET /items/1830696034.htm?fileloc=//lib64/libImath-2_2.so.12.0.0&path=//lib64 HTTP/1.1" 200 20154 "-" "Mozilla/5.0 (Linux; Android 6.0.1; Nexus 5X Build/MMB29P) AppleWebKit/537.36 (KHTML, like Gecko) Chrome/141.0.7390.122 Mobile Safari/537.36 (compatible; GoogleOther)"
20.171.207.149 - - [26/Oct/2025:09:27:21 -0400] "GET /?path=//proc/self/root/proc/thread-self/root/proc/thread-self/root/proc/thread-self/root/proc/self/root/proc/thread-self/root/proc/thread-self/root/proc/self/root/proc/thread-self/root/proc/self/root/lib/firmware/isci HTTP/1.1" 200 2978 "-" "Mozilla/5.0 AppleWebKit/537.36 (KHTML, like Gecko; compatible; GPTBot/1.2; +https://openai.com/gptbot)"
3.219.80.71 - - [26/Oct/2025:09:27:22 -0400] "GET /services/window-tinting/?path=//lib/.build-id/7c HTTP/1.1" 200 4182 "-" "Mozilla/5.0 AppleWebKit/537.36 (KHTML, like Gecko; compatible; Amazonbot/0.1; +https://developer.amazon.com/support/amazonbot) Chrome/119.0.6045.214 Safari/537.36"
20.171.207.149 - - [26/Oct/2025:09:27:24 -0400] "GET /?path=//proc/self/root/proc/thread-self/root/proc/thread-self/root/proc/thread-self/root/proc/self/root/proc/thread-self/root/proc/thread-self/root/proc/self/root/proc/thread-self/root/proc/self/root/lib/sysimage HTTP/1.1" 200 2677 "-" "Mozilla/5.0 AppleWebKit/537.36 (KHTML, like Gecko; compatible; GPTBot/1.2; +https://openai.com/gptbot)"
66.249.65.197 - - [26/Oct/2025:09:27:25 -0400] "GET /items/1633901357.htm?fileloc=/home/creaqbdc/public_html/wp-includes/class-wp-session-tokens.php&path=/home/creaqbdc/public_html/wp-includes HTTP/1.1" 200 19896 "-" "Mozilla/5.0 (Linux; Android 6.0.1; Nexus 5X Build/MMB29P) AppleWebKit/537.36 (KHTML, like Gecko) Chrome/141.0.7390.122 Mobile Safari/537.36 (compatible; GoogleOther)"
52.200.142.199 - - [26/Oct/2025:09:27:26 -0400] "GET /freispiele-blos-einzahlung2025-beste-freespins-kostenfrei/?path=//opt/alt/cyrus-sasl HTTP/1.1" 200 3489 "-" "Mozilla/5.0 AppleWebKit/537.36 (KHTML, like Gecko; compatible; Amazonbot/0.1; +https://developer.amazon.com/support/amazonbot) Chrome/119.0.6045.214 Safari/537.36"
20.171.207.149 - - [26/Oct/2025:09:27:28 -0400] "GET /?path=//proc/self/root/proc/thread-self/root/proc/thread-self/root/proc/thread-self/root/proc/self/root/proc/thread-self/root/proc/thread-self/root/proc/self/root/proc/thread-self/root/proc/self/root/lib/firmware/atmel HTTP/1.1" 200 3149 "-" "Mozilla/5.0 AppleWebKit/537.36 (KHTML, like Gecko; compatible; GPTBot/1.2; +https://openai.com/gptbot)"
66.249.65.197 - - [26/Oct/2025:09:27:28 -0400] "GET /items/1196584512.htm?fileloc=//lib64/libgio-2.0.so.0.5600.4&path=//lib64 HTTP/1.1" 200 19563 "-" "Mozilla/5.0 (Linux; Android 6.0.1; Nexus 5X Build/MMB29P) AppleWebKit/537.36 (KHTML, like Gecko) Chrome/141.0.7390.122 Mobile Safari/537.36 (compatible; GoogleOther)"
44.212.232.231 - - [26/Oct/2025:09:27:30 -0400] "GET /beste-versorger-provision/?path=//lib/.build-id/fd HTTP/1.1" 200 4599 "-" "Mozilla/5.0 AppleWebKit/537.36 (KHTML, like Gecko; compatible; Amazonbot/0.1; +https://developer.amazon.com/support/amazonbot) Chrome/119.0.6045.214 Safari/537.36"
20.171.207.149 - - [26/Oct/2025:09:27:31 -0400] "GET /?path=//proc/self/root/proc/thread-self/root/proc/thread-self/root/proc/thread-self/root/proc/self/root/proc/thread-self/root/proc/thread-self/root/proc/self/root/proc/thread-self/root/proc/self/root/etc/default HTTP/1.1" 403 1242 "-" "Mozilla/5.0 AppleWebKit/537.36 (KHTML, like Gecko; compatible; GPTBot/1.2; +https://openai.com/gptbot)"
3.212.205.90 - - [26/Oct/2025:09:27:32 -0400] "GET /?path=//home1 HTTP/1.1" 200 3001 "-" "Mozilla/5.0 AppleWebKit/537.36 (KHTML, like Gecko; compatible; Amazonbot/0.1; +https://developer.amazon.com/support/amazonbot) Chrome/119.0.6045.214 Safari/537.36"
20.171.207.149 - - [26/Oct/2025:09:27:34 -0400] "GET /?path=//proc/self/root/proc/thread-self/root/proc/thread-self/root/proc/thread-self/root/proc/self/root/proc/thread-self/root/proc/self/root/proc/self/root/proc/self/root/proc/self/root/proc/self/root/etc/default HTTP/1.1" 403 1242 "-" "Mozilla/5.0 AppleWebKit/537.36 (KHTML, like Gecko; compatible; GPTBot/1.2; +https://openai.com/gptbot)"
66.249.65.197 - - [26/Oct/2025:09:27:34 -0400] "GET /m154007840?srsltid=AfmBOoPqPhxrZmsdRICiAV_H9sXKMMkia_96RjXX0r-S-5Uff4g8gC HTTP/1.1" 200 19474 "-" "Mozilla/5.0 (Linux; Android 6.0.1; Nexus 5X Build/MMB29P) AppleWebKit/537.36 (KHTML, like Gecko) Chrome/141.0.7390.122 Mobile Safari/537.36 (compatible; GoogleOther)"
66.249.65.197 - - [26/Oct/2025:09:27:36 -0400] "GET /items/663179695.htm?fileloc=/home/creaqbdc/public_html/wp-includes/class-wp-http-streams.php?man/kaitori/kaitoritop.html HTTP/1.1" 200 19763 "-" "Mozilla/5.0 (Linux; Android 6.0.1; Nexus 5X Build/MMB29P) AppleWebKit/537.36 (KHTML, like Gecko) Chrome/141.0.7390.122 Mobile Safari/537.36 (compatible; GoogleOther)"
20.171.207.149 - - [26/Oct/2025:09:27:37 -0400] "GET /?path=//proc/self/root/proc/thread-self/root/proc/thread-self/root/proc/thread-self/root/proc/self/root/proc/thread-self/root/proc/thread-self/root/proc/self/root/proc/thread-self/root/proc/self/root/lib/environment.d HTTP/1.1" 200 2963 "-" "Mozilla/5.0 AppleWebKit/537.36 (KHTML, like Gecko; compatible; GPTBot/1.2; +https://openai.com/gptbot)"
18.208.11.93 - - [26/Oct/2025:09:27:38 -0400] "GET /beste-versorger-provision/?path=//lib/firmware/ti-keystone HTTP/1.1" 200 3367 "-" "Mozilla/5.0 AppleWebKit/537.36 (KHTML, like Gecko; compatible; Amazonbot/0.1; +https://developer.amazon.com/support/amazonbot) Chrome/119.0.6045.214 Safari/537.36"
66.249.65.197 - - [26/Oct/2025:09:27:39 -0400] "GET /belletoi-xxnphmj4xmxr7k64wctrezcjz4 HTTP/1.1" 200 20300 "-" "Mozilla/5.0 (Linux; Android 6.0.1; Nexus 5X Build/MMB29P) AppleWebKit/537.36 (KHTML, like Gecko) Chrome/141.0.7390.122 Mobile Safari/537.36 (compatible; GoogleOther)"
20.171.207.149 - - [26/Oct/2025:09:27:40 -0400] "GET /?path=//lib64 HTTP/1.1" 200 47778 "-" "Mozilla/5.0 AppleWebKit/537.36 (KHTML, like Gecko; compatible; GPTBot/1.2; +https://openai.com/gptbot)"
52.200.54.136 - - [26/Oct/2025:09:27:41 -0400] "GET /beste-versorger-provision/?path=//lib64/perl5/asm HTTP/1.1" 200 3963 "-" "Mozilla/5.0 AppleWebKit/537.36 (KHTML, like Gecko; compatible; Amazonbot/0.1; +https://developer.amazon.com/support/amazonbot) Chrome/119.0.6045.214 Safari/537.36"
66.249.65.197 - - [26/Oct/2025:09:27:42 -0400] "GET /items/1122182788.htm?fileloc=//lib64/libverto-libev.so.1.0.0&path=//lib64 HTTP/1.1" 200 19786 "-" "Mozilla/5.0 (Linux; Android 6.0.1; Nexus 5X Build/MMB29P) AppleWebKit/537.36 (KHTML, like Gecko) Chrome/141.0.7390.122 Mobile Safari/537.36 (compatible; GoogleOther)"
20.171.207.149 - - [26/Oct/2025:09:27:44 -0400] "GET /?path=//proc/self/root/proc/thread-self/root/proc/thread-self/root/proc/thread-self/root/proc/self/root/proc/thread-self/root/proc/self/root/proc/self/root/proc/self/root/proc/self/root/proc/self/root/home/creaqbdc/www/tmp HTTP/1.1" 200 3090 "-" "Mozilla/5.0 AppleWebKit/537.36 (KHTML, like Gecko; compatible; GPTBot/1.2; +https://openai.com/gptbot)"
69.197.179.242 - - [26/Oct/2025:09:27:43 -0400] "GET /wp-includes/plf56b4b/edit.php?id=421356 HTTP/1.1" 200 0 "https://creativefinishings.com/wp-includes/plf56b4b/edit.php?id=421356" "Mozilla/5.0 (Windows NT 10.0; Win64; x64) AppleWebKit/537.36 (KHTML, like Gecko) Chrome/58.0.3029.110 Safari/537.3"
52.45.194.165 - - [26/Oct/2025:09:27:45 -0400] "GET /eurogrand-kasino-probe-alle-erfahrungen-zum-euro-grand-vertrauenswurdig-login-pramie-2024-villa30-senderaum/?path=//lib/.build-id/5f HTTP/1.1" 200 4418 "-" "Mozilla/5.0 AppleWebKit/537.36 (KHTML, like Gecko; compatible; Amazonbot/0.1; +https://developer.amazon.com/support/amazonbot) Chrome/119.0.6045.214 Safari/537.36"
66.249.65.198 - - [26/Oct/2025:09:27:47 -0400] "GET /q-~44Z2gcWOwYgiOxzGXFrQm0dluZ957sxK7137/ HTTP/1.1" 200 19944 "-" "Mozilla/5.0 (Linux; Android 6.0.1; Nexus 5X Build/MMB29P) AppleWebKit/537.36 (KHTML, like Gecko) Chrome/141.0.7390.122 Mobile Safari/537.36 (compatible; GoogleOther)"
20.171.207.149 - - [26/Oct/2025:09:27:47 -0400] "GET /?path=//proc/self/root/proc/thread-self/root/proc/thread-self/root/proc/thread-self/root/proc/self/root/proc/thread-self/root/proc/thread-self/root/proc/self/root/proc/thread-self/root/proc/self/root/proc/self/root/var/www HTTP/1.1" 200 2986 "-" "Mozilla/5.0 AppleWebKit/537.36 (KHTML, like Gecko; compatible; GPTBot/1.2; +https://openai.com/gptbot)"
34.225.138.57 - - [26/Oct/2025:09:27:48 -0400] "GET /eurogrand-kasino-probe-alle-erfahrungen-zum-euro-grand-vertrauenswurdig-login-pramie-2024-villa30-senderaum/?path=//lib/.build-id/bc HTTP/1.1" 200 4655 "-" "Mozilla/5.0 AppleWebKit/537.36 (KHTML, like Gecko; compatible; Amazonbot/0.1; +https://developer.amazon.com/support/amazonbot) Chrome/119.0.6045.214 Safari/537.36"
66.249.65.198 - - [26/Oct/2025:09:27:49 -0400] "GET /items/1633901357.htm?fileloc=/home/creaqbdc/public_html/wp-includes/ms-deprecated.php&path=/home/creaqbdc/public_html/wp-includes HTTP/1.1" 200 19679 "-" "Mozilla/5.0 (Linux; Android 6.0.1; Nexus 5X Build/MMB29P) AppleWebKit/537.36 (KHTML, like Gecko) Chrome/141.0.7390.122 Mobile Safari/537.36 (compatible; GoogleOther)"
20.171.207.149 - - [26/Oct/2025:09:27:50 -0400] "GET /?fileloc=//proc/self/root/proc/thread-self/root/proc/thread-self/root/proc/thread-self/root/proc/self/root/proc/thread-self/root/proc/self/root/proc/self/root/proc/self/root/proc/self/root/proc/self/root/usr/lib/systemd/user/systemd-exit.service&path=//proc/self/root/proc/thread-self/root/proc/thread-self/root/proc/thread-self/root/proc/self/root/proc/thread-self/root/proc/self/root/proc/self/root/proc/self/root/proc/self/root/proc/self/root/usr/lib/systemd/user HTTP/1.1" 200 2962 "-" "Mozilla/5.0 AppleWebKit/537.36 (KHTML, like Gecko; compatible; GPTBot/1.2; +https://openai.com/gptbot)"
23.23.103.31 - - [26/Oct/2025:09:27:52 -0400] "GET /verkettete-liste-inside-5-linien-gemeinsam/?path=//opt/plesk/php/5.6 HTTP/1.1" 200 3322 "-" "Mozilla/5.0 AppleWebKit/537.36 (KHTML, like Gecko; compatible; Amazonbot/0.1; +https://developer.amazon.com/support/amazonbot) Chrome/119.0.6045.214 Safari/537.36"
66.249.65.198 - - [26/Oct/2025:09:27:54 -0400] "GET /q-~2QAyvTc8TJtoqZEDDhTyKNarn01Ay4D8075/ HTTP/1.1" 200 19970 "-" "Mozilla/5.0 (Linux; Android 6.0.1; Nexus 5X Build/MMB29P) AppleWebKit/537.36 (KHTML, like Gecko) Chrome/141.0.7390.122 Mobile Safari/537.36 (compatible; GoogleOther)"
20.171.207.149 - - [26/Oct/2025:09:27:53 -0400] "GET /?fileloc=//proc/self/root/proc/thread-self/root/proc/thread-self/root/proc/thread-self/root/proc/self/root/proc/thread-self/root/proc/self/root/proc/self/root/proc/self/root/proc/self/root/proc/self/root/lib/systemd/user/gpg-agent.service&path=//proc/self/root/proc/thread-self/root/proc/thread-self/root/proc/thread-self/root/proc/self/root/proc/thread-self/root/proc/self/root/proc/self/root/proc/self/root/proc/self/root/proc/self/root/lib/systemd/user HTTP/1.1" 200 2778 "-" "Mozilla/5.0 AppleWebKit/537.36 (KHTML, like Gecko; compatible; GPTBot/1.2; +https://openai.com/gptbot)"
20.171.207.149 - - [26/Oct/2025:09:27:56 -0400] "GET /?fileloc=//lib64/libQt5MultimediaQuick.so.5.15&path=//lib64 HTTP/1.1" 200 2438 "-" "Mozilla/5.0 AppleWebKit/537.36 (KHTML, like Gecko; compatible; GPTBot/1.2; +https://openai.com/gptbot)"
66.249.65.198 - - [26/Oct/2025:09:27:57 -0400] "GET /items/1830696034.htm?fileloc=//lib64/libldap.so&path=//lib64 HTTP/1.1" 200 19843 "-" "Mozilla/5.0 (Linux; Android 6.0.1; Nexus 5X Build/MMB29P) AppleWebKit/537.36 (KHTML, like Gecko) Chrome/141.0.7390.122 Mobile Safari/537.36 (compatible; GoogleOther)"
34.226.89.140 - - [26/Oct/2025:09:27:57 -0400] "GET /bathrooms/?path=//lib/.build-id/b0 HTTP/1.1" 200 5236 "-" "Mozilla/5.0 AppleWebKit/537.36 (KHTML, like Gecko; compatible; Amazonbot/0.1; +https://developer.amazon.com/support/amazonbot) Chrome/119.0.6045.214 Safari/537.36"
20.171.207.149 - - [26/Oct/2025:09:28:00 -0400] "GET /?fileloc=//lib64/libtss2-tcti-device.so.0.0.0&path=//lib64 HTTP/1.1" 200 2432 "-" "Mozilla/5.0 AppleWebKit/537.36 (KHTML, like Gecko; compatible; GPTBot/1.2; +https://openai.com/gptbot)"
35.172.125.172 - - [26/Oct/2025:09:28:01 -0400] "GET /a-journey-through-timeless-realms-in-crash-x-game/?path=//opt/cpanel/ea-openssl/include HTTP/1.1" 200 3335 "-" "Mozilla/5.0 AppleWebKit/537.36 (KHTML, like Gecko; compatible; Amazonbot/0.1; +https://developer.amazon.com/support/amazonbot) Chrome/119.0.6045.214 Safari/537.36"
66.249.65.199 - - [26/Oct/2025:09:28:01 -0400] "GET /q-~52TqieLYQsMOsV4ibWo8jE5EOu8kumPE1031/ HTTP/1.1" 200 19779 "-" "Mozilla/5.0 (Linux; Android 6.0.1; Nexus 5X Build/MMB29P) AppleWebKit/537.36 (KHTML, like Gecko) Chrome/141.0.7390.122 Mobile Safari/537.36 (compatible; GoogleOther)"
20.171.207.149 - - [26/Oct/2025:09:28:03 -0400] "GET /?fileloc=//lib64/Scrt1.o&path=//lib64 HTTP/1.1" 200 2420 "-" "Mozilla/5.0 AppleWebKit/537.36 (KHTML, like Gecko; compatible; GPTBot/1.2; +https://openai.com/gptbot)"
66.249.65.197 - - [26/Oct/2025:09:28:04 -0400] "GET /?p=16663 HTTP/1.1" 200 19989 "-" "Mozilla/5.0 (Linux; Android 6.0.1; Nexus 5X Build/MMB29P) AppleWebKit/537.36 (KHTML, like Gecko) Chrome/141.0.7390.122 Mobile Safari/537.36 (compatible; GoogleOther)"
3.226.34.98 - - [26/Oct/2025:09:28:05 -0400] "GET /book-of-ra-magic-kostenlos-spielen-ohne-anmeldung/?path=//lib/.build-id/58 HTTP/1.1" 200 4468 "-" "Mozilla/5.0 AppleWebKit/537.36 (KHTML, like Gecko; compatible; Amazonbot/0.1; +https://developer.amazon.com/support/amazonbot) Chrome/119.0.6045.214 Safari/537.36"
20.171.207.149 - - [26/Oct/2025:09:28:06 -0400] "GET /?fileloc=//lib64/liblzo2.so.2&path=//lib64 HTTP/1.1" 200 2424 "-" "Mozilla/5.0 AppleWebKit/537.36 (KHTML, like Gecko; compatible; GPTBot/1.2; +https://openai.com/gptbot)"
66.249.65.198 - - [26/Oct/2025:09:28:08 -0400] "GET /items/418567589.htm?fileloc=/home/creaqbdc/.softaculous/user.php?feature/idol/gradol.html HTTP/1.1" 200 20565 "-" "Mozilla/5.0 (Linux; Android 6.0.1; Nexus 5X Build/MMB29P) AppleWebKit/537.36 (KHTML, like Gecko) Chrome/141.0.7390.122 Mobile Safari/537.36 (compatible; GoogleOther)"
20.171.207.149 - - [26/Oct/2025:09:28:09 -0400] "GET /?fileloc=//proc/self/root/proc/thread-self/root/proc/thread-self/root/proc/thread-self/root/proc/self/root/proc/thread-self/root/proc/self/root/proc/self/root/proc/self/root/proc/self/root/proc/self/root/usr/lib/systemd/user/gpg-agent.service&path=//proc/self/root/proc/thread-self/root/proc/thread-self/root/proc/thread-self/root/proc/self/root/proc/thread-self/root/proc/self/root/proc/self/root/proc/self/root/proc/self/root/proc/self/root/usr/lib/systemd/user HTTP/1.1" 200 2785 "-" "Mozilla/5.0 AppleWebKit/537.36 (KHTML, like Gecko; compatible; GPTBot/1.2; +https://openai.com/gptbot)"
18.211.148.239 - - [26/Oct/2025:09:28:10 -0400] "GET /blogs/?path=//lib/.build-id/de HTTP/1.1" 200 4101 "-" "Mozilla/5.0 AppleWebKit/537.36 (KHTML, like Gecko; compatible; Amazonbot/0.1; +https://developer.amazon.com/support/amazonbot) Chrome/119.0.6045.214 Safari/537.36"
35.174.253.85 - - [26/Oct/2025:09:28:12 -0400] "GET /book-of-ra-fur-nusse-zum-besten-geben-blos-eintragung/?path=//var/run/console HTTP/1.1" 200 3022 "-" "Mozilla/5.0 AppleWebKit/537.36 (KHTML, like Gecko; compatible; Amazonbot/0.1; +https://developer.amazon.com/support/amazonbot) Chrome/119.0.6045.214 Safari/537.36"
20.171.207.149 - - [26/Oct/2025:09:28:12 -0400] "GET /?fileloc=//lib64/libXaw.so.7&path=//lib64 HTTP/1.1" 200 2421 "-" "Mozilla/5.0 AppleWebKit/537.36 (KHTML, like Gecko; compatible; GPTBot/1.2; +https://openai.com/gptbot)"
66.249.65.197 - - [26/Oct/2025:09:28:16 -0400] "GET /items/1383710700.htm HTTP/1.1" 200 20601 "-" "Mozilla/5.0 (Linux; Android 6.0.1; Nexus 5X Build/MMB29P) AppleWebKit/537.36 (KHTML, like Gecko) Chrome/141.0.7390.122 Mobile Safari/537.36 (compatible; GoogleOther)"
20.171.207.149 - - [26/Oct/2025:09:28:15 -0400] "GET /?fileloc=//lib64/libgettextsrc-0.19.8.1.so&path=//lib64 HTTP/1.1" 200 2433 "-" "Mozilla/5.0 AppleWebKit/537.36 (KHTML, like Gecko; compatible; GPTBot/1.2; +https://openai.com/gptbot)"
52.204.89.12 - - [26/Oct/2025:09:28:18 -0400] "GET /book-of-ra-magic-kostenlos-spielen-ohne-anmeldung/?fileloc=//lib64/gconv/EUC-CN.so&path=//lib64/gconv HTTP/1.1" 200 2947 "-" "Mozilla/5.0 AppleWebKit/537.36 (KHTML, like Gecko; compatible; Amazonbot/0.1; +https://developer.amazon.com/support/amazonbot) Chrome/119.0.6045.214 Safari/537.36"
66.249.65.197 - - [26/Oct/2025:09:28:18 -0400] "GET /q-~269mhuvjTkwHyAi2RKMdkT7jB8wglc1ij26690/ HTTP/1.1" 200 19812 "-" "Mozilla/5.0 (Linux; Android 6.0.1; Nexus 5X Build/MMB29P) AppleWebKit/537.36 (KHTML, like Gecko) Chrome/141.0.7390.122 Mobile Safari/537.36 (compatible; GoogleOther)"
20.171.207.149 - - [26/Oct/2025:09:28:18 -0400] "GET /?fileloc=//lib64/libpspell.so.15.1.5&path=//lib64 HTTP/1.1" 200 2430 "-" "Mozilla/5.0 AppleWebKit/537.36 (KHTML, like Gecko; compatible; GPTBot/1.2; +https://openai.com/gptbot)"
35.170.205.140 - - [26/Oct/2025:09:28:21 -0400] "GET /blogs/?path=//lib/.build-id/1c HTTP/1.1" 200 4534 "-" "Mozilla/5.0 AppleWebKit/537.36 (KHTML, like Gecko; compatible; Amazonbot/0.1; +https://developer.amazon.com/support/amazonbot) Chrome/119.0.6045.214 Safari/537.36"
20.171.207.149 - - [26/Oct/2025:09:28:22 -0400] "GET /?fileloc=//lib64/libverto.so&path=//lib64 HTTP/1.1" 200 2421 "-" "Mozilla/5.0 AppleWebKit/537.36 (KHTML, like Gecko; compatible; GPTBot/1.2; +https://openai.com/gptbot)"
66.249.65.197 - - [26/Oct/2025:09:28:22 -0400] "GET /q-~28Hsl66HJPubUISUmGf43lcJ5v3gVUpo45/ HTTP/1.1" 200 20050 "-" "Mozilla/5.0 (Linux; Android 6.0.1; Nexus 5X Build/MMB29P) AppleWebKit/537.36 (KHTML, like Gecko) Chrome/141.0.7390.122 Mobile Safari/537.36 (compatible; Googlebot/2.1; +http://www.google.com/bot.html)"
66.249.65.197 - - [26/Oct/2025:09:28:23 -0400] "GET /items/1172945073.htm HTTP/1.1" 200 19469 "-" "Mozilla/5.0 (Linux; Android 6.0.1; Nexus 5X Build/MMB29P) AppleWebKit/537.36 (KHTML, like Gecko) Chrome/141.0.7390.122 Mobile Safari/537.36 (compatible; Googlebot/2.1; +http://www.google.com/bot.html)"
66.249.65.197 - - [26/Oct/2025:09:28:23 -0400] "GET /?q=2148186115800&channel=199e08&from=https://creativefinishings.com/select.cgi?q-~30BQCJeB0ynoZPP6n6PWCiH9Zc9H8HGG293/ HTTP/1.1" 200 20139 "-" "Mozilla/5.0 (Linux; Android 6.0.1; Nexus 5X Build/MMB29P) AppleWebKit/537.36 (KHTML, like Gecko) Chrome/141.0.7390.122 Mobile Safari/537.36 (compatible; Googlebot/2.1; +http://www.google.com/bot.html)"
66.249.65.197 - - [26/Oct/2025:09:28:23 -0400] "GET /m237036059?srsltid=AfmBOoNxhNyNPBNENkOp1r_bmglzgFiG2_GEBxEtqY-G-Xl5WV0JZU HTTP/1.1" 200 19951 "-" "Mozilla/5.0 (Linux; Android 6.0.1; Nexus 5X Build/MMB29P) AppleWebKit/537.36 (KHTML, like Gecko) Chrome/141.0.7390.122 Mobile Safari/537.36 (compatible; Googlebot/2.1; +http://www.google.com/bot.html)"
66.249.65.197 - - [26/Oct/2025:09:28:24 -0400] "GET /items/562415542.htm?fileloc=//proc/irq/8/spurious&path=//proc/irq/8 HTTP/1.1" 200 21763 "-" "Mozilla/5.0 (Linux; Android 6.0.1; Nexus 5X Build/MMB29P) AppleWebKit/537.36 (KHTML, like Gecko) Chrome/141.0.7390.122 Mobile Safari/537.36 (compatible; GoogleOther)"
20.171.207.149 - - [26/Oct/2025:09:28:25 -0400] "GET /?fileloc=//lib64/libfreetype.so&path=//lib64 HTTP/1.1" 200 2425 "-" "Mozilla/5.0 AppleWebKit/537.36 (KHTML, like Gecko; compatible; GPTBot/1.2; +https://openai.com/gptbot)"
52.70.123.241 - - [26/Oct/2025:09:28:25 -0400] "GET /a-journey-through-timeless-realms-in-crash-x-game/?path=//home/creaqbdc/.cpanel/nvdata HTTP/1.1" 200 4135 "-" "Mozilla/5.0 AppleWebKit/537.36 (KHTML, like Gecko; compatible; Amazonbot/0.1; +https://developer.amazon.com/support/amazonbot) Chrome/119.0.6045.214 Safari/537.36"
66.249.65.197 - - [26/Oct/2025:09:28:26 -0400] "GET /items/1830696034.htm?fileloc=//lib64/libpango-1.0.so.0&path=//lib64 HTTP/1.1" 200 19672 "-" "Mozilla/5.0 (Linux; Android 6.0.1; Nexus 5X Build/MMB29P) AppleWebKit/537.36 (KHTML, like Gecko) Chrome/141.0.7390.122 Mobile Safari/537.36 (compatible; GoogleOther)"
20.171.207.149 - - [26/Oct/2025:09:28:28 -0400] "GET /?fileloc=//lib64/libnss_compat.so.2&path=//lib64 HTTP/1.1" 200 2430 "-" "Mozilla/5.0 AppleWebKit/537.36 (KHTML, like Gecko; compatible; GPTBot/1.2; +https://openai.com/gptbot)"
66.249.65.197 - - [26/Oct/2025:09:28:30 -0400] "GET /items/1122182788.htm?fileloc=//tmp/phpePtHPr&path=//tmp HTTP/1.1" 200 19758 "-" "Mozilla/5.0 (Linux; Android 6.0.1; Nexus 5X Build/MMB29P) AppleWebKit/537.36 (KHTML, like Gecko) Chrome/141.0.7390.122 Mobile Safari/537.36 (compatible; GoogleOther)"
20.171.207.149 - - [26/Oct/2025:09:28:31 -0400] "GET /?fileloc=//lib64/libhwy_test.so.1.0.2&path=//lib64 HTTP/1.1" 200 2431 "-" "Mozilla/5.0 AppleWebKit/537.36 (KHTML, like Gecko; compatible; GPTBot/1.2; +https://openai.com/gptbot)"
35.153.86.200 - - [26/Oct/2025:09:28:32 -0400] "GET /spielbank-pramie-ohne-einzahlung-beste-no-vorleistung-boni-2025/?path=//lib/systemd/network HTTP/1.1" 200 3332 "-" "Mozilla/5.0 AppleWebKit/537.36 (KHTML, like Gecko; compatible; Amazonbot/0.1; +https://developer.amazon.com/support/amazonbot) Chrome/119.0.6045.214 Safari/537.36"
66.249.65.197 - - [26/Oct/2025:09:28:33 -0400] "GET /items/44808250.htm?fileloc=/home/creaqbdc/public_html/wp-includes/feed-rdf.php?items/42314919.htm HTTP/1.1" 200 19853 "-" "Mozilla/5.0 (Linux; Android 6.0.1; Nexus 5X Build/MMB29P) AppleWebKit/537.36 (KHTML, like Gecko) Chrome/141.0.7390.122 Mobile Safari/537.36 (compatible; GoogleOther)"
18.215.24.66 - - [26/Oct/2025:09:28:33 -0400] "GET /book-of-ra-fur-nusse-zum-besten-geben-blos-eintragung/?path=//usr/lib/.build-id HTTP/1.1" 200 9095 "-" "Mozilla/5.0 AppleWebKit/537.36 (KHTML, like Gecko; compatible; Amazonbot/0.1; +https://developer.amazon.com/support/amazonbot) Chrome/119.0.6045.214 Safari/537.36"
20.171.207.149 - - [26/Oct/2025:09:28:34 -0400] "GET /?path=//lib64/qt5 HTTP/1.1" 200 2834 "-" "Mozilla/5.0 AppleWebKit/537.36 (KHTML, like Gecko; compatible; GPTBot/1.2; +https://openai.com/gptbot)"
66.249.65.198 - - [26/Oct/2025:09:28:37 -0400] "GET /items/1756176688.htm?fileloc=/home/creaqbdc/public_html/wp-includes/template-canvas.php&path=/home/creaqbdc/public_html/wp-includes HTTP/1.1" 200 20312 "-" "Mozilla/5.0 (Linux; Android 6.0.1; Nexus 5X Build/MMB29P) AppleWebKit/537.36 (KHTML, like Gecko) Chrome/141.0.7390.122 Mobile Safari/537.36 (compatible; GoogleOther)"
20.171.207.149 - - [26/Oct/2025:09:28:37 -0400] "GET /?path=//lib64/X11 HTTP/1.1" 200 2485 "-" "Mozilla/5.0 AppleWebKit/537.36 (KHTML, like Gecko; compatible; GPTBot/1.2; +https://openai.com/gptbot)"
52.3.102.51 - - [26/Oct/2025:09:28:38 -0400] "GET /eurogrand-kasino-probe-alle-erfahrungen-zum-euro-grand-vertrauenswurdig-login-pramie-2024-villa30-senderaum/?path=//lib/firmware/amphion HTTP/1.1" 200 3309 "-" "Mozilla/5.0 AppleWebKit/537.36 (KHTML, like Gecko; compatible; Amazonbot/0.1; +https://developer.amazon.com/support/amazonbot) Chrome/119.0.6045.214 Safari/537.36"
66.249.65.198 - - [26/Oct/2025:09:28:40 -0400] "GET /items/1830696034.htm?path=//etc/cl.nodejs HTTP/1.1" 403 1242 "-" "Mozilla/5.0 (Linux; Android 6.0.1; Nexus 5X Build/MMB29P) AppleWebKit/537.36 (KHTML, like Gecko) Chrome/141.0.7390.122 Mobile Safari/537.36 (compatible; GoogleOther)"
20.171.207.149 - - [26/Oct/2025:09:28:40 -0400] "GET /?path=//lib64/bpf HTTP/1.1" 200 2485 "-" "Mozilla/5.0 AppleWebKit/537.36 (KHTML, like Gecko; compatible; GPTBot/1.2; +https://openai.com/gptbot)"
44.223.232.55 - - [26/Oct/2025:09:28:41 -0400] "GET /spielbank-pramie-ohne-einzahlung-beste-no-vorleistung-boni-2025/?path=//lib/NetworkManager/VPN HTTP/1.1" 200 3024 "-" "Mozilla/5.0 AppleWebKit/537.36 (KHTML, like Gecko; compatible; Amazonbot/0.1; +https://developer.amazon.com/support/amazonbot) Chrome/119.0.6045.214 Safari/537.36"
20.171.207.149 - - [26/Oct/2025:09:28:44 -0400] "GET /?path=//lib64/tls HTTP/1.1" 200 2486 "-" "Mozilla/5.0 AppleWebKit/537.36 (KHTML, like Gecko; compatible; GPTBot/1.2; +https://openai.com/gptbot)"
66.249.65.197 - - [26/Oct/2025:09:28:45 -0400] "GET /items/562415542.htm?fileloc=/home/creaqbdc/public_html/wp-includes/class-wp-admin-bar.php&path=/home/creaqbdc/public_html/wp-includes HTTP/1.1" 200 19411 "-" "Mozilla/5.0 (Linux; Android 6.0.1; Nexus 5X Build/MMB29P) AppleWebKit/537.36 (KHTML, like Gecko) Chrome/141.0.7390.122 Mobile Safari/537.36 (compatible; GoogleOther)"
63.141.249.210 - - [26/Oct/2025:09:28:45 -0400] "GET /wp-includes/plf56b4b/edit.php HTTP/1.1" 200 10 "http://creativefinishings.com/wp-includes/plf56b4b/edit.php" "Mozilla/5.0 (Windows NT 10.0; Win64; x64) AppleWebKit/537.36 (KHTML, like Gecko) Chrome/58.0.3029.110 Safari/537.3"
54.210.152.179 - - [26/Oct/2025:09:28:45 -0400] "GET /freispiele-blos-einzahlung2025-beste-freespins-kostenfrei/?path=//opt/alt/php73 HTTP/1.1" 200 3454 "-" "Mozilla/5.0 AppleWebKit/537.36 (KHTML, like Gecko; compatible; Amazonbot/0.1; +https://developer.amazon.com/support/amazonbot) Chrome/119.0.6045.214 Safari/537.36"
20.171.207.149 - - [26/Oct/2025:09:28:47 -0400] "GET /?path=//lib64/nss HTTP/1.1" 200 2781 "-" "Mozilla/5.0 AppleWebKit/537.36 (KHTML, like Gecko; compatible; GPTBot/1.2; +https://openai.com/gptbot)"
66.249.65.197 - - [26/Oct/2025:09:28:47 -0400] "GET /items/1830696034.htm?fileloc=//lib64/libauparse.so.0&path=//lib64 HTTP/1.1" 200 19730 "-" "Mozilla/5.0 (Linux; Android 6.0.1; Nexus 5X Build/MMB29P) AppleWebKit/537.36 (KHTML, like Gecko) Chrome/141.0.7390.122 Mobile Safari/537.36 (compatible; GoogleOther)"
20.171.207.149 - - [26/Oct/2025:09:28:50 -0400] "GET /?path=//lib64/lua HTTP/1.1" 200 2759 "-" "Mozilla/5.0 AppleWebKit/537.36 (KHTML, like Gecko; compatible; GPTBot/1.2; +https://openai.com/gptbot)"
52.70.138.176 - - [26/Oct/2025:09:28:50 -0400] "GET /eurogrand-kasino-probe-alle-erfahrungen-zum-euro-grand-vertrauenswurdig-login-pramie-2024-villa30-senderaum/?path=//lib/firmware/powervr HTTP/1.1" 200 3419 "-" "Mozilla/5.0 AppleWebKit/537.36 (KHTML, like Gecko; compatible; Amazonbot/0.1; +https://developer.amazon.com/support/amazonbot) Chrome/119.0.6045.214 Safari/537.36"
66.249.65.197 - - [26/Oct/2025:09:28:52 -0400] "GET /q-~85x1Cqb1LS2NPt35YWlzDNXWWj8yj2Sh782/ HTTP/1.1" 200 20168 "-" "Mozilla/5.0 (Linux; Android 6.0.1; Nexus 5X Build/MMB29P) AppleWebKit/537.36 (KHTML, like Gecko) Chrome/141.0.7390.122 Mobile Safari/537.36 (compatible; GoogleOther)"
44.218.170.184 - - [26/Oct/2025:09:28:53 -0400] "GET /beste-versorger-provision/?path=//lib/.build-id/81 HTTP/1.1" 200 5359 "-" "Mozilla/5.0 AppleWebKit/537.36 (KHTML, like Gecko; compatible; Amazonbot/0.1; +https://developer.amazon.com/support/amazonbot) Chrome/119.0.6045.214 Safari/537.36"
20.171.207.149 - - [26/Oct/2025:09:28:53 -0400] "GET /?path=//lib64/gio HTTP/1.1" 200 2744 "-" "Mozilla/5.0 AppleWebKit/537.36 (KHTML, like Gecko; compatible; GPTBot/1.2; +https://openai.com/gptbot)"
66.249.65.197 - - [26/Oct/2025:09:28:55 -0400] "GET /items/44808250.htm?fileloc=/home/creaqbdc/public_html/wp-includes/feed-rdf.php?items/42334774.htm HTTP/1.1" 200 19651 "-" "Mozilla/5.0 (Linux; Android 6.0.1; Nexus 5X Build/MMB29P) AppleWebKit/537.36 (KHTML, like Gecko) Chrome/141.0.7390.122 Mobile Safari/537.36 (compatible; GoogleOther)"
20.171.207.149 - - [26/Oct/2025:09:28:56 -0400] "GET /?path=//lib64/ldb HTTP/1.1" 200 2950 "-" "Mozilla/5.0 AppleWebKit/537.36 (KHTML, like Gecko; compatible; GPTBot/1.2; +https://openai.com/gptbot)"
3.227.180.70 - - [26/Oct/2025:09:28:58 -0400] "GET /freispiele-blos-einzahlung2025-beste-freespins-kostenfrei/?path=//lib/.build-id/67 HTTP/1.1" 200 5087 "-" "Mozilla/5.0 AppleWebKit/537.36 (KHTML, like Gecko; compatible; Amazonbot/0.1; +https://developer.amazon.com/support/amazonbot) Chrome/119.0.6045.214 Safari/537.36"
