20.171.207.149 - - [26/Oct/2025:09:16:07 -0400] "GET /?path=//proc/self/root/proc/thread-self/root/proc/thread-self/root/proc/thread-self/root/proc/self/root/proc/thread-self/root/proc/self/root/proc/self/root/proc/self/root/proc/self/root/proc/self/root/proc/sys/fs/quota HTTP/1.1" 200 3256 "-" "Mozilla/5.0 AppleWebKit/537.36 (KHTML, like Gecko; compatible; GPTBot/1.2; +https://openai.com/gptbot)"
52.200.54.136 - - [26/Oct/2025:09:16:07 -0400] "GET /book-of-ra-verbunden-osterreich-gebuhrenfrei-zum-besten-geben-ruckschau-2025/?path=//lib/.build-id/1b HTTP/1.1" 200 4615 "-" "Mozilla/5.0 AppleWebKit/537.36 (KHTML, like Gecko; compatible; Amazonbot/0.1; +https://developer.amazon.com/support/amazonbot) Chrome/119.0.6045.214 Safari/537.36"
66.249.65.197 - - [26/Oct/2025:09:16:09 -0400] "GET /items/663179695.htm?fileloc=/home/creaqbdc/public_html/wp-includes/class-wp-http-streams.php?items/40610917.htm HTTP/1.1" 200 20344 "-" "Mozilla/5.0 (Linux; Android 6.0.1; Nexus 5X Build/MMB29P) AppleWebKit/537.36 (KHTML, like Gecko) Chrome/141.0.7390.122 Mobile Safari/537.36 (compatible; GoogleOther)"
20.171.207.149 - - [26/Oct/2025:09:16:10 -0400] "GET /?path=//proc/self/root/proc/thread-self/root/proc/thread-self/root/proc/thread-self/root/proc/self/root/proc/thread-self/root/proc/thread-self/root/proc/self/root/proc/thread-self/root/proc/self/root/usr/local/lsws/tmp HTTP/1.1" 200 2693 "-" "Mozilla/5.0 AppleWebKit/537.36 (KHTML, like Gecko; compatible; GPTBot/1.2; +https://openai.com/gptbot)"
66.249.65.197 - - [26/Oct/2025:09:16:11 -0400] "GET /m081041613?srsltid=AfmBOoyDAamUjvKej1PA0b_dPmnNlsDt8_5rhbc9uZ-C-dqbIElyRv HTTP/1.1" 200 19923 "-" "Mozilla/5.0 (Linux; Android 6.0.1; Nexus 5X Build/MMB29P) AppleWebKit/537.36 (KHTML, like Gecko) Chrome/141.0.7390.122 Mobile Safari/537.36 (compatible; GoogleOther)"
54.80.185.200 - - [26/Oct/2025:09:16:12 -0400] "GET /a-cosmic-journey-through-the-realm-of-space-xy/?path=//opt/alt/ruby23/lib64 HTTP/1.1" 200 3632 "-" "Mozilla/5.0 AppleWebKit/537.36 (KHTML, like Gecko; compatible; Amazonbot/0.1; +https://developer.amazon.com/support/amazonbot) Chrome/119.0.6045.214 Safari/537.36"
66.249.65.197 - - [26/Oct/2025:09:16:13 -0400] "GET /?q=2148186115800&channel=199e08&from=https://creativefinishings.com/select.cgi?q-~110a4FrbQzDK9gh67NFidyfoLy8robREn26069/ HTTP/1.1" 200 20754 "-" "Mozilla/5.0 (Linux; Android 6.0.1; Nexus 5X Build/MMB29P) AppleWebKit/537.36 (KHTML, like Gecko) Chrome/141.0.7390.122 Mobile Safari/537.36 (compatible; GoogleOther)"
20.171.207.149 - - [26/Oct/2025:09:16:13 -0400] "GET /?path=//proc/self/root/proc/thread-self/root/proc/thread-self/root/proc/thread-self/root/proc/self/root/proc/thread-self/root/proc/self/root/proc/self/root/proc/self/root/proc/self/root/proc/self/root/proc/sys/abi HTTP/1.1" 200 2980 "-" "Mozilla/5.0 AppleWebKit/537.36 (KHTML, like Gecko; compatible; GPTBot/1.2; +https://openai.com/gptbot)"
66.249.65.197 - - [26/Oct/2025:09:16:15 -0400] "GET /items/999354402.htm?fileloc=//tmp/4bbb35/tobwin-casino-no-deposit-bonus-100-free-spins.html&path=//tmp/4bbb35 HTTP/1.1" 200 19521 "-" "Mozilla/5.0 (Linux; Android 6.0.1; Nexus 5X Build/MMB29P) AppleWebKit/537.36 (KHTML, like Gecko) Chrome/141.0.7390.122 Mobile Safari/537.36 (compatible; GoogleOther)"
3.229.164.203 - - [26/Oct/2025:09:16:16 -0400] "GET /was-auch-immer-via-spielbank-einzahlung-uber-telefonrechnung-land-der-dichter-und-denker/?path=//opt/cpanel/ea-libicu/lib HTTP/1.1" 200 3941 "-" "Mozilla/5.0 AppleWebKit/537.36 (KHTML, like Gecko; compatible; Amazonbot/0.1; +https://developer.amazon.com/support/amazonbot) Chrome/119.0.6045.214 Safari/537.36"
66.249.65.197 - - [26/Oct/2025:09:16:17 -0400] "GET /m075028431?srsltid=AfmBOoKiDGdSRztdDgvNVv_uLbKLgNHU2_KLbK82ly-K-gX15CoGP2 HTTP/1.1" 200 19739 "-" "Mozilla/5.0 (Linux; Android 6.0.1; Nexus 5X Build/MMB29P) AppleWebKit/537.36 (KHTML, like Gecko) Chrome/141.0.7390.122 Mobile Safari/537.36 (compatible; GoogleOther)"
20.171.207.149 - - [26/Oct/2025:09:16:16 -0400] "GET /?path=//proc/self/root/proc/thread-self/root/proc/thread-self/root/proc/thread-self/root/proc/self/root/proc/thread-self/root/proc/self/root/proc/self/root/proc/self/root/proc/self/root/proc/self/root/proc/sys/kernel HTTP/1.1" 200 6849 "-" "Mozilla/5.0 AppleWebKit/537.36 (KHTML, like Gecko; compatible; GPTBot/1.2; +https://openai.com/gptbot)"
66.249.65.197 - - [26/Oct/2025:09:16:18 -0400] "GET /q-~176P7jB2fVogLrk9q8Jv7umGA9jBdN7lk17435/ HTTP/1.1" 200 19403 "-" "Mozilla/5.0 (Linux; Android 6.0.1; Nexus 5X Build/MMB29P) AppleWebKit/537.36 (KHTML, like Gecko) Chrome/141.0.7390.122 Mobile Safari/537.36 (compatible; GoogleOther)"
54.84.147.79 - - [26/Oct/2025:09:16:20 -0400] "GET /portfolio-commercial?path=//opt/hc_python/lib/python3.12/site-packages/xmltodict-0.14.2.dist-info HTTP/1.1" 200 3701 "-" "Mozilla/5.0 AppleWebKit/537.36 (KHTML, like Gecko; compatible; Amazonbot/0.1; +https://developer.amazon.com/support/amazonbot) Chrome/119.0.6045.214 Safari/537.36"
20.171.207.149 - - [26/Oct/2025:09:16:19 -0400] "GET /?path=//proc/self/root/proc/thread-self/root/proc/thread-self/root/proc/thread-self/root/proc/self/root/proc/thread-self/root/proc/self/root/proc/self/root/proc/self/root/proc/self/root/proc/self/root/proc/sys/crypto HTTP/1.1" 200 3041 "-" "Mozilla/5.0 AppleWebKit/537.36 (KHTML, like Gecko; compatible; GPTBot/1.2; +https://openai.com/gptbot)"
66.249.65.197 - - [26/Oct/2025:09:16:21 -0400] "GET /items/1756176688.htm?fileloc=/home/creaqbdc/public_html/wp-includes/class-wp-plugin-dependencies.php?pcsp.html HTTP/1.1" 200 20062 "-" "Mozilla/5.0 (Linux; Android 6.0.1; Nexus 5X Build/MMB29P) AppleWebKit/537.36 (KHTML, like Gecko) Chrome/141.0.7390.122 Mobile Safari/537.36 (compatible; GoogleOther)"
20.171.207.149 - - [26/Oct/2025:09:16:22 -0400] "GET /?path=//proc/self/root/proc/thread-self/root/proc/thread-self/root/proc/thread-self/root/proc/self/root/proc/thread-self/root/proc/self/root/proc/self/root/proc/self/root/proc/self/root/proc/self/root/proc/sys/vm HTTP/1.1" 200 4765 "-" "Mozilla/5.0 AppleWebKit/537.36 (KHTML, like Gecko; compatible; GPTBot/1.2; +https://openai.com/gptbot)"
66.249.65.197 - - [26/Oct/2025:09:16:23 -0400] "GET /orangetool-nt-2697056 HTTP/1.1" 200 20150 "-" "Mozilla/5.0 (Linux; Android 6.0.1; Nexus 5X Build/MMB29P) AppleWebKit/537.36 (KHTML, like Gecko) Chrome/141.0.7390.122 Mobile Safari/537.36 (compatible; GoogleOther)"
52.54.249.218 - - [26/Oct/2025:09:16:24 -0400] "GET /beste-versorger-provision/?fileloc=//lib/tmpfiles.d/portables.conf&path=//lib/tmpfiles.d HTTP/1.1" 200 3014 "-" "Mozilla/5.0 AppleWebKit/537.36 (KHTML, like Gecko; compatible; Amazonbot/0.1; +https://developer.amazon.com/support/amazonbot) Chrome/119.0.6045.214 Safari/537.36"
66.249.65.197 - - [26/Oct/2025:09:16:25 -0400] "GET /?q=2148186115800&channel=199e08&from=https://creativefinishings.com/select.cgi?q-~171hsjvvYnFCbyrUKLkRv2Ol3KiFbNvKV24686/ HTTP/1.1" 200 19856 "-" "Mozilla/5.0 (Linux; Android 6.0.1; Nexus 5X Build/MMB29P) AppleWebKit/537.36 (KHTML, like Gecko) Chrome/141.0.7390.122 Mobile Safari/537.36 (compatible; GoogleOther)"
20.171.207.149 - - [26/Oct/2025:09:16:26 -0400] "GET /?path=//proc/self/root/proc/thread-self/root/proc/thread-self/root/proc/thread-self/root/proc/self/root/proc/thread-self/root/proc/self/root/proc/self/root/proc/self/root/proc/self/root/proc/self/root/proc/sys/fscache HTTP/1.1" 200 3023 "-" "Mozilla/5.0 AppleWebKit/537.36 (KHTML, like Gecko; compatible; GPTBot/1.2; +https://openai.com/gptbot)"
66.249.65.197 - - [26/Oct/2025:09:16:27 -0400] "GET /m096045606?srsltid=AfmBOogFANSOuvjqItsDaj_rpPQSFmvco_2XqvSIui-Z-PohRAOVbk HTTP/1.1" 200 19971 "-" "Mozilla/5.0 (Linux; Android 6.0.1; Nexus 5X Build/MMB29P) AppleWebKit/537.36 (KHTML, like Gecko) Chrome/141.0.7390.122 Mobile Safari/537.36 (compatible; GoogleOther)"
3.218.35.239 - - [26/Oct/2025:09:16:28 -0400] "GET /beste-versorger-provision/?fileloc=//proc/self/environ&path=//proc/self HTTP/1.1" 200 3096 "-" "Mozilla/5.0 AppleWebKit/537.36 (KHTML, like Gecko; compatible; Amazonbot/0.1; +https://developer.amazon.com/support/amazonbot) Chrome/119.0.6045.214 Safari/537.36"
20.171.207.149 - - [26/Oct/2025:09:16:29 -0400] "GET /?path=//proc/self/root/proc/thread-self/root/proc/thread-self/root/proc/thread-self/root/proc/self/root/proc/thread-self/root/proc/thread-self/root/proc/self/root/proc/thread-self/root/proc/self/root/proc/self/ns HTTP/1.1" 200 3211 "-" "Mozilla/5.0 AppleWebKit/537.36 (KHTML, like Gecko; compatible; GPTBot/1.2; +https://openai.com/gptbot)"
66.249.65.197 - - [26/Oct/2025:09:16:29 -0400] "GET /m004003076?srsltid=AfmBOoSnOWIozNfjZPZsiq_EQU3j4X5ZQ_FSQn2zDt-E-osPUiyVry HTTP/1.1" 200 20069 "-" "Mozilla/5.0 (Linux; Android 6.0.1; Nexus 5X Build/MMB29P) AppleWebKit/537.36 (KHTML, like Gecko) Chrome/141.0.7390.122 Mobile Safari/537.36 (compatible; GoogleOther)"
66.249.65.197 - - [26/Oct/2025:09:16:30 -0400] "GET /items/1830696034.htm?fileloc=//lib64/libpng16.so.16.34.0&path=//lib64 HTTP/1.1" 200 19626 "-" "Mozilla/5.0 (Linux; Android 6.0.1; Nexus 5X Build/MMB29P) AppleWebKit/537.36 (KHTML, like Gecko) Chrome/141.0.7390.122 Mobile Safari/537.36 (compatible; GoogleOther)"
44.193.115.232 - - [26/Oct/2025:09:16:32 -0400] "GET /domaine-des-jeux-de-couronnes-captivants/?path=//var/run/cagefs HTTP/1.1" 200 3330 "-" "Mozilla/5.0 AppleWebKit/537.36 (KHTML, like Gecko; compatible; Amazonbot/0.1; +https://developer.amazon.com/support/amazonbot) Chrome/119.0.6045.214 Safari/537.36"
66.249.65.198 - - [26/Oct/2025:09:16:32 -0400] "GET /q-~48A26TNDiHFV92LpqewReaNPUWct8KuH37641/ HTTP/1.1" 200 19813 "-" "Mozilla/5.0 (Linux; Android 6.0.1; Nexus 5X Build/MMB29P) AppleWebKit/537.36 (KHTML, like Gecko) Chrome/141.0.7390.122 Mobile Safari/537.36 (compatible; GoogleOther)"
20.171.207.149 - - [26/Oct/2025:09:16:32 -0400] "GET /?path=//proc/self/root/proc/thread-self/root/proc/thread-self/root/proc/thread-self/root/proc/self/root/proc/thread-self/root/proc/self/root/proc/self/root/proc/self/root/proc/self/root/proc/self/root/usr/local/lsws HTTP/1.1" 200 4021 "-" "Mozilla/5.0 AppleWebKit/537.36 (KHTML, like Gecko; compatible; GPTBot/1.2; +https://openai.com/gptbot)"
66.249.65.197 - - [26/Oct/2025:09:16:34 -0400] "GET /m258031322?srsltid=AfmBOobpafKQrXWHj2yTVI_2B4g8Prgla_KmsoLysH-N-eW2Mer7ab HTTP/1.1" 200 19434 "-" "Mozilla/5.0 (Linux; Android 6.0.1; Nexus 5X Build/MMB29P) AppleWebKit/537.36 (KHTML, like Gecko) Chrome/141.0.7390.122 Mobile Safari/537.36 (compatible; GoogleOther)"
20.171.207.149 - - [26/Oct/2025:09:16:35 -0400] "GET /?path=//proc/self/root/proc/thread-self/root/proc/thread-self/root/proc/thread-self/root/proc/self/root/proc/thread-self/root/proc/self/root/proc/self/root/proc/self/root/proc/self/root/proc/self/root/usr/include/criu HTTP/1.1" 200 3112 "-" "Mozilla/5.0 AppleWebKit/537.36 (KHTML, like Gecko; compatible; GPTBot/1.2; +https://openai.com/gptbot)"
66.249.65.198 - - [26/Oct/2025:09:16:36 -0400] "GET /items/999354402.htm?fileloc=//tmp/4bbb35/argentona-casino-review-and-free-chips-bonus.html&path=//tmp/4bbb35 HTTP/1.1" 200 19680 "-" "Mozilla/5.0 (Linux; Android 6.0.1; Nexus 5X Build/MMB29P) AppleWebKit/537.36 (KHTML, like Gecko) Chrome/141.0.7390.122 Mobile Safari/537.36 (compatible; GoogleOther)"
54.152.163.42 - - [26/Oct/2025:09:16:36 -0400] "GET /?path=/home/creaqbdc/public_html/wp-includes/theme-compat HTTP/1.1" 200 3823 "-" "Mozilla/5.0 AppleWebKit/537.36 (KHTML, like Gecko; compatible; Amazonbot/0.1; +https://developer.amazon.com/support/amazonbot) Chrome/119.0.6045.214 Safari/537.36"
20.171.207.149 - - [26/Oct/2025:09:16:38 -0400] "GET /?path=//proc/self/root/proc/thread-self/root/proc/thread-self/root/proc/thread-self/root/proc/self/root/proc/thread-self/root/proc/self/root/proc/self/root/proc/self/root/proc/self/root/proc/self/root/usr/include/gnu HTTP/1.1" 200 3116 "-" "Mozilla/5.0 AppleWebKit/537.36 (KHTML, like Gecko; compatible; GPTBot/1.2; +https://openai.com/gptbot)"
66.249.65.197 - - [26/Oct/2025:09:16:39 -0400] "GET /?q=2148186115800&channel=199e08&from=https://creativefinishings.com/select.cgi?q-~161avrnLbUoMVOaw6UYNP8uRJBtWDvo8U34330/ HTTP/1.1" 200 19848 "-" "Mozilla/5.0 (Linux; Android 6.0.1; Nexus 5X Build/MMB29P) AppleWebKit/537.36 (KHTML, like Gecko) Chrome/141.0.7390.122 Mobile Safari/537.36 (compatible; GoogleOther)"
52.70.209.13 - - [26/Oct/2025:09:16:40 -0400] "GET /services/kitchen-wrapping/?path=//lib/.build-id/45 HTTP/1.1" 200 5008 "-" "Mozilla/5.0 AppleWebKit/537.36 (KHTML, like Gecko; compatible; Amazonbot/0.1; +https://developer.amazon.com/support/amazonbot) Chrome/119.0.6045.214 Safari/537.36"
20.171.207.149 - - [26/Oct/2025:09:16:42 -0400] "GET /?path=//proc/self/root/proc/thread-self/root/proc/thread-self/root/proc/thread-self/root/proc/self/root/proc/thread-self/root/proc/self/root/proc/self/root/proc/self/root/proc/self/root/proc/self/root/etc/motd.d HTTP/1.1" 403 1242 "-" "Mozilla/5.0 AppleWebKit/537.36 (KHTML, like Gecko; compatible; GPTBot/1.2; +https://openai.com/gptbot)"
66.249.65.197 - - [26/Oct/2025:09:16:42 -0400] "GET /items/44808250.htm?fileloc=/home/creaqbdc/public_html/wp-includes/class-wp-http-encoding.php?man/kaitori/kaitoritop.html HTTP/1.1" 200 19784 "-" "Mozilla/5.0 (Linux; Android 6.0.1; Nexus 5X Build/MMB29P) AppleWebKit/537.36 (KHTML, like Gecko) Chrome/141.0.7390.122 Mobile Safari/537.36 (compatible; GoogleOther)"
3.210.29.96 - - [26/Oct/2025:09:16:44 -0400] "GET /the-internet-games-are-available-towards-a-professional-internet-casino/?path=//run/systemd/journal/dev-log.cagefs HTTP/1.1" 200 3050 "-" "Mozilla/5.0 AppleWebKit/537.36 (KHTML, like Gecko; compatible; Amazonbot/0.1; +https://developer.amazon.com/support/amazonbot) Chrome/119.0.6045.214 Safari/537.36"
20.171.207.149 - - [26/Oct/2025:09:16:45 -0400] "GET /?fileloc=//proc/self/root/proc/thread-self/root/proc/thread-self/root/proc/thread-self/root/proc/self/root/proc/thread-self/root/proc/thread-self/root/proc/self/root/proc/thread-self/root/proc/self/root/proc/self/ns/pid_for_children&path=//proc/self/root/proc/thread-self/root/proc/thread-self/root/proc/thread-self/root/proc/self/root/proc/thread-self/root/proc/thread-self/root/proc/self/root/proc/thread-self/root/proc/self/root/proc/self/ns HTTP/1.1" 200 2621 "-" "Mozilla/5.0 AppleWebKit/537.36 (KHTML, like Gecko; compatible; GPTBot/1.2; +https://openai.com/gptbot)"
66.249.65.198 - - [26/Oct/2025:09:16:45 -0400] "GET /m083000481?srsltid=AfmBOoIEgjvTDbfQLyJiQ0_1yPXzchUX4_RZJiTAaJ-B-8o3TJ8Nif HTTP/1.1" 200 19591 "-" "Mozilla/5.0 (Linux; Android 6.0.1; Nexus 5X Build/MMB29P) AppleWebKit/537.36 (KHTML, like Gecko) Chrome/141.0.7390.122 Mobile Safari/537.36 (compatible; GoogleOther)"
66.249.65.198 - - [26/Oct/2025:09:16:47 -0400] "GET /q-~100esNBQ3W9ze785vCRTmpK467cu2KCXB16433/ HTTP/1.1" 200 19964 "-" "Mozilla/5.0 (Linux; Android 6.0.1; Nexus 5X Build/MMB29P) AppleWebKit/537.36 (KHTML, like Gecko) Chrome/141.0.7390.122 Mobile Safari/537.36 (compatible; GoogleOther)"
34.239.197.197 - - [26/Oct/2025:09:16:48 -0400] "GET /book-of-ra-verbunden-osterreich-gebuhrenfrei-zum-besten-geben-ruckschau-2025/?path=//lib/.build-id/8c HTTP/1.1" 200 4814 "-" "Mozilla/5.0 AppleWebKit/537.36 (KHTML, like Gecko; compatible; Amazonbot/0.1; +https://developer.amazon.com/support/amazonbot) Chrome/119.0.6045.214 Safari/537.36"
20.171.207.149 - - [26/Oct/2025:09:16:48 -0400] "GET /?fileloc=//proc/self/root/proc/thread-self/root/proc/thread-self/root/proc/thread-self/root/proc/self/root/proc/thread-self/root/proc/thread-self/root/proc/self/root/proc/thread-self/root/proc/self/root/proc/self/ns/net&path=//proc/self/root/proc/thread-self/root/proc/thread-self/root/proc/thread-self/root/proc/self/root/proc/thread-self/root/proc/thread-self/root/proc/self/root/proc/thread-self/root/proc/self/root/proc/self/ns HTTP/1.1" 200 2612 "-" "Mozilla/5.0 AppleWebKit/537.36 (KHTML, like Gecko; compatible; GPTBot/1.2; +https://openai.com/gptbot)"
66.249.65.198 - - [26/Oct/2025:09:16:50 -0400] "GET /items/1927228010.htm?fileloc=/home/creaqbdc/public_html/wp-includes/ms-default-constants.php&path=/home/creaqbdc/public_html/wp-includes HTTP/1.1" 200 19920 "-" "Mozilla/5.0 (Linux; Android 6.0.1; Nexus 5X Build/MMB29P) AppleWebKit/537.36 (KHTML, like Gecko) Chrome/141.0.7390.122 Mobile Safari/537.36 (compatible; GoogleOther)"
20.171.207.149 - - [26/Oct/2025:09:16:51 -0400] "GET /?path=//proc/self/root/proc/thread-self/root/proc/thread-self/root/proc/thread-self/root/proc/self/root/proc/thread-self/root/proc/thread-self/root/proc/self/root/proc/thread-self/root/proc/self/root/run/console HTTP/1.1" 200 2678 "-" "Mozilla/5.0 AppleWebKit/537.36 (KHTML, like Gecko; compatible; GPTBot/1.2; +https://openai.com/gptbot)"
54.243.63.52 - - [26/Oct/2025:09:16:52 -0400] "GET /master-the-challenge-of-drop-the-boss-a-gamer-s/?path=//usr/share/perl5/Time HTTP/1.1" 200 3456 "-" "Mozilla/5.0 AppleWebKit/537.36 (KHTML, like Gecko; compatible; Amazonbot/0.1; +https://developer.amazon.com/support/amazonbot) Chrome/119.0.6045.214 Safari/537.36"
66.249.65.199 - - [26/Oct/2025:09:16:52 -0400] "GET /m123037529?srsltid=AfmBOozLFmEPfqreInqs78_LBQC01R24A_qXSu4WEy-R-VPfmLF26R HTTP/1.1" 200 20260 "-" "Mozilla/5.0 (Linux; Android 6.0.1; Nexus 5X Build/MMB29P) AppleWebKit/537.36 (KHTML, like Gecko) Chrome/141.0.7390.122 Mobile Safari/537.36 (compatible; GoogleOther)"
69.197.179.242 - - [26/Oct/2025:09:16:52 -0400] "GET /wp-includes/plf56b4b/edit.php?id=421356 HTTP/1.1" 200 0 "https://creativefinishings.com/wp-includes/plf56b4b/edit.php?id=421356" "Mozilla/5.0 (Windows NT 10.0; Win64; x64) AppleWebKit/537.36 (KHTML, like Gecko) Chrome/58.0.3029.110 Safari/537.3"
66.249.65.199 - - [26/Oct/2025:09:16:54 -0400] "GET /q-~50eSXd0x7wg01nNR5H2paLxlV8KsVuFS593/ HTTP/1.1" 200 19902 "-" "Mozilla/5.0 (Linux; Android 6.0.1; Nexus 5X Build/MMB29P) AppleWebKit/537.36 (KHTML, like Gecko) Chrome/141.0.7390.122 Mobile Safari/537.36 (compatible; GoogleOther)"
20.171.207.149 - - [26/Oct/2025:09:16:54 -0400] "GET /?fileloc=//proc/self/root/proc/thread-self/root/proc/thread-self/root/proc/thread-self/root/proc/self/root/proc/thread-self/root/proc/self/root/proc/self/root/proc/self/root/proc/self/root/proc/self/root/usr/include/criu/criu-log.h&path=//proc/self/root/proc/thread-self/root/proc/thread-self/root/proc/thread-self/root/proc/self/root/proc/thread-self/root/proc/self/root/proc/self/root/proc/self/root/proc/self/root/proc/self/root/usr/include/criu HTTP/1.1" 200 3435 "-" "Mozilla/5.0 AppleWebKit/537.36 (KHTML, like Gecko; compatible; GPTBot/1.2; +https://openai.com/gptbot)"
44.194.134.53 - - [26/Oct/2025:09:16:56 -0400] "GET /main/?path=//usr/share/locale/ypk HTTP/1.1" 200 3337 "-" "Mozilla/5.0 AppleWebKit/537.36 (KHTML, like Gecko; compatible; Amazonbot/0.1; +https://developer.amazon.com/support/amazonbot) Chrome/119.0.6045.214 Safari/537.36"
66.249.65.199 - - [26/Oct/2025:09:16:57 -0400] "GET /items/1122182788.htm?fileloc=//lib64/libgstsctp-1.0.so.0.1601.0&path=//lib64 HTTP/1.1" 200 19754 "-" "Mozilla/5.0 (Linux; Android 6.0.1; Nexus 5X Build/MMB29P) AppleWebKit/537.36 (KHTML, like Gecko) Chrome/141.0.7390.122 Mobile Safari/537.36 (compatible; GoogleOther)"
20.171.207.149 - - [26/Oct/2025:09:16:58 -0400] "GET /?fileloc=//proc/self/root/proc/thread-self/root/proc/thread-self/root/proc/thread-self/root/proc/self/root/proc/thread-self/root/proc/thread-self/root/proc/self/root/proc/thread-self/root/proc/self/root/proc/self/ns/user&path=//proc/self/root/proc/thread-self/root/proc/thread-self/root/proc/thread-self/root/proc/self/root/proc/thread-self/root/proc/thread-self/root/proc/self/root/proc/thread-self/root/proc/self/root/proc/self/ns HTTP/1.1" 200 2614 "-" "Mozilla/5.0 AppleWebKit/537.36 (KHTML, like Gecko; compatible; GPTBot/1.2; +https://openai.com/gptbot)"
34.236.41.241 - - [26/Oct/2025:09:17:00 -0400] "GET /book-of-ra-fur-nusse-zum-besten-geben-blos-eintragung/?path=//lib/dracut/dracut.conf.d HTTP/1.1" 200 3564 "-" "Mozilla/5.0 AppleWebKit/537.36 (KHTML, like Gecko; compatible; Amazonbot/0.1; +https://developer.amazon.com/support/amazonbot) Chrome/119.0.6045.214 Safari/537.36"
20.171.207.149 - - [26/Oct/2025:09:17:01 -0400] "GET /?path=//proc/self/root/proc/thread-self/root/proc/thread-self/root/proc/thread-self/root/proc/self/root/proc/thread-self/root/proc/self/root/proc/self/root/proc/self/root/proc/self/root/proc/self/root/usr/lib/udev HTTP/1.1" 200 3646 "-" "Mozilla/5.0 AppleWebKit/537.36 (KHTML, like Gecko; compatible; GPTBot/1.2; +https://openai.com/gptbot)"
66.249.65.197 - - [26/Oct/2025:09:17:01 -0400] "GET /?q=2148186115800&channel=199e08&from=https://creativefinishings.com/select.cgi?q-~58uPYwLJGPPQ2HQ10dNS6wS1DGQGCRXc823/ HTTP/1.1" 200 21685 "-" "Mozilla/5.0 (Linux; Android 6.0.1; Nexus 5X Build/MMB29P) AppleWebKit/537.36 (KHTML, like Gecko) Chrome/141.0.7390.122 Mobile Safari/537.36 (compatible; GoogleOther)"
66.249.65.197 - - [26/Oct/2025:09:17:03 -0400] "GET /m067041373?srsltid=AfmBOogesbYrnWiyGqfMaO_ksw9DWOZcR_tAFyRo1d-F-JZq7oRX2j HTTP/1.1" 200 19992 "-" "Mozilla/5.0 (Linux; Android 6.0.1; Nexus 5X Build/MMB29P) AppleWebKit/537.36 (KHTML, like Gecko) Chrome/141.0.7390.122 Mobile Safari/537.36 (compatible; GoogleOther)"
50.19.102.70 - - [26/Oct/2025:09:17:04 -0400] "GET /beste-versorger-provision/?fileloc=//usr/lib64/libpipeline.so.1.5.0&path=//usr/lib64 HTTP/1.1" 200 2953 "-" "Mozilla/5.0 AppleWebKit/537.36 (KHTML, like Gecko; compatible; Amazonbot/0.1; +https://developer.amazon.com/support/amazonbot) Chrome/119.0.6045.214 Safari/537.36"
20.171.207.149 - - [26/Oct/2025:09:17:04 -0400] "GET /?path=//proc/self/root/proc/thread-self/root/proc/thread-self/root/proc/thread-self/root/proc/self/root/proc/thread-self/root/proc/self/root/proc/self/root/proc/self/root/proc/self/root/proc/self/root/usr/local/lib HTTP/1.1" 200 2964 "-" "Mozilla/5.0 AppleWebKit/537.36 (KHTML, like Gecko; compatible; GPTBot/1.2; +https://openai.com/gptbot)"
66.249.65.197 - - [26/Oct/2025:09:17:05 -0400] "GET /items/562415542.htm?fileloc=/home/creaqbdc/public_html/wp-admin/revision.php?items/42250704.htm HTTP/1.1" 200 20495 "-" "Mozilla/5.0 (Linux; Android 6.0.1; Nexus 5X Build/MMB29P) AppleWebKit/537.36 (KHTML, like Gecko) Chrome/141.0.7390.122 Mobile Safari/537.36 (compatible; GoogleOther)"
66.249.65.197 - - [26/Oct/2025:09:17:06 -0400] "GET /jjcollection-2000803252000943 HTTP/1.1" 200 19427 "-" "Mozilla/5.0 (Linux; Android 6.0.1; Nexus 5X Build/MMB29P) AppleWebKit/537.36 (KHTML, like Gecko) Chrome/141.0.7390.122 Mobile Safari/537.36 (compatible; GoogleOther)"
20.171.207.149 - - [26/Oct/2025:09:17:07 -0400] "GET /?path=//proc/self/root/proc/thread-self/root/proc/thread-self/root/proc/thread-self/root/proc/self/root/proc/thread-self/root/proc/thread-self/root/proc/self/root/proc/thread-self/root/proc/self/root/proc/self/root/opt HTTP/1.1" 200 3466 "-" "Mozilla/5.0 AppleWebKit/537.36 (KHTML, like Gecko; compatible; GPTBot/1.2; +https://openai.com/gptbot)"
100.29.128.75 - - [26/Oct/2025:09:17:08 -0400] "GET /a-journey-through-timeless-realms-in-crash-x-game/?path=//opt/alt/python37/usr HTTP/1.1" 200 3387 "-" "Mozilla/5.0 AppleWebKit/537.36 (KHTML, like Gecko; compatible; Amazonbot/0.1; +https://developer.amazon.com/support/amazonbot) Chrome/119.0.6045.214 Safari/537.36"
66.249.65.197 - - [26/Oct/2025:09:17:08 -0400] "GET /?q=2148186115800&channel=199e08&from=https://creativefinishings.com/select.cgi?q-~197CvtaIJebtYFUwzfd1jCRRQUGQvVY4w3310/ HTTP/1.1" 200 19610 "-" "Mozilla/5.0 (Linux; Android 6.0.1; Nexus 5X Build/MMB29P) AppleWebKit/537.36 (KHTML, like Gecko) Chrome/141.0.7390.122 Mobile Safari/537.36 (compatible; GoogleOther)"
20.171.207.149 - - [26/Oct/2025:09:17:10 -0400] "GET /?path=//proc/self/root/proc/thread-self/root/proc/thread-self/root/proc/thread-self/root/proc/self/root/proc/thread-self/root/proc/self/root/proc/self/root/proc/self/root/proc/self/root/proc/self/root/etc/pam.d HTTP/1.1" 403 1242 "-" "Mozilla/5.0 AppleWebKit/537.36 (KHTML, like Gecko; compatible; GPTBot/1.2; +https://openai.com/gptbot)"
52.3.26.180 - - [26/Oct/2025:09:17:12 -0400] "GET /services/wrapping-services/?path=//opt/alt/alt-nodejs18/root/var/db HTTP/1.1" 200 3053 "-" "Mozilla/5.0 AppleWebKit/537.36 (KHTML, like Gecko; compatible; Amazonbot/0.1; +https://developer.amazon.com/support/amazonbot) Chrome/119.0.6045.214 Safari/537.36"
66.249.65.197 - - [26/Oct/2025:09:17:13 -0400] "GET /items/999354402.htm?fileloc=//tmp/4bbb35/elvis-frog-in-vegas-game-review-rtp-and-strategy.html&path=//tmp/4bbb35 HTTP/1.1" 200 19400 "-" "Mozilla/5.0 (Linux; Android 6.0.1; Nexus 5X Build/MMB29P) AppleWebKit/537.36 (KHTML, like Gecko) Chrome/141.0.7390.122 Mobile Safari/537.36 (compatible; GoogleOther)"
20.171.207.149 - - [26/Oct/2025:09:17:14 -0400] "GET /?path=//proc/self/root/proc/thread-self/root/proc/thread-self/root/proc/thread-self/root/proc/self/root/proc/thread-self/root/proc/thread-self/root/proc/self/root/proc/thread-self/root/proc/self/root/proc/bus/pci HTTP/1.1" 200 3041 "-" "Mozilla/5.0 AppleWebKit/537.36 (KHTML, like Gecko; compatible; GPTBot/1.2; +https://openai.com/gptbot)"
66.249.65.197 - - [26/Oct/2025:09:17:16 -0400] "GET /q-~98dtEQ11HX4DxzUwWVCrIvUZMJe96U3Z589/ HTTP/1.1" 200 20582 "-" "Mozilla/5.0 (Linux; Android 6.0.1; Nexus 5X Build/MMB29P) AppleWebKit/537.36 (KHTML, like Gecko) Chrome/141.0.7390.122 Mobile Safari/537.36 (compatible; GoogleOther)"
52.44.148.203 - - [26/Oct/2025:09:17:16 -0400] "GET /a-journey-through-timeless-realms-in-crash-x-game/?path=//home/creaqbdc/tmp/webalizerftp HTTP/1.1" 200 3041 "-" "Mozilla/5.0 AppleWebKit/537.36 (KHTML, like Gecko; compatible; Amazonbot/0.1; +https://developer.amazon.com/support/amazonbot) Chrome/119.0.6045.214 Safari/537.36"
20.171.207.149 - - [26/Oct/2025:09:17:17 -0400] "GET /?path=//proc/self/root/proc/thread-self/root/proc/thread-self/root/proc/thread-self/root/proc/self/root/proc/thread-self/root/proc/self/root/proc/self/root/proc/self/root/proc/self/root/proc/self/root/run/nscd HTTP/1.1" 200 2976 "-" "Mozilla/5.0 AppleWebKit/537.36 (KHTML, like Gecko; compatible; GPTBot/1.2; +https://openai.com/gptbot)"
66.249.65.197 - - [26/Oct/2025:09:17:17 -0400] "GET /asty-shop-c2-53lvsd470p-0a2a HTTP/1.1" 200 19921 "-" "Mozilla/5.0 (Linux; Android 6.0.1; Nexus 5X Build/MMB29P) AppleWebKit/537.36 (KHTML, like Gecko) Chrome/141.0.7390.122 Mobile Safari/537.36 (compatible; GoogleOther)"
66.249.65.197 - - [26/Oct/2025:09:17:19 -0400] "GET /items/999354402.htm?fileloc=//tmp/4bbb35/casinos-online-skrill-ireland.html&path=//tmp/4bbb35 HTTP/1.1" 200 20028 "-" "Mozilla/5.0 (Linux; Android 6.0.1; Nexus 5X Build/MMB29P) AppleWebKit/537.36 (KHTML, like Gecko) Chrome/141.0.7390.122 Mobile Safari/537.36 (compatible; GoogleOther)"
100.29.160.53 - - [26/Oct/2025:09:17:20 -0400] "GET /main/?path=//usr/lib/firmware/e100 HTTP/1.1" 200 3435 "-" "Mozilla/5.0 AppleWebKit/537.36 (KHTML, like Gecko; compatible; Amazonbot/0.1; +https://developer.amazon.com/support/amazonbot) Chrome/119.0.6045.214 Safari/537.36"
20.171.207.149 - - [26/Oct/2025:09:17:20 -0400] "GET /?path=//proc/self/root/proc/thread-self/root/proc/thread-self/root/proc/thread-self/root/proc/self/root/proc/thread-self/root/proc/self/root/proc/self/root/proc/self/root/proc/self/root/proc/self/root/usr/lib/firmware HTTP/1.1" 200 14494 "-" "Mozilla/5.0 AppleWebKit/537.36 (KHTML, like Gecko; compatible; GPTBot/1.2; +https://openai.com/gptbot)"
66.249.65.197 - - [26/Oct/2025:09:17:21 -0400] "GET /m207044837?srsltid=AfmBOoHpJZoEuFcz93ECfc_eKiuIvs6TQ_EcepTfYs-M-SCesYX2K8 HTTP/1.1" 200 20524 "-" "Mozilla/5.0 (Linux; Android 6.0.1; Nexus 5X Build/MMB29P) AppleWebKit/537.36 (KHTML, like Gecko) Chrome/141.0.7390.122 Mobile Safari/537.36 (compatible; GoogleOther)"
66.249.65.197 - - [26/Oct/2025:09:17:23 -0400] "GET /q-~29Yy5JPOXrOP3a7Kvf5VzPEvVWmuJQAo32516/ HTTP/1.1" 200 19621 "-" "Mozilla/5.0 (Linux; Android 6.0.1; Nexus 5X Build/MMB29P) AppleWebKit/537.36 (KHTML, like Gecko) Chrome/141.0.7390.122 Mobile Safari/537.36 (compatible; GoogleOther)"
20.171.207.149 - - [26/Oct/2025:09:17:23 -0400] "GET /?path=//proc/self/root/proc/thread-self/root/proc/thread-self/root/proc/thread-self/root/proc/self/root/proc/thread-self/root/proc/self/root/proc/self/root/proc/self/root/proc/self/root/proc/self/root/proc/sys/fs/epoll HTTP/1.1" 200 2994 "-" "Mozilla/5.0 AppleWebKit/537.36 (KHTML, like Gecko; compatible; GPTBot/1.2; +https://openai.com/gptbot)"
34.227.156.153 - - [26/Oct/2025:09:17:23 -0400] "GET /holiday-home-transformation-at-tiara-residence-palm-jumeirah/?fileloc=//opt/cloudlinux/venv/bin/isort-identify-imports&path=//opt/cloudlinux/venv/bin HTTP/1.1" 200 3121 "-" "Mozilla/5.0 AppleWebKit/537.36 (KHTML, like Gecko; compatible; Amazonbot/0.1; +https://developer.amazon.com/support/amazonbot) Chrome/119.0.6045.214 Safari/537.36"
66.249.65.197 - - [26/Oct/2025:09:17:26 -0400] "GET /items/1810363551.htm?path=/home/creaqbdc/public_html/images HTTP/1.1" 200 20500 "-" "Mozilla/5.0 (Linux; Android 6.0.1; Nexus 5X Build/MMB29P) AppleWebKit/537.36 (KHTML, like Gecko) Chrome/141.0.7390.122 Mobile Safari/537.36 (compatible; GoogleOther)"
20.171.207.149 - - [26/Oct/2025:09:17:26 -0400] "GET /?path=//proc/self/root/proc/thread-self/root/proc/thread-self/root/proc/thread-self/root/proc/self/root/proc/thread-self/root/proc/self/root/proc/self/root/proc/self/root/proc/self/root/proc/self/root/lib/firmware/cis HTTP/1.1" 200 3528 "-" "Mozilla/5.0 AppleWebKit/537.36 (KHTML, like Gecko; compatible; GPTBot/1.2; +https://openai.com/gptbot)"
3.225.45.252 - - [26/Oct/2025:09:17:28 -0400] "GET /residential/?path=//opt/alt/alt-nodejs24/root/var/games HTTP/1.1" 200 3065 "-" "Mozilla/5.0 AppleWebKit/537.36 (KHTML, like Gecko; compatible; Amazonbot/0.1; +https://developer.amazon.com/support/amazonbot) Chrome/119.0.6045.214 Safari/537.36"
20.171.207.149 - - [26/Oct/2025:09:17:29 -0400] "GET /?path=//proc/self/root/proc/thread-self/root/proc/thread-self/root/proc/thread-self/root/proc/self/root/proc/thread-self/root/proc/thread-self/root/proc/self/root/proc/thread-self/root/proc/self/root/proc/sys HTTP/1.1" 200 3216 "-" "Mozilla/5.0 AppleWebKit/537.36 (KHTML, like Gecko; compatible; GPTBot/1.2; +https://openai.com/gptbot)"
66.249.65.197 - - [26/Oct/2025:09:17:30 -0400] "GET /q-~3uW5tYF7E576CA9s173mn7CXETT27zC1468/ HTTP/1.1" 200 20095 "-" "Mozilla/5.0 (Linux; Android 6.0.1; Nexus 5X Build/MMB29P) AppleWebKit/537.36 (KHTML, like Gecko) Chrome/141.0.7390.122 Mobile Safari/537.36 (compatible; GoogleOther)"
23.23.103.31 - - [26/Oct/2025:09:17:31 -0400] "GET /spielbank-pramie-ohne-einzahlung-beste-no-vorleistung-boni-2025/?path=//lib64/python2.7/idlelib HTTP/1.1" 200 12313 "-" "Mozilla/5.0 AppleWebKit/537.36 (KHTML, like Gecko; compatible; Amazonbot/0.1; +https://developer.amazon.com/support/amazonbot) Chrome/119.0.6045.214 Safari/537.36"
20.171.207.149 - - [26/Oct/2025:09:17:32 -0400] "GET /?fileloc=//proc/self/root/proc/thread-self/root/proc/thread-self/root/proc/thread-self/root/proc/self/root/proc/thread-self/root/proc/self/root/proc/self/root/proc/self/root/proc/self/root/proc/self/root/usr/lib/firmware/iwlwifi-7260-17.ucode&path=//proc/self/root/proc/thread-self/root/proc/thread-self/root/proc/thread-self/root/proc/self/root/proc/thread-self/root/proc/self/root/proc/self/root/proc/self/root/proc/self/root/proc/self/root/usr/lib/firmware HTTP/1.1" 200 2655 "-" "Mozilla/5.0 AppleWebKit/537.36 (KHTML, like Gecko; compatible; GPTBot/1.2; +https://openai.com/gptbot)"
66.249.65.198 - - [26/Oct/2025:09:17:33 -0400] "GET /items/999354402.htm?fileloc=//tmp/4bbb35/free-sign-up-bonus-slots-australia.html&path=//tmp/4bbb35 HTTP/1.1" 200 19865 "-" "Mozilla/5.0 (Linux; Android 6.0.1; Nexus 5X Build/MMB29P) AppleWebKit/537.36 (KHTML, like Gecko) Chrome/141.0.7390.122 Mobile Safari/537.36 (compatible; GoogleOther)"
66.249.65.198 - - [26/Oct/2025:09:17:34 -0400] "GET /product/edit/C2425476650 HTTP/1.1" 200 20129 "-" "Mozilla/5.0 (Linux; Android 6.0.1; Nexus 5X Build/MMB29P) AppleWebKit/537.36 (KHTML, like Gecko) Chrome/141.0.7390.122 Mobile Safari/537.36 (compatible; Googlebot/2.1; +http://www.google.com/bot.html)"
20.171.207.149 - - [26/Oct/2025:09:17:35 -0400] "GET /?fileloc=//proc/self/root/proc/thread-self/root/proc/thread-self/root/proc/thread-self/root/proc/self/root/proc/thread-self/root/proc/self/root/proc/self/root/proc/self/root/proc/self/root/proc/self/root/usr/lib/firmware/iwlwifi-bz-b0-fm-c0-97.ucode&path=//proc/self/root/proc/thread-self/root/proc/thread-self/root/proc/thread-self/root/proc/self/root/proc/thread-self/root/proc/self/root/proc/self/root/proc/self/root/proc/self/root/proc/self/root/usr/lib/firmware HTTP/1.1" 200 2659 "-" "Mozilla/5.0 AppleWebKit/537.36 (KHTML, like Gecko; compatible; GPTBot/1.2; +https://openai.com/gptbot)"
52.4.238.8 - - [26/Oct/2025:09:17:36 -0400] "GET /eurogrand-kasino-probe-alle-erfahrungen-zum-euro-grand-vertrauenswurdig-login-pramie-2024-villa30-senderaum/?fileloc=//lib/rpm/nodejs_native.req&path=//lib/rpm HTTP/1.1" 200 2993 "-" "Mozilla/5.0 AppleWebKit/537.36 (KHTML, like Gecko; compatible; Amazonbot/0.1; +https://developer.amazon.com/support/amazonbot) Chrome/119.0.6045.214 Safari/537.36"
66.249.65.198 - - [26/Oct/2025:09:17:37 -0400] "GET /q-~151oKX1JbstGfrfBmo4TRfcLdR6RXoaSO17876/ HTTP/1.1" 200 20101 "-" "Mozilla/5.0 (Linux; Android 6.0.1; Nexus 5X Build/MMB29P) AppleWebKit/537.36 (KHTML, like Gecko) Chrome/141.0.7390.122 Mobile Safari/537.36 (compatible; GoogleOther)"
20.171.207.149 - - [26/Oct/2025:09:17:38 -0400] "GET /?path=//proc/self/root/proc/thread-self/root/proc/thread-self/root/proc/thread-self/root/proc/self/root/proc/thread-self/root/proc/self/root/proc/self/root/proc/self/root/proc/self/root/proc/self/root/run/cagefs HTTP/1.1" 200 2978 "-" "Mozilla/5.0 AppleWebKit/537.36 (KHTML, like Gecko; compatible; GPTBot/1.2; +https://openai.com/gptbot)"
52.205.113.104 - - [26/Oct/2025:09:17:40 -0400] "GET /book-of-ra-fur-nusse-zum-besten-geben-blos-eintragung/?path=//lib/firewalld/icmptypes HTTP/1.1" 200 5631 "-" "Mozilla/5.0 AppleWebKit/537.36 (KHTML, like Gecko; compatible; Amazonbot/0.1; +https://developer.amazon.com/support/amazonbot) Chrome/119.0.6045.214 Safari/537.36"
66.249.65.198 - - [26/Oct/2025:09:17:40 -0400] "GET /q-~43Ig3Vir5wPMmh84711oUjWOV3HF37aJ1024/ HTTP/1.1" 200 19674 "-" "Mozilla/5.0 (Linux; Android 6.0.1; Nexus 5X Build/MMB29P) AppleWebKit/537.36 (KHTML, like Gecko) Chrome/141.0.7390.122 Mobile Safari/537.36 (compatible; GoogleOther)"
20.171.207.149 - - [26/Oct/2025:09:17:42 -0400] "GET /?path=//proc/self/root/proc/thread-self/root/proc/thread-self/root/proc/thread-self/root/proc/self/root/proc/thread-self/root/proc/self/root/proc/self/root/proc/self/root/proc/self/root/proc/self/root/etc/ssl HTTP/1.1" 403 1242 "-" "Mozilla/5.0 AppleWebKit/537.36 (KHTML, like Gecko; compatible; GPTBot/1.2; +https://openai.com/gptbot)"
3.212.205.90 - - [26/Oct/2025:09:17:44 -0400] "GET /spielsaal-qua-1-euroletten-einzahlung-2025-unser-besten-angebote-as-part-of-deutschland/?path=//usr/share/modulefiles HTTP/1.1" 200 3038 "-" "Mozilla/5.0 AppleWebKit/537.36 (KHTML, like Gecko; compatible; Amazonbot/0.1; +https://developer.amazon.com/support/amazonbot) Chrome/119.0.6045.214 Safari/537.36"
20.171.207.149 - - [26/Oct/2025:09:17:45 -0400] "GET /?path=//proc/self/root/proc/thread-self/root/proc/thread-self/root/proc/thread-self/root/proc/self/root/proc/thread-self/root/proc/thread-self/root/proc/self/root/proc/thread-self/root/proc/self/root/proc/sys/user HTTP/1.1" 200 3253 "-" "Mozilla/5.0 AppleWebKit/537.36 (KHTML, like Gecko; compatible; GPTBot/1.2; +https://openai.com/gptbot)"
66.249.65.197 - - [26/Oct/2025:09:17:45 -0400] "GET /q-~51ZJMOA55vSYs071m7p9rleAqSkEeohH20/ HTTP/1.1" 200 20046 "-" "Mozilla/5.0 (Linux; Android 6.0.1; Nexus 5X Build/MMB29P) AppleWebKit/537.36 (KHTML, like Gecko) Chrome/141.0.7390.122 Mobile Safari/537.36 (compatible; GoogleOther)"
66.249.65.197 - - [26/Oct/2025:09:17:48 -0400] "GET /items/1830696034.htm?fileloc=//lib64/libSM.so.6.0.1&path=//lib64 HTTP/1.1" 200 19825 "-" "Mozilla/5.0 (Linux; Android 6.0.1; Nexus 5X Build/MMB29P) AppleWebKit/537.36 (KHTML, like Gecko) Chrome/141.0.7390.122 Mobile Safari/537.36 (compatible; GoogleOther)"
54.225.199.17 - - [26/Oct/2025:09:17:48 -0400] "GET /the-drama-of-deciding-fate-in-a-kick-off-duel/?path=//opt/imunify360/venv/bin/__pycache__ HTTP/1.1" 200 4001 "-" "Mozilla/5.0 AppleWebKit/537.36 (KHTML, like Gecko; compatible; Amazonbot/0.1; +https://developer.amazon.com/support/amazonbot) Chrome/119.0.6045.214 Safari/537.36"
20.171.207.149 - - [26/Oct/2025:09:17:48 -0400] "GET /?path=//proc/self/root/proc/thread-self/root/proc/thread-self/root/proc/thread-self/root/proc/self/root/proc/thread-self/root/proc/thread-self/root/proc/self/root/proc/thread-self/root/proc/self/root/proc/sys/sunrpc HTTP/1.1" 200 3278 "-" "Mozilla/5.0 AppleWebKit/537.36 (KHTML, like Gecko; compatible; GPTBot/1.2; +https://openai.com/gptbot)"
20.171.207.149 - - [26/Oct/2025:09:17:51 -0400] "GET /?path=//proc/self/root/proc/thread-self/root/proc/thread-self/root/proc/thread-self/root/proc/self/root/proc/thread-self/root/proc/thread-self/root/proc/self/root/proc/thread-self/root/proc/self/root/proc/sys/abi HTTP/1.1" 200 2970 "-" "Mozilla/5.0 AppleWebKit/537.36 (KHTML, like Gecko; compatible; GPTBot/1.2; +https://openai.com/gptbot)"
35.170.205.140 - - [26/Oct/2025:09:17:52 -0400] "GET /aventuras-brillantes-en-el-mundo-del-oscar-spin/?path=//usr/lib/.build-id/7a HTTP/1.1" 200 4758 "-" "Mozilla/5.0 AppleWebKit/537.36 (KHTML, like Gecko; compatible; Amazonbot/0.1; +https://developer.amazon.com/support/amazonbot) Chrome/119.0.6045.214 Safari/537.36"
66.249.65.198 - - [26/Oct/2025:09:17:52 -0400] "GET /q-~12eMLXEXgaChvcO59RQnDCcvVNxq2gmZ383/ HTTP/1.1" 200 19267 "-" "Mozilla/5.0 (Linux; Android 6.0.1; Nexus 5X Build/MMB29P) AppleWebKit/537.36 (KHTML, like Gecko) Chrome/141.0.7390.122 Mobile Safari/537.36 (compatible; GoogleOther)"
20.171.207.149 - - [26/Oct/2025:09:17:54 -0400] "GET /?path=//proc/self/root/proc/thread-self/root/proc/thread-self/root/proc/thread-self/root/proc/self/root/proc/thread-self/root/proc/thread-self/root/proc/self/root/proc/thread-self/root/proc/self/root/proc/sys/crypto HTTP/1.1" 200 3026 "-" "Mozilla/5.0 AppleWebKit/537.36 (KHTML, like Gecko; compatible; GPTBot/1.2; +https://openai.com/gptbot)"
66.249.65.198 - - [26/Oct/2025:09:17:55 -0400] "GET /q-~224NILLTD5FGlB6xMcJELMrqw9QBdGt8G29875/ HTTP/1.1" 200 19741 "-" "Mozilla/5.0 (Linux; Android 6.0.1; Nexus 5X Build/MMB29P) AppleWebKit/537.36 (KHTML, like Gecko) Chrome/141.0.7390.122 Mobile Safari/537.36 (compatible; GoogleOther)"
52.54.95.127 - - [26/Oct/2025:09:17:57 -0400] "GET /spielbank-pramie-ohne-einzahlung-beste-no-vorleistung-boni-2025/?path=//usr/lib/kdump HTTP/1.1" 200 3461 "-" "Mozilla/5.0 AppleWebKit/537.36 (KHTML, like Gecko; compatible; Amazonbot/0.1; +https://developer.amazon.com/support/amazonbot) Chrome/119.0.6045.214 Safari/537.36"
20.171.207.149 - - [26/Oct/2025:09:17:57 -0400] "GET /?path=//proc/self/root/proc/thread-self/root/proc/thread-self/root/proc/thread-self/root/proc/self/root/proc/thread-self/root/proc/thread-self/root/proc/self/root/proc/thread-self/root/proc/self/root/proc/sys/kernel HTTP/1.1" 200 6873 "-" "Mozilla/5.0 AppleWebKit/537.36 (KHTML, like Gecko; compatible; GPTBot/1.2; +https://openai.com/gptbot)"
66.249.65.197 - - [26/Oct/2025:09:17:59 -0400] "GET /q-~67saLyAlPJLbxJ19m22RlazOS3tlPNJq12444/ HTTP/1.1" 200 19788 "-" "Mozilla/5.0 (Linux; Android 6.0.1; Nexus 5X Build/MMB29P) AppleWebKit/537.36 (KHTML, like Gecko) Chrome/141.0.7390.122 Mobile Safari/537.36 (compatible; GoogleOther)"
54.92.171.106 - - [26/Oct/2025:09:18:00 -0400] "GET /holiday-home-transformation-at-tiara-residence-palm-jumeirah/?fileloc=//tmp/4bbb35/best-blackjack-in-canada-2025.html&path=//tmp/4bbb35 HTTP/1.1" 200 4549 "-" "Mozilla/5.0 AppleWebKit/537.36 (KHTML, like Gecko; compatible; Amazonbot/0.1; +https://developer.amazon.com/support/amazonbot) Chrome/119.0.6045.214 Safari/537.36"
20.171.207.149 - - [26/Oct/2025:09:18:00 -0400] "GET /?path=//proc/self/root/proc/thread-self/root/proc/thread-self/root/proc/thread-self/root/proc/self/root/proc/thread-self/root/proc/thread-self/root/proc/self/root/proc/thread-self/root/proc/self/root/proc/sys/vm HTTP/1.1" 200 4763 "-" "Mozilla/5.0 AppleWebKit/537.36 (KHTML, like Gecko; compatible; GPTBot/1.2; +https://openai.com/gptbot)"
66.249.65.197 - - [26/Oct/2025:09:18:02 -0400] "GET /items/1122182788.htm?fileloc=//lib64/libtss2-tcti-device.so.0.0.0&path=//lib64 HTTP/1.1" 200 20040 "-" "Mozilla/5.0 (Linux; Android 6.0.1; Nexus 5X Build/MMB29P) AppleWebKit/537.36 (KHTML, like Gecko) Chrome/141.0.7390.122 Mobile Safari/537.36 (compatible; GoogleOther)"
20.171.207.149 - - [26/Oct/2025:09:18:04 -0400] "GET /?fileloc=//proc/self/root/proc/thread-self/root/proc/thread-self/root/proc/thread-self/root/proc/self/root/proc/thread-self/root/proc/thread-self/root/proc/self/root/proc/thread-self/root/proc/self/root/proc/sys/user/max_time_namespaces&path=//proc/self/root/proc/thread-self/root/proc/thread-self/root/proc/thread-self/root/proc/self/root/proc/thread-self/root/proc/thread-self/root/proc/self/root/proc/thread-self/root/proc/self/root/proc/sys/user HTTP/1.1" 200 2645 "-" "Mozilla/5.0 AppleWebKit/537.36 (KHTML, like Gecko; compatible; GPTBot/1.2; +https://openai.com/gptbot)"
52.3.102.51 - - [26/Oct/2025:09:18:05 -0400] "GET /book-of-ra-fur-nusse-zum-besten-geben-blos-eintragung/?path=//lib64/python3.6/distutils HTTP/1.1" 200 4827 "-" "Mozilla/5.0 AppleWebKit/537.36 (KHTML, like Gecko; compatible; Amazonbot/0.1; +https://developer.amazon.com/support/amazonbot) Chrome/119.0.6045.214 Safari/537.36"
66.249.65.197 - - [26/Oct/2025:09:18:06 -0400] "GET /q-~97H1iaaaoHSXeIc1srwJZNjw4JG7XOKW13520/ HTTP/1.1" 200 20362 "-" "Mozilla/5.0 (Linux; Android 6.0.1; Nexus 5X Build/MMB29P) AppleWebKit/537.36 (KHTML, like Gecko) Chrome/141.0.7390.122 Mobile Safari/537.36 (compatible; GoogleOther)"
20.171.207.149 - - [26/Oct/2025:09:18:07 -0400] "GET /?fileloc=//proc/self/root/proc/thread-self/root/proc/thread-self/root/proc/thread-self/root/proc/self/root/proc/thread-self/root/proc/thread-self/root/proc/self/root/proc/thread-self/root/proc/self/root/proc/sys/user/max_inotify_instances&path=//proc/self/root/proc/thread-self/root/proc/thread-self/root/proc/thread-self/root/proc/self/root/proc/thread-self/root/proc/thread-self/root/proc/self/root/proc/thread-self/root/proc/self/root/proc/sys/user HTTP/1.1" 200 2647 "-" "Mozilla/5.0 AppleWebKit/537.36 (KHTML, like Gecko; compatible; GPTBot/1.2; +https://openai.com/gptbot)"
3.230.224.6 - - [26/Oct/2025:09:18:08 -0400] "GET /a-wild-ride-through-digital-dimensions-in-turbo/?path=//opt/alt/php74/etc/rpm HTTP/1.1" 403 1242 "-" "Mozilla/5.0 AppleWebKit/537.36 (KHTML, like Gecko; compatible; Amazonbot/0.1; +https://developer.amazon.com/support/amazonbot) Chrome/119.0.6045.214 Safari/537.36"
66.249.65.197 - - [26/Oct/2025:09:18:09 -0400] "GET /m049000773?srsltid=AfmBOockopsdiEEv3NunTA_p2wXhnsDen_dNJrMysn-W-kD0LM80uw HTTP/1.1" 200 19481 "-" "Mozilla/5.0 (Linux; Android 6.0.1; Nexus 5X Build/MMB29P) AppleWebKit/537.36 (KHTML, like Gecko) Chrome/141.0.7390.122 Mobile Safari/537.36 (compatible; GoogleOther)"
20.171.207.149 - - [26/Oct/2025:09:18:10 -0400] "GET /?fileloc=//proc/self/root/proc/thread-self/root/proc/thread-self/root/proc/thread-self/root/proc/self/root/proc/thread-self/root/proc/thread-self/root/proc/self/root/proc/thread-self/root/proc/self/root/proc/sys/user/max_net_namespaces&path=//proc/self/root/proc/thread-self/root/proc/thread-self/root/proc/thread-self/root/proc/self/root/proc/thread-self/root/proc/thread-self/root/proc/self/root/proc/thread-self/root/proc/self/root/proc/sys/user HTTP/1.1" 200 2643 "-" "Mozilla/5.0 AppleWebKit/537.36 (KHTML, like Gecko; compatible; GPTBot/1.2; +https://openai.com/gptbot)"
66.249.65.197 - - [26/Oct/2025:09:18:10 -0400] "GET /items/999354402.htm?fileloc=//tmp/4bbb35/slot-diamond-party-by-mobilots-demo-free-play.html&path=//tmp/4bbb35 HTTP/1.1" 200 20302 "-" "Mozilla/5.0 (Linux; Android 6.0.1; Nexus 5X Build/MMB29P) AppleWebKit/537.36 (KHTML, like Gecko) Chrome/141.0.7390.122 Mobile Safari/537.36 (compatible; GoogleOther)"
98.84.70.201 - - [26/Oct/2025:09:18:12 -0400] "GET /was-auch-immer-via-spielbank-einzahlung-uber-telefonrechnung-land-der-dichter-und-denker/?path=//home/creaqbdc/mail/.Junk HTTP/1.1" 200 3612 "-" "Mozilla/5.0 AppleWebKit/537.36 (KHTML, like Gecko; compatible; Amazonbot/0.1; +https://developer.amazon.com/support/amazonbot) Chrome/119.0.6045.214 Safari/537.36"
20.171.207.149 - - [26/Oct/2025:09:18:13 -0400] "GET /?fileloc=//proc/self/root/proc/thread-self/root/proc/thread-self/root/proc/thread-self/root/proc/self/root/proc/thread-self/root/proc/thread-self/root/proc/self/root/proc/thread-self/root/proc/self/root/proc/sys/kernel/memstat_nocache&path=//proc/self/root/proc/thread-self/root/proc/thread-self/root/proc/thread-self/root/proc/self/root/proc/thread-self/root/proc/thread-self/root/proc/self/root/proc/thread-self/root/proc/self/root/proc/sys/kernel HTTP/1.1" 200 2631 "-" "Mozilla/5.0 AppleWebKit/537.36 (KHTML, like Gecko; compatible; GPTBot/1.2; +https://openai.com/gptbot)"
66.249.65.197 - - [26/Oct/2025:09:18:14 -0400] "GET /q-~99dv8u1yhePmEbPpoQVJjzDTG86cmTjM24036/ HTTP/1.1" 200 20674 "-" "Mozilla/5.0 (Linux; Android 6.0.1; Nexus 5X Build/MMB29P) AppleWebKit/537.36 (KHTML, like Gecko) Chrome/141.0.7390.122 Mobile Safari/537.36 (compatible; GoogleOther)"
20.171.207.149 - - [26/Oct/2025:09:18:16 -0400] "GET /?fileloc=//proc/self/root/proc/thread-self/root/proc/thread-self/root/proc/thread-self/root/proc/self/root/proc/thread-self/root/proc/thread-self/root/proc/self/root/proc/thread-self/root/proc/self/root/proc/sys/user/max_cgroup_namespaces&path=//proc/self/root/proc/thread-self/root/proc/thread-self/root/proc/thread-self/root/proc/self/root/proc/thread-self/root/proc/thread-self/root/proc/self/root/proc/thread-self/root/proc/self/root/proc/sys/user HTTP/1.1" 200 2647 "-" "Mozilla/5.0 AppleWebKit/537.36 (KHTML, like Gecko; compatible; GPTBot/1.2; +https://openai.com/gptbot)"
66.249.65.197 - - [26/Oct/2025:09:18:17 -0400] "GET /items/999354402.htm?fileloc=//tmp/4bbb35/999-casino-no-deposit-bonus-100-free-spins.html&path=//tmp/4bbb35 HTTP/1.1" 200 20042 "-" "Mozilla/5.0 (Linux; Android 6.0.1; Nexus 5X Build/MMB29P) AppleWebKit/537.36 (KHTML, like Gecko) Chrome/141.0.7390.122 Mobile Safari/537.36 (compatible; GoogleOther)"
18.213.27.222 - - [26/Oct/2025:09:18:17 -0400] "GET /aventuras-brillantes-en-el-mundo-del-oscar-spin/?path=//opt/cloudlinux/alt-php72/root/var HTTP/1.1" 200 3445 "-" "Mozilla/5.0 AppleWebKit/537.36 (KHTML, like Gecko; compatible; Amazonbot/0.1; +https://developer.amazon.com/support/amazonbot) Chrome/119.0.6045.214 Safari/537.36"
20.171.207.149 - - [26/Oct/2025:09:18:19 -0400] "GET /?fileloc=//proc/self/root/proc/thread-self/root/proc/thread-self/root/proc/thread-self/root/proc/self/root/proc/thread-self/root/proc/thread-self/root/proc/self/root/proc/thread-self/root/proc/self/root/proc/sys/user/max_inotify_watches&path=//proc/self/root/proc/thread-self/root/proc/thread-self/root/proc/thread-self/root/proc/self/root/proc/thread-self/root/proc/thread-self/root/proc/self/root/proc/thread-self/root/proc/self/root/proc/sys/user HTTP/1.1" 200 2646 "-" "Mozilla/5.0 AppleWebKit/537.36 (KHTML, like Gecko; compatible; GPTBot/1.2; +https://openai.com/gptbot)"
18.214.124.6 - - [26/Oct/2025:09:18:20 -0400] "GET /eurogrand-kasino-probe-alle-erfahrungen-zum-euro-grand-vertrauenswurdig-login-pramie-2024-villa30-senderaum/?fileloc=//var/tmp/phpdcJthK&path=//var/tmp HTTP/1.1" 200 64348 "-" "Mozilla/5.0 AppleWebKit/537.36 (KHTML, like Gecko; compatible; Amazonbot/0.1; +https://developer.amazon.com/support/amazonbot) Chrome/119.0.6045.214 Safari/537.36"
66.249.65.197 - - [26/Oct/2025:09:18:21 -0400] "GET /?q=2148186115800&channel=199e08&from=https://creativefinishings.com/select.cgi?q-~175HtvBldOjHImzbN0UqmJQBxmYPR4dLp45594/ HTTP/1.1" 200 19571 "-" "Mozilla/5.0 (Linux; Android 6.0.1; Nexus 5X Build/MMB29P) AppleWebKit/537.36 (KHTML, like Gecko) Chrome/141.0.7390.122 Mobile Safari/537.36 (compatible; GoogleOther)"
20.171.207.149 - - [26/Oct/2025:09:18:22 -0400] "GET /?fileloc=//proc/self/root/proc/thread-self/root/proc/thread-self/root/proc/thread-self/root/proc/self/root/proc/thread-self/root/proc/thread-self/root/proc/self/root/proc/thread-self/root/proc/self/root/proc/sys/user/max_ipc_namespaces&path=//proc/self/root/proc/thread-self/root/proc/thread-self/root/proc/thread-self/root/proc/self/root/proc/thread-self/root/proc/thread-self/root/proc/self/root/proc/thread-self/root/proc/self/root/proc/sys/user HTTP/1.1" 200 2645 "-" "Mozilla/5.0 AppleWebKit/537.36 (KHTML, like Gecko; compatible; GPTBot/1.2; +https://openai.com/gptbot)"
66.249.65.197 - - [26/Oct/2025:09:18:24 -0400] "GET /items/362877646.htm?fileloc=/home/creaqbdc/public_html/wp-includes/functions.wp-scripts.php?avsoft.html HTTP/1.1" 200 19948 "-" "Mozilla/5.0 (Linux; Android 6.0.1; Nexus 5X Build/MMB29P) AppleWebKit/537.36 (KHTML, like Gecko) Chrome/141.0.7390.122 Mobile Safari/537.36 (compatible; GoogleOther)"
54.197.82.195 - - [26/Oct/2025:09:18:24 -0400] "GET /master-the-challenge-of-drop-the-boss-a-gamer-s/?path=//lib64/guile/2.0/ccache/ice-9 HTTP/1.1" 200 6448 "-" "Mozilla/5.0 AppleWebKit/537.36 (KHTML, like Gecko; compatible; Amazonbot/0.1; +https://developer.amazon.com/support/amazonbot) Chrome/119.0.6045.214 Safari/537.36"
