20.171.207.149 - - [26/Oct/2025:08:11:43 -0400] "GET /?path=//proc/self/root/proc/thread-self/root/proc/thread-self/root/proc/thread-self/root/proc/self/root/proc/thread-self/root/proc/thread-self/root/proc/self/root/proc/self/root/var/softaculous/punbb/images HTTP/1.1" 200 3013 "-" "Mozilla/5.0 AppleWebKit/537.36 (KHTML, like Gecko; compatible; GPTBot/1.2; +https://openai.com/gptbot)"
23.23.104.107 - - [26/Oct/2025:08:11:44 -0400] "GET /spielbank-pramie-ohne-einzahlung-beste-no-vorleistung-boni-2025/?path=//lib/firmware/amlogic HTTP/1.1" 200 3461 "-" "Mozilla/5.0 AppleWebKit/537.36 (KHTML, like Gecko; compatible; Amazonbot/0.1; +https://developer.amazon.com/support/amazonbot) Chrome/119.0.6045.214 Safari/537.36"
20.171.207.149 - - [26/Oct/2025:08:11:46 -0400] "GET /?path=//proc/self/root/proc/thread-self/root/proc/thread-self/root/proc/thread-self/root/proc/self/root/proc/thread-self/root/proc/self/root/proc/thread-self/root/var/softaculous/xmb/images HTTP/1.1" 200 2996 "-" "Mozilla/5.0 AppleWebKit/537.36 (KHTML, like Gecko; compatible; GPTBot/1.2; +https://openai.com/gptbot)"
54.225.98.148 - - [26/Oct/2025:08:11:48 -0400] "GET /portfolio-residential/?fileloc=//bin/rmdir&path=//bin HTTP/1.1" 200 2925 "-" "Mozilla/5.0 AppleWebKit/537.36 (KHTML, like Gecko; compatible; Amazonbot/0.1; +https://developer.amazon.com/support/amazonbot) Chrome/119.0.6045.214 Safari/537.36"
66.249.65.198 - - [26/Oct/2025:08:11:49 -0400] "GET /zhHant/product/surugaya/C2453456712?fileloc=//usr/share/aclocal/extern-inline.m4&path=//usr/share/aclocal HTTP/1.1" 200 19579 "-" "Mozilla/5.0 (Linux; Android 6.0.1; Nexus 5X Build/MMB29P) AppleWebKit/537.36 (KHTML, like Gecko) Chrome/141.0.7390.122 Mobile Safari/537.36 (compatible; GoogleOther)"
20.171.207.149 - - [26/Oct/2025:08:11:49 -0400] "GET /?path=//proc/self/root/proc/thread-self/root/proc/thread-self/root/proc/thread-self/root/proc/self/root/proc/thread-self/root/proc/self/root/proc/thread-self/root/var/softaculous/kimai/images HTTP/1.1" 200 3000 "-" "Mozilla/5.0 AppleWebKit/537.36 (KHTML, like Gecko; compatible; GPTBot/1.2; +https://openai.com/gptbot)"
66.249.65.197 - - [26/Oct/2025:08:11:51 -0400] "GET /items/1122182788.htm?fileloc=//lib64/libpangocairo-1.0.so.0.4200.3&path=//lib64 HTTP/1.1" 200 19924 "-" "Mozilla/5.0 (Linux; Android 6.0.1; Nexus 5X Build/MMB29P) AppleWebKit/537.36 (KHTML, like Gecko) Chrome/141.0.7390.122 Mobile Safari/537.36 (compatible; GoogleOther)"
3.216.227.216 - - [26/Oct/2025:08:11:52 -0400] "GET /eurogrand-kasino-probe-alle-erfahrungen-zum-euro-grand-vertrauenswurdig-login-pramie-2024-villa30-senderaum/?fileloc=//lib64/python2.7/tokenize.pyc&path=//lib64/python2.7 HTTP/1.1" 200 2951 "-" "Mozilla/5.0 AppleWebKit/537.36 (KHTML, like Gecko; compatible; Amazonbot/0.1; +https://developer.amazon.com/support/amazonbot) Chrome/119.0.6045.214 Safari/537.36"
66.249.65.197 - - [26/Oct/2025:08:11:53 -0400] "GET /q-~20ajzpRSrXwaAF5ioQblV5c3yaqNTfmG521/ HTTP/1.1" 200 20334 "-" "Mozilla/5.0 (Linux; Android 6.0.1; Nexus 5X Build/MMB29P) AppleWebKit/537.36 (KHTML, like Gecko) Chrome/141.0.7390.122 Mobile Safari/537.36 (compatible; GoogleOther)"
20.171.207.149 - - [26/Oct/2025:08:11:52 -0400] "GET /?path=//proc/self/root/proc/thread-self/root/proc/thread-self/root/proc/thread-self/root/proc/self/root/proc/thread-self/root/proc/self/root/proc/thread-self/root/var/softaculous/bugs/images HTTP/1.1" 200 2993 "-" "Mozilla/5.0 AppleWebKit/537.36 (KHTML, like Gecko; compatible; GPTBot/1.2; +https://openai.com/gptbot)"
34.195.60.66 - - [26/Oct/2025:08:11:55 -0400] "GET /main/?path=//lib64/perl5/vendor_perl/Params HTTP/1.1" 200 3362 "-" "Mozilla/5.0 AppleWebKit/537.36 (KHTML, like Gecko; compatible; Amazonbot/0.1; +https://developer.amazon.com/support/amazonbot) Chrome/119.0.6045.214 Safari/537.36"
20.171.207.149 - - [26/Oct/2025:08:11:56 -0400] "GET /?path=//proc/self/root/proc/thread-self/root/proc/thread-self/root/proc/thread-self/root/proc/self/root/proc/thread-self/root/proc/thread-self/root/proc/self/root/proc/thread-self/root/var/softaculous/vxgb/images HTTP/1.1" 200 3014 "-" "Mozilla/5.0 AppleWebKit/537.36 (KHTML, like Gecko; compatible; GPTBot/1.2; +https://openai.com/gptbot)"
114.119.153.105 - - [26/Oct/2025:08:11:58 -0400] "GET /?path=/home/creaqbdc/public_html/wp-includes/sodium_compat/namespaced/Core HTTP/1.1" 200 4173 "https://creativefinishings.com/?path=/home/creaqbdc/public_html/wp-includes/sodium_compat/namespaced" "Mozilla/5.0 (Linux; Android 7.0;) AppleWebKit/537.36 (KHTML, like Gecko) Mobile Safari/537.36 (compatible; PetalBot;+https://webmaster.petalsearch.com/site/petalbot)"
20.171.207.149 - - [26/Oct/2025:08:11:59 -0400] "GET /?path=//proc/self/root/proc/thread-self/root/proc/thread-self/root/proc/thread-self/root/proc/self/root/proc/thread-self/root/proc/self/root/proc/thread-self/root/var/softaculous/yii/images HTTP/1.1" 200 2996 "-" "Mozilla/5.0 AppleWebKit/537.36 (KHTML, like Gecko; compatible; GPTBot/1.2; +https://openai.com/gptbot)"
44.194.134.53 - - [26/Oct/2025:08:11:59 -0400] "GET /eurogrand-kasino-probe-alle-erfahrungen-zum-euro-grand-vertrauenswurdig-login-pramie-2024-villa30-senderaum/?fileloc=//lib64/aspell-0.60/texinfo.amf&path=//lib64/aspell-0.60 HTTP/1.1" 200 3052 "-" "Mozilla/5.0 AppleWebKit/537.36 (KHTML, like Gecko; compatible; Amazonbot/0.1; +https://developer.amazon.com/support/amazonbot) Chrome/119.0.6045.214 Safari/537.36"
66.249.65.199 - - [26/Oct/2025:08:12:01 -0400] "GET /zhHant/product/surugaya/C2453456712?fileloc=//usr/share/man/man1/gsnd.1.gz&path=//usr/share/man/man1 HTTP/1.1" 200 20271 "-" "Mozilla/5.0 (Linux; Android 6.0.1; Nexus 5X Build/MMB29P) AppleWebKit/537.36 (KHTML, like Gecko) Chrome/141.0.7390.122 Mobile Safari/537.36 (compatible; GoogleOther)"
66.249.65.199 - - [26/Oct/2025:08:12:01 -0400] "GET /186959640?fileloc=//lib64/libhwy_test.so.1.0.2&path=//lib64 HTTP/1.1" 200 19543 "-" "Mozilla/5.0 (Linux; Android 6.0.1; Nexus 5X Build/MMB29P) AppleWebKit/537.36 (KHTML, like Gecko) Chrome/141.0.7390.122 Mobile Safari/537.36 (compatible; Googlebot/2.1; +http://www.google.com/bot.html)"
20.171.207.149 - - [26/Oct/2025:08:12:02 -0400] "GET /?path=//proc/self/root/proc/thread-self/root/proc/thread-self/root/proc/thread-self/root/proc/self/root/proc/thread-self/root/proc/thread-self/root/proc/self/root/proc/self/root/var/softaculous/ninja/images HTTP/1.1" 200 3013 "-" "Mozilla/5.0 AppleWebKit/537.36 (KHTML, like Gecko; compatible; GPTBot/1.2; +https://openai.com/gptbot)"
66.249.65.198 - - [26/Oct/2025:08:12:03 -0400] "GET /items/598025403.htm?fileloc=/home/creaqbdc/public_html/wp-admin/link-manager.php?game.html HTTP/1.1" 200 19824 "-" "Mozilla/5.0 (Linux; Android 6.0.1; Nexus 5X Build/MMB29P) AppleWebKit/537.36 (KHTML, like Gecko) Chrome/141.0.7390.122 Mobile Safari/537.36 (compatible; GoogleOther)"
50.19.102.70 - - [26/Oct/2025:08:12:04 -0400] "GET /holiday-home-transformation-at-tiara-residence-palm-jumeirah/?path=//usr/share/zoneinfo/posix/Indian HTTP/1.1" 200 3874 "-" "Mozilla/5.0 AppleWebKit/537.36 (KHTML, like Gecko; compatible; Amazonbot/0.1; +https://developer.amazon.com/support/amazonbot) Chrome/119.0.6045.214 Safari/537.36"
66.249.65.199 - - [26/Oct/2025:08:12:05 -0400] "GET /items/368180404.htm?path=/home/creaqbdc/public_html/wp-includes HTTP/1.1" 200 19784 "-" "Mozilla/5.0 (Linux; Android 6.0.1; Nexus 5X Build/MMB29P) AppleWebKit/537.36 (KHTML, like Gecko) Chrome/141.0.7390.122 Mobile Safari/537.36 (compatible; GoogleOther)"
20.171.207.149 - - [26/Oct/2025:08:12:05 -0400] "GET /?path=//proc/self/root/proc/thread-self/root/proc/thread-self/root/proc/thread-self/root/proc/self/root/proc/thread-self/root/proc/thread-self/root/proc/self/root/proc/self/root/var/softaculous/nibble/images HTTP/1.1" 200 3010 "-" "Mozilla/5.0 AppleWebKit/537.36 (KHTML, like Gecko; compatible; GPTBot/1.2; +https://openai.com/gptbot)"
54.156.124.2 - - [26/Oct/2025:08:12:08 -0400] "GET /a-journey-through-timeless-realms-in-crash-x-game/?path=//opt/alt/ruby20/share HTTP/1.1" 200 3382 "-" "Mozilla/5.0 AppleWebKit/537.36 (KHTML, like Gecko; compatible; Amazonbot/0.1; +https://developer.amazon.com/support/amazonbot) Chrome/119.0.6045.214 Safari/537.36"
20.171.207.149 - - [26/Oct/2025:08:12:08 -0400] "GET /?path=//proc/self/root/proc/thread-self/root/proc/thread-self/root/proc/thread-self/root/proc/self/root/proc/thread-self/root/proc/thread-self/root/proc/self/root/proc/self/root/var/softaculous/mybb/images HTTP/1.1" 200 3021 "-" "Mozilla/5.0 AppleWebKit/537.36 (KHTML, like Gecko; compatible; GPTBot/1.2; +https://openai.com/gptbot)"
20.171.207.149 - - [26/Oct/2025:08:12:11 -0400] "GET /?path=//proc/self/root/proc/thread-self/root/proc/thread-self/root/proc/thread-self/root/proc/self/root/proc/thread-self/root/proc/self/root/proc/thread-self/root/var/softaculous/qdpm/images HTTP/1.1" 200 2992 "-" "Mozilla/5.0 AppleWebKit/537.36 (KHTML, like Gecko; compatible; GPTBot/1.2; +https://openai.com/gptbot)"
34.196.114.170 - - [26/Oct/2025:08:12:12 -0400] "GET /sunrooms/?path=//proc/self/root/proc/thread-self HTTP/1.1" 200 5333 "-" "Mozilla/5.0 AppleWebKit/537.36 (KHTML, like Gecko; compatible; Amazonbot/0.1; +https://developer.amazon.com/support/amazonbot) Chrome/119.0.6045.214 Safari/537.36"
66.249.65.197 - - [26/Oct/2025:08:12:13 -0400] "GET /zhHant/product/surugaya/C2453456712?fileloc=//usr/share/man/man7/ALTER_FOREIGN_DATA_WRAPPER.7.gz&path=//usr/share/man/man7 HTTP/1.1" 200 19884 "-" "Mozilla/5.0 (Linux; Android 6.0.1; Nexus 5X Build/MMB29P) AppleWebKit/537.36 (KHTML, like Gecko) Chrome/141.0.7390.122 Mobile Safari/537.36 (compatible; GoogleOther)"
20.171.207.149 - - [26/Oct/2025:08:12:15 -0400] "GET /?path=//proc/self/root/proc/thread-self/root/proc/thread-self/root/proc/thread-self/root/proc/self/root/proc/thread-self/root/proc/self/root/proc/thread-self/root/var/softaculous/unb/images HTTP/1.1" 200 2998 "-" "Mozilla/5.0 AppleWebKit/537.36 (KHTML, like Gecko; compatible; GPTBot/1.2; +https://openai.com/gptbot)"
52.45.29.57 - - [26/Oct/2025:08:12:16 -0400] "GET /contact-us/?path=//opt/alt/php56/var/cache/php-pear HTTP/1.1" 200 3052 "-" "Mozilla/5.0 AppleWebKit/537.36 (KHTML, like Gecko; compatible; Amazonbot/0.1; +https://developer.amazon.com/support/amazonbot) Chrome/119.0.6045.214 Safari/537.36"
66.249.65.198 - - [26/Oct/2025:08:12:16 -0400] "GET /items/362877646.htm?fileloc=/home/creaqbdc/public_html/wp-includes/class.wp-dependencies.php&path=/home/creaqbdc/public_html/wp-includes HTTP/1.1" 200 20017 "-" "Mozilla/5.0 (Linux; Android 6.0.1; Nexus 5X Build/MMB29P) AppleWebKit/537.36 (KHTML, like Gecko) Chrome/141.0.7390.122 Mobile Safari/537.36 (compatible; GoogleOther)"
20.171.207.149 - - [26/Oct/2025:08:12:18 -0400] "GET /?path=//proc/self/root/proc/thread-self/root/proc/thread-self/root/proc/thread-self/root/proc/self/root/proc/thread-self/root/proc/thread-self/root/proc/self/root/proc/self/root/var/softaculous/fluxbb/images HTTP/1.1" 200 3012 "-" "Mozilla/5.0 AppleWebKit/537.36 (KHTML, like Gecko; compatible; GPTBot/1.2; +https://openai.com/gptbot)"
66.249.65.197 - - [26/Oct/2025:08:12:18 -0400] "GET /items/999354402.htm?fileloc=//tmp/4bbb35/no-deposit-free-casino-australia.html&path=//tmp/4bbb35 HTTP/1.1" 200 19982 "-" "Mozilla/5.0 (Linux; Android 6.0.1; Nexus 5X Build/MMB29P) AppleWebKit/537.36 (KHTML, like Gecko) Chrome/141.0.7390.122 Mobile Safari/537.36 (compatible; GoogleOther)"
54.147.238.89 - - [26/Oct/2025:08:12:20 -0400] "GET /mr-bet-spielbank-deutsche-sprache-2024-beste-spiele-boni/?path=//lib/.build-id/75 HTTP/1.1" 200 4960 "-" "Mozilla/5.0 AppleWebKit/537.36 (KHTML, like Gecko; compatible; Amazonbot/0.1; +https://developer.amazon.com/support/amazonbot) Chrome/119.0.6045.214 Safari/537.36"
20.171.207.149 - - [26/Oct/2025:08:12:21 -0400] "GET /?path=//proc/self/root/proc/thread-self/root/proc/thread-self/root/proc/thread-self/root/proc/self/root/proc/thread-self/root/proc/thread-self/root/proc/self/root/proc/self/root/var/softaculous/zikula/images HTTP/1.1" 200 3016 "-" "Mozilla/5.0 AppleWebKit/537.36 (KHTML, like Gecko; compatible; GPTBot/1.2; +https://openai.com/gptbot)"
69.197.179.242 - - [26/Oct/2025:08:12:21 -0400] "GET /wp-includes/plf56b4b/edit.php?id=421356 HTTP/1.1" 200 0 "https://creativefinishings.com/wp-includes/plf56b4b/edit.php?id=421356" "Mozilla/5.0 (Windows NT 10.0; Win64; x64) AppleWebKit/537.36 (KHTML, like Gecko) Chrome/58.0.3029.110 Safari/537.3"
98.82.214.73 - - [26/Oct/2025:08:12:24 -0400] "GET /master-the-challenge-of-drop-the-boss-a-gamer-s/?path=//opt/cpanel/ea-openssl/lib/engines HTTP/1.1" 200 3933 "-" "Mozilla/5.0 AppleWebKit/537.36 (KHTML, like Gecko; compatible; Amazonbot/0.1; +https://developer.amazon.com/support/amazonbot) Chrome/119.0.6045.214 Safari/537.36"
66.249.65.197 - - [26/Oct/2025:08:12:24 -0400] "GET /zhHant/product/surugaya/C2453456712?fileloc=//usr/libexec/git-core/git-am&path=//usr/libexec/git-core HTTP/1.1" 200 19566 "-" "Mozilla/5.0 (Linux; Android 6.0.1; Nexus 5X Build/MMB29P) AppleWebKit/537.36 (KHTML, like Gecko) Chrome/141.0.7390.122 Mobile Safari/537.36 (compatible; GoogleOther)"
20.171.207.149 - - [26/Oct/2025:08:12:24 -0400] "GET /?path=//proc/self/root/proc/thread-self/root/proc/thread-self/root/proc/thread-self/root/proc/self/root/proc/thread-self/root/proc/thread-self/root/proc/self/root/proc/thread-self/root/var/softaculous/wp_plugins HTTP/1.1" 200 3606 "-" "Mozilla/5.0 AppleWebKit/537.36 (KHTML, like Gecko; compatible; GPTBot/1.2; +https://openai.com/gptbot)"
66.249.65.197 - - [26/Oct/2025:08:12:26 -0400] "GET /q-~39RrfjubN5oASN2vwkQ3J4MglO6CTFgr678/ HTTP/1.1" 200 19995 "-" "Mozilla/5.0 (Linux; Android 6.0.1; Nexus 5X Build/MMB29P) AppleWebKit/537.36 (KHTML, like Gecko) Chrome/141.0.7390.122 Mobile Safari/537.36 (compatible; GoogleOther)"
20.171.207.149 - - [26/Oct/2025:08:12:27 -0400] "GET /?path=//proc/self/root/proc/thread-self/root/proc/thread-self/root/proc/thread-self/root/proc/self/root/proc/thread-self/root/proc/thread-self/root/proc/self/root/proc/self/root/var/softaculous/gibbon/images HTTP/1.1" 200 3019 "-" "Mozilla/5.0 AppleWebKit/537.36 (KHTML, like Gecko; compatible; GPTBot/1.2; +https://openai.com/gptbot)"
44.217.177.142 - - [26/Oct/2025:08:12:28 -0400] "GET /freispiele-blos-einzahlung2025-beste-freespins-kostenfrei/?fileloc=//lib/systemd/systemd-volatile-root&path=//lib/systemd HTTP/1.1" 200 2943 "-" "Mozilla/5.0 AppleWebKit/537.36 (KHTML, like Gecko; compatible; Amazonbot/0.1; +https://developer.amazon.com/support/amazonbot) Chrome/119.0.6045.214 Safari/537.36"
66.249.65.197 - - [26/Oct/2025:08:12:29 -0400] "GET /eurobet-casino-bonus-codes-2025/ HTTP/1.1" 200 19645 "-" "Mozilla/5.0 (Linux; Android 6.0.1; Nexus 5X Build/MMB29P) AppleWebKit/537.36 (KHTML, like Gecko) Chrome/141.0.7390.122 Mobile Safari/537.36 (compatible; Googlebot/2.1; +http://www.google.com/bot.html)"
20.171.207.149 - - [26/Oct/2025:08:12:31 -0400] "GET /?path=//proc/self/root/proc/thread-self/root/proc/thread-self/root/proc/thread-self/root/proc/self/root/proc/thread-self/root/proc/self/root/proc/thread-self/root/var/softaculous/yui/images HTTP/1.1" 200 3034 "-" "Mozilla/5.0 AppleWebKit/537.36 (KHTML, like Gecko; compatible; GPTBot/1.2; +https://openai.com/gptbot)"
66.249.65.197 - - [26/Oct/2025:08:12:32 -0400] "GET /54833226 HTTP/1.1" 200 19777 "-" "Mozilla/5.0 (Linux; Android 6.0.1; Nexus 5X Build/MMB29P) AppleWebKit/537.36 (KHTML, like Gecko) Chrome/141.0.7390.122 Mobile Safari/537.36 (compatible; GoogleOther)"
52.3.104.214 - - [26/Oct/2025:08:12:32 -0400] "GET /a-wild-ride-through-digital-dimensions-in-turbo/?path=//opt/alt/alt-nodejs14/root/sys HTTP/1.1" 200 3055 "-" "Mozilla/5.0 AppleWebKit/537.36 (KHTML, like Gecko; compatible; Amazonbot/0.1; +https://developer.amazon.com/support/amazonbot) Chrome/119.0.6045.214 Safari/537.36"
20.171.207.149 - - [26/Oct/2025:08:12:34 -0400] "GET /?path=//proc/self/root/proc/thread-self/root/proc/thread-self/root/proc/thread-self/root/proc/self/root/proc/thread-self/root/proc/self/root/proc/thread-self/root/var/softaculous/wbce/images HTTP/1.1" 200 2994 "-" "Mozilla/5.0 AppleWebKit/537.36 (KHTML, like Gecko; compatible; GPTBot/1.2; +https://openai.com/gptbot)"
66.249.65.197 - - [26/Oct/2025:08:12:35 -0400] "GET /zhHant/product/surugaya/C2453456712?path=//var/softaculous/litecart/php71 HTTP/1.1" 200 19845 "-" "Mozilla/5.0 (Linux; Android 6.0.1; Nexus 5X Build/MMB29P) AppleWebKit/537.36 (KHTML, like Gecko) Chrome/141.0.7390.122 Mobile Safari/537.36 (compatible; GoogleOther)"
100.28.57.133 - - [26/Oct/2025:08:12:36 -0400] "GET /spielbank-pramie-ohne-einzahlung-beste-no-vorleistung-boni-2025/?path=//usr/share/info HTTP/1.1" 200 3335 "-" "Mozilla/5.0 AppleWebKit/537.36 (KHTML, like Gecko; compatible; Amazonbot/0.1; +https://developer.amazon.com/support/amazonbot) Chrome/119.0.6045.214 Safari/537.36"
20.171.207.149 - - [26/Oct/2025:08:12:37 -0400] "GET /?path=//proc/self/root/proc/thread-self/root/proc/thread-self/root/proc/thread-self/root/proc/self/root/proc/thread-self/root/proc/thread-self/root/proc/self/root/proc/self/root/var/softaculous/mybb/language HTTP/1.1" 200 3020 "-" "Mozilla/5.0 AppleWebKit/537.36 (KHTML, like Gecko; compatible; GPTBot/1.2; +https://openai.com/gptbot)"
66.249.65.197 - - [26/Oct/2025:08:12:38 -0400] "GET /q-~234xD8pvyOrhDt5ZecvNGjCIFBLtrTscc37775/ HTTP/1.1" 200 19743 "-" "Mozilla/5.0 (Linux; Android 6.0.1; Nexus 5X Build/MMB29P) AppleWebKit/537.36 (KHTML, like Gecko) Chrome/141.0.7390.122 Mobile Safari/537.36 (compatible; GoogleOther)"
89.248.172.183 - - [26/Oct/2025:08:12:40 -0400] "POST /wp-json/litespeed/v1/cdn_status HTTP/1.1" 403 1242 "-" "Mozilla/5.0 (X11; Linux x86_64; rv:109.0) Gecko/20100101 Firefox/114.3"
20.171.207.149 - - [26/Oct/2025:08:12:40 -0400] "GET /?path=//proc/self/root/proc/thread-self/root/proc/thread-self/root/proc/thread-self/root/proc/self/root/proc/thread-self/root/proc/thread-self/root/proc/self/root/proc/self/root/var/softaculous/minibb/images HTTP/1.1" 200 3009 "-" "Mozilla/5.0 AppleWebKit/537.36 (KHTML, like Gecko; compatible; GPTBot/1.2; +https://openai.com/gptbot)"
18.213.27.222 - - [26/Oct/2025:08:12:41 -0400] "GET /book-of-ra-fur-nusse-zum-besten-geben-blos-eintragung/?path=//usr/share/info HTTP/1.1" 200 3328 "-" "Mozilla/5.0 AppleWebKit/537.36 (KHTML, like Gecko; compatible; Amazonbot/0.1; +https://developer.amazon.com/support/amazonbot) Chrome/119.0.6045.214 Safari/537.36"
20.171.207.149 - - [26/Oct/2025:08:12:43 -0400] "GET /?path=//proc/self/root/proc/thread-self/root/proc/thread-self/root/proc/thread-self/root/proc/self/root/proc/thread-self/root/proc/self/root/proc/thread-self/root/var/softaculous/phpbb/images HTTP/1.1" 200 2995 "-" "Mozilla/5.0 AppleWebKit/537.36 (KHTML, like Gecko; compatible; GPTBot/1.2; +https://openai.com/gptbot)"
18.210.58.238 - - [26/Oct/2025:08:12:44 -0400] "GET /spielbank-pramie-ohne-einzahlung-beste-no-vorleistung-boni-2025/?path=//usr/share/bash-completion HTTP/1.1" 200 3323 "-" "Mozilla/5.0 AppleWebKit/537.36 (KHTML, like Gecko; compatible; Amazonbot/0.1; +https://developer.amazon.com/support/amazonbot) Chrome/119.0.6045.214 Safari/537.36"
66.249.65.198 - - [26/Oct/2025:08:12:46 -0400] "GET /items/663179695.htm?fileloc=/home/creaqbdc/public_html/wp-includes/class-wp-oembed-controller.php?toreka/figure_menu.html HTTP/1.1" 200 19490 "-" "Mozilla/5.0 (Linux; Android 6.0.1; Nexus 5X Build/MMB29P) AppleWebKit/537.36 (KHTML, like Gecko) Chrome/141.0.7390.122 Mobile Safari/537.36 (compatible; GoogleOther)"
20.171.207.149 - - [26/Oct/2025:08:12:46 -0400] "GET /?path=//proc/self/root/proc/thread-self/root/proc/thread-self/root/proc/thread-self/root/proc/self/root/proc/thread-self/root/proc/self/root/proc/thread-self/root/var/softaculous/maian/images HTTP/1.1" 200 2994 "-" "Mozilla/5.0 AppleWebKit/537.36 (KHTML, like Gecko; compatible; GPTBot/1.2; +https://openai.com/gptbot)"
66.249.65.197 - - [26/Oct/2025:08:12:48 -0400] "GET /zhHant/product/surugaya/C2453456712?fileloc=//usr/share/man/man7/netdevice.7.gz&path=//usr/share/man/man7 HTTP/1.1" 200 20493 "-" "Mozilla/5.0 (Linux; Android 6.0.1; Nexus 5X Build/MMB29P) AppleWebKit/537.36 (KHTML, like Gecko) Chrome/141.0.7390.122 Mobile Safari/537.36 (compatible; GoogleOther)"
52.5.242.243 - - [26/Oct/2025:08:12:48 -0400] "GET /main/?path=//usr/lib/kbd/consoletrans HTTP/1.1" 200 5392 "-" "Mozilla/5.0 AppleWebKit/537.36 (KHTML, like Gecko; compatible; Amazonbot/0.1; +https://developer.amazon.com/support/amazonbot) Chrome/119.0.6045.214 Safari/537.36"
20.171.207.149 - - [26/Oct/2025:08:12:49 -0400] "GET /?path=//proc/self/root/proc/thread-self/root/proc/thread-self/root/proc/thread-self/root/proc/self/root/proc/thread-self/root/proc/self/root/proc/thread-self/root/var/softaculous/gnu/images HTTP/1.1" 200 3002 "-" "Mozilla/5.0 AppleWebKit/537.36 (KHTML, like Gecko; compatible; GPTBot/1.2; +https://openai.com/gptbot)"
66.249.65.198 - - [26/Oct/2025:08:12:50 -0400] "GET /items/598025403.htm?fileloc=/home/creaqbdc/public_html/wp-admin/options.php?oreka/plamodel_menu.html HTTP/1.1" 200 19796 "-" "Mozilla/5.0 (Linux; Android 6.0.1; Nexus 5X Build/MMB29P) AppleWebKit/537.36 (KHTML, like Gecko) Chrome/141.0.7390.122 Mobile Safari/537.36 (compatible; GoogleOther)"
52.201.155.215 - - [26/Oct/2025:08:12:52 -0400] "GET /a-journey-through-timeless-realms-in-crash-x-game/?path=//usr/lib64/gconv HTTP/1.1" 200 12828 "-" "Mozilla/5.0 AppleWebKit/537.36 (KHTML, like Gecko; compatible; Amazonbot/0.1; +https://developer.amazon.com/support/amazonbot) Chrome/119.0.6045.214 Safari/537.36"
20.171.207.149 - - [26/Oct/2025:08:12:52 -0400] "GET /?path=//proc/self/root/proc/thread-self/root/proc/thread-self/root/proc/thread-self/root/proc/self/root/proc/thread-self/root/proc/thread-self/root/proc/self/root/proc/self/root/var/softaculous/vxgb/images HTTP/1.1" 200 3023 "-" "Mozilla/5.0 AppleWebKit/537.36 (KHTML, like Gecko; compatible; GPTBot/1.2; +https://openai.com/gptbot)"
66.249.65.198 - - [26/Oct/2025:08:12:52 -0400] "GET /slot-fishin-for-gold-by-isoftbet-demo-free-play/ HTTP/1.1" 200 20126 "-" "Mozilla/5.0 (Linux; Android 6.0.1; Nexus 5X Build/MMB29P) AppleWebKit/537.36 (KHTML, like Gecko) Chrome/141.0.7390.122 Mobile Safari/537.36 (compatible; Googlebot/2.1; +http://www.google.com/bot.html)"
54.90.8.255 - - [26/Oct/2025:08:12:56 -0400] "GET /services/wrapping-services/?path=//opt/cpanel/ea-php70/root/var/preserve HTTP/1.1" 200 3057 "-" "Mozilla/5.0 AppleWebKit/537.36 (KHTML, like Gecko; compatible; Amazonbot/0.1; +https://developer.amazon.com/support/amazonbot) Chrome/119.0.6045.214 Safari/537.36"
20.171.207.149 - - [26/Oct/2025:08:12:56 -0400] "GET /?path=//proc/self/root/proc/thread-self/root/proc/thread-self/root/proc/thread-self/root/proc/self/root/proc/thread-self/root/proc/thread-self/root/proc/self/root/proc/self/root/var/softaculous/jquery/images HTTP/1.1" 200 3048 "-" "Mozilla/5.0 AppleWebKit/537.36 (KHTML, like Gecko; compatible; GPTBot/1.2; +https://openai.com/gptbot)"
66.249.65.197 - - [26/Oct/2025:08:12:59 -0400] "GET /zhHant/product/surugaya/C2453456712?fileloc=//var/softaculous/egroup/clone.php&path=//var/softaculous/egroup HTTP/1.1" 200 20091 "-" "Mozilla/5.0 (Linux; Android 6.0.1; Nexus 5X Build/MMB29P) AppleWebKit/537.36 (KHTML, like Gecko) Chrome/141.0.7390.122 Mobile Safari/537.36 (compatible; GoogleOther)"
20.171.207.149 - - [26/Oct/2025:08:12:59 -0400] "GET /?path=//proc/self/root/proc/thread-self/root/proc/thread-self/root/proc/thread-self/root/proc/self/root/proc/thread-self/root/proc/thread-self/root/proc/self/root/proc/self/root/var/softaculous/piwik/images HTTP/1.1" 200 3016 "-" "Mozilla/5.0 AppleWebKit/537.36 (KHTML, like Gecko; compatible; GPTBot/1.2; +https://openai.com/gptbot)"
44.197.76.210 - - [26/Oct/2025:08:13:00 -0400] "GET /services/wrapping-services/?path=//home/creaqbdc/public_html/wp-includes/Requests/library HTTP/1.1" 200 3409 "-" "Mozilla/5.0 AppleWebKit/537.36 (KHTML, like Gecko; compatible; Amazonbot/0.1; +https://developer.amazon.com/support/amazonbot) Chrome/119.0.6045.214 Safari/537.36"
66.249.65.197 - - [26/Oct/2025:08:13:01 -0400] "GET /items/1830696034.htm?fileloc=//lib64/libmcrypt.so.4&path=//lib64 HTTP/1.1" 200 20518 "-" "Mozilla/5.0 (Linux; Android 6.0.1; Nexus 5X Build/MMB29P) AppleWebKit/537.36 (KHTML, like Gecko) Chrome/141.0.7390.122 Mobile Safari/537.36 (compatible; GoogleOther)"
20.171.207.149 - - [26/Oct/2025:08:13:02 -0400] "GET /?path=//proc/self/root/proc/thread-self/root/proc/thread-self/root/proc/thread-self/root/proc/self/root/proc/thread-self/root/proc/thread-self/root/proc/self/root/proc/thread-self/root/var/softaculous/unb/images HTTP/1.1" 200 3010 "-" "Mozilla/5.0 AppleWebKit/537.36 (KHTML, like Gecko; compatible; GPTBot/1.2; +https://openai.com/gptbot)"
66.249.65.197 - - [26/Oct/2025:08:13:03 -0400] "GET /items/1156847969.htm HTTP/1.1" 200 19561 "-" "Mozilla/5.0 (Linux; Android 6.0.1; Nexus 5X Build/MMB29P) AppleWebKit/537.36 (KHTML, like Gecko) Chrome/141.0.7390.122 Mobile Safari/537.36 (compatible; GoogleOther)"
35.170.205.140 - - [26/Oct/2025:08:13:04 -0400] "GET /master-the-challenge-of-drop-the-boss-a-gamer-s/?path=//lib/systemd/system/runlevel4.target.wants HTTP/1.1" 200 3039 "-" "Mozilla/5.0 AppleWebKit/537.36 (KHTML, like Gecko; compatible; Amazonbot/0.1; +https://developer.amazon.com/support/amazonbot) Chrome/119.0.6045.214 Safari/537.36"
20.171.207.149 - - [26/Oct/2025:08:13:05 -0400] "GET /?path=//proc/self/root/proc/thread-self/root/proc/thread-self/root/proc/thread-self/root/proc/self/root/proc/thread-self/root/proc/thread-self/root/proc/self/root/proc/self/root/var/softaculous/pmwiki/images HTTP/1.1" 200 3013 "-" "Mozilla/5.0 AppleWebKit/537.36 (KHTML, like Gecko; compatible; GPTBot/1.2; +https://openai.com/gptbot)"
18.208.11.93 - - [26/Oct/2025:08:13:08 -0400] "GET /aventuras-brillantes-en-el-mundo-del-oscar-spin/?path=//usr/lib/.build-id/3f HTTP/1.1" 200 4442 "-" "Mozilla/5.0 AppleWebKit/537.36 (KHTML, like Gecko; compatible; Amazonbot/0.1; +https://developer.amazon.com/support/amazonbot) Chrome/119.0.6045.214 Safari/537.36"
20.171.207.149 - - [26/Oct/2025:08:13:08 -0400] "GET /?path=//proc/self/root/proc/thread-self/root/proc/thread-self/root/proc/thread-self/root/proc/self/root/proc/thread-self/root/proc/thread-self/root/proc/self/root/proc/self/root/var/softaculous/krayin/images HTTP/1.1" 200 3018 "-" "Mozilla/5.0 AppleWebKit/537.36 (KHTML, like Gecko; compatible; GPTBot/1.2; +https://openai.com/gptbot)"
66.249.65.197 - - [26/Oct/2025:08:13:10 -0400] "GET /zhHant/product/surugaya/C2453456712?fileloc=//usr/share/man/man1/perf-iostat.1.gz&path=//usr/share/man/man1 HTTP/1.1" 200 19747 "-" "Mozilla/5.0 (Linux; Android 6.0.1; Nexus 5X Build/MMB29P) AppleWebKit/537.36 (KHTML, like Gecko) Chrome/141.0.7390.122 Mobile Safari/537.36 (compatible; GoogleOther)"
20.171.207.149 - - [26/Oct/2025:08:13:11 -0400] "GET /?path=//proc/self/root/proc/thread-self/root/proc/thread-self/root/proc/thread-self/root/proc/self/root/proc/thread-self/root/proc/thread-self/root/proc/self/root/proc/self/root/var/softaculous/wikka/images HTTP/1.1" 200 3021 "-" "Mozilla/5.0 AppleWebKit/537.36 (KHTML, like Gecko; compatible; GPTBot/1.2; +https://openai.com/gptbot)"
34.234.200.207 - - [26/Oct/2025:08:13:12 -0400] "GET /beste-versorger-provision/?path=/home/creaqbdc/lscache/e/c HTTP/1.1" 200 3328 "-" "Mozilla/5.0 AppleWebKit/537.36 (KHTML, like Gecko; compatible; Amazonbot/0.1; +https://developer.amazon.com/support/amazonbot) Chrome/119.0.6045.214 Safari/537.36"
66.249.65.197 - - [26/Oct/2025:08:13:13 -0400] "GET /items/562415542.htm?fileloc=/home/creaqbdc/public_html/wp-includes/media-template.php&path=/home/creaqbdc/public_html/wp-includes HTTP/1.1" 200 20340 "-" "Mozilla/5.0 (Linux; Android 6.0.1; Nexus 5X Build/MMB29P) AppleWebKit/537.36 (KHTML, like Gecko) Chrome/141.0.7390.122 Mobile Safari/537.36 (compatible; GoogleOther)"
20.171.207.149 - - [26/Oct/2025:08:13:15 -0400] "GET /?path=//proc/self/root/proc/thread-self/root/proc/thread-self/root/proc/thread-self/root/proc/self/root/proc/thread-self/root/proc/thread-self/root/proc/self/root/proc/self/root/var/softaculous/kirby/images HTTP/1.1" 200 3017 "-" "Mozilla/5.0 AppleWebKit/537.36 (KHTML, like Gecko; compatible; GPTBot/1.2; +https://openai.com/gptbot)"
66.249.65.197 - - [26/Oct/2025:08:13:15 -0400] "GET /items/999354402.htm?fileloc=//tmp/4bbb35/slot-reactoonz-by-playn-go-demo-free-play.html&path=//tmp/4bbb35 HTTP/1.1" 200 20013 "-" "Mozilla/5.0 (Linux; Android 6.0.1; Nexus 5X Build/MMB29P) AppleWebKit/537.36 (KHTML, like Gecko) Chrome/141.0.7390.122 Mobile Safari/537.36 (compatible; GoogleOther)"
3.224.104.67 - - [26/Oct/2025:08:13:16 -0400] "GET /probability-of-winning-calculator-chance-probability-calculator/?path=//dev/shm/lsws HTTP/1.1" 200 3032 "-" "Mozilla/5.0 AppleWebKit/537.36 (KHTML, like Gecko; compatible; Amazonbot/0.1; +https://developer.amazon.com/support/amazonbot) Chrome/119.0.6045.214 Safari/537.36"
20.171.207.149 - - [26/Oct/2025:08:13:18 -0400] "GET /?path=//proc/self/root/proc/thread-self/root/proc/thread-self/root/proc/thread-self/root/proc/self/root/proc/thread-self/root/proc/self/root/proc/thread-self/root/var/softaculous/tiki/images HTTP/1.1" 200 2990 "-" "Mozilla/5.0 AppleWebKit/537.36 (KHTML, like Gecko; compatible; GPTBot/1.2; +https://openai.com/gptbot)"
66.249.65.197 - - [26/Oct/2025:08:13:19 -0400] "GET /items/362877646.htm?fileloc=/home/creaqbdc/public_html/wp-includes/script-modules.php&path=/home/creaqbdc/public_html/wp-includes HTTP/1.1" 200 19999 "-" "Mozilla/5.0 (Linux; Android 6.0.1; Nexus 5X Build/MMB29P) AppleWebKit/537.36 (KHTML, like Gecko) Chrome/141.0.7390.122 Mobile Safari/537.36 (compatible; Googlebot/2.1; +http://www.google.com/bot.html)"
3.226.34.98 - - [26/Oct/2025:08:13:20 -0400] "GET /a-journey-through-timeless-realms-in-crash-x-game/?path=//usr/lib64/pgsql HTTP/1.1" 200 4735 "-" "Mozilla/5.0 AppleWebKit/537.36 (KHTML, like Gecko; compatible; Amazonbot/0.1; +https://developer.amazon.com/support/amazonbot) Chrome/119.0.6045.214 Safari/537.36"
20.171.207.149 - - [26/Oct/2025:08:13:21 -0400] "GET /?path=//proc/self/root/proc/thread-self/root/proc/thread-self/root/proc/thread-self/root/proc/self/root/proc/thread-self/root/proc/self/root/proc/thread-self/root/var/softaculous/fud/default HTTP/1.1" 200 3715 "-" "Mozilla/5.0 AppleWebKit/537.36 (KHTML, like Gecko; compatible; GPTBot/1.2; +https://openai.com/gptbot)"
66.249.65.197 - - [26/Oct/2025:08:13:22 -0400] "GET /zhHant/product/surugaya/C2453456712?fileloc=//usr/share/man/man5/selabel_file.5.gz&path=//usr/share/man/man5 HTTP/1.1" 200 19769 "-" "Mozilla/5.0 (Linux; Android 6.0.1; Nexus 5X Build/MMB29P) AppleWebKit/537.36 (KHTML, like Gecko) Chrome/141.0.7390.122 Mobile Safari/537.36 (compatible; GoogleOther)"
114.119.134.206 - - [26/Oct/2025:08:13:22 -0400] "GET /?path=//home1 HTTP/1.1" 200 2995 "https://creativefinishings.com/?path=/" "Mozilla/5.0 (Linux; Android 7.0;) AppleWebKit/537.36 (KHTML, like Gecko) Mobile Safari/537.36 (compatible; PetalBot;+https://webmaster.petalsearch.com/site/petalbot)"
44.215.61.66 - - [26/Oct/2025:08:13:24 -0400] "GET /funciona-maquinas-tragamonedas-en-linea-sin-cargo-en-el-caso-de-revision-baywatch-que-nos-lo-olvidemos-joviales-dinero-positivo/?path=//opt/alt/php54/etc HTTP/1.1" 200 4436 "-" "Mozilla/5.0 AppleWebKit/537.36 (KHTML, like Gecko; compatible; Amazonbot/0.1; +https://developer.amazon.com/support/amazonbot) Chrome/119.0.6045.214 Safari/537.36"
20.171.207.149 - - [26/Oct/2025:08:13:24 -0400] "GET /?path=//proc/self/root/proc/thread-self/root/proc/thread-self/root/proc/thread-self/root/proc/self/root/proc/thread-self/root/proc/thread-self/root/proc/self/root/proc/thread-self/root/var/softaculous/fud/default HTTP/1.1" 200 3740 "-" "Mozilla/5.0 AppleWebKit/537.36 (KHTML, like Gecko; compatible; GPTBot/1.2; +https://openai.com/gptbot)"
66.249.65.197 - - [26/Oct/2025:08:13:24 -0400] "GET /pw/?path=/home/creaqbdc/public_html/tmp HTTP/1.1" 200 21689 "-" "Mozilla/5.0 (Linux; Android 6.0.1; Nexus 5X Build/MMB29P) AppleWebKit/537.36 (KHTML, like Gecko) Chrome/141.0.7390.122 Mobile Safari/537.36 (compatible; GoogleOther)"
20.171.207.149 - - [26/Oct/2025:08:13:27 -0400] "GET /?path=//proc/self/root/proc/thread-self/root/proc/thread-self/root/proc/thread-self/root/proc/self/root/proc/thread-self/root/proc/thread-self/root/proc/self/root/proc/self/root/var/softaculous/myweb/images HTTP/1.1" 200 3019 "-" "Mozilla/5.0 AppleWebKit/537.36 (KHTML, like Gecko; compatible; GPTBot/1.2; +https://openai.com/gptbot)"
66.249.65.197 - - [26/Oct/2025:08:13:27 -0400] "GET /items/999354402.htm?fileloc=//tmp/4bbb35/cash-of-slots.html&path=//tmp/4bbb35 HTTP/1.1" 200 19730 "-" "Mozilla/5.0 (Linux; Android 6.0.1; Nexus 5X Build/MMB29P) AppleWebKit/537.36 (KHTML, like Gecko) Chrome/141.0.7390.122 Mobile Safari/537.36 (compatible; GoogleOther)"
3.221.222.168 - - [26/Oct/2025:08:13:28 -0400] "GET /holiday-home-transformation-at-tiara-residence-palm-jumeirah/?path=//lib/firmware/qcom/x1e80100 HTTP/1.1" 200 4012 "-" "Mozilla/5.0 AppleWebKit/537.36 (KHTML, like Gecko; compatible; Amazonbot/0.1; +https://developer.amazon.com/support/amazonbot) Chrome/119.0.6045.214 Safari/537.36"
20.171.207.149 - - [26/Oct/2025:08:13:30 -0400] "GET /?fileloc=//proc/self/root/proc/thread-self/root/proc/thread-self/root/proc/thread-self/root/proc/self/root/proc/thread-self/root/proc/self/root/proc/thread-self/root/var/softaculous/blab/install.js&path=//proc/self/root/proc/thread-self/root/proc/thread-self/root/proc/thread-self/root/proc/self/root/proc/thread-self/root/proc/self/root/proc/thread-self/root/var/softaculous/blab HTTP/1.1" 200 2991 "-" "Mozilla/5.0 AppleWebKit/537.36 (KHTML, like Gecko; compatible; GPTBot/1.2; +https://openai.com/gptbot)"
34.206.193.60 - - [26/Oct/2025:08:13:32 -0400] "GET /book-of-ra-magic-kostenlos-spielen-ohne-anmeldung/?fileloc=//usr/bin/tzselect&path=//usr/bin HTTP/1.1" 200 9718 "-" "Mozilla/5.0 AppleWebKit/537.36 (KHTML, like Gecko; compatible; Amazonbot/0.1; +https://developer.amazon.com/support/amazonbot) Chrome/119.0.6045.214 Safari/537.36"
66.249.65.197 - - [26/Oct/2025:08:13:33 -0400] "GET /zhHant/product/surugaya/C339087085?fileloc=//bin/tr&path=//bin HTTP/1.1" 200 19837 "-" "Mozilla/5.0 (Linux; Android 6.0.1; Nexus 5X Build/MMB29P) AppleWebKit/537.36 (KHTML, like Gecko) Chrome/141.0.7390.122 Mobile Safari/537.36 (compatible; GoogleOther)"
20.171.207.149 - - [26/Oct/2025:08:13:33 -0400] "GET /?fileloc=//proc/self/root/proc/thread-self/root/proc/thread-self/root/proc/thread-self/root/proc/self/root/proc/thread-self/root/proc/self/root/proc/thread-self/root/var/softaculous/tiki/images/tiki.png&path=//proc/self/root/proc/thread-self/root/proc/thread-self/root/proc/thread-self/root/proc/self/root/proc/thread-self/root/proc/self/root/proc/thread-self/root/var/softaculous/tiki/images HTTP/1.1" 200 2607 "-" "Mozilla/5.0 AppleWebKit/537.36 (KHTML, like Gecko; compatible; GPTBot/1.2; +https://openai.com/gptbot)"
44.221.105.234 - - [26/Oct/2025:08:13:36 -0400] "GET /aventuras-brillantes-en-el-mundo-del-oscar-spin/?path=//usr/lib/.build-id/3c HTTP/1.1" 200 4863 "-" "Mozilla/5.0 AppleWebKit/537.36 (KHTML, like Gecko; compatible; Amazonbot/0.1; +https://developer.amazon.com/support/amazonbot) Chrome/119.0.6045.214 Safari/537.36"
66.249.65.197 - - [26/Oct/2025:08:13:36 -0400] "GET /q-~44M1YAknXqB2pRaskzJIguEmkSVbncJD14545/ HTTP/1.1" 200 20864 "-" "Mozilla/5.0 (Linux; Android 6.0.1; Nexus 5X Build/MMB29P) AppleWebKit/537.36 (KHTML, like Gecko) Chrome/141.0.7390.122 Mobile Safari/537.36 (compatible; GoogleOther)"
20.171.207.149 - - [26/Oct/2025:08:13:37 -0400] "GET /?path=//proc/self/root/proc/thread-self/root/proc/thread-self/root/proc/thread-self/root/proc/self/root/proc/thread-self/root/proc/thread-self/root/proc/self/root/proc/self/root/var/softaculous/claro/platform HTTP/1.1" 200 3072 "-" "Mozilla/5.0 AppleWebKit/537.36 (KHTML, like Gecko; compatible; GPTBot/1.2; +https://openai.com/gptbot)"
66.249.65.197 - - [26/Oct/2025:08:13:39 -0400] "GET /apo-casino-no-deposit-bonus-100-free-spins/ HTTP/1.1" 200 20476 "-" "Mozilla/5.0 (Linux; Android 6.0.1; Nexus 5X Build/MMB29P) AppleWebKit/537.36 (KHTML, like Gecko) Chrome/141.0.7390.122 Mobile Safari/537.36 (compatible; Googlebot/2.1; +http://www.google.com/bot.html)"
3.223.134.5 - - [26/Oct/2025:08:13:40 -0400] "GET /aventuras-brillantes-en-el-mundo-del-oscar-spin/?path=//opt/cpanel/ea-php81/root/srv HTTP/1.1" 200 3045 "-" "Mozilla/5.0 AppleWebKit/537.36 (KHTML, like Gecko; compatible; Amazonbot/0.1; +https://developer.amazon.com/support/amazonbot) Chrome/119.0.6045.214 Safari/537.36"
20.171.207.149 - - [26/Oct/2025:08:13:40 -0400] "GET /?path=//proc/self/root/proc/thread-self/root/proc/thread-self/root/proc/thread-self/root/proc/self/root/proc/thread-self/root/proc/thread-self/root/proc/self/root/proc/thread-self/root/var/softaculous/realestate HTTP/1.1" 200 3717 "-" "Mozilla/5.0 AppleWebKit/537.36 (KHTML, like Gecko; compatible; GPTBot/1.2; +https://openai.com/gptbot)"
66.249.65.197 - - [26/Oct/2025:08:13:41 -0400] "GET /items/1927228010.htm?fileloc=/home/creaqbdc/public_html/wp-includes/class-wp-metadata-lazyloader.php&path=/home/creaqbdc/public_html/wp-includes HTTP/1.1" 200 19628 "-" "Mozilla/5.0 (Linux; Android 6.0.1; Nexus 5X Build/MMB29P) AppleWebKit/537.36 (KHTML, like Gecko) Chrome/141.0.7390.122 Mobile Safari/537.36 (compatible; GoogleOther)"
20.171.207.149 - - [26/Oct/2025:08:13:43 -0400] "GET /?path=//proc/self/root/proc/thread-self/root/proc/thread-self/root/proc/thread-self/root/proc/self/root/proc/thread-self/root/proc/self/root/proc/thread-self/root/proc/thread-self/root/var/softaculous/freshrss HTTP/1.1" 200 3871 "-" "Mozilla/5.0 AppleWebKit/537.36 (KHTML, like Gecko; compatible; GPTBot/1.2; +https://openai.com/gptbot)"
98.83.94.113 - - [26/Oct/2025:08:13:43 -0400] "GET /funciona-maquinas-tragamonedas-en-linea-sin-cargo-en-el-caso-de-revision-baywatch-que-nos-lo-olvidemos-joviales-dinero-positivo/?path=//opt/alt/php82/link HTTP/1.1" 200 3330 "-" "Mozilla/5.0 AppleWebKit/537.36 (KHTML, like Gecko; compatible; Amazonbot/0.1; +https://developer.amazon.com/support/amazonbot) Chrome/119.0.6045.214 Safari/537.36"
66.249.65.197 - - [26/Oct/2025:08:13:45 -0400] "GET /zhHant/product/surugaya/C2453456712?fileloc=//usr/share/man/man3p/inet_addr.3p.gz&path=//usr/share/man/man3p HTTP/1.1" 200 19451 "-" "Mozilla/5.0 (Linux; Android 6.0.1; Nexus 5X Build/MMB29P) AppleWebKit/537.36 (KHTML, like Gecko) Chrome/141.0.7390.122 Mobile Safari/537.36 (compatible; GoogleOther)"
20.171.207.149 - - [26/Oct/2025:08:13:46 -0400] "GET /?path=//proc/self/root/proc/thread-self/root/proc/thread-self/root/proc/thread-self/root/proc/self/root/proc/thread-self/root/proc/thread-self/root/proc/thread-self/root/proc/self/root/var/softaculous/realestate HTTP/1.1" 200 3705 "-" "Mozilla/5.0 AppleWebKit/537.36 (KHTML, like Gecko; compatible; GPTBot/1.2; +https://openai.com/gptbot)"
66.249.65.197 - - [26/Oct/2025:08:13:47 -0400] "GET /items/562415542.htm?fileloc=/home/creaqbdc/public_html/wp-includes/media-template.php&path=/home/creaqbdc/public_html/wp-includes HTTP/1.1" 200 20797 "-" "Mozilla/5.0 (Linux; Android 6.0.1; Nexus 5X Build/MMB29P) AppleWebKit/537.36 (KHTML, like Gecko) Chrome/141.0.7390.122 Mobile Safari/537.36 (compatible; Googlebot/2.1; +http://www.google.com/bot.html)"
66.249.65.198 - - [26/Oct/2025:08:13:48 -0400] "GET /items/469195154.htm HTTP/1.1" 200 19726 "-" "Mozilla/5.0 (Linux; Android 6.0.1; Nexus 5X Build/MMB29P) AppleWebKit/537.36 (KHTML, like Gecko) Chrome/141.0.7390.122 Mobile Safari/537.36 (compatible; GoogleOther)"
3.225.45.252 - - [26/Oct/2025:08:13:48 -0400] "GET /bathrooms/?path=//lib/firmware/airoha HTTP/1.1" 200 3511 "-" "Mozilla/5.0 AppleWebKit/537.36 (KHTML, like Gecko; compatible; Amazonbot/0.1; +https://developer.amazon.com/support/amazonbot) Chrome/119.0.6045.214 Safari/537.36"
20.171.207.149 - - [26/Oct/2025:08:13:49 -0400] "GET /?path=//proc/self/root/proc/thread-self/root/proc/thread-self/root/proc/thread-self/root/proc/self/root/proc/thread-self/root/proc/self/root/proc/thread-self/root/var/run/cagefs HTTP/1.1" 200 2942 "-" "Mozilla/5.0 AppleWebKit/537.36 (KHTML, like Gecko; compatible; GPTBot/1.2; +https://openai.com/gptbot)"
69.197.179.242 - - [26/Oct/2025:08:13:49 -0400] "GET /wp-includes/plf56b4b/edit.php?id=421356 HTTP/1.1" 200 0 "https://creativefinishings.com/wp-includes/plf56b4b/edit.php?id=421356" "Mozilla/5.0 (Windows NT 10.0; Win64; x64) AppleWebKit/537.36 (KHTML, like Gecko) Chrome/58.0.3029.110 Safari/537.3"
52.3.102.51 - - [26/Oct/2025:08:13:52 -0400] "GET /book-of-ra-magic-kostenlos-spielen-ohne-anmeldung/?path=//lib64/perl5/gnu HTTP/1.1" 200 3397 "-" "Mozilla/5.0 AppleWebKit/537.36 (KHTML, like Gecko; compatible; Amazonbot/0.1; +https://developer.amazon.com/support/amazonbot) Chrome/119.0.6045.214 Safari/537.36"
20.171.207.149 - - [26/Oct/2025:08:13:52 -0400] "GET /?path=//proc/self/root/proc/thread-self/root/proc/thread-self/root/proc/thread-self/root/proc/self/root/proc/thread-self/root/proc/self/root/proc/thread-self/root/proc/thread-self/root/var/softaculous/arastta HTTP/1.1" 200 3581 "-" "Mozilla/5.0 AppleWebKit/537.36 (KHTML, like Gecko; compatible; GPTBot/1.2; +https://openai.com/gptbot)"
66.249.65.197 - - [26/Oct/2025:08:13:55 -0400] "GET /items/999354402.htm?fileloc=//tmp/4bbb35/australia-gambling-industry.html&path=//tmp/4bbb35 HTTP/1.1" 200 20077 "-" "Mozilla/5.0 (Linux; Android 6.0.1; Nexus 5X Build/MMB29P) AppleWebKit/537.36 (KHTML, like Gecko) Chrome/141.0.7390.122 Mobile Safari/537.36 (compatible; GoogleOther)"
20.171.207.149 - - [26/Oct/2025:08:13:55 -0400] "GET /?path=//proc/self/root/proc/thread-self/root/proc/thread-self/root/proc/thread-self/root/proc/self/root/proc/thread-self/root/proc/self/root/proc/thread-self/root/proc/self/root/var/softaculous/realestate HTTP/1.1" 200 3695 "-" "Mozilla/5.0 AppleWebKit/537.36 (KHTML, like Gecko; compatible; GPTBot/1.2; +https://openai.com/gptbot)"
3.211.105.134 - - [26/Oct/2025:08:13:56 -0400] "GET /portfolio-commercial?path=//usr/share/groff/current/tmac HTTP/1.1" 200 5673 "-" "Mozilla/5.0 AppleWebKit/537.36 (KHTML, like Gecko; compatible; Amazonbot/0.1; +https://developer.amazon.com/support/amazonbot) Chrome/119.0.6045.214 Safari/537.36"
66.249.65.197 - - [26/Oct/2025:08:13:57 -0400] "GET /zhHant/product/surugaya/C2453456712?fileloc=//usr/share/man/man7/EXPLAIN.7.gz&path=//usr/share/man/man7 HTTP/1.1" 200 20122 "-" "Mozilla/5.0 (Linux; Android 6.0.1; Nexus 5X Build/MMB29P) AppleWebKit/537.36 (KHTML, like Gecko) Chrome/141.0.7390.122 Mobile Safari/537.36 (compatible; GoogleOther)"
20.171.207.149 - - [26/Oct/2025:08:13:59 -0400] "GET /?path=//proc/self/root/proc/thread-self/root/proc/thread-self/root/proc/thread-self/root/proc/self/root/proc/thread-self/root/proc/self/root/proc/thread-self/root/proc/thread-self/root/var/softaculous/castopod HTTP/1.1" 200 3663 "-" "Mozilla/5.0 AppleWebKit/537.36 (KHTML, like Gecko; compatible; GPTBot/1.2; +https://openai.com/gptbot)"
52.44.174.136 - - [26/Oct/2025:08:14:00 -0400] "GET /beste-versorger-provision/?fileloc=//lib64/xtables/libxt_limit.so&path=//lib64/xtables HTTP/1.1" 200 2959 "-" "Mozilla/5.0 AppleWebKit/537.36 (KHTML, like Gecko; compatible; Amazonbot/0.1; +https://developer.amazon.com/support/amazonbot) Chrome/119.0.6045.214 Safari/537.36"
66.249.65.197 - - [26/Oct/2025:08:14:01 -0400] "GET /items/2014090288.htm HTTP/1.1" 200 19570 "-" "Mozilla/5.0 (Linux; Android 6.0.1; Nexus 5X Build/MMB29P) AppleWebKit/537.36 (KHTML, like Gecko) Chrome/141.0.7390.122 Mobile Safari/537.36 (compatible; GoogleOther)"
20.171.207.149 - - [26/Oct/2025:08:14:02 -0400] "GET /?path=//proc/self/root/proc/thread-self/root/proc/thread-self/root/proc/thread-self/root/proc/self/root/proc/thread-self/root/proc/thread-self/root/proc/thread-self/root/proc/self/root/var/softaculous/castopod HTTP/1.1" 200 3669 "-" "Mozilla/5.0 AppleWebKit/537.36 (KHTML, like Gecko; compatible; GPTBot/1.2; +https://openai.com/gptbot)"
34.239.197.197 - - [26/Oct/2025:08:14:04 -0400] "GET /residential/?path=//opt/alt/alt-nodejs6/root/var/log HTTP/1.1" 200 3052 "-" "Mozilla/5.0 AppleWebKit/537.36 (KHTML, like Gecko; compatible; Amazonbot/0.1; +https://developer.amazon.com/support/amazonbot) Chrome/119.0.6045.214 Safari/537.36"
20.171.207.149 - - [26/Oct/2025:08:14:05 -0400] "GET /?path=//proc/self/root/proc/thread-self/root/proc/thread-self/root/proc/thread-self/root/proc/self/root/proc/thread-self/root/proc/self/root/proc/self/root/proc/thread-self/root/var/softaculous/chevereto HTTP/1.1" 200 3733 "-" "Mozilla/5.0 AppleWebKit/537.36 (KHTML, like Gecko; compatible; GPTBot/1.2; +https://openai.com/gptbot)"
66.249.65.198 - - [26/Oct/2025:08:14:07 -0400] "GET /items/362877646.htm?fileloc=/home/creaqbdc/public_html/wp-includes/class.wp-dependencies.php&path=/home/creaqbdc/public_html/wp-includes HTTP/1.1" 200 20202 "-" "Mozilla/5.0 (Linux; Android 6.0.1; Nexus 5X Build/MMB29P) AppleWebKit/537.36 (KHTML, like Gecko) Chrome/141.0.7390.122 Mobile Safari/537.36 (compatible; Googlebot/2.1; +http://www.google.com/bot.html)"
20.171.207.149 - - [26/Oct/2025:08:14:08 -0400] "GET /?fileloc=//proc/self/root/proc/thread-self/root/proc/thread-self/root/proc/thread-self/root/proc/self/root/proc/thread-self/root/proc/self/root/proc/thread-self/root/proc/thread-self/root/var/softaculous/arastta/arastta.zip&path=//proc/self/root/proc/thread-self/root/proc/thread-self/root/proc/thread-self/root/proc/self/root/proc/thread-self/root/proc/self/root/proc/thread-self/root/proc/thread-self/root/var/softaculous/arastta HTTP/1.1" 200 2617 "-" "Mozilla/5.0 AppleWebKit/537.36 (KHTML, like Gecko; compatible; GPTBot/1.2; +https://openai.com/gptbot)"
66.249.65.197 - - [26/Oct/2025:08:14:08 -0400] "GET /zhHant/product/surugaya/C2453456712?fileloc=//usr/share/nano/ocaml.nanorc&path=//usr/share/nano HTTP/1.1" 200 19936 "-" "Mozilla/5.0 (Linux; Android 6.0.1; Nexus 5X Build/MMB29P) AppleWebKit/537.36 (KHTML, like Gecko) Chrome/141.0.7390.122 Mobile Safari/537.36 (compatible; GoogleOther)"
98.83.8.142 - - [26/Oct/2025:08:14:10 -0400] "GET /probability-of-winning-calculator-chance-probability-calculator/?path=//lib/systemd/network HTTP/1.1" 200 3338 "-" "Mozilla/5.0 AppleWebKit/537.36 (KHTML, like Gecko; compatible; Amazonbot/0.1; +https://developer.amazon.com/support/amazonbot) Chrome/119.0.6045.214 Safari/537.36"
66.249.65.198 - - [26/Oct/2025:08:14:10 -0400] "GET /items/999354402.htm?fileloc=//tmp/4bbb35/casinos-online-with-real-money-ireland.html&path=//tmp/4bbb35 HTTP/1.1" 200 19905 "-" "Mozilla/5.0 (Linux; Android 6.0.1; Nexus 5X Build/MMB29P) AppleWebKit/537.36 (KHTML, like Gecko) Chrome/141.0.7390.122 Mobile Safari/537.36 (compatible; GoogleOther)"
20.171.207.149 - - [26/Oct/2025:08:14:11 -0400] "GET /?path=//proc/self/root/proc/thread-self/root/proc/thread-self/root/proc/thread-self/root/proc/self/root/proc/thread-self/root/proc/self/root/proc/self/root/proc/thread-self/root/var/softaculous/readerself HTTP/1.1" 200 3592 "-" "Mozilla/5.0 AppleWebKit/537.36 (KHTML, like Gecko; compatible; GPTBot/1.2; +https://openai.com/gptbot)"
66.249.65.197 - - [26/Oct/2025:08:14:12 -0400] "GET /giant-wins-casino-no-deposit-bonus-100-free-spins/ HTTP/1.1" 200 19905 "-" "Mozilla/5.0 (Linux; Android 6.0.1; Nexus 5X Build/MMB29P) AppleWebKit/537.36 (KHTML, like Gecko) Chrome/141.0.7390.122 Mobile Safari/537.36 (compatible; Googlebot/2.1; +http://www.google.com/bot.html)"
34.236.41.241 - - [26/Oct/2025:08:14:12 -0400] "GET /book-of-ra-magic-kostenlos-spielen-ohne-anmeldung/?fileloc=//usr/selector/lsphp&path=//usr/selector HTTP/1.1" 200 2939 "-" "Mozilla/5.0 AppleWebKit/537.36 (KHTML, like Gecko; compatible; Amazonbot/0.1; +https://developer.amazon.com/support/amazonbot) Chrome/119.0.6045.214 Safari/537.36"
66.249.65.197 - - [26/Oct/2025:08:14:12 -0400] "GET /q-~132qAnRsbqpddBrvq5S6xxZun9qUfg1JY42187/ HTTP/1.1" 200 20085 "-" "Mozilla/5.0 (Linux; Android 6.0.1; Nexus 5X Build/MMB29P) AppleWebKit/537.36 (KHTML, like Gecko) Chrome/141.0.7390.122 Mobile Safari/537.36 (compatible; GoogleOther)"
20.171.207.149 - - [26/Oct/2025:08:14:14 -0400] "GET /?path=//proc/self/root/proc/thread-self/root/proc/thread-self/root/proc/thread-self/root/proc/self/root/proc/thread-self/root/proc/self/root/proc/self/root/proc/thread-self/root/var/softaculous/extplorer HTTP/1.1" 200 3587 "-" "Mozilla/5.0 AppleWebKit/537.36 (KHTML, like Gecko; compatible; GPTBot/1.2; +https://openai.com/gptbot)"
54.225.199.17 - - [26/Oct/2025:08:14:16 -0400] "GET /a-wild-ride-through-digital-dimensions-in-turbo/?path=//opt/alt/php71/etc/mariadb10 HTTP/1.1" 403 1242 "-" "Mozilla/5.0 AppleWebKit/537.36 (KHTML, like Gecko; compatible; Amazonbot/0.1; +https://developer.amazon.com/support/amazonbot) Chrome/119.0.6045.214 Safari/537.36"
20.171.207.149 - - [26/Oct/2025:08:14:17 -0400] "GET /?path=//proc/self/root/proc/thread-self/root/proc/thread-self/root/proc/thread-self/root/proc/self/root/proc/thread-self/root/proc/self/root/proc/thread-self/root/proc/self/root/var/softaculous/bootstrap HTTP/1.1" 200 3448 "-" "Mozilla/5.0 AppleWebKit/537.36 (KHTML, like Gecko; compatible; GPTBot/1.2; +https://openai.com/gptbot)"
3.224.104.67 - - [26/Oct/2025:08:14:20 -0400] "GET /a-cosmic-journey-through-the-realm-of-space-xy/?fileloc=//var/www/html/index.html&path=//var/www/html HTTP/1.1" 200 3074 "-" "Mozilla/5.0 AppleWebKit/537.36 (KHTML, like Gecko; compatible; Amazonbot/0.1; +https://developer.amazon.com/support/amazonbot) Chrome/119.0.6045.214 Safari/537.36"
66.249.65.197 - - [26/Oct/2025:08:14:20 -0400] "GET /zhHant/product/surugaya/C2453456712?fileloc=//usr/share/man/man5/access.conf.5.gz&path=//usr/share/man/man5 HTTP/1.1" 200 20120 "-" "Mozilla/5.0 (Linux; Android 6.0.1; Nexus 5X Build/MMB29P) AppleWebKit/537.36 (KHTML, like Gecko) Chrome/141.0.7390.122 Mobile Safari/537.36 (compatible; GoogleOther)"
