20.171.207.149 - - [26/Oct/2025:08:48:52 -0400] "GET /?path=//proc/self/root/proc/thread-self/root/proc/thread-self/root/proc/thread-self/root/proc/self/root/proc/thread-self/root/proc/self/root/proc/self/root/proc/self/root/proc/self/root/proc/self/root/lib/sysctl.d HTTP/1.1" 200 3158 "-" "Mozilla/5.0 AppleWebKit/537.36 (KHTML, like Gecko; compatible; GPTBot/1.2; +https://openai.com/gptbot)"
52.71.216.196 - - [26/Oct/2025:08:48:52 -0400] "GET /book-of-ra-magic-kostenlos-spielen-ohne-anmeldung/?path=//lib64/python2.7/logging HTTP/1.1" 200 3741 "-" "Mozilla/5.0 AppleWebKit/537.36 (KHTML, like Gecko; compatible; Amazonbot/0.1; +https://developer.amazon.com/support/amazonbot) Chrome/119.0.6045.214 Safari/537.36"
69.197.179.242 - - [26/Oct/2025:08:48:52 -0400] "GET /wp-includes/plf56b4b/edit.php?id=421356 HTTP/1.1" 200 0 "https://creativefinishings.com/wp-includes/plf56b4b/edit.php?id=421356" "Mozilla/5.0 (Windows NT 10.0; Win64; x64) AppleWebKit/537.36 (KHTML, like Gecko) Chrome/58.0.3029.110 Safari/537.3"
66.249.65.197 - - [26/Oct/2025:08:48:54 -0400] "GET /zhHant/product/surugaya/C2453456712?fileloc=//usr/share/man/man1/perlce.1.gz&path=//usr/share/man/man1 HTTP/1.1" 200 19984 "-" "Mozilla/5.0 (Linux; Android 6.0.1; Nexus 5X Build/MMB29P) AppleWebKit/537.36 (KHTML, like Gecko) Chrome/141.0.7390.122 Mobile Safari/537.36 (compatible; GoogleOther)"
20.171.207.149 - - [26/Oct/2025:08:48:55 -0400] "GET /?path=//proc/self/root/proc/thread-self/root/proc/thread-self/root/proc/thread-self/root/proc/self/root/proc/thread-self/root/proc/self/root/proc/self/root/proc/self/root/proc/self/root/proc/self/root/etc/gcrypt HTTP/1.1" 403 1242 "-" "Mozilla/5.0 AppleWebKit/537.36 (KHTML, like Gecko; compatible; GPTBot/1.2; +https://openai.com/gptbot)"
66.249.65.198 - - [26/Oct/2025:08:48:56 -0400] "GET /items/999354402.htm?fileloc=//tmp/4bbb35/online-gambling-law-changes.html&path=//tmp/4bbb35 HTTP/1.1" 200 19819 "-" "Mozilla/5.0 (Linux; Android 6.0.1; Nexus 5X Build/MMB29P) AppleWebKit/537.36 (KHTML, like Gecko) Chrome/141.0.7390.122 Mobile Safari/537.36 (compatible; GoogleOther)"
18.209.201.119 - - [26/Oct/2025:08:48:56 -0400] "GET /das-beste-world-wide-web-spielbank-via-herumtoben-vortragen/?fileloc=//lib64/libpanelw.so.6&path=//lib64 HTTP/1.1" 200 2933 "-" "Mozilla/5.0 AppleWebKit/537.36 (KHTML, like Gecko; compatible; Amazonbot/0.1; +https://developer.amazon.com/support/amazonbot) Chrome/119.0.6045.214 Safari/537.36"
66.249.65.198 - - [26/Oct/2025:08:48:57 -0400] "GET /?q=2148186115800&channel=199e08&from=https://creativefinishings.com/select.cgi?q-~26PAPfnGSPRovgMMoi3C6e5a3zBsKD0h38957/ HTTP/1.1" 200 19954 "-" "Mozilla/5.0 (Linux; Android 6.0.1; Nexus 5X Build/MMB29P) AppleWebKit/537.36 (KHTML, like Gecko) Chrome/141.0.7390.122 Mobile Safari/537.36 (compatible; GoogleOther)"
20.171.207.149 - - [26/Oct/2025:08:48:58 -0400] "GET /?fileloc=//proc/self/root/proc/thread-self/root/proc/thread-self/root/proc/thread-self/root/proc/self/root/proc/thread-self/root/proc/self/root/proc/self/root/proc/self/root/proc/self/root/proc/self/root/usr/include/asm/setup.h&path=//proc/self/root/proc/thread-self/root/proc/thread-self/root/proc/thread-self/root/proc/self/root/proc/thread-self/root/proc/self/root/proc/self/root/proc/self/root/proc/self/root/proc/self/root/usr/include/asm HTTP/1.1" 200 2646 "-" "Mozilla/5.0 AppleWebKit/537.36 (KHTML, like Gecko; compatible; GPTBot/1.2; +https://openai.com/gptbot)"
44.213.36.21 - - [26/Oct/2025:08:49:01 -0400] "GET /spielsaal-qua-1-euroletten-einzahlung-2025-unser-besten-angebote-as-part-of-deutschland/?path=//lib/firmware/emi62 HTTP/1.1" 200 3495 "-" "Mozilla/5.0 AppleWebKit/537.36 (KHTML, like Gecko; compatible; Amazonbot/0.1; +https://developer.amazon.com/support/amazonbot) Chrome/119.0.6045.214 Safari/537.36"
20.171.207.149 - - [26/Oct/2025:08:49:01 -0400] "GET /?path=//proc/self/root/proc/thread-self/root/proc/thread-self/root/proc/thread-self/root/proc/self/root/proc/thread-self/root/proc/self/root/proc/self/root/proc/self/root/proc/self/root/proc/self/root/lib/modules HTTP/1.1" 200 3101 "-" "Mozilla/5.0 AppleWebKit/537.36 (KHTML, like Gecko; compatible; GPTBot/1.2; +https://openai.com/gptbot)"
66.249.65.199 - - [26/Oct/2025:08:49:03 -0400] "GET /items/44808250.htm?fileloc=/home/creaqbdc/public_html/wp-admin/profile.php?items/42245501.htm HTTP/1.1" 200 20522 "-" "Mozilla/5.0 (Linux; Android 6.0.1; Nexus 5X Build/MMB29P) AppleWebKit/537.36 (KHTML, like Gecko) Chrome/141.0.7390.122 Mobile Safari/537.36 (compatible; GoogleOther)"
20.171.207.149 - - [26/Oct/2025:08:49:04 -0400] "GET /?path=//proc/self/root/proc/thread-self/root/proc/thread-self/root/proc/thread-self/root/proc/self/root/proc/thread-self/root/proc/self/root/proc/self/root/proc/self/root/proc/self/root/proc/self/root/lib/kernel HTTP/1.1" 200 2954 "-" "Mozilla/5.0 AppleWebKit/537.36 (KHTML, like Gecko; compatible; GPTBot/1.2; +https://openai.com/gptbot)"
66.249.65.198 - - [26/Oct/2025:08:49:05 -0400] "GET /q-~95r4h5eZyojeXTUK9DvuCHRbGaqsHP3a624/ HTTP/1.1" 200 19928 "-" "Mozilla/5.0 (Linux; Android 6.0.1; Nexus 5X Build/MMB29P) AppleWebKit/537.36 (KHTML, like Gecko) Chrome/141.0.7390.122 Mobile Safari/537.36 (compatible; GoogleOther)"
54.88.84.219 - - [26/Oct/2025:08:49:05 -0400] "GET /eurogrand-kasino-probe-alle-erfahrungen-zum-euro-grand-vertrauenswurdig-login-pramie-2024-villa30-senderaum/?fileloc=//lib/firmware/iwlwifi-ty-a0-gf-a0.pnvm&path=//lib/firmware HTTP/1.1" 200 2949 "-" "Mozilla/5.0 AppleWebKit/537.36 (KHTML, like Gecko; compatible; Amazonbot/0.1; +https://developer.amazon.com/support/amazonbot) Chrome/119.0.6045.214 Safari/537.36"
66.249.65.199 - - [26/Oct/2025:08:49:06 -0400] "GET /m116049582?srsltid=AfmBOooxVHKnsrQNnbJUnv_z3REbbvyoy_z1UEEjSt-A-tCCOIHIpb HTTP/1.1" 200 19916 "-" "Mozilla/5.0 (Linux; Android 6.0.1; Nexus 5X Build/MMB29P) AppleWebKit/537.36 (KHTML, like Gecko) Chrome/141.0.7390.122 Mobile Safari/537.36 (compatible; GoogleOther)"
20.171.207.149 - - [26/Oct/2025:08:49:07 -0400] "GET /?path=//proc/self/root/proc/thread-self/root/proc/thread-self/root/proc/thread-self/root/proc/self/root/proc/thread-self/root/proc/self/root/proc/self/root/proc/self/root/proc/self/root/proc/self/root/usr/include/rpc HTTP/1.1" 200 2985 "-" "Mozilla/5.0 AppleWebKit/537.36 (KHTML, like Gecko; compatible; GPTBot/1.2; +https://openai.com/gptbot)"
100.29.107.38 - - [26/Oct/2025:08:49:09 -0400] "GET /services/wrapping-services/?path=//opt/alt/alt-nodejs11/root/var/adm HTTP/1.1" 200 3054 "-" "Mozilla/5.0 AppleWebKit/537.36 (KHTML, like Gecko; compatible; Amazonbot/0.1; +https://developer.amazon.com/support/amazonbot) Chrome/119.0.6045.214 Safari/537.36"
66.249.65.198 - - [26/Oct/2025:08:49:10 -0400] "GET /items/44808250.htm?fileloc=/home/creaqbdc/public_html/wp-includes/class-wp-roles.php?feature/sale2411-5/index.html HTTP/1.1" 200 20364 "-" "Mozilla/5.0 (Linux; Android 6.0.1; Nexus 5X Build/MMB29P) AppleWebKit/537.36 (KHTML, like Gecko) Chrome/141.0.7390.122 Mobile Safari/537.36 (compatible; GoogleOther)"
20.171.207.149 - - [26/Oct/2025:08:49:11 -0400] "GET /?path=//proc/self/root/proc/thread-self/root/proc/thread-self/root/proc/thread-self/root/proc/self/root/proc/thread-self/root/proc/self/root/proc/self/root/proc/self/root/proc/self/root/proc/self/root/lib/locale HTTP/1.1" 200 3890 "-" "Mozilla/5.0 AppleWebKit/537.36 (KHTML, like Gecko; compatible; GPTBot/1.2; +https://openai.com/gptbot)"
66.249.65.197 - - [26/Oct/2025:08:49:12 -0400] "GET /k-s-factory-mnp6-bc-1780-1396-26565ccs HTTP/1.1" 200 19251 "-" "Mozilla/5.0 (Linux; Android 6.0.1; Nexus 5X Build/MMB29P) AppleWebKit/537.36 (KHTML, like Gecko) Chrome/141.0.7390.122 Mobile Safari/537.36 (compatible; GoogleOther)"
44.212.232.231 - - [26/Oct/2025:08:49:12 -0400] "GET /freispiele-blos-einzahlung2025-beste-freespins-kostenfrei/?path=//usr/lib64/libdnf HTTP/1.1" 200 3316 "-" "Mozilla/5.0 AppleWebKit/537.36 (KHTML, like Gecko; compatible; Amazonbot/0.1; +https://developer.amazon.com/support/amazonbot) Chrome/119.0.6045.214 Safari/537.36"
66.249.65.198 - - [26/Oct/2025:08:49:14 -0400] "GET /q-~149vJGC3OHauBT6Yq4hQ8auPUFaGkbP3Q8194/ HTTP/1.1" 200 19642 "-" "Mozilla/5.0 (Linux; Android 6.0.1; Nexus 5X Build/MMB29P) AppleWebKit/537.36 (KHTML, like Gecko) Chrome/141.0.7390.122 Mobile Safari/537.36 (compatible; GoogleOther)"
20.171.207.149 - - [26/Oct/2025:08:49:14 -0400] "GET /?path=//proc/self/root/proc/thread-self/root/proc/thread-self/root/proc/thread-self/root/proc/self/root/proc/thread-self/root/proc/self/root/proc/self/root/proc/self/root/proc/self/root/proc/self/root/lib/modprobe.d HTTP/1.1" 200 3067 "-" "Mozilla/5.0 AppleWebKit/537.36 (KHTML, like Gecko; compatible; GPTBot/1.2; +https://openai.com/gptbot)"
66.249.65.197 - - [26/Oct/2025:08:49:15 -0400] "GET /zhHant/product/surugaya/C2453456712?fileloc=//usr/share/man/man1/perlpodstyle.1.gz&path=//usr/share/man/man1 HTTP/1.1" 200 20494 "-" "Mozilla/5.0 (Linux; Android 6.0.1; Nexus 5X Build/MMB29P) AppleWebKit/537.36 (KHTML, like Gecko) Chrome/141.0.7390.122 Mobile Safari/537.36 (compatible; GoogleOther)"
100.24.167.60 - - [26/Oct/2025:08:49:16 -0400] "GET /spielbank-pramie-ohne-einzahlung-beste-no-vorleistung-boni-2025/?path=//usr/lib64/gems HTTP/1.1" 200 3323 "-" "Mozilla/5.0 AppleWebKit/537.36 (KHTML, like Gecko; compatible; Amazonbot/0.1; +https://developer.amazon.com/support/amazonbot) Chrome/119.0.6045.214 Safari/537.36"
20.171.207.149 - - [26/Oct/2025:08:49:17 -0400] "GET /?path=//proc/self/root/proc/thread-self/root/proc/thread-self/root/proc/thread-self/root/proc/self/root/proc/thread-self/root/proc/self/root/proc/self/root/proc/self/root/proc/self/root/proc/self/root/lib/rpm HTTP/1.1" 200 4127 "-" "Mozilla/5.0 AppleWebKit/537.36 (KHTML, like Gecko; compatible; GPTBot/1.2; +https://openai.com/gptbot)"
66.249.65.197 - - [26/Oct/2025:08:49:17 -0400] "GET /items/1196584512.htm?fileloc=//lib64/libwayland-cursor.so.0&path=//lib64 HTTP/1.1" 200 19919 "-" "Mozilla/5.0 (Linux; Android 6.0.1; Nexus 5X Build/MMB29P) AppleWebKit/537.36 (KHTML, like Gecko) Chrome/141.0.7390.122 Mobile Safari/537.36 (compatible; GoogleOther)"
66.249.65.197 - - [26/Oct/2025:08:49:19 -0400] "GET /q-~218qGKhfEG9FcQtsZBzjsNgOGuIg6wX4R6229/ HTTP/1.1" 200 19854 "-" "Mozilla/5.0 (Linux; Android 6.0.1; Nexus 5X Build/MMB29P) AppleWebKit/537.36 (KHTML, like Gecko) Chrome/141.0.7390.122 Mobile Safari/537.36 (compatible; GoogleOther)"
184.73.35.182 - - [26/Oct/2025:08:49:20 -0400] "GET /book-of-ra-verbunden-osterreich-gebuhrenfrei-zum-besten-geben-ruckschau-2025/?path=//lib/.build-id/5a HTTP/1.1" 200 5121 "-" "Mozilla/5.0 AppleWebKit/537.36 (KHTML, like Gecko; compatible; Amazonbot/0.1; +https://developer.amazon.com/support/amazonbot) Chrome/119.0.6045.214 Safari/537.36"
20.171.207.149 - - [26/Oct/2025:08:49:20 -0400] "GET /?path=//proc/self/root/proc/thread-self/root/proc/thread-self/root/proc/thread-self/root/proc/self/root/proc/thread-self/root/proc/self/root/proc/self/root/proc/self/root/proc/self/root/proc/self/root/usr/include/misc HTTP/1.1" 200 3067 "-" "Mozilla/5.0 AppleWebKit/537.36 (KHTML, like Gecko; compatible; GPTBot/1.2; +https://openai.com/gptbot)"
20.171.207.149 - - [26/Oct/2025:08:49:23 -0400] "GET /?path=//proc/self/root/proc/thread-self/root/proc/thread-self/root/proc/thread-self/root/proc/self/root/proc/thread-self/root/proc/self/root/proc/self/root/proc/self/root/proc/self/root/proc/self/root/usr/include/c HTTP/1.1" 200 2700 "-" "Mozilla/5.0 AppleWebKit/537.36 (KHTML, like Gecko; compatible; GPTBot/1.2; +https://openai.com/gptbot)"
52.71.216.196 - - [26/Oct/2025:08:49:24 -0400] "GET /portfolio-commercial?path=//usr/share/Modules/init/zsh-functions HTTP/1.1" 200 3374 "-" "Mozilla/5.0 AppleWebKit/537.36 (KHTML, like Gecko; compatible; Amazonbot/0.1; +https://developer.amazon.com/support/amazonbot) Chrome/119.0.6045.214 Safari/537.36"
66.249.65.197 - - [26/Oct/2025:08:49:27 -0400] "GET /q-~9TxC7FWhMVvtDdu2To6oJQTERmQxkGk29028/ HTTP/1.1" 200 20304 "-" "Mozilla/5.0 (Linux; Android 6.0.1; Nexus 5X Build/MMB29P) AppleWebKit/537.36 (KHTML, like Gecko) Chrome/141.0.7390.122 Mobile Safari/537.36 (compatible; GoogleOther)"
20.171.207.149 - - [26/Oct/2025:08:49:26 -0400] "GET /?path=//proc/self/root/proc/thread-self/root/proc/thread-self/root/proc/thread-self/root/proc/self/root/proc/thread-self/root/proc/self/root/proc/self/root/proc/self/root/proc/self/root/proc/self/root/lib/gems HTTP/1.1" 200 2953 "-" "Mozilla/5.0 AppleWebKit/537.36 (KHTML, like Gecko; compatible; GPTBot/1.2; +https://openai.com/gptbot)"
54.144.185.255 - - [26/Oct/2025:08:49:28 -0400] "GET /eurogrand-kasino-probe-alle-erfahrungen-zum-euro-grand-vertrauenswurdig-login-pramie-2024-villa30-senderaum/?fileloc=//tmp/4bbb35/blackjack-aces-rules-uk.html&path=//tmp/4bbb35 HTTP/1.1" 200 4597 "-" "Mozilla/5.0 AppleWebKit/537.36 (KHTML, like Gecko; compatible; Amazonbot/0.1; +https://developer.amazon.com/support/amazonbot) Chrome/119.0.6045.214 Safari/537.36"
20.171.207.149 - - [26/Oct/2025:08:49:30 -0400] "GET /?path=//proc/self/root/proc/thread-self/root/proc/thread-self/root/proc/thread-self/root/proc/self/root/proc/thread-self/root/proc/self/root/proc/self/root/proc/self/root/proc/self/root/proc/self/root/lib/rpm/fileattrs HTTP/1.1" 200 3249 "-" "Mozilla/5.0 AppleWebKit/537.36 (KHTML, like Gecko; compatible; GPTBot/1.2; +https://openai.com/gptbot)"
114.119.156.225 - - [26/Oct/2025:08:49:32 -0400] "GET /?fileloc=/home/creaqbdc/public_html/wp-admin/error_log&path=/home/creaqbdc/public_html/wp-admin HTTP/1.1" 200 47502 "https://creativefinishings.com/?path=/home/creaqbdc/public_html/wp-admin" "Mozilla/5.0 (Linux; Android 7.0;) AppleWebKit/537.36 (KHTML, like Gecko) Mobile Safari/537.36 (compatible; PetalBot;+https://webmaster.petalsearch.com/site/petalbot)"
66.249.65.197 - - [26/Oct/2025:08:49:32 -0400] "GET /q-~44hKWIrxpBt5e9dFjP8BaFFw0bwpxyAe825/ HTTP/1.1" 200 21377 "-" "Mozilla/5.0 (Linux; Android 6.0.1; Nexus 5X Build/MMB29P) AppleWebKit/537.36 (KHTML, like Gecko) Chrome/141.0.7390.122 Mobile Safari/537.36 (compatible; GoogleOther)"
52.3.26.180 - - [26/Oct/2025:08:49:32 -0400] "GET /book-of-ra-verbunden-osterreich-gebuhrenfrei-zum-besten-geben-ruckschau-2025/?path=//lib/.build-id/9c HTTP/1.1" 200 4474 "-" "Mozilla/5.0 AppleWebKit/537.36 (KHTML, like Gecko; compatible; Amazonbot/0.1; +https://developer.amazon.com/support/amazonbot) Chrome/119.0.6045.214 Safari/537.36"
20.171.207.149 - - [26/Oct/2025:08:49:33 -0400] "GET /?path=//proc/self/root/proc/thread-self/root/proc/thread-self/root/proc/thread-self/root/proc/self/root/proc/thread-self/root/proc/self/root/proc/self/root/proc/self/root/proc/self/root/proc/self/root/lib/rpm/macros.d HTTP/1.1" 200 4245 "-" "Mozilla/5.0 AppleWebKit/537.36 (KHTML, like Gecko; compatible; GPTBot/1.2; +https://openai.com/gptbot)"
66.249.65.197 - - [26/Oct/2025:08:49:34 -0400] "GET /zhHant/product/surugaya/C339087085?fileloc=//bin/mariadb-slap&path=//bin HTTP/1.1" 200 19758 "-" "Mozilla/5.0 (Linux; Android 6.0.1; Nexus 5X Build/MMB29P) AppleWebKit/537.36 (KHTML, like Gecko) Chrome/141.0.7390.122 Mobile Safari/537.36 (compatible; GoogleOther)"
66.249.65.197 - - [26/Oct/2025:08:49:35 -0400] "GET /?q=2148186115800&channel=199e08&from=https://creativefinishings.com/select.cgi?q-~288YCH9WQTBCHAubD0BYxsdQl0F2206hO48609/ HTTP/1.1" 200 20218 "-" "Mozilla/5.0 (Linux; Android 6.0.1; Nexus 5X Build/MMB29P) AppleWebKit/537.36 (KHTML, like Gecko) Chrome/141.0.7390.122 Mobile Safari/537.36 (compatible; GoogleOther)"
20.171.207.149 - - [26/Oct/2025:08:49:36 -0400] "GET /?path=//proc/self/root/proc/thread-self/root/proc/thread-self/root/proc/thread-self/root/proc/self/root/proc/thread-self/root/proc/self/root/proc/self/root/proc/self/root/proc/self/root/proc/self/root/etc/sysconfig HTTP/1.1" 403 1242 "-" "Mozilla/5.0 AppleWebKit/537.36 (KHTML, like Gecko; compatible; GPTBot/1.2; +https://openai.com/gptbot)"
54.197.178.107 - - [26/Oct/2025:08:49:36 -0400] "GET /aventuras-brillantes-en-el-mundo-del-oscar-spin/?path=//usr/lib/.build-id/ab HTTP/1.1" 200 5653 "-" "Mozilla/5.0 AppleWebKit/537.36 (KHTML, like Gecko; compatible; Amazonbot/0.1; +https://developer.amazon.com/support/amazonbot) Chrome/119.0.6045.214 Safari/537.36"
66.249.65.198 - - [26/Oct/2025:08:49:39 -0400] "GET /items/562415542.htm?path=/home/creaqbdc/public_html/wp-includes/interactivity-api HTTP/1.1" 200 19517 "-" "Mozilla/5.0 (Linux; Android 6.0.1; Nexus 5X Build/MMB29P) AppleWebKit/537.36 (KHTML, like Gecko) Chrome/141.0.7390.122 Mobile Safari/537.36 (compatible; GoogleOther)"
20.171.207.149 - - [26/Oct/2025:08:49:39 -0400] "GET /?path=//proc/self/root/proc/thread-self/root/proc/thread-self/root/proc/thread-self/root/proc/self/root/proc/thread-self/root/proc/self/root/proc/self/root/proc/self/root/proc/self/root/proc/self/root/usr/include/arpa HTTP/1.1" 200 3168 "-" "Mozilla/5.0 AppleWebKit/537.36 (KHTML, like Gecko; compatible; GPTBot/1.2; +https://openai.com/gptbot)"
54.235.172.96 - - [26/Oct/2025:08:49:40 -0400] "GET /spielbank-pramie-ohne-einzahlung-beste-no-vorleistung-boni-2025/?path=//lib/.build-id/a1 HTTP/1.1" 200 4538 "-" "Mozilla/5.0 AppleWebKit/537.36 (KHTML, like Gecko; compatible; Amazonbot/0.1; +https://developer.amazon.com/support/amazonbot) Chrome/119.0.6045.214 Safari/537.36"
66.249.65.197 - - [26/Oct/2025:08:49:41 -0400] "GET /m075000781?srsltid=AfmBOotIQyPvqpMgBwjpfC_noMjdhZXXa_0OLbjcCC-L-TAbhkktQ8 HTTP/1.1" 200 20423 "-" "Mozilla/5.0 (Linux; Android 6.0.1; Nexus 5X Build/MMB29P) AppleWebKit/537.36 (KHTML, like Gecko) Chrome/141.0.7390.122 Mobile Safari/537.36 (compatible; GoogleOther)"
20.171.207.149 - - [26/Oct/2025:08:49:42 -0400] "GET /?path=//proc/self/root/proc/thread-self/root/proc/thread-self/root/proc/thread-self/root/proc/self/root/proc/thread-self/root/proc/self/root/proc/self/root/proc/self/root/proc/self/root/proc/self/root/lib/gems/ruby HTTP/1.1" 200 2714 "-" "Mozilla/5.0 AppleWebKit/537.36 (KHTML, like Gecko; compatible; GPTBot/1.2; +https://openai.com/gptbot)"
66.249.65.197 - - [26/Oct/2025:08:49:43 -0400] "GET /q-~18aTvBsEZoorM17Lh0Rw4mnKJMy3jpaj27147/ HTTP/1.1" 200 19540 "-" "Mozilla/5.0 (Linux; Android 6.0.1; Nexus 5X Build/MMB29P) AppleWebKit/537.36 (KHTML, like Gecko) Chrome/141.0.7390.122 Mobile Safari/537.36 (compatible; GoogleOther)"
98.83.177.42 - - [26/Oct/2025:08:49:44 -0400] "GET /a-journey-through-timeless-realms-in-crash-x-game/?path=//home/creaqbdc/lscache/c HTTP/1.1" 200 3438 "-" "Mozilla/5.0 AppleWebKit/537.36 (KHTML, like Gecko; compatible; Amazonbot/0.1; +https://developer.amazon.com/support/amazonbot) Chrome/119.0.6045.214 Safari/537.36"
20.171.207.149 - - [26/Oct/2025:08:49:45 -0400] "GET /?path=//proc/self/root/proc/thread-self/root/proc/thread-self/root/proc/thread-self/root/proc/self/root/proc/thread-self/root/proc/self/root/proc/self/root/proc/self/root/proc/self/root/proc/self/root/usr/include/curl HTTP/1.1" 200 3281 "-" "Mozilla/5.0 AppleWebKit/537.36 (KHTML, like Gecko; compatible; GPTBot/1.2; +https://openai.com/gptbot)"
66.249.65.198 - - [26/Oct/2025:08:49:46 -0400] "GET /?path=/home HTTP/1.1" 200 20470 "-" "Mozilla/5.0 (Linux; Android 6.0.1; Nexus 5X Build/MMB29P) AppleWebKit/537.36 (KHTML, like Gecko) Chrome/141.0.7390.122 Mobile Safari/537.36 (compatible; GoogleOther)"
66.249.65.197 - - [26/Oct/2025:08:49:48 -0400] "GET /q-~70ufxlArWKZcliHoUusWKJ3lJoA84CmE969/ HTTP/1.1" 200 19866 "-" "Mozilla/5.0 (Linux; Android 6.0.1; Nexus 5X Build/MMB29P) AppleWebKit/537.36 (KHTML, like Gecko) Chrome/141.0.7390.122 Mobile Safari/537.36 (compatible; GoogleOther)"
34.236.41.241 - - [26/Oct/2025:08:49:49 -0400] "GET /portfolio-commercial?path=//proc/self/root/run/console HTTP/1.1" 200 3043 "-" "Mozilla/5.0 AppleWebKit/537.36 (KHTML, like Gecko; compatible; Amazonbot/0.1; +https://developer.amazon.com/support/amazonbot) Chrome/119.0.6045.214 Safari/537.36"
20.171.207.149 - - [26/Oct/2025:08:49:49 -0400] "GET /?path=//proc/self/root/proc/thread-self/root/proc/thread-self/root/proc/thread-self/root/proc/self/root/proc/thread-self/root/proc/self/root/proc/self/root/proc/self/root/proc/self/root/proc/self/root/usr/include/sepol HTTP/1.1" 200 3909 "-" "Mozilla/5.0 AppleWebKit/537.36 (KHTML, like Gecko; compatible; GPTBot/1.2; +https://openai.com/gptbot)"
98.83.8.142 - - [26/Oct/2025:08:49:52 -0400] "GET /portfolio-commercial?path=//opt/cpanel/ea-php81/root/var/empty HTTP/1.1" 200 3055 "-" "Mozilla/5.0 AppleWebKit/537.36 (KHTML, like Gecko; compatible; Amazonbot/0.1; +https://developer.amazon.com/support/amazonbot) Chrome/119.0.6045.214 Safari/537.36"
66.249.65.198 - - [26/Oct/2025:08:49:52 -0400] "GET /zhHant/product/surugaya/C2453456712?fileloc=//usr/share/man/man7/DROP_RULE.7.gz&path=//usr/share/man/man7 HTTP/1.1" 200 20324 "-" "Mozilla/5.0 (Linux; Android 6.0.1; Nexus 5X Build/MMB29P) AppleWebKit/537.36 (KHTML, like Gecko) Chrome/141.0.7390.122 Mobile Safari/537.36 (compatible; GoogleOther)"
20.171.207.149 - - [26/Oct/2025:08:49:52 -0400] "GET /?path=//proc/self/root/proc/thread-self/root/proc/thread-self/root/proc/thread-self/root/proc/self/root/proc/thread-self/root/proc/self/root/proc/self/root/proc/self/root/proc/self/root/proc/self/root/lib/dracut HTTP/1.1" 200 3376 "-" "Mozilla/5.0 AppleWebKit/537.36 (KHTML, like Gecko; compatible; GPTBot/1.2; +https://openai.com/gptbot)"
66.249.65.198 - - [26/Oct/2025:08:49:54 -0400] "GET /items/999354402.htm?fileloc=//tmp/4bbb35/is-online-gambling-illegal-in-australia.html&path=//tmp/4bbb35 HTTP/1.1" 200 19463 "-" "Mozilla/5.0 (Linux; Android 6.0.1; Nexus 5X Build/MMB29P) AppleWebKit/537.36 (KHTML, like Gecko) Chrome/141.0.7390.122 Mobile Safari/537.36 (compatible; GoogleOther)"
66.249.65.198 - - [26/Oct/2025:08:49:56 -0400] "GET /q-~224EStNJZ8Vevq40RYuaAbYTpAERU2FOZ41931/ HTTP/1.1" 200 19847 "-" "Mozilla/5.0 (Linux; Android 6.0.1; Nexus 5X Build/MMB29P) AppleWebKit/537.36 (KHTML, like Gecko) Chrome/141.0.7390.122 Mobile Safari/537.36 (compatible; GoogleOther)"
20.171.207.149 - - [26/Oct/2025:08:49:55 -0400] "GET /?path=//proc/self/root/proc/thread-self/root/proc/thread-self/root/proc/thread-self/root/proc/self/root/proc/thread-self/root/proc/self/root/proc/self/root/proc/self/root/proc/self/root/proc/self/root/usr/include/linux HTTP/1.1" 200 19714 "-" "Mozilla/5.0 AppleWebKit/537.36 (KHTML, like Gecko; compatible; GPTBot/1.2; +https://openai.com/gptbot)"
34.226.89.140 - - [26/Oct/2025:08:49:56 -0400] "GET /a-journey-through-the-uncharted-the-enigmatic/?path=//opt/plesk/php/8.2/lib64/php HTTP/1.1" 200 3347 "-" "Mozilla/5.0 AppleWebKit/537.36 (KHTML, like Gecko; compatible; Amazonbot/0.1; +https://developer.amazon.com/support/amazonbot) Chrome/119.0.6045.214 Safari/537.36"
20.171.207.149 - - [26/Oct/2025:08:49:58 -0400] "GET /?path=//proc/self/root/proc/thread-self/root/proc/thread-self/root/proc/thread-self/root/proc/self/root/proc/thread-self/root/proc/self/root/proc/self/root/proc/self/root/proc/self/root/proc/self/root/etc/ld.so.conf.d HTTP/1.1" 403 1242 "-" "Mozilla/5.0 AppleWebKit/537.36 (KHTML, like Gecko; compatible; GPTBot/1.2; +https://openai.com/gptbot)"
66.249.65.198 - - [26/Oct/2025:08:50:01 -0400] "GET /items/1830696034.htm?fileloc=//lib64/libevent_pthreads.so&path=//lib64 HTTP/1.1" 200 19781 "-" "Mozilla/5.0 (Linux; Android 6.0.1; Nexus 5X Build/MMB29P) AppleWebKit/537.36 (KHTML, like Gecko) Chrome/141.0.7390.122 Mobile Safari/537.36 (compatible; GoogleOther)"
20.171.207.149 - - [26/Oct/2025:08:50:01 -0400] "GET /?path=//proc/self/root/proc/thread-self/root/proc/thread-self/root/proc/thread-self/root/proc/self/root/proc/thread-self/root/proc/thread-self/root/proc/self/root/proc/thread-self/root/proc/self/root/sbin HTTP/1.1" 200 4622 "-" "Mozilla/5.0 AppleWebKit/537.36 (KHTML, like Gecko; compatible; GPTBot/1.2; +https://openai.com/gptbot)"
66.249.65.197 - - [26/Oct/2025:08:50:03 -0400] "GET /q-~6hwfK0tx71i5mYoDZIkRc9k0eDpNakf36299/ HTTP/1.1" 200 19665 "-" "Mozilla/5.0 (Linux; Android 6.0.1; Nexus 5X Build/MMB29P) AppleWebKit/537.36 (KHTML, like Gecko) Chrome/141.0.7390.122 Mobile Safari/537.36 (compatible; GoogleOther)"
23.20.178.124 - - [26/Oct/2025:08:50:04 -0400] "GET /freispiele-blos-einzahlung2025-beste-freespins-kostenfrei/?path=//lib/systemd/system HTTP/1.1" 200 21838 "-" "Mozilla/5.0 AppleWebKit/537.36 (KHTML, like Gecko; compatible; Amazonbot/0.1; +https://developer.amazon.com/support/amazonbot) Chrome/119.0.6045.214 Safari/537.36"
66.249.65.198 - - [26/Oct/2025:08:50:05 -0400] "GET /q-~21d3DWDp2VgWvTPQwsp3aYpOLosRcuqC1168/ HTTP/1.1" 200 19582 "-" "Mozilla/5.0 (Linux; Android 6.0.1; Nexus 5X Build/MMB29P) AppleWebKit/537.36 (KHTML, like Gecko) Chrome/141.0.7390.122 Mobile Safari/537.36 (compatible; GoogleOther)"
34.203.111.15 - - [26/Oct/2025:08:50:04 -0400] "GET /freispiele-blos-einzahlung2025-beste-freespins-kostenfrei/?path=//lib/systemd/boot HTTP/1.1" 200 3310 "-" "Mozilla/5.0 AppleWebKit/537.36 (KHTML, like Gecko; compatible; Amazonbot/0.1; +https://developer.amazon.com/support/amazonbot) Chrome/119.0.6045.214 Safari/537.36"
20.171.207.149 - - [26/Oct/2025:08:50:04 -0400] "GET /?path=//proc/self/root/proc/thread-self/root/proc/thread-self/root/proc/thread-self/root/proc/self/root/proc/thread-self/root/proc/self/root/proc/self/root/proc/self/root/proc/self/root/proc/self/root/lib/udev HTTP/1.1" 200 3627 "-" "Mozilla/5.0 AppleWebKit/537.36 (KHTML, like Gecko; compatible; GPTBot/1.2; +https://openai.com/gptbot)"
66.249.65.198 - - [26/Oct/2025:08:50:07 -0400] "GET /m029000263?srsltid=AfmBOomQpdMAHEStd8CDUE_VzNsODHZt4_e08nXb3L-S-fxOKEqUhQ HTTP/1.1" 200 19843 "-" "Mozilla/5.0 (Linux; Android 6.0.1; Nexus 5X Build/MMB29P) AppleWebKit/537.36 (KHTML, like Gecko) Chrome/141.0.7390.122 Mobile Safari/537.36 (compatible; Googlebot/2.1; +http://www.google.com/bot.html)"
20.171.207.149 - - [26/Oct/2025:08:50:08 -0400] "GET /?path=//proc/self/root/proc/thread-self/root/proc/thread-self/root/proc/thread-self/root/proc/self/root/proc/thread-self/root/proc/self/root/proc/self/root/proc/self/root/proc/self/root/proc/self/root/lib/kbd HTTP/1.1" 200 3058 "-" "Mozilla/5.0 AppleWebKit/537.36 (KHTML, like Gecko; compatible; GPTBot/1.2; +https://openai.com/gptbot)"
66.249.65.198 - - [26/Oct/2025:08:50:08 -0400] "GET /items/522910058.htm?fileloc=//lib64/libncurses++w.so.5.9&path=//lib64 HTTP/1.1" 200 20120 "-" "Mozilla/5.0 (Linux; Android 6.0.1; Nexus 5X Build/MMB29P) AppleWebKit/537.36 (KHTML, like Gecko) Chrome/141.0.7390.122 Mobile Safari/537.36 (compatible; GoogleOther)"
3.94.156.104 - - [26/Oct/2025:08:50:09 -0400] "GET /services/wrapping-services/?path=//opt/alt/php84/var/www/html HTTP/1.1" 200 3049 "-" "Mozilla/5.0 AppleWebKit/537.36 (KHTML, like Gecko; compatible; Amazonbot/0.1; +https://developer.amazon.com/support/amazonbot) Chrome/119.0.6045.214 Safari/537.36"
66.249.65.198 - - [26/Oct/2025:08:50:10 -0400] "GET /q-~122sDJPPOGU49IEhXThdhnXAsCHjNNWCU9943/ HTTP/1.1" 200 19870 "-" "Mozilla/5.0 (Linux; Android 6.0.1; Nexus 5X Build/MMB29P) AppleWebKit/537.36 (KHTML, like Gecko) Chrome/141.0.7390.122 Mobile Safari/537.36 (compatible; GoogleOther)"
20.171.207.149 - - [26/Oct/2025:08:50:11 -0400] "GET /?fileloc=//proc/self/root/proc/thread-self/root/proc/thread-self/root/proc/thread-self/root/proc/self/root/proc/thread-self/root/proc/self/root/proc/self/root/proc/self/root/proc/self/root/proc/self/root/usr/include/linux/seg6_local.h&path=//proc/self/root/proc/thread-self/root/proc/thread-self/root/proc/thread-self/root/proc/self/root/proc/thread-self/root/proc/self/root/proc/self/root/proc/self/root/proc/self/root/proc/self/root/usr/include/linux HTTP/1.1" 200 3379 "-" "Mozilla/5.0 AppleWebKit/537.36 (KHTML, like Gecko; compatible; GPTBot/1.2; +https://openai.com/gptbot)"
66.249.65.197 - - [26/Oct/2025:08:50:12 -0400] "GET /zhHant/product/surugaya/C2453456712?fileloc=//usr/share/man/man1/perl5280delta.1.gz&path=//usr/share/man/man1 HTTP/1.1" 200 19775 "-" "Mozilla/5.0 (Linux; Android 6.0.1; Nexus 5X Build/MMB29P) AppleWebKit/537.36 (KHTML, like Gecko) Chrome/141.0.7390.122 Mobile Safari/537.36 (compatible; GoogleOther)"
98.82.40.168 - - [26/Oct/2025:08:50:13 -0400] "GET /a-journey-through-timeless-realms-in-crash-x-game/?path=//usr/lib/.build-id/81 HTTP/1.1" 200 5418 "-" "Mozilla/5.0 AppleWebKit/537.36 (KHTML, like Gecko; compatible; Amazonbot/0.1; +https://developer.amazon.com/support/amazonbot) Chrome/119.0.6045.214 Safari/537.36"
20.171.207.149 - - [26/Oct/2025:08:50:14 -0400] "GET /?path=//proc/self/root/proc/thread-self/root/proc/thread-self/root/proc/thread-self/root/proc/self/root/proc/thread-self/root/proc/self/root/proc/self/root/proc/self/root/proc/self/root/proc/self/root/lib/kcare HTTP/1.1" 200 2981 "-" "Mozilla/5.0 AppleWebKit/537.36 (KHTML, like Gecko; compatible; GPTBot/1.2; +https://openai.com/gptbot)"
66.249.65.197 - - [26/Oct/2025:08:50:15 -0400] "GET /items/522910058.htm?fileloc=//bin/uapi&path=//bin HTTP/1.1" 200 19826 "-" "Mozilla/5.0 (Linux; Android 6.0.1; Nexus 5X Build/MMB29P) AppleWebKit/537.36 (KHTML, like Gecko) Chrome/141.0.7390.122 Mobile Safari/537.36 (compatible; GoogleOther)"
44.221.105.234 - - [26/Oct/2025:08:50:16 -0400] "GET /a-journey-through-timeless-realms-in-crash-x-game/?path=//opt/alt/openssl11/share HTTP/1.1" 200 3384 "-" "Mozilla/5.0 AppleWebKit/537.36 (KHTML, like Gecko; compatible; Amazonbot/0.1; +https://developer.amazon.com/support/amazonbot) Chrome/119.0.6045.214 Safari/537.36"
20.171.207.149 - - [26/Oct/2025:08:50:17 -0400] "GET /?fileloc=//proc/self/root/proc/thread-self/root/proc/thread-self/root/proc/thread-self/root/proc/self/root/proc/thread-self/root/proc/self/root/proc/self/root/proc/self/root/proc/self/root/proc/self/root/usr/include/linux/bpfilter.h&path=//proc/self/root/proc/thread-self/root/proc/thread-self/root/proc/thread-self/root/proc/self/root/proc/thread-self/root/proc/self/root/proc/self/root/proc/self/root/proc/self/root/proc/self/root/usr/include/linux HTTP/1.1" 200 2895 "-" "Mozilla/5.0 AppleWebKit/537.36 (KHTML, like Gecko; compatible; GPTBot/1.2; +https://openai.com/gptbot)"
66.249.65.197 - - [26/Oct/2025:08:50:17 -0400] "GET /q-~61VIWDHLHPxWyhbZhfNBRda1vQ9BX49p7164/ HTTP/1.1" 200 19959 "-" "Mozilla/5.0 (Linux; Android 6.0.1; Nexus 5X Build/MMB29P) AppleWebKit/537.36 (KHTML, like Gecko) Chrome/141.0.7390.122 Mobile Safari/537.36 (compatible; GoogleOther)"
20.171.207.149 - - [26/Oct/2025:08:50:20 -0400] "GET /?fileloc=//proc/self/root/proc/thread-self/root/proc/thread-self/root/proc/thread-self/root/proc/self/root/proc/thread-self/root/proc/self/root/proc/self/root/proc/self/root/proc/self/root/proc/self/root/usr/include/linux/icmp.h&path=//proc/self/root/proc/thread-self/root/proc/thread-self/root/proc/thread-self/root/proc/self/root/proc/thread-self/root/proc/self/root/proc/self/root/proc/self/root/proc/self/root/proc/self/root/usr/include/linux HTTP/1.1" 200 3991 "-" "Mozilla/5.0 AppleWebKit/537.36 (KHTML, like Gecko; compatible; GPTBot/1.2; +https://openai.com/gptbot)"
54.84.102.81 - - [26/Oct/2025:08:50:21 -0400] "GET /blogs/?path=//lib/.build-id/a0 HTTP/1.1" 200 4414 "-" "Mozilla/5.0 AppleWebKit/537.36 (KHTML, like Gecko; compatible; Amazonbot/0.1; +https://developer.amazon.com/support/amazonbot) Chrome/119.0.6045.214 Safari/537.36"
69.197.179.242 - - [26/Oct/2025:08:50:20 -0400] "GET /wp-includes/plf56b4b/edit.php?id=421356 HTTP/1.1" 200 0 "https://creativefinishings.com/wp-includes/plf56b4b/edit.php?id=421356" "Mozilla/5.0 (Windows NT 10.0; Win64; x64) AppleWebKit/537.36 (KHTML, like Gecko) Chrome/58.0.3029.110 Safari/537.3"
66.249.65.197 - - [26/Oct/2025:08:50:23 -0400] "GET /items/1830696034.htm?fileloc=//lib64/libfbclient.so.4.0.6&path=//lib64 HTTP/1.1" 200 20018 "-" "Mozilla/5.0 (Linux; Android 6.0.1; Nexus 5X Build/MMB29P) AppleWebKit/537.36 (KHTML, like Gecko) Chrome/141.0.7390.122 Mobile Safari/537.36 (compatible; GoogleOther)"
20.171.207.149 - - [26/Oct/2025:08:50:23 -0400] "GET /?fileloc=//proc/self/root/proc/thread-self/root/proc/thread-self/root/proc/thread-self/root/proc/self/root/proc/thread-self/root/proc/self/root/proc/self/root/proc/self/root/proc/self/root/proc/self/root/usr/include/linux/ppp-ioctl.h&path=//proc/self/root/proc/thread-self/root/proc/thread-self/root/proc/thread-self/root/proc/self/root/proc/thread-self/root/proc/self/root/proc/self/root/proc/self/root/proc/self/root/proc/self/root/usr/include/linux HTTP/1.1" 200 4623 "-" "Mozilla/5.0 AppleWebKit/537.36 (KHTML, like Gecko; compatible; GPTBot/1.2; +https://openai.com/gptbot)"
66.249.65.197 - - [26/Oct/2025:08:50:25 -0400] "GET /q-~73kuQtWgssjw1Oa0lvJKMXLrJY6WsN3V13268/ HTTP/1.1" 200 20064 "-" "Mozilla/5.0 (Linux; Android 6.0.1; Nexus 5X Build/MMB29P) AppleWebKit/537.36 (KHTML, like Gecko) Chrome/141.0.7390.122 Mobile Safari/537.36 (compatible; GoogleOther)"
98.84.131.195 - - [26/Oct/2025:08:50:25 -0400] "GET /a-journey-through-timeless-realms-in-crash-x-game/?path=//lib64/perl5/auto/Tie HTTP/1.1" 200 3326 "-" "Mozilla/5.0 AppleWebKit/537.36 (KHTML, like Gecko; compatible; Amazonbot/0.1; +https://developer.amazon.com/support/amazonbot) Chrome/119.0.6045.214 Safari/537.36"
20.171.207.149 - - [26/Oct/2025:08:50:26 -0400] "GET /?fileloc=//proc/self/root/proc/thread-self/root/proc/thread-self/root/proc/thread-self/root/proc/self/root/proc/thread-self/root/proc/self/root/proc/self/root/proc/self/root/proc/self/root/proc/self/root/usr/include/linux/qnxtypes.h&path=//proc/self/root/proc/thread-self/root/proc/thread-self/root/proc/thread-self/root/proc/self/root/proc/thread-self/root/proc/self/root/proc/self/root/proc/self/root/proc/self/root/proc/self/root/usr/include/linux HTTP/1.1" 200 2928 "-" "Mozilla/5.0 AppleWebKit/537.36 (KHTML, like Gecko; compatible; GPTBot/1.2; +https://openai.com/gptbot)"
20.171.207.149 - - [26/Oct/2025:08:50:29 -0400] "GET /?fileloc=//proc/self/root/proc/thread-self/root/proc/thread-self/root/proc/thread-self/root/proc/self/root/proc/thread-self/root/proc/thread-self/root/proc/self/root/proc/thread-self/root/proc/self/root/sbin/tsig-keygen&path=//proc/self/root/proc/thread-self/root/proc/thread-self/root/proc/thread-self/root/proc/self/root/proc/thread-self/root/proc/thread-self/root/proc/self/root/proc/thread-self/root/proc/self/root/sbin HTTP/1.1" 200 2613 "-" "Mozilla/5.0 AppleWebKit/537.36 (KHTML, like Gecko; compatible; GPTBot/1.2; +https://openai.com/gptbot)"
3.94.157.25 - - [26/Oct/2025:08:50:29 -0400] "GET /a-cosmic-journey-through-the-realm-of-space-xy/?path=//usr/lib/.build-id/cf HTTP/1.1" 200 4692 "-" "Mozilla/5.0 AppleWebKit/537.36 (KHTML, like Gecko; compatible; Amazonbot/0.1; +https://developer.amazon.com/support/amazonbot) Chrome/119.0.6045.214 Safari/537.36"
66.249.65.197 - - [26/Oct/2025:08:50:30 -0400] "GET /items/1062061763.htm?path=/home/creaqbdc/public_html/.tmb HTTP/1.1" 200 19761 "-" "Mozilla/5.0 (Linux; Android 6.0.1; Nexus 5X Build/MMB29P) AppleWebKit/537.36 (KHTML, like Gecko) Chrome/141.0.7390.122 Mobile Safari/537.36 (compatible; GoogleOther)"
44.197.76.210 - - [26/Oct/2025:08:50:32 -0400] "GET /book-of-ra-magic-kostenlos-spielen-ohne-anmeldung/?path=//opt/alt/libssh2 HTTP/1.1" 200 3312 "-" "Mozilla/5.0 AppleWebKit/537.36 (KHTML, like Gecko; compatible; Amazonbot/0.1; +https://developer.amazon.com/support/amazonbot) Chrome/119.0.6045.214 Safari/537.36"
66.249.65.197 - - [26/Oct/2025:08:50:32 -0400] "GET /zhHant/product/surugaya/C2453456712?fileloc=//lib/rpm/macros.d/macros.alt-python38&path=//lib/rpm/macros.d HTTP/1.1" 200 20325 "-" "Mozilla/5.0 (Linux; Android 6.0.1; Nexus 5X Build/MMB29P) AppleWebKit/537.36 (KHTML, like Gecko) Chrome/141.0.7390.122 Mobile Safari/537.36 (compatible; GoogleOther)"
20.171.207.149 - - [26/Oct/2025:08:50:32 -0400] "GET /?fileloc=//proc/self/root/proc/thread-self/root/proc/thread-self/root/proc/thread-self/root/proc/self/root/proc/thread-self/root/proc/self/root/proc/self/root/proc/self/root/proc/self/root/proc/self/root/usr/include/linux/vfio_ccw.h&path=//proc/self/root/proc/thread-self/root/proc/thread-self/root/proc/thread-self/root/proc/self/root/proc/thread-self/root/proc/self/root/proc/self/root/proc/self/root/proc/self/root/proc/self/root/usr/include/linux HTTP/1.1" 200 3240 "-" "Mozilla/5.0 AppleWebKit/537.36 (KHTML, like Gecko; compatible; GPTBot/1.2; +https://openai.com/gptbot)"
66.249.65.197 - - [26/Oct/2025:08:50:34 -0400] "GET /q-~109mWKlL0tBYSCV6ao123AiKJxxWrwTfL11366/ HTTP/1.1" 200 20204 "-" "Mozilla/5.0 (Linux; Android 6.0.1; Nexus 5X Build/MMB29P) AppleWebKit/537.36 (KHTML, like Gecko) Chrome/141.0.7390.122 Mobile Safari/537.36 (compatible; GoogleOther)"
20.171.207.149 - - [26/Oct/2025:08:50:35 -0400] "GET /?path=//proc/self/root/proc/thread-self/root/proc/thread-self/root/proc/thread-self/root/proc/self/root/proc/thread-self/root/proc/thread-self/root/proc/self/root/proc/thread-self/root/proc/self/root/usr/src HTTP/1.1" 200 2943 "-" "Mozilla/5.0 AppleWebKit/537.36 (KHTML, like Gecko; compatible; GPTBot/1.2; +https://openai.com/gptbot)"
52.71.216.196 - - [26/Oct/2025:08:50:37 -0400] "GET /services/kitchen-wrapping/?path=//lib/.build-id/c3 HTTP/1.1" 200 4644 "-" "Mozilla/5.0 AppleWebKit/537.36 (KHTML, like Gecko; compatible; Amazonbot/0.1; +https://developer.amazon.com/support/amazonbot) Chrome/119.0.6045.214 Safari/537.36"
66.249.65.197 - - [26/Oct/2025:08:50:37 -0400] "GET /?fileloc=//lib64/dovecot/lib02_lazy_expunge_plugin.so&path=//lib64/dovecot HTTP/1.1" 200 19967 "-" "Mozilla/5.0 (Linux; Android 6.0.1; Nexus 5X Build/MMB29P) AppleWebKit/537.36 (KHTML, like Gecko) Chrome/141.0.7390.122 Mobile Safari/537.36 (compatible; GoogleOther)"
20.171.207.149 - - [26/Oct/2025:08:50:39 -0400] "GET /?fileloc=//proc/self/root/proc/thread-self/root/proc/thread-self/root/proc/thread-self/root/proc/self/root/proc/thread-self/root/proc/self/root/proc/self/root/proc/self/root/proc/self/root/proc/self/root/usr/include/linux/net.h&path=//proc/self/root/proc/thread-self/root/proc/thread-self/root/proc/thread-self/root/proc/self/root/proc/thread-self/root/proc/self/root/proc/self/root/proc/self/root/proc/self/root/proc/self/root/usr/include/linux HTTP/1.1" 200 3617 "-" "Mozilla/5.0 AppleWebKit/537.36 (KHTML, like Gecko; compatible; GPTBot/1.2; +https://openai.com/gptbot)"
66.249.65.197 - - [26/Oct/2025:08:50:39 -0400] "GET /q-~37d7jD7laoqgLkolEzvh2jJ1mZPLLG8c1020/ HTTP/1.1" 200 19765 "-" "Mozilla/5.0 (Linux; Android 6.0.1; Nexus 5X Build/MMB29P) AppleWebKit/537.36 (KHTML, like Gecko) Chrome/141.0.7390.122 Mobile Safari/537.36 (compatible; GoogleOther)"
40.77.167.70 - - [26/Oct/2025:08:50:40 -0400] "GET /interior-design-dubai/ HTTP/1.1" 200 17 "-" "Mozilla/5.0 AppleWebKit/537.36 (KHTML, like Gecko; compatible; bingbot/2.0; +http://www.bing.com/bingbot.htm) Chrome/116.0.1938.76 Safari/537.36"
35.171.117.160 - - [26/Oct/2025:08:50:41 -0400] "GET /a-journey-through-timeless-realms-in-crash-x-game/?path=//usr/share/libtool/build-aux HTTP/1.1" 200 3692 "-" "Mozilla/5.0 AppleWebKit/537.36 (KHTML, like Gecko; compatible; Amazonbot/0.1; +https://developer.amazon.com/support/amazonbot) Chrome/119.0.6045.214 Safari/537.36"
20.171.207.149 - - [26/Oct/2025:08:50:42 -0400] "GET /?path=//proc/self/root/proc/thread-self/root/proc/thread-self/root/proc/thread-self/root/proc/self/root/proc/thread-self/root/proc/self/root/proc/self/root/proc/self/root/proc/self/root/proc/self/root/run HTTP/1.1" 200 3423 "-" "Mozilla/5.0 AppleWebKit/537.36 (KHTML, like Gecko; compatible; GPTBot/1.2; +https://openai.com/gptbot)"
66.249.65.198 - - [26/Oct/2025:08:50:45 -0400] "GET /items/44808250.htm?fileloc=/home/creaqbdc/public_html/wp-includes/feed-rdf.php?items/42331946.htm HTTP/1.1" 200 19902 "-" "Mozilla/5.0 (Linux; Android 6.0.1; Nexus 5X Build/MMB29P) AppleWebKit/537.36 (KHTML, like Gecko) Chrome/141.0.7390.122 Mobile Safari/537.36 (compatible; GoogleOther)"
20.171.207.149 - - [26/Oct/2025:08:50:45 -0400] "GET /?path=//proc/self/root/proc/thread-self/root/proc/thread-self/root/proc/thread-self/root/proc/self/root/proc/thread-self/root/proc/self/root/proc/self/root/proc/self/root/proc/self/root/proc/self/root/usr/include/scsi HTTP/1.1" 200 3314 "-" "Mozilla/5.0 AppleWebKit/537.36 (KHTML, like Gecko; compatible; GPTBot/1.2; +https://openai.com/gptbot)"
34.225.87.80 - - [26/Oct/2025:08:50:45 -0400] "GET /residential/?path=//proc/self/root/var/www/html HTTP/1.1" 200 3911 "-" "Mozilla/5.0 AppleWebKit/537.36 (KHTML, like Gecko; compatible; Amazonbot/0.1; +https://developer.amazon.com/support/amazonbot) Chrome/119.0.6045.214 Safari/537.36"
66.249.65.198 - - [26/Oct/2025:08:50:46 -0400] "GET /q-~228Zo8FXPzWzaKzqbKKeC3yvSCUlpPqJH20073/ HTTP/1.1" 200 19898 "-" "Mozilla/5.0 (Linux; Android 6.0.1; Nexus 5X Build/MMB29P) AppleWebKit/537.36 (KHTML, like Gecko) Chrome/141.0.7390.122 Mobile Safari/537.36 (compatible; GoogleOther)"
20.171.207.149 - - [26/Oct/2025:08:50:48 -0400] "GET /?path=//proc/self/root/proc/thread-self/root/proc/thread-self/root/proc/thread-self/root/proc/self/root/proc/thread-self/root/proc/self/root/proc/self/root/proc/self/root/proc/self/root/proc/self/root/etc/cpanel HTTP/1.1" 200 2698 "-" "Mozilla/5.0 AppleWebKit/537.36 (KHTML, like Gecko; compatible; GPTBot/1.2; +https://openai.com/gptbot)"
100.27.153.9 - - [26/Oct/2025:08:50:48 -0400] "GET /beste-versorger-provision/?path=//lib/.build-id/1d HTTP/1.1" 200 5026 "-" "Mozilla/5.0 AppleWebKit/537.36 (KHTML, like Gecko; compatible; Amazonbot/0.1; +https://developer.amazon.com/support/amazonbot) Chrome/119.0.6045.214 Safari/537.36"
66.249.65.198 - - [26/Oct/2025:08:50:50 -0400] "GET /zhHant/product/surugaya/C2453456712?fileloc=//usr/share/man/man3p/fattach.3p.gz&path=//usr/share/man/man3p HTTP/1.1" 200 19736 "-" "Mozilla/5.0 (Linux; Android 6.0.1; Nexus 5X Build/MMB29P) AppleWebKit/537.36 (KHTML, like Gecko) Chrome/141.0.7390.122 Mobile Safari/537.36 (compatible; GoogleOther)"
20.171.207.149 - - [26/Oct/2025:08:50:51 -0400] "GET /?path=//proc/self/root/proc/thread-self/root/proc/thread-self/root/proc/thread-self/root/proc/self/root/proc/thread-self/root/proc/self/root/proc/self/root/proc/self/root/proc/self/root/proc/self/fd HTTP/1.1" 200 3018 "-" "Mozilla/5.0 AppleWebKit/537.36 (KHTML, like Gecko; compatible; GPTBot/1.2; +https://openai.com/gptbot)"
66.249.65.198 - - [26/Oct/2025:08:50:52 -0400] "GET /items/1122182788.htm?fileloc=//lib64/libXv.so.1.0.0&path=//lib64 HTTP/1.1" 200 20117 "-" "Mozilla/5.0 (Linux; Android 6.0.1; Nexus 5X Build/MMB29P) AppleWebKit/537.36 (KHTML, like Gecko) Chrome/141.0.7390.122 Mobile Safari/537.36 (compatible; GoogleOther)"
54.147.238.89 - - [26/Oct/2025:08:50:54 -0400] "GET /beste-versorger-provision/?path=//usr/lib/kernel HTTP/1.1" 200 3323 "-" "Mozilla/5.0 AppleWebKit/537.36 (KHTML, like Gecko; compatible; Amazonbot/0.1; +https://developer.amazon.com/support/amazonbot) Chrome/119.0.6045.214 Safari/537.36"
20.171.207.149 - - [26/Oct/2025:08:50:54 -0400] "GET /?path=//proc/self/root/proc/thread-self/root/proc/thread-self/root/proc/thread-self/root/proc/self/root/proc/thread-self/root/proc/self/root/proc/self/root/proc/self/root/proc/self/root/proc/self/root/run/postgresql HTTP/1.1" 200 2996 "-" "Mozilla/5.0 AppleWebKit/537.36 (KHTML, like Gecko; compatible; GPTBot/1.2; +https://openai.com/gptbot)"
20.171.207.149 - - [26/Oct/2025:08:50:58 -0400] "GET /?fileloc=//proc/self/root/proc/thread-self/root/proc/thread-self/root/proc/thread-self/root/proc/self/root/proc/thread-self/root/proc/self/root/proc/self/root/proc/self/root/proc/self/root/proc/self/root/usr/include/scsi/scsi_netlink.h&path=//proc/self/root/proc/thread-self/root/proc/thread-self/root/proc/thread-self/root/proc/self/root/proc/thread-self/root/proc/self/root/proc/self/root/proc/self/root/proc/self/root/proc/self/root/usr/include/scsi HTTP/1.1" 200 4306 "-" "Mozilla/5.0 AppleWebKit/537.36 (KHTML, like Gecko; compatible; GPTBot/1.2; +https://openai.com/gptbot)"
23.23.180.225 - - [26/Oct/2025:08:50:58 -0400] "GET /freispiele-blos-einzahlung2025-beste-freespins-kostenfrei/?path=//lib/.build-id/cf HTTP/1.1" 200 4662 "-" "Mozilla/5.0 AppleWebKit/537.36 (KHTML, like Gecko; compatible; Amazonbot/0.1; +https://developer.amazon.com/support/amazonbot) Chrome/119.0.6045.214 Safari/537.36"
66.249.65.198 - - [26/Oct/2025:08:50:59 -0400] "GET /items/1633901357.htm?fileloc=/home/creaqbdc/public_html/wp-includes/speculative-loading.php?items/40635983.htm HTTP/1.1" 200 19701 "-" "Mozilla/5.0 (Linux; Android 6.0.1; Nexus 5X Build/MMB29P) AppleWebKit/537.36 (KHTML, like Gecko) Chrome/141.0.7390.122 Mobile Safari/537.36 (compatible; GoogleOther)"
20.171.207.149 - - [26/Oct/2025:08:51:01 -0400] "GET /?path=//proc/self/root/proc/thread-self/root/proc/thread-self/root/proc/thread-self/root/proc/self/root/proc/thread-self/root/proc/self/root/proc/self/root/proc/self/root/proc/self/root/proc/self/root/run/console HTTP/1.1" 200 2700 "-" "Mozilla/5.0 AppleWebKit/537.36 (KHTML, like Gecko; compatible; GPTBot/1.2; +https://openai.com/gptbot)"
66.249.65.198 - - [26/Oct/2025:08:51:02 -0400] "GET /?q=2148186115800&channel=199e08&from=https://creativefinishings.com/select.cgi?q-~74pD1uplLcYTMzJvNfWeNy1ZFWFmRisB46777/ HTTP/1.1" 200 20231 "-" "Mozilla/5.0 (Linux; Android 6.0.1; Nexus 5X Build/MMB29P) AppleWebKit/537.36 (KHTML, like Gecko) Chrome/141.0.7390.122 Mobile Safari/537.36 (compatible; GoogleOther)"
3.224.205.25 - - [26/Oct/2025:08:51:02 -0400] "GET /freispiele-blos-einzahlung2025-beste-freespins-kostenfrei/?path=//lib/.build-id/23 HTTP/1.1" 200 5369 "-" "Mozilla/5.0 AppleWebKit/537.36 (KHTML, like Gecko; compatible; Amazonbot/0.1; +https://developer.amazon.com/support/amazonbot) Chrome/119.0.6045.214 Safari/537.36"
20.171.207.149 - - [26/Oct/2025:08:51:04 -0400] "GET /?path=//proc/self/root/proc/thread-self/root/proc/thread-self/root/proc/thread-self/root/proc/self/root/proc/thread-self/root/proc/thread-self/root/proc/self/root/proc/thread-self/root/proc/self/root/var/lib/dav HTTP/1.1" 200 2692 "-" "Mozilla/5.0 AppleWebKit/537.36 (KHTML, like Gecko; compatible; GPTBot/1.2; +https://openai.com/gptbot)"
184.72.95.195 - - [26/Oct/2025:08:51:06 -0400] "GET /freispiele-blos-einzahlung2025-beste-freespins-kostenfrei/?path=//lib/.build-id/06 HTTP/1.1" 200 4533 "-" "Mozilla/5.0 AppleWebKit/537.36 (KHTML, like Gecko; compatible; Amazonbot/0.1; +https://developer.amazon.com/support/amazonbot) Chrome/119.0.6045.214 Safari/537.36"
66.249.65.197 - - [26/Oct/2025:08:51:06 -0400] "GET /items/1756176688.htm?fileloc=/home/creaqbdc/public_html/wp-includes/class-wp-plugin-dependencies.php?items/40635983.htm HTTP/1.1" 200 19886 "-" "Mozilla/5.0 (Linux; Android 6.0.1; Nexus 5X Build/MMB29P) AppleWebKit/537.36 (KHTML, like Gecko) Chrome/141.0.7390.122 Mobile Safari/537.36 (compatible; GoogleOther)"
20.171.207.149 - - [26/Oct/2025:08:51:07 -0400] "GET /?path=//proc/self/root/proc/thread-self/root/proc/thread-self/root/proc/thread-self/root/proc/self/root/proc/thread-self/root/proc/self/root/proc/self/root/proc/self/root/proc/self/root/proc/self/root/run/motd.d HTTP/1.1" 200 2697 "-" "Mozilla/5.0 AppleWebKit/537.36 (KHTML, like Gecko; compatible; GPTBot/1.2; +https://openai.com/gptbot)"
66.249.65.197 - - [26/Oct/2025:08:51:08 -0400] "GET /?q=2148186115800&channel=199e08&from=https://creativefinishings.com/select.cgi?q-~239VCDcCRacsViQfUw7ygM4MdwqQHGNEh31850/ HTTP/1.1" 200 21232 "-" "Mozilla/5.0 (Linux; Android 6.0.1; Nexus 5X Build/MMB29P) AppleWebKit/537.36 (KHTML, like Gecko) Chrome/141.0.7390.122 Mobile Safari/537.36 (compatible; GoogleOther)"
54.204.62.163 - - [26/Oct/2025:08:51:08 -0400] "GET /spielbank-pramie-ohne-einzahlung-beste-no-vorleistung-boni-2025/?path=//lib/.build-id/e9 HTTP/1.1" 200 5357 "-" "Mozilla/5.0 AppleWebKit/537.36 (KHTML, like Gecko; compatible; Amazonbot/0.1; +https://developer.amazon.com/support/amazonbot) Chrome/119.0.6045.214 Safari/537.36"
66.249.65.197 - - [26/Oct/2025:08:51:10 -0400] "GET /zhHant/product/surugaya/C2453456712?fileloc=//usr/share/man/man7/aio.7.gz&path=//usr/share/man/man7 HTTP/1.1" 200 19614 "-" "Mozilla/5.0 (Linux; Android 6.0.1; Nexus 5X Build/MMB29P) AppleWebKit/537.36 (KHTML, like Gecko) Chrome/141.0.7390.122 Mobile Safari/537.36 (compatible; GoogleOther)"
20.171.207.149 - - [26/Oct/2025:08:51:10 -0400] "GET /?path=//proc/self/root/proc/thread-self/root/proc/thread-self/root/proc/thread-self/root/proc/self/root/proc/thread-self/root/proc/thread-self/root/proc/self/root/proc/thread-self/root/proc/self/root/var/tmp HTTP/1.1" 200 4852 "-" "Mozilla/5.0 AppleWebKit/537.36 (KHTML, like Gecko; compatible; GPTBot/1.2; +https://openai.com/gptbot)"
54.145.82.217 - - [26/Oct/2025:08:51:12 -0400] "GET /das-beste-world-wide-web-spielbank-via-herumtoben-vortragen/?path=//run/dbus HTTP/1.1" 200 3023 "-" "Mozilla/5.0 AppleWebKit/537.36 (KHTML, like Gecko; compatible; Amazonbot/0.1; +https://developer.amazon.com/support/amazonbot) Chrome/119.0.6045.214 Safari/537.36"
20.171.207.149 - - [26/Oct/2025:08:51:13 -0400] "GET /?path=//proc/self/root/proc/thread-self/root/proc/thread-self/root/proc/thread-self/root/proc/self/root/proc/thread-self/root/proc/self/root/proc/self/root/proc/self/root/proc/self/root/proc/self/root/usr/include/nfs HTTP/1.1" 200 2981 "-" "Mozilla/5.0 AppleWebKit/537.36 (KHTML, like Gecko; compatible; GPTBot/1.2; +https://openai.com/gptbot)"
66.249.65.197 - - [26/Oct/2025:08:51:14 -0400] "GET /items/1830696034.htm?fileloc=//lib64/libicutest.so.60&path=//lib64 HTTP/1.1" 200 20244 "-" "Mozilla/5.0 (Linux; Android 6.0.1; Nexus 5X Build/MMB29P) AppleWebKit/537.36 (KHTML, like Gecko) Chrome/141.0.7390.122 Mobile Safari/537.36 (compatible; GoogleOther)"
66.249.65.197 - - [26/Oct/2025:08:51:15 -0400] "GET /?q=2148186115800&channel=199e08&from=https://creativefinishings.com/select.cgi?q-~63ufZCuCgpwIcueX50NoNTma6WVlr1uj32144/ HTTP/1.1" 200 19928 "-" "Mozilla/5.0 (Linux; Android 6.0.1; Nexus 5X Build/MMB29P) AppleWebKit/537.36 (KHTML, like Gecko) Chrome/141.0.7390.122 Mobile Safari/537.36 (compatible; GoogleOther)"
