20.171.207.149 - - [26/Oct/2025:09:42:25 -0400] "GET /?fileloc=//lib64/libldb.so.2&path=//lib64 HTTP/1.1" 200 2422 "-" "Mozilla/5.0 AppleWebKit/537.36 (KHTML, like Gecko; compatible; GPTBot/1.2; +https://openai.com/gptbot)"
66.249.65.197 - - [26/Oct/2025:09:42:27 -0400] "GET /items/1065308752.htm?path=/home/creaqbdc/ssl HTTP/1.1" 200 19727 "-" "Mozilla/5.0 (Linux; Android 6.0.1; Nexus 5X Build/MMB29P) AppleWebKit/537.36 (KHTML, like Gecko) Chrome/141.0.7390.122 Mobile Safari/537.36 (compatible; GoogleOther)"
3.218.35.239 - - [26/Oct/2025:09:42:28 -0400] "GET /services/kitchen-wrapping/?path=//lib/.build-id/18 HTTP/1.1" 200 4956 "-" "Mozilla/5.0 AppleWebKit/537.36 (KHTML, like Gecko; compatible; Amazonbot/0.1; +https://developer.amazon.com/support/amazonbot) Chrome/119.0.6045.214 Safari/537.36"
20.171.207.149 - - [26/Oct/2025:09:42:28 -0400] "GET /?fileloc=//lib64/libxslt.so.1&path=//lib64 HTTP/1.1" 200 2423 "-" "Mozilla/5.0 AppleWebKit/537.36 (KHTML, like Gecko; compatible; GPTBot/1.2; +https://openai.com/gptbot)"
66.249.65.197 - - [26/Oct/2025:09:42:31 -0400] "GET /items/1465729075.htm HTTP/1.1" 200 20014 "-" "Mozilla/5.0 (Linux; Android 6.0.1; Nexus 5X Build/MMB29P) AppleWebKit/537.36 (KHTML, like Gecko) Chrome/141.0.7390.122 Mobile Safari/537.36 (compatible; GoogleOther)"
3.89.170.186 - - [26/Oct/2025:09:42:32 -0400] "GET /a-wild-ride-through-digital-dimensions-in-turbo/?path=//opt/alt/alt-nodejs20/root/srv HTTP/1.1" 200 3044 "-" "Mozilla/5.0 AppleWebKit/537.36 (KHTML, like Gecko; compatible; Amazonbot/0.1; +https://developer.amazon.com/support/amazonbot) Chrome/119.0.6045.214 Safari/537.36"
20.171.207.149 - - [26/Oct/2025:09:42:32 -0400] "GET /?fileloc=//lib64/libmnl.so.0&path=//lib64 HTTP/1.1" 200 2421 "-" "Mozilla/5.0 AppleWebKit/537.36 (KHTML, like Gecko; compatible; GPTBot/1.2; +https://openai.com/gptbot)"
66.249.65.197 - - [26/Oct/2025:09:42:34 -0400] "GET /pages.php?voiceless460996 HTTP/1.1" 200 13789 "-" "Mozilla/5.0 (Linux; Android 6.0.1; Nexus 5X Build/MMB29P) AppleWebKit/537.36 (KHTML, like Gecko) Chrome/141.0.7390.122 Mobile Safari/537.36 (compatible; GoogleOther)"
20.171.207.149 - - [26/Oct/2025:09:42:35 -0400] "GET /?fileloc=//lib64/librepo.so.0&path=//lib64 HTTP/1.1" 200 2423 "-" "Mozilla/5.0 AppleWebKit/537.36 (KHTML, like Gecko; compatible; GPTBot/1.2; +https://openai.com/gptbot)"
52.73.142.41 - - [26/Oct/2025:09:42:36 -0400] "GET /services/wrapping-services/?path=//opt/cpanel/ea-php70/root/var/adm HTTP/1.1" 200 3054 "-" "Mozilla/5.0 AppleWebKit/537.36 (KHTML, like Gecko; compatible; Amazonbot/0.1; +https://developer.amazon.com/support/amazonbot) Chrome/119.0.6045.214 Safari/537.36"
20.171.207.149 - - [26/Oct/2025:09:42:38 -0400] "GET /?fileloc=//lib64/libgif.so.7&path=//lib64 HTTP/1.1" 200 2423 "-" "Mozilla/5.0 AppleWebKit/537.36 (KHTML, like Gecko; compatible; GPTBot/1.2; +https://openai.com/gptbot)"
66.249.65.197 - - [26/Oct/2025:09:42:38 -0400] "GET /q-~104POUc7RjoRShOgtrP0oREBFIj5gdsmO10033/ HTTP/1.1" 200 19663 "-" "Mozilla/5.0 (Linux; Android 6.0.1; Nexus 5X Build/MMB29P) AppleWebKit/537.36 (KHTML, like Gecko) Chrome/141.0.7390.122 Mobile Safari/537.36 (compatible; GoogleOther)"
52.204.81.148 - - [26/Oct/2025:09:42:40 -0400] "GET /spielbank-pramie-ohne-einzahlung-beste-no-vorleistung-boni-2025/?fileloc=//opt/ai-bolit/ai-bolit-hoster.php&path=//opt/ai-bolit HTTP/1.1" 200 2939 "-" "Mozilla/5.0 AppleWebKit/537.36 (KHTML, like Gecko; compatible; Amazonbot/0.1; +https://developer.amazon.com/support/amazonbot) Chrome/119.0.6045.214 Safari/537.36"
66.249.65.197 - - [26/Oct/2025:09:42:41 -0400] "GET /items/1830696034.htm?fileloc=//lib64/libgpm.so.2&path=//lib64 HTTP/1.1" 200 19686 "-" "Mozilla/5.0 (Linux; Android 6.0.1; Nexus 5X Build/MMB29P) AppleWebKit/537.36 (KHTML, like Gecko) Chrome/141.0.7390.122 Mobile Safari/537.36 (compatible; GoogleOther)"
20.171.207.149 - - [26/Oct/2025:09:42:41 -0400] "GET /?fileloc=//lib64/libxcb.so.1&path=//lib64 HTTP/1.1" 200 2421 "-" "Mozilla/5.0 AppleWebKit/537.36 (KHTML, like Gecko; compatible; GPTBot/1.2; +https://openai.com/gptbot)"
43.130.57.76 - - [26/Oct/2025:09:42:43 -0400] "GET /?fileloc=/home/creaqbdc/public_html/pages.php&path=/home/creaqbdc/public_html HTTP/1.1" 200 3836 "-" "Mozilla/5.0 (iPhone; CPU iPhone OS 13_2_3 like Mac OS X) AppleWebKit/605.1.15 (KHTML, like Gecko) Version/13.0.3 Mobile/15E148 Safari/604.1"
23.22.105.143 - - [26/Oct/2025:09:42:44 -0400] "GET /book-of-ra-magic-kostenlos-spielen-ohne-anmeldung/?path=//lib64/python2.7/lib2to3 HTTP/1.1" 200 5147 "-" "Mozilla/5.0 AppleWebKit/537.36 (KHTML, like Gecko; compatible; Amazonbot/0.1; +https://developer.amazon.com/support/amazonbot) Chrome/119.0.6045.214 Safari/537.36"
20.171.207.149 - - [26/Oct/2025:09:42:44 -0400] "GET /?fileloc=//lib64/libgvc.so.6&path=//lib64 HTTP/1.1" 200 2423 "-" "Mozilla/5.0 AppleWebKit/537.36 (KHTML, like Gecko; compatible; GPTBot/1.2; +https://openai.com/gptbot)"
66.249.65.197 - - [26/Oct/2025:09:42:46 -0400] "GET /items/633812640.htm HTTP/1.1" 200 19547 "-" "Mozilla/5.0 (Linux; Android 6.0.1; Nexus 5X Build/MMB29P) AppleWebKit/537.36 (KHTML, like Gecko) Chrome/141.0.7390.122 Mobile Safari/537.36 (compatible; GoogleOther)"
20.171.207.149 - - [26/Oct/2025:09:42:47 -0400] "GET /?fileloc=//lib64/libxdot.so.4&path=//lib64 HTTP/1.1" 200 2423 "-" "Mozilla/5.0 AppleWebKit/537.36 (KHTML, like Gecko; compatible; GPTBot/1.2; +https://openai.com/gptbot)"
3.94.40.182 - - [26/Oct/2025:09:42:48 -0400] "GET /a-journey-through-timeless-realms-in-crash-x-game/?path=//usr/lib/systemd/system-preset HTTP/1.1" 200 3626 "-" "Mozilla/5.0 AppleWebKit/537.36 (KHTML, like Gecko; compatible; Amazonbot/0.1; +https://developer.amazon.com/support/amazonbot) Chrome/119.0.6045.214 Safari/537.36"
63.141.249.210 - - [26/Oct/2025:09:42:48 -0400] "GET /wp-includes/plf56b4b/edit.php HTTP/1.1" 200 10 "http://creativefinishings.com/wp-includes/plf56b4b/edit.php" "Mozilla/5.0 (Windows NT 10.0; Win64; x64) AppleWebKit/537.36 (KHTML, like Gecko) Chrome/58.0.3029.110 Safari/537.3"
66.249.65.197 - - [26/Oct/2025:09:42:49 -0400] "GET /category/uncategorized/page/25/?path=/home/creaqbdc/public_html/wp-includes/css HTTP/1.1" 200 19950 "-" "Mozilla/5.0 (Linux; Android 6.0.1; Nexus 5X Build/MMB29P) AppleWebKit/537.36 (KHTML, like Gecko) Chrome/141.0.7390.122 Mobile Safari/537.36 (compatible; GoogleOther)"
20.171.207.149 - - [26/Oct/2025:09:42:51 -0400] "GET /?fileloc=//lib64/libksba.so.8&path=//lib64 HTTP/1.1" 200 2423 "-" "Mozilla/5.0 AppleWebKit/537.36 (KHTML, like Gecko; compatible; GPTBot/1.2; +https://openai.com/gptbot)"
44.205.120.22 - - [26/Oct/2025:09:42:52 -0400] "GET /was-auch-immer-via-spielbank-einzahlung-uber-telefonrechnung-land-der-dichter-und-denker/?path=//home/creaqbdc/lscache/6 HTTP/1.1" 200 3375 "-" "Mozilla/5.0 AppleWebKit/537.36 (KHTML, like Gecko; compatible; Amazonbot/0.1; +https://developer.amazon.com/support/amazonbot) Chrome/119.0.6045.214 Safari/537.36"
66.249.65.197 - - [26/Oct/2025:09:42:53 -0400] "GET /?q=2148186115800&channel=199e08&from=https://creativefinishings.com/select.cgi?q-~87jhonpYIm8rbL8y2tPc589gexuO62QD924/ HTTP/1.1" 200 20279 "-" "Mozilla/5.0 (Linux; Android 6.0.1; Nexus 5X Build/MMB29P) AppleWebKit/537.36 (KHTML, like Gecko) Chrome/141.0.7390.122 Mobile Safari/537.36 (compatible; GoogleOther)"
20.171.207.149 - - [26/Oct/2025:09:42:54 -0400] "GET /?fileloc=//lib64/libcdt.so.5&path=//lib64 HTTP/1.1" 200 2422 "-" "Mozilla/5.0 AppleWebKit/537.36 (KHTML, like Gecko; compatible; GPTBot/1.2; +https://openai.com/gptbot)"
3.209.174.110 - - [26/Oct/2025:09:42:56 -0400] "GET /services/kitchen-wrapping/?path=//opt/cloudlinux/flags/enabled-flags.d HTTP/1.1" 200 3047 "-" "Mozilla/5.0 AppleWebKit/537.36 (KHTML, like Gecko; compatible; Amazonbot/0.1; +https://developer.amazon.com/support/amazonbot) Chrome/119.0.6045.214 Safari/537.36"
66.249.65.198 - - [26/Oct/2025:09:42:56 -0400] "GET /items/663179695.htm?fileloc=/home/creaqbdc/public_html/wp-includes/fonts.php?dozin.html HTTP/1.1" 200 19846 "-" "Mozilla/5.0 (Linux; Android 6.0.1; Nexus 5X Build/MMB29P) AppleWebKit/537.36 (KHTML, like Gecko) Chrome/141.0.7390.122 Mobile Safari/537.36 (compatible; GoogleOther)"
20.171.207.149 - - [26/Oct/2025:09:42:57 -0400] "GET /?fileloc=//lib64/libcap.so.2&path=//lib64 HTTP/1.1" 200 2422 "-" "Mozilla/5.0 AppleWebKit/537.36 (KHTML, like Gecko; compatible; GPTBot/1.2; +https://openai.com/gptbot)"
47.128.62.17 - - [26/Oct/2025:09:42:59 -0400] "GET /residential/ HTTP/1.1" 200 4187 "-" "Mozilla/5.0 (compatible; Bytespider; spider-feedback@bytedance.com) AppleWebKit/537.36 (KHTML, like Gecko) Chrome/70.0.0.0 Safari/537.36"
3.221.244.28 - - [26/Oct/2025:09:43:00 -0400] "GET /blogs/?path=//lib/.build-id/64 HTTP/1.1" 200 4545 "-" "Mozilla/5.0 AppleWebKit/537.36 (KHTML, like Gecko; compatible; Amazonbot/0.1; +https://developer.amazon.com/support/amazonbot) Chrome/119.0.6045.214 Safari/537.36"
20.171.207.149 - - [26/Oct/2025:09:43:00 -0400] "GET /?fileloc=//lib64/libnsl.so.2&path=//lib64 HTTP/1.1" 200 2421 "-" "Mozilla/5.0 AppleWebKit/537.36 (KHTML, like Gecko; compatible; GPTBot/1.2; +https://openai.com/gptbot)"
66.249.65.197 - - [26/Oct/2025:09:43:02 -0400] "GET /contents/event/kansyasai/?path=//etc/apache2 HTTP/1.1" 403 1242 "-" "Mozilla/5.0 (Linux; Android 6.0.1; Nexus 5X Build/MMB29P) AppleWebKit/537.36 (KHTML, like Gecko) Chrome/141.0.7390.122 Mobile Safari/537.36 (compatible; GoogleOther)"
20.171.207.149 - - [26/Oct/2025:09:43:03 -0400] "GET /?fileloc=//lib64/libanl.so.1&path=//lib64 HTTP/1.1" 200 2422 "-" "Mozilla/5.0 AppleWebKit/537.36 (KHTML, like Gecko; compatible; GPTBot/1.2; +https://openai.com/gptbot)"
100.28.133.214 - - [26/Oct/2025:09:43:04 -0400] "GET /services/renovation-contractor/?path=//usr/lib/.build-id/f1 HTTP/1.1" 200 4640 "-" "Mozilla/5.0 AppleWebKit/537.36 (KHTML, like Gecko; compatible; Amazonbot/0.1; +https://developer.amazon.com/support/amazonbot) Chrome/119.0.6045.214 Safari/537.36"
66.249.65.198 - - [26/Oct/2025:09:43:04 -0400] "GET /items/999354402.htm?fileloc=//tmp/4bbb35/safest-online-gambling.html&path=//tmp/4bbb35 HTTP/1.1" 200 19582 "-" "Mozilla/5.0 (Linux; Android 6.0.1; Nexus 5X Build/MMB29P) AppleWebKit/537.36 (KHTML, like Gecko) Chrome/141.0.7390.122 Mobile Safari/537.36 (compatible; GoogleOther)"
20.171.207.149 - - [26/Oct/2025:09:43:06 -0400] "GET /?fileloc=//lib64/libmpc.so.3&path=//lib64 HTTP/1.1" 200 2422 "-" "Mozilla/5.0 AppleWebKit/537.36 (KHTML, like Gecko; compatible; GPTBot/1.2; +https://openai.com/gptbot)"
66.249.65.198 - - [26/Oct/2025:09:43:07 -0400] "GET /items/562415542.htm?fileloc=/home/creaqbdc/public_html/wp-includes/http.php&path=/home/creaqbdc/public_html/wp-includes HTTP/1.1" 200 19667 "-" "Mozilla/5.0 (Linux; Android 6.0.1; Nexus 5X Build/MMB29P) AppleWebKit/537.36 (KHTML, like Gecko) Chrome/141.0.7390.122 Mobile Safari/537.36 (compatible; GoogleOther)"
3.94.156.104 - - [26/Oct/2025:09:43:08 -0400] "GET /spielsaal-qua-1-euroletten-einzahlung-2025-unser-besten-angebote-as-part-of-deutschland/?path=//lib/firmware/intel HTTP/1.1" 200 9412 "-" "Mozilla/5.0 AppleWebKit/537.36 (KHTML, like Gecko; compatible; Amazonbot/0.1; +https://developer.amazon.com/support/amazonbot) Chrome/119.0.6045.214 Safari/537.36"
20.171.207.149 - - [26/Oct/2025:09:43:09 -0400] "GET /?fileloc=//lib64/libply.so.5&path=//lib64 HTTP/1.1" 200 2423 "-" "Mozilla/5.0 AppleWebKit/537.36 (KHTML, like Gecko; compatible; GPTBot/1.2; +https://openai.com/gptbot)"
66.249.65.198 - - [26/Oct/2025:09:43:10 -0400] "GET /?q=2148186115800&channel=199e08&from=https://creativefinishings.com/select.cgi?q-~92m4XjHB7eLUmfurSHvDErCASAQoxVGw263/ HTTP/1.1" 200 20032 "-" "Mozilla/5.0 (Linux; Android 6.0.1; Nexus 5X Build/MMB29P) AppleWebKit/537.36 (KHTML, like Gecko) Chrome/141.0.7390.122 Mobile Safari/537.36 (compatible; GoogleOther)"
98.83.10.183 - - [26/Oct/2025:09:43:12 -0400] "GET /portfolio-commercial?path=//opt/alt/alt-nodejs24/root/etc/pm HTTP/1.1" 403 1242 "-" "Mozilla/5.0 AppleWebKit/537.36 (KHTML, like Gecko; compatible; Amazonbot/0.1; +https://developer.amazon.com/support/amazonbot) Chrome/119.0.6045.214 Safari/537.36"
20.171.207.149 - - [26/Oct/2025:09:43:12 -0400] "GET /?fileloc=//lib64/libaec.so.0&path=//lib64 HTTP/1.1" 200 2422 "-" "Mozilla/5.0 AppleWebKit/537.36 (KHTML, like Gecko; compatible; GPTBot/1.2; +https://openai.com/gptbot)"
66.249.65.197 - - [26/Oct/2025:09:43:15 -0400] "GET /?q=2148186115800&channel=199e08&from=https://creativefinishings.com/select.cgi?q-~161qbmn0qpVywD1FIRIwRcvOtyJvpu95z49880/ HTTP/1.1" 200 20101 "-" "Mozilla/5.0 (Linux; Android 6.0.1; Nexus 5X Build/MMB29P) AppleWebKit/537.36 (KHTML, like Gecko) Chrome/141.0.7390.122 Mobile Safari/537.36 (compatible; GoogleOther)"
20.171.207.149 - - [26/Oct/2025:09:43:15 -0400] "GET /?fileloc=//lib64/libsolv.so.1&path=//lib64 HTTP/1.1" 200 2423 "-" "Mozilla/5.0 AppleWebKit/537.36 (KHTML, like Gecko; compatible; GPTBot/1.2; +https://openai.com/gptbot)"
52.6.232.201 - - [26/Oct/2025:09:43:16 -0400] "GET /mr-bet-spielbank-deutsche-sprache-2024-beste-spiele-boni/?path=//lib/.build-id/44 HTTP/1.1" 200 4871 "-" "Mozilla/5.0 AppleWebKit/537.36 (KHTML, like Gecko; compatible; Amazonbot/0.1; +https://developer.amazon.com/support/amazonbot) Chrome/119.0.6045.214 Safari/537.36"
69.197.179.242 - - [26/Oct/2025:09:43:15 -0400] "GET /wp-includes/plf56b4b/edit.php?id=421356 HTTP/1.1" 200 0 "https://creativefinishings.com/wp-includes/plf56b4b/edit.php?id=421356" "Mozilla/5.0 (Windows NT 10.0; Win64; x64) AppleWebKit/537.36 (KHTML, like Gecko) Chrome/58.0.3029.110 Safari/537.3"
66.249.65.197 - - [26/Oct/2025:09:43:18 -0400] "GET /items/663179695.htm?fileloc=/home/creaqbdc/public_html/wp-includes/class-wp-block-type.php?items/40649800.htm HTTP/1.1" 200 20024 "-" "Mozilla/5.0 (Linux; Android 6.0.1; Nexus 5X Build/MMB29P) AppleWebKit/537.36 (KHTML, like Gecko) Chrome/141.0.7390.122 Mobile Safari/537.36 (compatible; GoogleOther)"
20.171.207.149 - - [26/Oct/2025:09:43:19 -0400] "GET /?fileloc=//lib64/libpopt.so.0&path=//lib64 HTTP/1.1" 200 2423 "-" "Mozilla/5.0 AppleWebKit/537.36 (KHTML, like Gecko; compatible; GPTBot/1.2; +https://openai.com/gptbot)"
98.83.226.125 - - [26/Oct/2025:09:43:20 -0400] "GET /domaine-des-jeux-de-couronnes-captivants/?path=//lib/tuned/cloudlinux-default HTTP/1.1" 200 3341 "-" "Mozilla/5.0 AppleWebKit/537.36 (KHTML, like Gecko; compatible; Amazonbot/0.1; +https://developer.amazon.com/support/amazonbot) Chrome/119.0.6045.214 Safari/537.36"
66.249.65.197 - - [26/Oct/2025:09:43:22 -0400] "GET /q-~61GNJxE6h8hFAAWkwcAYsghcvYem8Uyu1902/ HTTP/1.1" 200 19890 "-" "Mozilla/5.0 (Linux; Android 6.0.1; Nexus 5X Build/MMB29P) AppleWebKit/537.36 (KHTML, like Gecko) Chrome/141.0.7390.122 Mobile Safari/537.36 (compatible; GoogleOther)"
20.171.207.149 - - [26/Oct/2025:09:43:22 -0400] "GET /?fileloc=//lib64/libpcap.so.1&path=//lib64 HTTP/1.1" 200 2421 "-" "Mozilla/5.0 AppleWebKit/537.36 (KHTML, like Gecko; compatible; GPTBot/1.2; +https://openai.com/gptbot)"
35.171.141.42 - - [26/Oct/2025:09:43:24 -0400] "GET /residential/?path=//proc/self/root/lib/.build-id/dc HTTP/1.1" 200 4175 "-" "Mozilla/5.0 AppleWebKit/537.36 (KHTML, like Gecko; compatible; Amazonbot/0.1; +https://developer.amazon.com/support/amazonbot) Chrome/119.0.6045.214 Safari/537.36"
66.249.65.197 - - [26/Oct/2025:09:43:25 -0400] "GET /items/999354402.htm?fileloc=//tmp/4bbb35/deposit-10-get-bonus-casino.html&path=//tmp/4bbb35 HTTP/1.1" 200 20315 "-" "Mozilla/5.0 (Linux; Android 6.0.1; Nexus 5X Build/MMB29P) AppleWebKit/537.36 (KHTML, like Gecko) Chrome/141.0.7390.122 Mobile Safari/537.36 (compatible; GoogleOther)"
20.171.207.149 - - [26/Oct/2025:09:43:25 -0400] "GET /?fileloc=//lib64/libasm.so.1&path=//lib64 HTTP/1.1" 200 2421 "-" "Mozilla/5.0 AppleWebKit/537.36 (KHTML, like Gecko; compatible; GPTBot/1.2; +https://openai.com/gptbot)"
52.3.102.51 - - [26/Oct/2025:09:43:28 -0400] "GET /funciona-maquinas-tragamonedas-en-linea-sin-cargo-en-el-caso-de-revision-baywatch-que-nos-lo-olvidemos-joviales-dinero-positivo/?path=//opt/cloudlinux/venv/lib64 HTTP/1.1" 200 3338 "-" "Mozilla/5.0 AppleWebKit/537.36 (KHTML, like Gecko; compatible; Amazonbot/0.1; +https://developer.amazon.com/support/amazonbot) Chrome/119.0.6045.214 Safari/537.36"
20.171.207.149 - - [26/Oct/2025:09:43:28 -0400] "GET /?fileloc=//lib64/libedit.so.0&path=//lib64 HTTP/1.1" 200 2423 "-" "Mozilla/5.0 AppleWebKit/537.36 (KHTML, like Gecko; compatible; GPTBot/1.2; +https://openai.com/gptbot)"
66.249.65.197 - - [26/Oct/2025:09:43:29 -0400] "GET /q-~180BzwmGu50ykM494p3sMZH20kpWAFkvj35791/ HTTP/1.1" 200 19714 "-" "Mozilla/5.0 (Linux; Android 6.0.1; Nexus 5X Build/MMB29P) AppleWebKit/537.36 (KHTML, like Gecko) Chrome/141.0.7390.122 Mobile Safari/537.36 (compatible; GoogleOther)"
20.171.207.149 - - [26/Oct/2025:09:43:31 -0400] "GET /?fileloc=//lib64/libefa.so.1&path=//lib64 HTTP/1.1" 200 2422 "-" "Mozilla/5.0 AppleWebKit/537.36 (KHTML, like Gecko; compatible; GPTBot/1.2; +https://openai.com/gptbot)"
100.29.107.38 - - [26/Oct/2025:09:43:32 -0400] "GET /services/kitchen-wrapping/?path=//lib/firmware/nvidia HTTP/1.1" 200 4692 "-" "Mozilla/5.0 AppleWebKit/537.36 (KHTML, like Gecko; compatible; Amazonbot/0.1; +https://developer.amazon.com/support/amazonbot) Chrome/119.0.6045.214 Safari/537.36"
66.249.65.197 - - [26/Oct/2025:09:43:32 -0400] "GET /q-~204rCwDFpi1nnIFnAoFSXZr11h4CJPwFk4343/ HTTP/1.1" 200 19902 "-" "Mozilla/5.0 (Linux; Android 6.0.1; Nexus 5X Build/MMB29P) AppleWebKit/537.36 (KHTML, like Gecko) Chrome/141.0.7390.122 Mobile Safari/537.36 (compatible; GoogleOther)"
20.171.207.149 - - [26/Oct/2025:09:43:34 -0400] "GET /?fileloc=//lib64/libutil.so.1&path=//lib64 HTTP/1.1" 200 2423 "-" "Mozilla/5.0 AppleWebKit/537.36 (KHTML, like Gecko; compatible; GPTBot/1.2; +https://openai.com/gptbot)"
98.82.63.147 - - [26/Oct/2025:09:43:36 -0400] "GET /spielsaal-qua-1-euroletten-einzahlung-2025-unser-besten-angebote-as-part-of-deutschland/?path=//opt/alt/alt-nodejs19 HTTP/1.1" 200 3435 "-" "Mozilla/5.0 AppleWebKit/537.36 (KHTML, like Gecko; compatible; Amazonbot/0.1; +https://developer.amazon.com/support/amazonbot) Chrome/119.0.6045.214 Safari/537.36"
66.249.65.197 - - [26/Oct/2025:09:43:36 -0400] "GET /q-~135b603euIsFHTBWpV80D3btE2AJrGXjA5850/ HTTP/1.1" 200 20168 "-" "Mozilla/5.0 (Linux; Android 6.0.1; Nexus 5X Build/MMB29P) AppleWebKit/537.36 (KHTML, like Gecko) Chrome/141.0.7390.122 Mobile Safari/537.36 (compatible; GoogleOther)"
216.73.216.141 - - [26/Oct/2025:09:43:38 -0400] "GET /robots.txt HTTP/1.1" 200 107 "-" "Mozilla/5.0 AppleWebKit/537.36 (KHTML, like Gecko; compatible; ClaudeBot/1.0; +claudebot@anthropic.com)"
20.171.207.149 - - [26/Oct/2025:09:43:38 -0400] "GET /?fileloc=//lib64/libbpf.so.0&path=//lib64 HTTP/1.1" 200 2422 "-" "Mozilla/5.0 AppleWebKit/537.36 (KHTML, like Gecko; compatible; GPTBot/1.2; +https://openai.com/gptbot)"
216.73.216.141 - - [26/Oct/2025:09:43:38 -0400] "GET /b?path=%2Fhome%2Fcreaqbdc%2Fmail%2Fcreativefinishings.com%2Fnidal.naji%2F.Drafts%2Ftmp HTTP/1.1" 200 2546 "-" "Mozilla/5.0 AppleWebKit/537.36 (KHTML, like Gecko; compatible; ClaudeBot/1.0; +claudebot@anthropic.com)"
216.73.216.141 - - [26/Oct/2025:09:43:38 -0400] "GET /slot-the-dark-joker-rizes-by-yggdrasil-demo-free-play?path=%2Fhome%2Fcreaqbdc%2Fpublic_html%2Fwp-content%2Fuploads%2Fac_assets%2Fmorph_slider%2Fvendor%2Fogl HTTP/1.1" 200 2840 "-" "Mozilla/5.0 AppleWebKit/537.36 (KHTML, like Gecko; compatible; ClaudeBot/1.0; +claudebot@anthropic.com)"
216.73.216.141 - - [26/Oct/2025:09:43:39 -0400] "GET /b?path=%2Fhome%2Fcreaqbdc%2Fmail%2Fcreativefinishings.com%2Fkier%2F.spam%2Ftmp HTTP/1.1" 200 2543 "-" "Mozilla/5.0 AppleWebKit/537.36 (KHTML, like Gecko; compatible; ClaudeBot/1.0; +claudebot@anthropic.com)"
66.249.65.197 - - [26/Oct/2025:09:43:39 -0400] "GET /items/999354402.htm?fileloc=//tmp/4bbb35/td-australia-trust-gambling.html&path=//tmp/4bbb35 HTTP/1.1" 200 20685 "-" "Mozilla/5.0 (Linux; Android 6.0.1; Nexus 5X Build/MMB29P) AppleWebKit/537.36 (KHTML, like Gecko) Chrome/141.0.7390.122 Mobile Safari/537.36 (compatible; GoogleOther)"
216.73.216.141 - - [26/Oct/2025:09:43:39 -0400] "GET /slot-the-dark-joker-rizes-by-yggdrasil-demo-free-play?path=%2Fhome%2Fcreaqbdc%2Fpublic_html%2Fwp-content%2Fuploads%2Fac_assets%2Fmorph_slider%2Fvendor%2Fanimejs HTTP/1.1" 200 2856 "-" "Mozilla/5.0 AppleWebKit/537.36 (KHTML, like Gecko; compatible; ClaudeBot/1.0; +claudebot@anthropic.com)"
3.219.81.66 - - [26/Oct/2025:09:43:40 -0400] "GET /portfolio-residential/?fileloc=//bin/lesspipe.sh&path=//bin HTTP/1.1" 200 4388 "-" "Mozilla/5.0 AppleWebKit/537.36 (KHTML, like Gecko; compatible; Amazonbot/0.1; +https://developer.amazon.com/support/amazonbot) Chrome/119.0.6045.214 Safari/537.36"
20.171.207.149 - - [26/Oct/2025:09:43:41 -0400] "GET /?fileloc=//lib64/libmcpp.so.0&path=//lib64 HTTP/1.1" 200 2423 "-" "Mozilla/5.0 AppleWebKit/537.36 (KHTML, like Gecko; compatible; GPTBot/1.2; +https://openai.com/gptbot)"
52.54.157.23 - - [26/Oct/2025:09:43:44 -0400] "GET /master-the-challenge-of-drop-the-boss-a-gamer-s/?path=//opt/alt/tests/alt-php80-pecl-xdiff_2.1.1-1.el8/tests HTTP/1.1" 200 5995 "-" "Mozilla/5.0 AppleWebKit/537.36 (KHTML, like Gecko; compatible; Amazonbot/0.1; +https://developer.amazon.com/support/amazonbot) Chrome/119.0.6045.214 Safari/537.36"
66.249.65.197 - - [26/Oct/2025:09:43:44 -0400] "GET /items/1457100709.htm HTTP/1.1" 200 19807 "-" "Mozilla/5.0 (Linux; Android 6.0.1; Nexus 5X Build/MMB29P) AppleWebKit/537.36 (KHTML, like Gecko) Chrome/141.0.7390.122 Mobile Safari/537.36 (compatible; GoogleOther)"
20.171.207.149 - - [26/Oct/2025:09:43:44 -0400] "GET /?fileloc=//lib64/libnsl.so.1&path=//lib64 HTTP/1.1" 200 2422 "-" "Mozilla/5.0 AppleWebKit/537.36 (KHTML, like Gecko; compatible; GPTBot/1.2; +https://openai.com/gptbot)"
66.249.65.197 - - [26/Oct/2025:09:43:47 -0400] "GET /items/44808250.htm?fileloc=/home/creaqbdc/public_html/wp-includes/feed-rdf.php?items/40626790.htm HTTP/1.1" 200 20103 "-" "Mozilla/5.0 (Linux; Android 6.0.1; Nexus 5X Build/MMB29P) AppleWebKit/537.36 (KHTML, like Gecko) Chrome/141.0.7390.122 Mobile Safari/537.36 (compatible; GoogleOther)"
20.171.207.149 - - [26/Oct/2025:09:43:47 -0400] "GET /?fileloc=//lib64/libpam.so.0&path=//lib64 HTTP/1.1" 200 2421 "-" "Mozilla/5.0 AppleWebKit/537.36 (KHTML, like Gecko; compatible; GPTBot/1.2; +https://openai.com/gptbot)"
3.81.253.213 - - [26/Oct/2025:09:43:48 -0400] "GET /a-journey-through-timeless-realms-in-crash-x-game/?path=//usr/share/terminfo/k HTTP/1.1" 200 3488 "-" "Mozilla/5.0 AppleWebKit/537.36 (KHTML, like Gecko; compatible; Amazonbot/0.1; +https://developer.amazon.com/support/amazonbot) Chrome/119.0.6045.214 Safari/537.36"
20.171.207.149 - - [26/Oct/2025:09:43:50 -0400] "GET /?fileloc=//lib64/libsmi.so.2&path=//lib64 HTTP/1.1" 200 2422 "-" "Mozilla/5.0 AppleWebKit/537.36 (KHTML, like Gecko; compatible; GPTBot/1.2; +https://openai.com/gptbot)"
66.249.65.197 - - [26/Oct/2025:09:43:51 -0400] "GET /q-~59ixk5w7rosuXI7qm8Lv0nY7aTSHcG5c674/ HTTP/1.1" 200 20059 "-" "Mozilla/5.0 (Linux; Android 6.0.1; Nexus 5X Build/MMB29P) AppleWebKit/537.36 (KHTML, like Gecko) Chrome/141.0.7390.122 Mobile Safari/537.36 (compatible; GoogleOther)"
98.82.38.120 - - [26/Oct/2025:09:43:52 -0400] "GET /about-us/?path=//opt/cpanel/libmcrypt/include HTTP/1.1" 200 3450 "-" "Mozilla/5.0 AppleWebKit/537.36 (KHTML, like Gecko; compatible; Amazonbot/0.1; +https://developer.amazon.com/support/amazonbot) Chrome/119.0.6045.214 Safari/537.36"
20.171.207.149 - - [26/Oct/2025:09:43:53 -0400] "GET /?fileloc=//lib64/libnet.so.1&path=//lib64 HTTP/1.1" 200 2422 "-" "Mozilla/5.0 AppleWebKit/537.36 (KHTML, like Gecko; compatible; GPTBot/1.2; +https://openai.com/gptbot)"
66.249.65.198 - - [26/Oct/2025:09:43:54 -0400] "GET /items/663179695.htm?fileloc=/home/creaqbdc/public_html/wp-includes/class-wp-oembed-controller.php?items/40603457.htm HTTP/1.1" 200 19540 "-" "Mozilla/5.0 (Linux; Android 6.0.1; Nexus 5X Build/MMB29P) AppleWebKit/537.36 (KHTML, like Gecko) Chrome/141.0.7390.122 Mobile Safari/537.36 (compatible; GoogleOther)"
52.5.242.243 - - [26/Oct/2025:09:43:56 -0400] "GET /book-of-ra-fur-nusse-zum-besten-geben-blos-eintragung/?path=//opt/alt/libgd HTTP/1.1" 200 3365 "-" "Mozilla/5.0 AppleWebKit/537.36 (KHTML, like Gecko; compatible; Amazonbot/0.1; +https://developer.amazon.com/support/amazonbot) Chrome/119.0.6045.214 Safari/537.36"
20.171.207.149 - - [26/Oct/2025:09:43:56 -0400] "GET /?fileloc=//lib64/libonig.so.5&path=//lib64 HTTP/1.1" 200 2422 "-" "Mozilla/5.0 AppleWebKit/537.36 (KHTML, like Gecko; compatible; GPTBot/1.2; +https://openai.com/gptbot)"
66.249.65.197 - - [26/Oct/2025:09:43:58 -0400] "GET /q-~98xHHJnifotPyQ7U3L4jHu8al0h12JaP47597/ HTTP/1.1" 200 19922 "-" "Mozilla/5.0 (Linux; Android 6.0.1; Nexus 5X Build/MMB29P) AppleWebKit/537.36 (KHTML, like Gecko) Chrome/141.0.7390.122 Mobile Safari/537.36 (compatible; GoogleOther)"
20.171.207.149 - - [26/Oct/2025:09:43:59 -0400] "GET /?fileloc=//lib64/libtspi.so.1&path=//lib64 HTTP/1.1" 200 2423 "-" "Mozilla/5.0 AppleWebKit/537.36 (KHTML, like Gecko; compatible; GPTBot/1.2; +https://openai.com/gptbot)"
23.21.228.180 - - [26/Oct/2025:09:44:00 -0400] "GET /a-cosmic-journey-through-the-realm-of-space-xy/?path=//usr/lib/NetworkManager/VPN HTTP/1.1" 200 3039 "-" "Mozilla/5.0 AppleWebKit/537.36 (KHTML, like Gecko; compatible; Amazonbot/0.1; +https://developer.amazon.com/support/amazonbot) Chrome/119.0.6045.214 Safari/537.36"
66.249.65.197 - - [26/Oct/2025:09:44:02 -0400] "GET /5898571 HTTP/1.1" 200 20259 "-" "Mozilla/5.0 (Linux; Android 6.0.1; Nexus 5X Build/MMB29P) AppleWebKit/537.36 (KHTML, like Gecko) Chrome/141.0.7390.122 Mobile Safari/537.36 (compatible; GoogleOther)"
20.171.207.149 - - [26/Oct/2025:09:44:03 -0400] "GET /?fileloc=//lib64/libattr.so.1&path=//lib64 HTTP/1.1" 200 2423 "-" "Mozilla/5.0 AppleWebKit/537.36 (KHTML, like Gecko; compatible; GPTBot/1.2; +https://openai.com/gptbot)"
100.29.160.53 - - [26/Oct/2025:09:44:04 -0400] "GET /beste-versorger-provision/?fileloc=//tmp/4bbb35/best-strategy-at-roulette-canada.html&path=//tmp/4bbb35 HTTP/1.1" 200 5094 "-" "Mozilla/5.0 AppleWebKit/537.36 (KHTML, like Gecko; compatible; Amazonbot/0.1; +https://developer.amazon.com/support/amazonbot) Chrome/119.0.6045.214 Safari/537.36"
216.73.216.141 - - [26/Oct/2025:09:44:04 -0400] "GET /b?fileloc=%2Fhome%2Fcreaqbdc%2Fmail%2Fcreativefinishings.com%2Fkier%2F.spam%2Fmaildirfolder&path=%2Fhome%2Fcreaqbdc%2Fmail%2Fcreativefinishings.com%2Fkier%2F.spam HTTP/1.1" 200 2489 "-" "Mozilla/5.0 AppleWebKit/537.36 (KHTML, like Gecko; compatible; ClaudeBot/1.0; +claudebot@anthropic.com)"
216.73.216.141 - - [26/Oct/2025:09:44:04 -0400] "GET /b?fileloc=%2Fhome%2Fcreaqbdc%2Fmail%2Fcreativefinishings.com%2Fnidal.naji%2F.Drafts%2Fdovecot.index.cache&path=%2Fhome%2Fcreaqbdc%2Fmail%2Fcreativefinishings.com%2Fnidal.naji%2F.Drafts HTTP/1.1" 200 2495 "-" "Mozilla/5.0 AppleWebKit/537.36 (KHTML, like Gecko; compatible; ClaudeBot/1.0; +claudebot@anthropic.com)"
216.73.216.141 - - [26/Oct/2025:09:44:05 -0400] "GET /b?path=%2Fhome%2Fcreaqbdc%2Fmail%2Fcreativefinishings.com%2Fkier%2F.spam%2Fcur HTTP/1.1" 200 2541 "-" "Mozilla/5.0 AppleWebKit/537.36 (KHTML, like Gecko; compatible; ClaudeBot/1.0; +claudebot@anthropic.com)"
20.171.207.149 - - [26/Oct/2025:09:44:06 -0400] "GET /?fileloc=//lib64/libdl.so&path=//lib64 HTTP/1.1" 200 2418 "-" "Mozilla/5.0 AppleWebKit/537.36 (KHTML, like Gecko; compatible; GPTBot/1.2; +https://openai.com/gptbot)"
34.194.226.74 - - [26/Oct/2025:09:44:08 -0400] "GET /mr-bet-spielbank-deutsche-sprache-2024-beste-spiele-boni/?path=//lib64/perl5/PerlIO HTTP/1.1" 200 3493 "-" "Mozilla/5.0 AppleWebKit/537.36 (KHTML, like Gecko; compatible; Amazonbot/0.1; +https://developer.amazon.com/support/amazonbot) Chrome/119.0.6045.214 Safari/537.36"
20.171.207.149 - - [26/Oct/2025:09:44:09 -0400] "GET /?fileloc=//lib64/libdb.so&path=//lib64 HTTP/1.1" 200 2420 "-" "Mozilla/5.0 AppleWebKit/537.36 (KHTML, like Gecko; compatible; GPTBot/1.2; +https://openai.com/gptbot)"
3.221.222.168 - - [26/Oct/2025:09:44:12 -0400] "GET /just-how-to-register-and-you-nv-casino-can-allege-funzpoints-casino-promo-code-bring/?path=//opt/plesk/php/8.1/lib64 HTTP/1.1" 200 3339 "-" "Mozilla/5.0 AppleWebKit/537.36 (KHTML, like Gecko; compatible; Amazonbot/0.1; +https://developer.amazon.com/support/amazonbot) Chrome/119.0.6045.214 Safari/537.36"
20.171.207.149 - - [26/Oct/2025:09:44:12 -0400] "GET /?fileloc=//lib64/libc.so&path=//lib64 HTTP/1.1" 200 2579 "-" "Mozilla/5.0 AppleWebKit/537.36 (KHTML, like Gecko; compatible; GPTBot/1.2; +https://openai.com/gptbot)"
66.249.65.197 - - [26/Oct/2025:09:44:13 -0400] "GET /?q=2148186115800&channel=199e08&from=https://creativefinishings.com/select.cgi?q-~186X1EbhfZEnFhJXCUoKr9jyO1pJ14FOn40977/ HTTP/1.1" 200 19813 "-" "Mozilla/5.0 (Linux; Android 6.0.1; Nexus 5X Build/MMB29P) AppleWebKit/537.36 (KHTML, like Gecko) Chrome/141.0.7390.122 Mobile Safari/537.36 (compatible; GoogleOther)"
20.171.207.149 - - [26/Oct/2025:09:44:15 -0400] "GET /?fileloc=//lib64/libm.so&path=//lib64 HTTP/1.1" 200 2526 "-" "Mozilla/5.0 AppleWebKit/537.36 (KHTML, like Gecko; compatible; GPTBot/1.2; +https://openai.com/gptbot)"
66.249.65.197 - - [26/Oct/2025:09:44:16 -0400] "GET /items/663179695.htm?fileloc=/home/creaqbdc/public_html/wp-includes/wp-db.php&path=/home/creaqbdc/public_html/wp-includes HTTP/1.1" 200 20015 "-" "Mozilla/5.0 (Linux; Android 6.0.1; Nexus 5X Build/MMB29P) AppleWebKit/537.36 (KHTML, like Gecko) Chrome/141.0.7390.122 Mobile Safari/537.36 (compatible; GoogleOther)"
52.6.232.201 - - [26/Oct/2025:09:44:16 -0400] "GET /spielsaal-qua-1-euroletten-einzahlung-2025-unser-besten-angebote-as-part-of-deutschland/?path=//lib/firmware/ath10k HTTP/1.1" 200 3623 "-" "Mozilla/5.0 AppleWebKit/537.36 (KHTML, like Gecko; compatible; Amazonbot/0.1; +https://developer.amazon.com/support/amazonbot) Chrome/119.0.6045.214 Safari/537.36"
170.106.192.208 - - [26/Oct/2025:09:44:15 -0400] "GET / HTTP/1.1" 200 5321 "http://www.creativefinishings.com" "Mozilla/5.0 (iPhone; CPU iPhone OS 13_2_3 like Mac OS X) AppleWebKit/605.1.15 (KHTML, like Gecko) Version/13.0.3 Mobile/15E148 Safari/604.1"
20.171.207.149 - - [26/Oct/2025:09:44:18 -0400] "GET /?fileloc=//lib64/librt.so&path=//lib64 HTTP/1.1" 200 2419 "-" "Mozilla/5.0 AppleWebKit/537.36 (KHTML, like Gecko; compatible; GPTBot/1.2; +https://openai.com/gptbot)"
66.249.65.197 - - [26/Oct/2025:09:44:20 -0400] "GET /?q=2148186115800&channel=199e08&from=https://creativefinishings.com/select.cgi?q-~92EdIErpLEBl4jMQVCqU6Wct1s9woU3v33163/ HTTP/1.1" 200 20502 "-" "Mozilla/5.0 (Linux; Android 6.0.1; Nexus 5X Build/MMB29P) AppleWebKit/537.36 (KHTML, like Gecko) Chrome/141.0.7390.122 Mobile Safari/537.36 (compatible; GoogleOther)"
44.215.61.66 - - [26/Oct/2025:09:44:20 -0400] "GET /spielsaal-qua-1-euroletten-einzahlung-2025-unser-besten-angebote-as-part-of-deutschland/?path=//lib/firmware/cnm HTTP/1.1" 200 3425 "-" "Mozilla/5.0 AppleWebKit/537.36 (KHTML, like Gecko; compatible; Amazonbot/0.1; +https://developer.amazon.com/support/amazonbot) Chrome/119.0.6045.214 Safari/537.36"
20.171.207.149 - - [26/Oct/2025:09:44:22 -0400] "GET /?fileloc=//lib64/libgd.so&path=//lib64 HTTP/1.1" 200 2420 "-" "Mozilla/5.0 AppleWebKit/537.36 (KHTML, like Gecko; compatible; GPTBot/1.2; +https://openai.com/gptbot)"
66.249.65.197 - - [26/Oct/2025:09:44:23 -0400] "GET /items/1754165978.htm?fileloc=/home/creaqbdc/public_html/wp-includes/feed.php&path=/home/creaqbdc/public_html/wp-includes HTTP/1.1" 200 19998 "-" "Mozilla/5.0 (Linux; Android 6.0.1; Nexus 5X Build/MMB29P) AppleWebKit/537.36 (KHTML, like Gecko) Chrome/141.0.7390.122 Mobile Safari/537.36 (compatible; GoogleOther)"
50.17.193.48 - - [26/Oct/2025:09:44:24 -0400] "GET /domaine-des-jeux-de-couronnes-captivants/?path=//opt/cloudlinux/alt-php84 HTTP/1.1" 200 3441 "-" "Mozilla/5.0 AppleWebKit/537.36 (KHTML, like Gecko; compatible; Amazonbot/0.1; +https://developer.amazon.com/support/amazonbot) Chrome/119.0.6045.214 Safari/537.36"
20.171.207.149 - - [26/Oct/2025:09:44:25 -0400] "GET /?fileloc=//lib64/libmagic.so.1&path=//lib64 HTTP/1.1" 200 2425 "-" "Mozilla/5.0 AppleWebKit/537.36 (KHTML, like Gecko; compatible; GPTBot/1.2; +https://openai.com/gptbot)"
66.249.65.197 - - [26/Oct/2025:09:44:27 -0400] "GET /q-~124lEv0kjkD8kVBOnDVyRAH4qiFQxjnJf40001/ HTTP/1.1" 200 20337 "-" "Mozilla/5.0 (Linux; Android 6.0.1; Nexus 5X Build/MMB29P) AppleWebKit/537.36 (KHTML, like Gecko) Chrome/141.0.7390.122 Mobile Safari/537.36 (compatible; GoogleOther)"
20.171.207.149 - - [26/Oct/2025:09:44:28 -0400] "GET /?fileloc=//lib64/libz.so&path=//lib64 HTTP/1.1" 200 2420 "-" "Mozilla/5.0 AppleWebKit/537.36 (KHTML, like Gecko; compatible; GPTBot/1.2; +https://openai.com/gptbot)"
34.192.67.98 - - [26/Oct/2025:09:44:28 -0400] "GET /las-verificacion-de-machance-11-excelentes-casinos-online-de-argentinos-2024/?path=//opt/alt/tests/alt-php80-pecl-luasandbox_4.1.2-2.el8/tests HTTP/1.1" 200 4345 "-" "Mozilla/5.0 AppleWebKit/537.36 (KHTML, like Gecko; compatible; Amazonbot/0.1; +https://developer.amazon.com/support/amazonbot) Chrome/119.0.6045.214 Safari/537.36"
66.249.65.197 - - [26/Oct/2025:09:44:30 -0400] "GET /items/999354402.htm?fileloc=//tmp/4bbb35/live-roulette-casino-site-australia.html&path=//tmp/4bbb35 HTTP/1.1" 200 20761 "-" "Mozilla/5.0 (Linux; Android 6.0.1; Nexus 5X Build/MMB29P) AppleWebKit/537.36 (KHTML, like Gecko) Chrome/141.0.7390.122 Mobile Safari/537.36 (compatible; GoogleOther)"
20.171.207.149 - - [26/Oct/2025:09:44:31 -0400] "GET /?fileloc=//lib64/libpaper.so.1&path=//lib64 HTTP/1.1" 200 2422 "-" "Mozilla/5.0 AppleWebKit/537.36 (KHTML, like Gecko; compatible; GPTBot/1.2; +https://openai.com/gptbot)"
52.71.218.25 - - [26/Oct/2025:09:44:32 -0400] "GET /a-journey-through-timeless-realms-in-crash-x-game/?path=//opt/alt/ruby30/lib64 HTTP/1.1" 200 3599 "-" "Mozilla/5.0 AppleWebKit/537.36 (KHTML, like Gecko; compatible; Amazonbot/0.1; +https://developer.amazon.com/support/amazonbot) Chrome/119.0.6045.214 Safari/537.36"
20.171.207.149 - - [26/Oct/2025:09:44:34 -0400] "GET /?fileloc=//lib64/libaudit.so.1&path=//lib64 HTTP/1.1" 200 2424 "-" "Mozilla/5.0 AppleWebKit/537.36 (KHTML, like Gecko; compatible; GPTBot/1.2; +https://openai.com/gptbot)"
66.249.65.197 - - [26/Oct/2025:09:44:34 -0400] "GET /q-~89QvAIZK3ijWV9ayw6gHASAXVhs0mceb5080/ HTTP/1.1" 200 20260 "-" "Mozilla/5.0 (Linux; Android 6.0.1; Nexus 5X Build/MMB29P) AppleWebKit/537.36 (KHTML, like Gecko) Chrome/141.0.7390.122 Mobile Safari/537.36 (compatible; GoogleOther)"
66.249.65.197 - - [26/Oct/2025:09:44:36 -0400] "GET /play-blackjack-2-players/ HTTP/1.1" 200 19988 "-" "Mozilla/5.0 (Linux; Android 6.0.1; Nexus 5X Build/MMB29P) AppleWebKit/537.36 (KHTML, like Gecko) Chrome/141.0.7390.122 Mobile Safari/537.36 (compatible; Googlebot/2.1; +http://www.google.com/bot.html)"
44.223.232.55 - - [26/Oct/2025:09:44:36 -0400] "GET /a-wild-ride-through-digital-dimensions-in-turbo/?path=//opt/cloudlinux/alt-php74/root/etc HTTP/1.1" 200 4435 "-" "Mozilla/5.0 AppleWebKit/537.36 (KHTML, like Gecko; compatible; Amazonbot/0.1; +https://developer.amazon.com/support/amazonbot) Chrome/119.0.6045.214 Safari/537.36"
20.171.207.149 - - [26/Oct/2025:09:44:37 -0400] "GET /?fileloc=//lib64/libwacom.so.2&path=//lib64 HTTP/1.1" 200 2424 "-" "Mozilla/5.0 AppleWebKit/537.36 (KHTML, like Gecko; compatible; GPTBot/1.2; +https://openai.com/gptbot)"
66.249.65.197 - - [26/Oct/2025:09:44:37 -0400] "GET /items/663179695.htm?fileloc=/home/creaqbdc/public_html/wp-includes/class-wp-metadata-lazyloader.php?items/40623962.htm HTTP/1.1" 200 19748 "-" "Mozilla/5.0 (Linux; Android 6.0.1; Nexus 5X Build/MMB29P) AppleWebKit/537.36 (KHTML, like Gecko) Chrome/141.0.7390.122 Mobile Safari/537.36 (compatible; GoogleOther)"
34.205.163.103 - - [26/Oct/2025:09:44:40 -0400] "GET /portfolio-commercial?path=//usr/lib/rpm/platform/sh3-linux HTTP/1.1" 200 3359 "-" "Mozilla/5.0 AppleWebKit/537.36 (KHTML, like Gecko; compatible; Amazonbot/0.1; +https://developer.amazon.com/support/amazonbot) Chrome/119.0.6045.214 Safari/537.36"
20.171.207.149 - - [26/Oct/2025:09:44:40 -0400] "GET /?fileloc=//lib64/libcom_err.so&path=//lib64 HTTP/1.1" 200 2426 "-" "Mozilla/5.0 AppleWebKit/537.36 (KHTML, like Gecko; compatible; GPTBot/1.2; +https://openai.com/gptbot)"
66.249.65.197 - - [26/Oct/2025:09:44:42 -0400] "GET /items/900434174.htm HTTP/1.1" 200 19906 "-" "Mozilla/5.0 (Linux; Android 6.0.1; Nexus 5X Build/MMB29P) AppleWebKit/537.36 (KHTML, like Gecko) Chrome/141.0.7390.122 Mobile Safari/537.36 (compatible; GoogleOther)"
3.210.223.61 - - [26/Oct/2025:09:44:44 -0400] "GET /residential/?path=//proc/thread-self/root/opt/hc_php/unversioned HTTP/1.1" 200 3401 "-" "Mozilla/5.0 AppleWebKit/537.36 (KHTML, like Gecko; compatible; Amazonbot/0.1; +https://developer.amazon.com/support/amazonbot) Chrome/119.0.6045.214 Safari/537.36"
20.171.207.149 - - [26/Oct/2025:09:44:44 -0400] "GET /?fileloc=//lib64/libevdev.so.2&path=//lib64 HTTP/1.1" 200 2425 "-" "Mozilla/5.0 AppleWebKit/537.36 (KHTML, like Gecko; compatible; GPTBot/1.2; +https://openai.com/gptbot)"
69.197.179.242 - - [26/Oct/2025:09:44:43 -0400] "GET /wp-includes/plf56b4b/edit.php?id=421356 HTTP/1.1" 200 0 "https://creativefinishings.com/wp-includes/plf56b4b/edit.php?id=421356" "Mozilla/5.0 (Windows NT 10.0; Win64; x64) AppleWebKit/537.36 (KHTML, like Gecko) Chrome/58.0.3029.110 Safari/537.3"
66.249.65.197 - - [26/Oct/2025:09:44:45 -0400] "GET /items/266084271.htm?fileloc=/home/creaqbdc/public_html/wp-admin/about.php&path=/home/creaqbdc/public_html/wp-admin HTTP/1.1" 200 20754 "-" "Mozilla/5.0 (Linux; Android 6.0.1; Nexus 5X Build/MMB29P) AppleWebKit/537.36 (KHTML, like Gecko) Chrome/141.0.7390.122 Mobile Safari/537.36 (compatible; GoogleOther)"
20.171.207.149 - - [26/Oct/2025:09:44:47 -0400] "GET /?fileloc=//lib64/libdhash.so.1&path=//lib64 HTTP/1.1" 200 2425 "-" "Mozilla/5.0 AppleWebKit/537.36 (KHTML, like Gecko; compatible; GPTBot/1.2; +https://openai.com/gptbot)"
52.45.77.169 - - [26/Oct/2025:09:44:48 -0400] "GET /main/?path=//usr/share/locale/pl HTTP/1.1" 200 3392 "-" "Mozilla/5.0 AppleWebKit/537.36 (KHTML, like Gecko; compatible; Amazonbot/0.1; +https://developer.amazon.com/support/amazonbot) Chrome/119.0.6045.214 Safari/537.36"
66.249.65.198 - - [26/Oct/2025:09:44:49 -0400] "GET /contents/event/kansyasai/?path=/home/creaqbdc/public_html/images HTTP/1.1" 200 19913 "-" "Mozilla/5.0 (Linux; Android 6.0.1; Nexus 5X Build/MMB29P) AppleWebKit/537.36 (KHTML, like Gecko) Chrome/141.0.7390.122 Mobile Safari/537.36 (compatible; GoogleOther)"
20.171.207.149 - - [26/Oct/2025:09:44:50 -0400] "GET /?fileloc=//lib64/libfdisk.so.1&path=//lib64 HTTP/1.1" 200 2425 "-" "Mozilla/5.0 AppleWebKit/537.36 (KHTML, like Gecko; compatible; GPTBot/1.2; +https://openai.com/gptbot)"
52.71.216.196 - - [26/Oct/2025:09:44:52 -0400] "GET /master-the-challenge-of-drop-the-boss-a-gamer-s/?path=//opt/cpanel/ea-php74/root/srv HTTP/1.1" 200 3039 "-" "Mozilla/5.0 AppleWebKit/537.36 (KHTML, like Gecko; compatible; Amazonbot/0.1; +https://developer.amazon.com/support/amazonbot) Chrome/119.0.6045.214 Safari/537.36"
20.171.207.149 - - [26/Oct/2025:09:44:53 -0400] "GET /?fileloc=//lib64/librpmio.so.8&path=//lib64 HTTP/1.1" 200 2424 "-" "Mozilla/5.0 AppleWebKit/537.36 (KHTML, like Gecko; compatible; GPTBot/1.2; +https://openai.com/gptbot)"
54.210.152.179 - - [26/Oct/2025:09:44:56 -0400] "GET /book-of-ra-fur-nusse-zum-besten-geben-blos-eintragung/?path=//lib/firmware/slicoss HTTP/1.1" 200 3565 "-" "Mozilla/5.0 AppleWebKit/537.36 (KHTML, like Gecko; compatible; Amazonbot/0.1; +https://developer.amazon.com/support/amazonbot) Chrome/119.0.6045.214 Safari/537.36"
66.249.65.197 - - [26/Oct/2025:09:44:56 -0400] "GET /?q=2148186115800&channel=199e08&from=https://creativefinishings.com/select.cgi?q-~281TqOeS0BlEvu6Sm3uAyoFNWBeyCkWDI41582/ HTTP/1.1" 200 20475 "-" "Mozilla/5.0 (Linux; Android 6.0.1; Nexus 5X Build/MMB29P) AppleWebKit/537.36 (KHTML, like Gecko) Chrome/141.0.7390.122 Mobile Safari/537.36 (compatible; GoogleOther)"
20.171.207.149 - - [26/Oct/2025:09:44:56 -0400] "GET /?fileloc=//lib64/libcares.so.2&path=//lib64 HTTP/1.1" 200 2425 "-" "Mozilla/5.0 AppleWebKit/537.36 (KHTML, like Gecko; compatible; GPTBot/1.2; +https://openai.com/gptbot)"
66.249.65.198 - - [26/Oct/2025:09:44:59 -0400] "GET /items/1927228010.htm?fileloc=/home/creaqbdc/public_html/wp-includes/class-wp-rewrite.php&path=/home/creaqbdc/public_html/wp-includes HTTP/1.1" 200 19570 "-" "Mozilla/5.0 (Linux; Android 6.0.1; Nexus 5X Build/MMB29P) AppleWebKit/537.36 (KHTML, like Gecko) Chrome/141.0.7390.122 Mobile Safari/537.36 (compatible; GoogleOther)"
20.171.207.149 - - [26/Oct/2025:09:44:59 -0400] "GET /?fileloc=//lib64/libxcb-res.so&path=//lib64 HTTP/1.1" 200 2424 "-" "Mozilla/5.0 AppleWebKit/537.36 (KHTML, like Gecko; compatible; GPTBot/1.2; +https://openai.com/gptbot)"
66.249.65.197 - - [26/Oct/2025:09:45:01 -0400] "GET /?q=2148186115800&channel=199e08&from=https://creativefinishings.com/select.cgi?q-~44WLykfmvwGYtaFE1WDl34eCo5idCRLI15737/ HTTP/1.1" 200 19620 "-" "Mozilla/5.0 (Linux; Android 6.0.1; Nexus 5X Build/MMB29P) AppleWebKit/537.36 (KHTML, like Gecko) Chrome/141.0.7390.122 Mobile Safari/537.36 (compatible; GoogleOther)"
52.0.41.164 - - [26/Oct/2025:09:45:01 -0400] "GET /eurogrand-kasino-probe-alle-erfahrungen-zum-euro-grand-vertrauenswurdig-login-pramie-2024-villa30-senderaum/?path=//usr/share/file HTTP/1.1" 200 3330 "-" "Mozilla/5.0 AppleWebKit/537.36 (KHTML, like Gecko; compatible; Amazonbot/0.1; +https://developer.amazon.com/support/amazonbot) Chrome/119.0.6045.214 Safari/537.36"
20.171.207.149 - - [26/Oct/2025:09:45:02 -0400] "GET /?fileloc=//lib64/libxcb-shm.so&path=//lib64 HTTP/1.1" 200 2424 "-" "Mozilla/5.0 AppleWebKit/537.36 (KHTML, like Gecko; compatible; GPTBot/1.2; +https://openai.com/gptbot)"
66.249.65.197 - - [26/Oct/2025:09:45:03 -0400] "GET /q-~165Babdp1K0KgMMbbee5Vec1FPXwk0UOm40776/ HTTP/1.1" 200 20177 "-" "Mozilla/5.0 (Linux; Android 6.0.1; Nexus 5X Build/MMB29P) AppleWebKit/537.36 (KHTML, like Gecko) Chrome/141.0.7390.122 Mobile Safari/537.36 (compatible; GoogleOther)"
52.200.58.199 - - [26/Oct/2025:09:45:04 -0400] "GET /main/?path=//usr/share/locale/sa HTTP/1.1" 200 3333 "-" "Mozilla/5.0 AppleWebKit/537.36 (KHTML, like Gecko; compatible; Amazonbot/0.1; +https://developer.amazon.com/support/amazonbot) Chrome/119.0.6045.214 Safari/537.36"
20.171.207.149 - - [26/Oct/2025:09:45:05 -0400] "GET /?fileloc=//lib64/libexpat.so.1&path=//lib64 HTTP/1.1" 200 2429 "-" "Mozilla/5.0 AppleWebKit/537.36 (KHTML, like Gecko; compatible; GPTBot/1.2; +https://openai.com/gptbot)"
66.249.65.197 - - [26/Oct/2025:09:45:06 -0400] "GET /items/999354402.htm?fileloc=//tmp/4bbb35/lopesan-costa-meloneras-casino-no-deposit-bonus-codes-for-free-spins-2025.html&path=//tmp/4bbb35 HTTP/1.1" 200 18972 "-" "Mozilla/5.0 (Linux; Android 6.0.1; Nexus 5X Build/MMB29P) AppleWebKit/537.36 (KHTML, like Gecko) Chrome/141.0.7390.122 Mobile Safari/537.36 (compatible; GoogleOther)"
18.207.89.138 - - [26/Oct/2025:09:45:08 -0400] "GET /spielbank-pramie-ohne-einzahlung-beste-no-vorleistung-boni-2025/?path=//usr/share/python-cllib HTTP/1.1" 200 3333 "-" "Mozilla/5.0 AppleWebKit/537.36 (KHTML, like Gecko; compatible; Amazonbot/0.1; +https://developer.amazon.com/support/amazonbot) Chrome/119.0.6045.214 Safari/537.36"
20.171.207.149 - - [26/Oct/2025:09:45:09 -0400] "GET /?fileloc=//lib64/libcrack.so.2&path=//lib64 HTTP/1.1" 200 2426 "-" "Mozilla/5.0 AppleWebKit/537.36 (KHTML, like Gecko; compatible; GPTBot/1.2; +https://openai.com/gptbot)"
66.249.65.197 - - [26/Oct/2025:09:45:11 -0400] "GET /q-~22OaPgBbJPeHeibUUJipGxt2uffH4odd28097/ HTTP/1.1" 200 20103 "-" "Mozilla/5.0 (Linux; Android 6.0.1; Nexus 5X Build/MMB29P) AppleWebKit/537.36 (KHTML, like Gecko) Chrome/141.0.7390.122 Mobile Safari/537.36 (compatible; GoogleOther)"
20.171.207.149 - - [26/Oct/2025:09:45:12 -0400] "GET /?fileloc=//lib64/libformw.so.6&path=//lib64 HTTP/1.1" 200 2426 "-" "Mozilla/5.0 AppleWebKit/537.36 (KHTML, like Gecko; compatible; GPTBot/1.2; +https://openai.com/gptbot)"
52.3.104.214 - - [26/Oct/2025:09:45:12 -0400] "GET /book-of-ra-verbunden-osterreich-gebuhrenfrei-zum-besten-geben-ruckschau-2025/?path=//lib/.build-id/c1 HTTP/1.1" 200 4756 "-" "Mozilla/5.0 AppleWebKit/537.36 (KHTML, like Gecko; compatible; Amazonbot/0.1; +https://developer.amazon.com/support/amazonbot) Chrome/119.0.6045.214 Safari/537.36"
66.249.65.197 - - [26/Oct/2025:09:45:14 -0400] "GET /items/663179695.htm?fileloc=/home/creaqbdc/public_html/wp-admin/network.php&path=/home/creaqbdc/public_html/wp-admin HTTP/1.1" 200 20826 "-" "Mozilla/5.0 (Linux; Android 6.0.1; Nexus 5X Build/MMB29P) AppleWebKit/537.36 (KHTML, like Gecko) Chrome/141.0.7390.122 Mobile Safari/537.36 (compatible; GoogleOther)"
66.249.65.197 - - [26/Oct/2025:09:45:15 -0400] "GET /q-~54oJB8ebAEcJzdoHvajJELSlqIecCenR101/ HTTP/1.1" 200 19186 "-" "Mozilla/5.0 (Linux; Android 6.0.1; Nexus 5X Build/MMB29P) AppleWebKit/537.36 (KHTML, like Gecko) Chrome/141.0.7390.122 Mobile Safari/537.36 (compatible; Googlebot/2.1; +http://www.google.com/bot.html)"
20.171.207.149 - - [26/Oct/2025:09:45:15 -0400] "GET /?fileloc=//lib64/libslang.so.2&path=//lib64 HTTP/1.1" 200 2425 "-" "Mozilla/5.0 AppleWebKit/537.36 (KHTML, like Gecko; compatible; GPTBot/1.2; +https://openai.com/gptbot)"
66.249.65.197 - - [26/Oct/2025:09:45:16 -0400] "GET /rcmd-tm-1675313 HTTP/1.1" 200 19910 "-" "Mozilla/5.0 (Linux; Android 6.0.1; Nexus 5X Build/MMB29P) AppleWebKit/537.36 (KHTML, like Gecko) Chrome/141.0.7390.122 Mobile Safari/537.36 (compatible; GoogleOther)"
54.204.62.163 - - [26/Oct/2025:09:45:16 -0400] "GET /domaine-des-jeux-de-couronnes-captivants/?path=//usr/lib/modules-load.d HTTP/1.1" 200 3344 "-" "Mozilla/5.0 AppleWebKit/537.36 (KHTML, like Gecko; compatible; Amazonbot/0.1; +https://developer.amazon.com/support/amazonbot) Chrome/119.0.6045.214 Safari/537.36"
66.249.65.197 - - [26/Oct/2025:09:45:17 -0400] "GET /haikanshop-nt-4249631 HTTP/1.1" 200 20386 "-" "Mozilla/5.0 (Linux; Android 6.0.1; Nexus 5X Build/MMB29P) AppleWebKit/537.36 (KHTML, like Gecko) Chrome/141.0.7390.122 Mobile Safari/537.36 (compatible; GoogleOther)"
20.171.207.149 - - [26/Oct/2025:09:45:18 -0400] "GET /?fileloc=//lib64/libcomps.so.0&path=//lib64 HTTP/1.1" 200 2424 "-" "Mozilla/5.0 AppleWebKit/537.36 (KHTML, like Gecko; compatible; GPTBot/1.2; +https://openai.com/gptbot)"
66.249.65.197 - - [26/Oct/2025:09:45:19 -0400] "GET /m092031470?srsltid=AfmBOoumcyXAQezbyaaqSP_hhYuOEET0m_CrQFUU8j-H-QSbbAu188 HTTP/1.1" 200 20111 "-" "Mozilla/5.0 (Linux; Android 6.0.1; Nexus 5X Build/MMB29P) AppleWebKit/537.36 (KHTML, like Gecko) Chrome/141.0.7390.122 Mobile Safari/537.36 (compatible; GoogleOther)"
34.231.181.240 - - [26/Oct/2025:09:45:20 -0400] "GET /master-the-challenge-of-drop-the-boss-a-gamer-s/?path=//opt/alt/alt-nodejs9/root/var HTTP/1.1" 200 3893 "-" "Mozilla/5.0 AppleWebKit/537.36 (KHTML, like Gecko; compatible; Amazonbot/0.1; +https://developer.amazon.com/support/amazonbot) Chrome/119.0.6045.214 Safari/537.36"
66.249.65.197 - - [26/Oct/2025:09:45:21 -0400] "GET /m047021339?srsltid=AfmBOovIWcIopzEWYLSUU3_i7wwxLEBMe_J44fbFcX-T-nQ9B2egwZ HTTP/1.1" 200 20788 "-" "Mozilla/5.0 (Linux; Android 6.0.1; Nexus 5X Build/MMB29P) AppleWebKit/537.36 (KHTML, like Gecko) Chrome/141.0.7390.122 Mobile Safari/537.36 (compatible; GoogleOther)"
20.171.207.149 - - [26/Oct/2025:09:45:21 -0400] "GET /?fileloc=//lib64/libxcb-xkb.so&path=//lib64 HTTP/1.1" 200 2424 "-" "Mozilla/5.0 AppleWebKit/537.36 (KHTML, like Gecko; compatible; GPTBot/1.2; +https://openai.com/gptbot)"
66.249.65.197 - - [26/Oct/2025:09:45:23 -0400] "GET /q-~73vtxkCvknLCMKJwqssyWOWlNIlhIPON432/ HTTP/1.1" 200 19900 "-" "Mozilla/5.0 (Linux; Android 6.0.1; Nexus 5X Build/MMB29P) AppleWebKit/537.36 (KHTML, like Gecko) Chrome/141.0.7390.122 Mobile Safari/537.36 (compatible; GoogleOther)"
23.23.213.182 - - [26/Oct/2025:09:45:24 -0400] "GET /spielsaal-qua-1-euroletten-einzahlung-2025-unser-besten-angebote-as-part-of-deutschland/?path=//lib/firmware/ath11k HTTP/1.1" 200 3630 "-" "Mozilla/5.0 AppleWebKit/537.36 (KHTML, like Gecko; compatible; Amazonbot/0.1; +https://developer.amazon.com/support/amazonbot) Chrome/119.0.6045.214 Safari/537.36"
20.171.207.149 - - [26/Oct/2025:09:45:24 -0400] "GET /?fileloc=//lib64/libverto.so.1&path=//lib64 HTTP/1.1" 200 2425 "-" "Mozilla/5.0 AppleWebKit/537.36 (KHTML, like Gecko; compatible; GPTBot/1.2; +https://openai.com/gptbot)"
66.249.65.197 - - [26/Oct/2025:09:45:24 -0400] "GET /q-~96aJjzhOHfeAhApfFWjRUr1QJxtrBKEW27993/ HTTP/1.1" 200 20147 "-" "Mozilla/5.0 (Linux; Android 6.0.1; Nexus 5X Build/MMB29P) AppleWebKit/537.36 (KHTML, like Gecko) Chrome/141.0.7390.122 Mobile Safari/537.36 (compatible; GoogleOther)"
66.249.65.198 - - [26/Oct/2025:09:45:26 -0400] "GET /haikanshop-nt-4249631 HTTP/1.1" 200 20348 "-" "Mozilla/5.0 (Linux; Android 6.0.1; Nexus 5X Build/MMB29P) AppleWebKit/537.36 (KHTML, like Gecko) Chrome/141.0.7390.122 Mobile Safari/537.36 (compatible; GoogleOther)"
20.171.207.149 - - [26/Oct/2025:09:45:27 -0400] "GET /?fileloc=//lib64/libGeoIP.so.1&path=//lib64 HTTP/1.1" 200 2426 "-" "Mozilla/5.0 AppleWebKit/537.36 (KHTML, like Gecko; compatible; GPTBot/1.2; +https://openai.com/gptbot)"
66.249.65.197 - - [26/Oct/2025:09:45:28 -0400] "GET /q-~244OVrSDUmeKNyPAmsEaDiGaT8W7AXZ4R31201/ HTTP/1.1" 200 19680 "-" "Mozilla/5.0 (Linux; Android 6.0.1; Nexus 5X Build/MMB29P) AppleWebKit/537.36 (KHTML, like Gecko) Chrome/141.0.7390.122 Mobile Safari/537.36 (compatible; GoogleOther)"
100.28.57.133 - - [26/Oct/2025:09:45:28 -0400] "GET /holiday-home-transformation-at-tiara-residence-palm-jumeirah/?path=//usr/share/zoneinfo/right/Indian HTTP/1.1" 200 3872 "-" "Mozilla/5.0 AppleWebKit/537.36 (KHTML, like Gecko; compatible; Amazonbot/0.1; +https://developer.amazon.com/support/amazonbot) Chrome/119.0.6045.214 Safari/537.36"
66.249.65.198 - - [26/Oct/2025:09:45:30 -0400] "GET /comparte-278044 HTTP/1.1" 200 20322 "-" "Mozilla/5.0 (Linux; Android 6.0.1; Nexus 5X Build/MMB29P) AppleWebKit/537.36 (KHTML, like Gecko) Chrome/141.0.7390.122 Mobile Safari/537.36 (compatible; GoogleOther)"
