HEX
Server: LiteSpeed
System: Linux server240.web-hosting.com 4.18.0-553.45.1.lve.el8.x86_64 #1 SMP Wed Mar 26 12:08:09 UTC 2025 x86_64
User: creaqbdc (8964)
PHP: 8.0.30
Disabled: NONE
Upload Files
File: /home/creaqbdc/access-logs/creativefinishings.com
63.141.249.210 - - [26/Oct/2025:08:09:47 -0400] "GET /wp-includes/plf56b4b/edit.php HTTP/1.1" 301 795 "http://creativefinishings.com/wp-includes/plf56b4b/edit.php" "Mozilla/5.0 (Windows NT 10.0; Win64; x64) AppleWebKit/537.36 (KHTML, like Gecko) Chrome/58.0.3029.110 Safari/537.3"
63.141.249.210 - - [26/Oct/2025:08:16:45 -0400] "GET /wp-includes/plf56b4b/edit.php HTTP/1.1" 301 795 "http://creativefinishings.com/wp-includes/plf56b4b/edit.php" "Mozilla/5.0 (Windows NT 10.0; Win64; x64) AppleWebKit/537.36 (KHTML, like Gecko) Chrome/58.0.3029.110 Safari/537.3"
63.141.249.210 - - [26/Oct/2025:08:23:46 -0400] "GET /wp-includes/plf56b4b/edit.php HTTP/1.1" 301 795 "http://creativefinishings.com/wp-includes/plf56b4b/edit.php" "Mozilla/5.0 (Windows NT 10.0; Win64; x64) AppleWebKit/537.36 (KHTML, like Gecko) Chrome/58.0.3029.110 Safari/537.3"
63.141.249.210 - - [26/Oct/2025:08:30:45 -0400] "GET /wp-includes/plf56b4b/edit.php HTTP/1.1" 301 795 "http://creativefinishings.com/wp-includes/plf56b4b/edit.php" "Mozilla/5.0 (Windows NT 10.0; Win64; x64) AppleWebKit/537.36 (KHTML, like Gecko) Chrome/58.0.3029.110 Safari/537.3"
63.141.249.210 - - [26/Oct/2025:08:38:45 -0400] "GET /wp-includes/plf56b4b/edit.php HTTP/1.1" 301 795 "http://creativefinishings.com/wp-includes/plf56b4b/edit.php" "Mozilla/5.0 (Windows NT 10.0; Win64; x64) AppleWebKit/537.36 (KHTML, like Gecko) Chrome/58.0.3029.110 Safari/537.3"
89.248.172.183 - - [26/Oct/2025:08:44:54 -0400] "POST /wp-json/litespeed/v1/cdn_status HTTP/1.1" 301 795 "-" "Mozilla/5.0 (X11; Linux x86_64; rv:109.0) Gecko/20100101 Firefox/114.3"
63.141.249.210 - - [26/Oct/2025:08:45:47 -0400] "GET /wp-includes/plf56b4b/edit.php HTTP/1.1" 301 795 "http://creativefinishings.com/wp-includes/plf56b4b/edit.php" "Mozilla/5.0 (Windows NT 10.0; Win64; x64) AppleWebKit/537.36 (KHTML, like Gecko) Chrome/58.0.3029.110 Safari/537.3"
63.141.249.210 - - [26/Oct/2025:08:52:45 -0400] "GET /wp-includes/plf56b4b/edit.php HTTP/1.1" 301 795 "http://creativefinishings.com/wp-includes/plf56b4b/edit.php" "Mozilla/5.0 (Windows NT 10.0; Win64; x64) AppleWebKit/537.36 (KHTML, like Gecko) Chrome/58.0.3029.110 Safari/537.3"
63.141.249.210 - - [26/Oct/2025:08:59:46 -0400] "GET /wp-includes/plf56b4b/edit.php HTTP/1.1" 301 795 "http://creativefinishings.com/wp-includes/plf56b4b/edit.php" "Mozilla/5.0 (Windows NT 10.0; Win64; x64) AppleWebKit/537.36 (KHTML, like Gecko) Chrome/58.0.3029.110 Safari/537.3"
63.141.249.210 - - [26/Oct/2025:09:06:47 -0400] "GET /wp-includes/plf56b4b/edit.php HTTP/1.1" 301 795 "http://creativefinishings.com/wp-includes/plf56b4b/edit.php" "Mozilla/5.0 (Windows NT 10.0; Win64; x64) AppleWebKit/537.36 (KHTML, like Gecko) Chrome/58.0.3029.110 Safari/537.3"
170.106.181.163 - - [26/Oct/2025:09:08:22 -0400] "GET / HTTP/1.1" 301 795 "-" "Mozilla/5.0 (iPhone; CPU iPhone OS 13_2_3 like Mac OS X) AppleWebKit/605.1.15 (KHTML, like Gecko) Version/13.0.3 Mobile/15E148 Safari/604.1"
27.115.124.53 - - [26/Oct/2025:09:09:48 -0400] "GET /makeasmtp.php HTTP/1.1" 301 795 "-" "Mozilla/5.0 (Linux; Android 11; CPH2185) AppleWebKit/537.36 (KHTML, like Gecko) Chrome/91.0.4472.101 Mobile Safari/537.36"
27.115.124.118 - - [26/Oct/2025:09:09:52 -0400] "GET / HTTP/1.1" 301 795 "-" "Mozilla/5.0 (Linux; Android 10; HUAWEI P30 Pro) AppleWebKit/537.36 (KHTML, like Gecko) Chrome/89.0.4389.105 Mobile Safari/537.36"
63.141.249.210 - - [26/Oct/2025:09:13:49 -0400] "GET /wp-includes/plf56b4b/edit.php HTTP/1.1" 301 795 "http://creativefinishings.com/wp-includes/plf56b4b/edit.php" "Mozilla/5.0 (Windows NT 10.0; Win64; x64) AppleWebKit/537.36 (KHTML, like Gecko) Chrome/58.0.3029.110 Safari/537.3"
63.141.249.210 - - [26/Oct/2025:09:20:46 -0400] "GET /wp-includes/plf56b4b/edit.php HTTP/1.1" 301 795 "http://creativefinishings.com/wp-includes/plf56b4b/edit.php" "Mozilla/5.0 (Windows NT 10.0; Win64; x64) AppleWebKit/537.36 (KHTML, like Gecko) Chrome/58.0.3029.110 Safari/537.3"
63.141.249.210 - - [26/Oct/2025:09:28:45 -0400] "GET /wp-includes/plf56b4b/edit.php HTTP/1.1" 301 795 "http://creativefinishings.com/wp-includes/plf56b4b/edit.php" "Mozilla/5.0 (Windows NT 10.0; Win64; x64) AppleWebKit/537.36 (KHTML, like Gecko) Chrome/58.0.3029.110 Safari/537.3"
89.248.172.183 - - [26/Oct/2025:09:35:00 -0400] "POST /wp-json/litespeed/v1/cdn_status HTTP/1.1" 301 795 "-" "Mozilla/5.0 (X11; Linux x86_64; rv:109.0) Gecko/20100101 Firefox/114.3"
63.141.249.210 - - [26/Oct/2025:09:35:45 -0400] "GET /wp-includes/plf56b4b/edit.php HTTP/1.1" 301 795 "http://creativefinishings.com/wp-includes/plf56b4b/edit.php" "Mozilla/5.0 (Windows NT 10.0; Win64; x64) AppleWebKit/537.36 (KHTML, like Gecko) Chrome/58.0.3029.110 Safari/537.3"
144.76.19.75 - - [26/Oct/2025:09:37:02 -0400] "GET /robots.txt HTTP/1.1" 301 795 "-" "Mozilla/5.0 (compatible; BLEXBot/1.0; +https://help.seranking.com/en/blex-crawler)"
144.76.19.75 - - [26/Oct/2025:09:37:03 -0400] "GET / HTTP/1.1" 301 795 "-" "Mozilla/5.0 (compatible; BLEXBot/1.0; +https://help.seranking.com/en/blex-crawler)"
63.141.249.210 - - [26/Oct/2025:09:42:48 -0400] "GET /wp-includes/plf56b4b/edit.php HTTP/1.1" 301 795 "http://creativefinishings.com/wp-includes/plf56b4b/edit.php" "Mozilla/5.0 (Windows NT 10.0; Win64; x64) AppleWebKit/537.36 (KHTML, like Gecko) Chrome/58.0.3029.110 Safari/537.3"
170.106.192.208 - - [26/Oct/2025:09:44:14 -0400] "GET / HTTP/1.1" 301 795 "-" "Mozilla/5.0 (iPhone; CPU iPhone OS 13_2_3 like Mac OS X) AppleWebKit/605.1.15 (KHTML, like Gecko) Version/13.0.3 Mobile/15E148 Safari/604.1"
89.248.172.183 - - [26/Oct/2025:09:49:26 -0400] "POST /wp-json/litespeed/v1/cdn_status HTTP/1.1" 301 795 "-" "Mozilla/5.0 (X11; Linux x86_64; rv:109.0) Gecko/20100101 Firefox/114.3"
63.141.249.210 - - [26/Oct/2025:09:49:49 -0400] "GET /wp-includes/plf56b4b/edit.php HTTP/1.1" 301 795 "http://creativefinishings.com/wp-includes/plf56b4b/edit.php" "Mozilla/5.0 (Windows NT 10.0; Win64; x64) AppleWebKit/537.36 (KHTML, like Gecko) Chrome/58.0.3029.110 Safari/537.3"
63.141.249.210 - - [26/Oct/2025:09:56:52 -0400] "GET /wp-includes/plf56b4b/edit.php HTTP/1.1" 301 795 "http://creativefinishings.com/wp-includes/plf56b4b/edit.php" "Mozilla/5.0 (Windows NT 10.0; Win64; x64) AppleWebKit/537.36 (KHTML, like Gecko) Chrome/58.0.3029.110 Safari/537.3"
198.204.224.34 - - [26/Oct/2025:10:04:46 -0400] "GET /wp-includes/plf56b4b/edit.php HTTP/1.1" 301 795 "http://creativefinishings.com/wp-includes/plf56b4b/edit.php" "Mozilla/5.0 (Windows NT 10.0; Win64; x64) AppleWebKit/537.36 (KHTML, like Gecko) Chrome/58.0.3029.110 Safari/537.3"
198.204.224.34 - - [26/Oct/2025:10:11:46 -0400] "GET /wp-includes/plf56b4b/edit.php HTTP/1.1" 301 795 "http://creativefinishings.com/wp-includes/plf56b4b/edit.php" "Mozilla/5.0 (Windows NT 10.0; Win64; x64) AppleWebKit/537.36 (KHTML, like Gecko) Chrome/58.0.3029.110 Safari/537.3"
63.141.249.210 - - [26/Oct/2025:10:18:46 -0400] "GET /wp-includes/plf56b4b/edit.php HTTP/1.1" 301 795 "http://creativefinishings.com/wp-includes/plf56b4b/edit.php" "Mozilla/5.0 (Windows NT 10.0; Win64; x64) AppleWebKit/537.36 (KHTML, like Gecko) Chrome/58.0.3029.110 Safari/537.3"
63.141.249.210 - - [26/Oct/2025:10:25:46 -0400] "GET /wp-includes/plf56b4b/edit.php HTTP/1.1" 301 795 "http://creativefinishings.com/wp-includes/plf56b4b/edit.php" "Mozilla/5.0 (Windows NT 10.0; Win64; x64) AppleWebKit/537.36 (KHTML, like Gecko) Chrome/58.0.3029.110 Safari/537.3"
63.141.249.210 - - [26/Oct/2025:10:32:45 -0400] "GET /wp-includes/plf56b4b/edit.php HTTP/1.1" 301 795 "http://creativefinishings.com/wp-includes/plf56b4b/edit.php" "Mozilla/5.0 (Windows NT 10.0; Win64; x64) AppleWebKit/537.36 (KHTML, like Gecko) Chrome/58.0.3029.110 Safari/537.3"
63.141.249.210 - - [26/Oct/2025:10:39:46 -0400] "GET /wp-includes/plf56b4b/edit.php HTTP/1.1" 301 795 "http://creativefinishings.com/wp-includes/plf56b4b/edit.php" "Mozilla/5.0 (Windows NT 10.0; Win64; x64) AppleWebKit/537.36 (KHTML, like Gecko) Chrome/58.0.3029.110 Safari/537.3"
63.141.249.210 - - [26/Oct/2025:10:46:45 -0400] "GET /wp-includes/plf56b4b/edit.php HTTP/1.1" 301 795 "http://creativefinishings.com/wp-includes/plf56b4b/edit.php" "Mozilla/5.0 (Windows NT 10.0; Win64; x64) AppleWebKit/537.36 (KHTML, like Gecko) Chrome/58.0.3029.110 Safari/537.3"
198.204.224.34 - - [26/Oct/2025:10:53:51 -0400] "GET /wp-includes/plf56b4b/edit.php HTTP/1.1" 301 795 "http://creativefinishings.com/wp-includes/plf56b4b/edit.php" "Mozilla/5.0 (Windows NT 10.0; Win64; x64) AppleWebKit/537.36 (KHTML, like Gecko) Chrome/58.0.3029.110 Safari/537.3"
63.141.249.210 - - [26/Oct/2025:11:00:45 -0400] "GET /wp-includes/plf56b4b/edit.php HTTP/1.1" 301 795 "http://creativefinishings.com/wp-includes/plf56b4b/edit.php" "Mozilla/5.0 (Windows NT 10.0; Win64; x64) AppleWebKit/537.36 (KHTML, like Gecko) Chrome/58.0.3029.110 Safari/537.3"
198.204.224.34 - - [26/Oct/2025:11:07:50 -0400] "GET /wp-includes/plf56b4b/edit.php HTTP/1.1" 301 795 "http://creativefinishings.com/wp-includes/plf56b4b/edit.php" "Mozilla/5.0 (Windows NT 10.0; Win64; x64) AppleWebKit/537.36 (KHTML, like Gecko) Chrome/58.0.3029.110 Safari/537.3"
63.141.249.210 - - [26/Oct/2025:11:14:46 -0400] "GET /wp-includes/plf56b4b/edit.php HTTP/1.1" 301 795 "http://creativefinishings.com/wp-includes/plf56b4b/edit.php" "Mozilla/5.0 (Windows NT 10.0; Win64; x64) AppleWebKit/537.36 (KHTML, like Gecko) Chrome/58.0.3029.110 Safari/537.3"
63.141.249.210 - - [26/Oct/2025:11:21:48 -0400] "GET /wp-includes/plf56b4b/edit.php HTTP/1.1" 301 795 "http://creativefinishings.com/wp-includes/plf56b4b/edit.php" "Mozilla/5.0 (Windows NT 10.0; Win64; x64) AppleWebKit/537.36 (KHTML, like Gecko) Chrome/58.0.3029.110 Safari/537.3"
63.141.249.210 - - [26/Oct/2025:11:28:54 -0400] "GET /wp-includes/plf56b4b/edit.php HTTP/1.1" 301 795 "http://creativefinishings.com/wp-includes/plf56b4b/edit.php" "Mozilla/5.0 (Windows NT 10.0; Win64; x64) AppleWebKit/537.36 (KHTML, like Gecko) Chrome/58.0.3029.110 Safari/537.3"
63.141.249.210 - - [26/Oct/2025:11:36:45 -0400] "GET /wp-includes/plf56b4b/edit.php HTTP/1.1" 301 795 "http://creativefinishings.com/wp-includes/plf56b4b/edit.php" "Mozilla/5.0 (Windows NT 10.0; Win64; x64) AppleWebKit/537.36 (KHTML, like Gecko) Chrome/58.0.3029.110 Safari/537.3"
63.141.249.210 - - [26/Oct/2025:11:43:46 -0400] "GET /wp-includes/plf56b4b/edit.php HTTP/1.1" 301 795 "http://creativefinishings.com/wp-includes/plf56b4b/edit.php" "Mozilla/5.0 (Windows NT 10.0; Win64; x64) AppleWebKit/537.36 (KHTML, like Gecko) Chrome/58.0.3029.110 Safari/537.3"
63.141.249.210 - - [26/Oct/2025:11:50:45 -0400] "GET /wp-includes/plf56b4b/edit.php HTTP/1.1" 301 795 "http://creativefinishings.com/wp-includes/plf56b4b/edit.php" "Mozilla/5.0 (Windows NT 10.0; Win64; x64) AppleWebKit/537.36 (KHTML, like Gecko) Chrome/58.0.3029.110 Safari/537.3"
63.141.249.210 - - [26/Oct/2025:11:57:45 -0400] "GET /wp-includes/plf56b4b/edit.php HTTP/1.1" 301 795 "http://creativefinishings.com/wp-includes/plf56b4b/edit.php" "Mozilla/5.0 (Windows NT 10.0; Win64; x64) AppleWebKit/537.36 (KHTML, like Gecko) Chrome/58.0.3029.110 Safari/537.3"
101.51.242.70 - - [26/Oct/2025:12:03:15 -0400] "GET /wp-json/wp/v2/posts HTTP/1.1" 301 795 "-" "Mozilla/5.0 (Windows NT 10.0; Win64; x64) AppleWebKit/537.36 (KHTML, like Gecko) Chrome/120.0.0.0 Safari/537.36"
63.141.249.210 - - [26/Oct/2025:12:04:51 -0400] "GET /wp-includes/plf56b4b/edit.php HTTP/1.1" 301 795 "http://creativefinishings.com/wp-includes/plf56b4b/edit.php" "Mozilla/5.0 (Windows NT 10.0; Win64; x64) AppleWebKit/537.36 (KHTML, like Gecko) Chrome/58.0.3029.110 Safari/537.3"
63.141.249.210 - - [26/Oct/2025:12:11:53 -0400] "GET /wp-includes/plf56b4b/edit.php HTTP/1.1" 301 795 "http://creativefinishings.com/wp-includes/plf56b4b/edit.php" "Mozilla/5.0 (Windows NT 10.0; Win64; x64) AppleWebKit/537.36 (KHTML, like Gecko) Chrome/58.0.3029.110 Safari/537.3"
63.141.249.210 - - [26/Oct/2025:12:18:46 -0400] "GET /wp-includes/plf56b4b/edit.php HTTP/1.1" 301 795 "http://creativefinishings.com/wp-includes/plf56b4b/edit.php" "Mozilla/5.0 (Windows NT 10.0; Win64; x64) AppleWebKit/537.36 (KHTML, like Gecko) Chrome/58.0.3029.110 Safari/537.3"
43.173.177.53 - - [26/Oct/2025:12:24:54 -0400] "GET / HTTP/1.1" 301 795 "-" "Mozilla/5.0 (Windows NT 6.1; Win64; x64) AppleWebKit/537.36 (KHTML, like Gecko) Chrome/126.0.6478.114 Safari/537.36"
63.141.249.210 - - [26/Oct/2025:12:25:49 -0400] "GET /wp-includes/plf56b4b/edit.php HTTP/1.1" 301 795 "http://creativefinishings.com/wp-includes/plf56b4b/edit.php" "Mozilla/5.0 (Windows NT 10.0; Win64; x64) AppleWebKit/537.36 (KHTML, like Gecko) Chrome/58.0.3029.110 Safari/537.3"
63.141.249.210 - - [26/Oct/2025:12:32:55 -0400] "GET /wp-includes/plf56b4b/edit.php HTTP/1.1" 301 795 "http://creativefinishings.com/wp-includes/plf56b4b/edit.php" "Mozilla/5.0 (Windows NT 10.0; Win64; x64) AppleWebKit/537.36 (KHTML, like Gecko) Chrome/58.0.3029.110 Safari/537.3"
63.141.249.210 - - [26/Oct/2025:12:39:57 -0400] "GET /wp-includes/plf56b4b/edit.php HTTP/1.1" 301 795 "http://creativefinishings.com/wp-includes/plf56b4b/edit.php" "Mozilla/5.0 (Windows NT 10.0; Win64; x64) AppleWebKit/537.36 (KHTML, like Gecko) Chrome/58.0.3029.110 Safari/537.3"
63.141.249.210 - - [26/Oct/2025:12:47:46 -0400] "GET /wp-includes/plf56b4b/edit.php HTTP/1.1" 301 795 "http://creativefinishings.com/wp-includes/plf56b4b/edit.php" "Mozilla/5.0 (Windows NT 10.0; Win64; x64) AppleWebKit/537.36 (KHTML, like Gecko) Chrome/58.0.3029.110 Safari/537.3"
63.141.249.210 - - [26/Oct/2025:12:54:46 -0400] "GET /wp-includes/plf56b4b/edit.php HTTP/1.1" 301 795 "http://creativefinishings.com/wp-includes/plf56b4b/edit.php" "Mozilla/5.0 (Windows NT 10.0; Win64; x64) AppleWebKit/537.36 (KHTML, like Gecko) Chrome/58.0.3029.110 Safari/537.3"
198.204.224.34 - - [26/Oct/2025:13:01:49 -0400] "GET /wp-includes/plf56b4b/edit.php HTTP/1.1" 301 795 "http://creativefinishings.com/wp-includes/plf56b4b/edit.php" "Mozilla/5.0 (Windows NT 10.0; Win64; x64) AppleWebKit/537.36 (KHTML, like Gecko) Chrome/58.0.3029.110 Safari/537.3"
40.69.188.74 - - [26/Oct/2025:13:03:39 -0400] "GET /aa.php HTTP/1.1" 301 795 "-" "-"
63.141.249.210 - - [26/Oct/2025:13:08:46 -0400] "GET /wp-includes/plf56b4b/edit.php HTTP/1.1" 301 795 "http://creativefinishings.com/wp-includes/plf56b4b/edit.php" "Mozilla/5.0 (Windows NT 10.0; Win64; x64) AppleWebKit/537.36 (KHTML, like Gecko) Chrome/58.0.3029.110 Safari/537.3"
89.248.172.183 - - [26/Oct/2025:13:09:32 -0400] "POST /wp-json/litespeed/v1/cdn_status HTTP/1.1" 301 795 "-" "Mozilla/5.0 (X11; Linux x86_64; rv:109.0) Gecko/20100101 Firefox/114.3"
63.141.249.210 - - [26/Oct/2025:13:15:46 -0400] "GET /wp-includes/plf56b4b/edit.php HTTP/1.1" 301 795 "http://creativefinishings.com/wp-includes/plf56b4b/edit.php" "Mozilla/5.0 (Windows NT 10.0; Win64; x64) AppleWebKit/537.36 (KHTML, like Gecko) Chrome/58.0.3029.110 Safari/537.3"
3.72.13.248 - - [26/Oct/2025:13:19:18 -0400] "GET / HTTP/1.1" 301 795 "-" "-"
3.72.13.248 - - [26/Oct/2025:13:19:35 -0400] "GET / HTTP/1.1" 301 795 "-" "-"
63.141.249.210 - - [26/Oct/2025:13:22:50 -0400] "GET /wp-includes/plf56b4b/edit.php HTTP/1.1" 301 795 "http://creativefinishings.com/wp-includes/plf56b4b/edit.php" "Mozilla/5.0 (Windows NT 10.0; Win64; x64) AppleWebKit/537.36 (KHTML, like Gecko) Chrome/58.0.3029.110 Safari/537.3"
63.141.249.210 - - [26/Oct/2025:13:29:46 -0400] "GET /wp-includes/plf56b4b/edit.php HTTP/1.1" 301 795 "http://creativefinishings.com/wp-includes/plf56b4b/edit.php" "Mozilla/5.0 (Windows NT 10.0; Win64; x64) AppleWebKit/537.36 (KHTML, like Gecko) Chrome/58.0.3029.110 Safari/537.3"
31.181.211.67 - - [26/Oct/2025:13:33:25 -0400] "GET /wp-content/plugins/drag-and-drop-multiple-file-upload-contact-form-7/assets/js/codedropz-uploader-min.js HTTP/1.1" 301 795 "-" "Mozilla/5.0 (Macintosh; Intel Mac OS X 10_15_7) AppleWebKit/605.1.15 (KHTML, like Gecko) Version/18.6 Safari/605.1.15"
63.141.249.210 - - [26/Oct/2025:13:36:46 -0400] "GET /wp-includes/plf56b4b/edit.php HTTP/1.1" 301 795 "http://creativefinishings.com/wp-includes/plf56b4b/edit.php" "Mozilla/5.0 (Windows NT 10.0; Win64; x64) AppleWebKit/537.36 (KHTML, like Gecko) Chrome/58.0.3029.110 Safari/537.3"
63.141.249.210 - - [26/Oct/2025:13:43:46 -0400] "GET /wp-includes/plf56b4b/edit.php HTTP/1.1" 301 795 "http://creativefinishings.com/wp-includes/plf56b4b/edit.php" "Mozilla/5.0 (Windows NT 10.0; Win64; x64) AppleWebKit/537.36 (KHTML, like Gecko) Chrome/58.0.3029.110 Safari/537.3"
63.141.249.210 - - [26/Oct/2025:13:50:46 -0400] "GET /wp-includes/plf56b4b/edit.php HTTP/1.1" 301 795 "http://creativefinishings.com/wp-includes/plf56b4b/edit.php" "Mozilla/5.0 (Windows NT 10.0; Win64; x64) AppleWebKit/537.36 (KHTML, like Gecko) Chrome/58.0.3029.110 Safari/537.3"
63.141.249.210 - - [26/Oct/2025:13:57:46 -0400] "GET /wp-includes/plf56b4b/edit.php HTTP/1.1" 301 795 "http://creativefinishings.com/wp-includes/plf56b4b/edit.php" "Mozilla/5.0 (Windows NT 10.0; Win64; x64) AppleWebKit/537.36 (KHTML, like Gecko) Chrome/58.0.3029.110 Safari/537.3"
63.141.249.210 - - [26/Oct/2025:14:04:46 -0400] "GET /wp-includes/plf56b4b/edit.php HTTP/1.1" 301 795 "http://creativefinishings.com/wp-includes/plf56b4b/edit.php" "Mozilla/5.0 (Windows NT 10.0; Win64; x64) AppleWebKit/537.36 (KHTML, like Gecko) Chrome/58.0.3029.110 Safari/537.3"
63.141.249.210 - - [26/Oct/2025:14:11:46 -0400] "GET /wp-includes/plf56b4b/edit.php HTTP/1.1" 301 795 "http://creativefinishings.com/wp-includes/plf56b4b/edit.php" "Mozilla/5.0 (Windows NT 10.0; Win64; x64) AppleWebKit/537.36 (KHTML, like Gecko) Chrome/58.0.3029.110 Safari/537.3"
49.145.55.65 - - [26/Oct/2025:14:14:03 -0400] "GET /wp-json/wp/v2/posts HTTP/1.1" 301 795 "-" "Mozilla/5.0 (Windows NT 10.0; Win64; x64) AppleWebKit/537.36 (KHTML, like Gecko) Chrome/120.0.0.0 Safari/537.36"
84.233.167.45 - - [26/Oct/2025:14:14:50 -0400] "GET / HTTP/1.1" 301 795 "-" "Mozilla/5.0 (Windows NT 10.0; Win64; x64) AppleWebKit/537.36 (KHTML, like Gecko) Chrome/58.0.3029.110 Safari/537.36"
63.141.249.210 - - [26/Oct/2025:14:18:46 -0400] "GET /wp-includes/plf56b4b/edit.php HTTP/1.1" 301 795 "http://creativefinishings.com/wp-includes/plf56b4b/edit.php" "Mozilla/5.0 (Windows NT 10.0; Win64; x64) AppleWebKit/537.36 (KHTML, like Gecko) Chrome/58.0.3029.110 Safari/537.3"
63.141.249.210 - - [26/Oct/2025:14:25:46 -0400] "GET /wp-includes/plf56b4b/edit.php HTTP/1.1" 301 795 "http://creativefinishings.com/wp-includes/plf56b4b/edit.php" "Mozilla/5.0 (Windows NT 10.0; Win64; x64) AppleWebKit/537.36 (KHTML, like Gecko) Chrome/58.0.3029.110 Safari/537.3"
198.204.224.34 - - [26/Oct/2025:14:32:48 -0400] "GET /wp-includes/plf56b4b/edit.php HTTP/1.1" 301 795 "http://creativefinishings.com/wp-includes/plf56b4b/edit.php" "Mozilla/5.0 (Windows NT 10.0; Win64; x64) AppleWebKit/537.36 (KHTML, like Gecko) Chrome/58.0.3029.110 Safari/537.3"
63.141.249.210 - - [26/Oct/2025:14:39:46 -0400] "GET /wp-includes/plf56b4b/edit.php HTTP/1.1" 301 795 "http://creativefinishings.com/wp-includes/plf56b4b/edit.php" "Mozilla/5.0 (Windows NT 10.0; Win64; x64) AppleWebKit/537.36 (KHTML, like Gecko) Chrome/58.0.3029.110 Safari/537.3"
43.135.139.165 - - [26/Oct/2025:14:40:48 -0400] "GET / HTTP/1.1" 301 795 "-" "Mozilla/5.0 (iPhone; CPU iPhone OS 13_2_3 like Mac OS X) AppleWebKit/605.1.15 (KHTML, like Gecko) Version/13.0.3 Mobile/15E148 Safari/604.1"
182.44.67.97 - - [26/Oct/2025:14:44:11 -0400] "GET / HTTP/1.1" 301 795 "-" "Mozilla/5.0 (iPhone; CPU iPhone OS 13_2_3 like Mac OS X) AppleWebKit/605.1.15 (KHTML, like Gecko) Version/13.0.3 Mobile/15E148 Safari/604.1"
63.141.249.210 - - [26/Oct/2025:14:46:46 -0400] "GET /wp-includes/plf56b4b/edit.php HTTP/1.1" 301 795 "http://creativefinishings.com/wp-includes/plf56b4b/edit.php" "Mozilla/5.0 (Windows NT 10.0; Win64; x64) AppleWebKit/537.36 (KHTML, like Gecko) Chrome/58.0.3029.110 Safari/537.3"
89.248.172.183 - - [26/Oct/2025:14:49:16 -0400] "POST /wp-json/litespeed/v1/cdn_status HTTP/1.1" 301 795 "-" "Mozilla/5.0 (X11; Linux x86_64; rv:109.0) Gecko/20100101 Firefox/114.3"
63.141.249.210 - - [26/Oct/2025:14:53:46 -0400] "GET /wp-includes/plf56b4b/edit.php HTTP/1.1" 301 795 "http://creativefinishings.com/wp-includes/plf56b4b/edit.php" "Mozilla/5.0 (Windows NT 10.0; Win64; x64) AppleWebKit/537.36 (KHTML, like Gecko) Chrome/58.0.3029.110 Safari/537.3"
63.141.249.210 - - [26/Oct/2025:15:00:46 -0400] "GET /wp-includes/plf56b4b/edit.php HTTP/1.1" 301 795 "http://creativefinishings.com/wp-includes/plf56b4b/edit.php" "Mozilla/5.0 (Windows NT 10.0; Win64; x64) AppleWebKit/537.36 (KHTML, like Gecko) Chrome/58.0.3029.110 Safari/537.3"
213.167.206.248 - - [26/Oct/2025:15:01:39 -0400] "GET /wp-content/plugins/WordPressCore/include.php HTTP/1.1" 301 795 "-" "Mozilla/5.0 (Macintosh; Intel Mac OS X 10_15_7) AppleWebKit/605.1.15 (KHTML, like Gecko) Version/18.3 Safari/605.1.15"
95.52.182.32 - - [26/Oct/2025:15:02:12 -0400] "GET /wp-content/plugins/WordPressCore/include.php HTTP/1.1" 301 795 "-" "Mozilla/5.0 (Windows NT 10.0; Win64; x64; rv:142.0) Gecko/20100101 Firefox/142.0"
103.186.31.45 - - [26/Oct/2025:15:02:26 -0400] "GET /style.php HTTP/1.1" 301 795 "-" "Go-http-client/1.1"
103.186.31.45 - - [26/Oct/2025:15:02:28 -0400] "GET /wp-content/style.php HTTP/1.1" 301 795 "-" "Go-http-client/1.1"
103.186.31.45 - - [26/Oct/2025:15:02:29 -0400] "GET /wp-content/themes/style.php HTTP/1.1" 301 795 "-" "Go-http-client/1.1"
103.186.31.45 - - [26/Oct/2025:15:02:30 -0400] "GET /wp-admin/style.php HTTP/1.1" 301 795 "-" "Go-http-client/1.1"
103.186.31.45 - - [26/Oct/2025:15:02:32 -0400] "GET /wp-includes/style.php HTTP/1.1" 301 795 "-" "Go-http-client/1.1"
103.186.31.45 - - [26/Oct/2025:15:02:33 -0400] "GET /chosen.php?p= HTTP/1.1" 301 795 "-" "Go-http-client/1.1"
103.186.31.45 - - [26/Oct/2025:15:02:35 -0400] "GET /file.php HTTP/1.1" 301 795 "-" "Go-http-client/1.1"
63.141.249.210 - - [26/Oct/2025:15:07:46 -0400] "GET /wp-includes/plf56b4b/edit.php HTTP/1.1" 301 795 "http://creativefinishings.com/wp-includes/plf56b4b/edit.php" "Mozilla/5.0 (Windows NT 10.0; Win64; x64) AppleWebKit/537.36 (KHTML, like Gecko) Chrome/58.0.3029.110 Safari/537.3"
63.141.249.210 - - [26/Oct/2025:15:14:46 -0400] "GET /wp-includes/plf56b4b/edit.php HTTP/1.1" 301 795 "http://creativefinishings.com/wp-includes/plf56b4b/edit.php" "Mozilla/5.0 (Windows NT 10.0; Win64; x64) AppleWebKit/537.36 (KHTML, like Gecko) Chrome/58.0.3029.110 Safari/537.3"
63.141.249.210 - - [26/Oct/2025:15:21:46 -0400] "GET /wp-includes/plf56b4b/edit.php HTTP/1.1" 301 795 "http://creativefinishings.com/wp-includes/plf56b4b/edit.php" "Mozilla/5.0 (Windows NT 10.0; Win64; x64) AppleWebKit/537.36 (KHTML, like Gecko) Chrome/58.0.3029.110 Safari/537.3"
63.141.249.210 - - [26/Oct/2025:15:28:46 -0400] "GET /wp-includes/plf56b4b/edit.php HTTP/1.1" 301 795 "http://creativefinishings.com/wp-includes/plf56b4b/edit.php" "Mozilla/5.0 (Windows NT 10.0; Win64; x64) AppleWebKit/537.36 (KHTML, like Gecko) Chrome/58.0.3029.110 Safari/537.3"
124.156.225.181 - - [26/Oct/2025:15:29:19 -0400] "GET / HTTP/1.1" 301 795 "-" "Mozilla/5.0 (iPhone; CPU iPhone OS 13_2_3 like Mac OS X) AppleWebKit/605.1.15 (KHTML, like Gecko) Version/13.0.3 Mobile/15E148 Safari/604.1"
63.141.249.210 - - [26/Oct/2025:15:35:46 -0400] "GET /wp-includes/plf56b4b/edit.php HTTP/1.1" 301 795 "http://creativefinishings.com/wp-includes/plf56b4b/edit.php" "Mozilla/5.0 (Windows NT 10.0; Win64; x64) AppleWebKit/537.36 (KHTML, like Gecko) Chrome/58.0.3029.110 Safari/537.3"
89.248.172.183 - - [26/Oct/2025:15:36:15 -0400] "POST /wp-json/litespeed/v1/cdn_status HTTP/1.1" 301 795 "-" "Mozilla/5.0 (X11; Linux x86_64; rv:109.0) Gecko/20100101 Firefox/114.3"
63.141.249.210 - - [26/Oct/2025:15:42:46 -0400] "GET /wp-includes/plf56b4b/edit.php HTTP/1.1" 301 795 "http://creativefinishings.com/wp-includes/plf56b4b/edit.php" "Mozilla/5.0 (Windows NT 10.0; Win64; x64) AppleWebKit/537.36 (KHTML, like Gecko) Chrome/58.0.3029.110 Safari/537.3"
63.141.249.210 - - [26/Oct/2025:15:49:46 -0400] "GET /wp-includes/plf56b4b/edit.php HTTP/1.1" 301 795 "http://creativefinishings.com/wp-includes/plf56b4b/edit.php" "Mozilla/5.0 (Windows NT 10.0; Win64; x64) AppleWebKit/537.36 (KHTML, like Gecko) Chrome/58.0.3029.110 Safari/537.3"
63.141.249.210 - - [26/Oct/2025:15:56:47 -0400] "GET /wp-includes/plf56b4b/edit.php HTTP/1.1" 301 795 "http://creativefinishings.com/wp-includes/plf56b4b/edit.php" "Mozilla/5.0 (Windows NT 10.0; Win64; x64) AppleWebKit/537.36 (KHTML, like Gecko) Chrome/58.0.3029.110 Safari/537.3"
109.252.114.68 - - [26/Oct/2025:15:57:18 -0400] "GET /rest HTTP/1.1" 301 795 "-" "Mozilla/5.0 (Windows NT 10.0; Win64; x64) AppleWebKit/537.36 (KHTML, like Gecko) Chrome/136.0.0.0 Safari/537.36"
198.204.224.34 - - [26/Oct/2025:16:03:47 -0400] "GET /wp-includes/plf56b4b/edit.php HTTP/1.1" 301 795 "http://creativefinishings.com/wp-includes/plf56b4b/edit.php" "Mozilla/5.0 (Windows NT 10.0; Win64; x64) AppleWebKit/537.36 (KHTML, like Gecko) Chrome/58.0.3029.110 Safari/537.3"
63.141.249.210 - - [26/Oct/2025:16:10:46 -0400] "GET /wp-includes/plf56b4b/edit.php HTTP/1.1" 301 795 "http://creativefinishings.com/wp-includes/plf56b4b/edit.php" "Mozilla/5.0 (Windows NT 10.0; Win64; x64) AppleWebKit/537.36 (KHTML, like Gecko) Chrome/58.0.3029.110 Safari/537.3"
63.141.249.210 - - [26/Oct/2025:16:17:46 -0400] "GET /wp-includes/plf56b4b/edit.php HTTP/1.1" 301 795 "http://creativefinishings.com/wp-includes/plf56b4b/edit.php" "Mozilla/5.0 (Windows NT 10.0; Win64; x64) AppleWebKit/537.36 (KHTML, like Gecko) Chrome/58.0.3029.110 Safari/537.3"
63.141.249.210 - - [26/Oct/2025:16:24:46 -0400] "GET /wp-includes/plf56b4b/edit.php HTTP/1.1" 301 795 "http://creativefinishings.com/wp-includes/plf56b4b/edit.php" "Mozilla/5.0 (Windows NT 10.0; Win64; x64) AppleWebKit/537.36 (KHTML, like Gecko) Chrome/58.0.3029.110 Safari/537.3"
63.141.249.210 - - [26/Oct/2025:16:31:46 -0400] "GET /wp-includes/plf56b4b/edit.php HTTP/1.1" 301 795 "http://creativefinishings.com/wp-includes/plf56b4b/edit.php" "Mozilla/5.0 (Windows NT 10.0; Win64; x64) AppleWebKit/537.36 (KHTML, like Gecko) Chrome/58.0.3029.110 Safari/537.3"
63.141.249.210 - - [26/Oct/2025:16:38:46 -0400] "GET /wp-includes/plf56b4b/edit.php HTTP/1.1" 301 795 "http://creativefinishings.com/wp-includes/plf56b4b/edit.php" "Mozilla/5.0 (Windows NT 10.0; Win64; x64) AppleWebKit/537.36 (KHTML, like Gecko) Chrome/58.0.3029.110 Safari/537.3"
89.248.172.183 - - [26/Oct/2025:16:39:34 -0400] "POST /wp-json/litespeed/v1/cdn_status HTTP/1.1" 301 795 "-" "Mozilla/5.0 (X11; Linux x86_64; rv:109.0) Gecko/20100101 Firefox/114.3"
63.141.249.210 - - [26/Oct/2025:16:45:57 -0400] "GET /wp-includes/plf56b4b/edit.php HTTP/1.1" 301 795 "http://creativefinishings.com/wp-includes/plf56b4b/edit.php" "Mozilla/5.0 (Windows NT 10.0; Win64; x64) AppleWebKit/537.36 (KHTML, like Gecko) Chrome/58.0.3029.110 Safari/537.3"
63.141.249.210 - - [26/Oct/2025:16:52:54 -0400] "GET /wp-includes/plf56b4b/edit.php HTTP/1.1" 301 795 "http://creativefinishings.com/wp-includes/plf56b4b/edit.php" "Mozilla/5.0 (Windows NT 10.0; Win64; x64) AppleWebKit/537.36 (KHTML, like Gecko) Chrome/58.0.3029.110 Safari/537.3"
63.141.249.210 - - [26/Oct/2025:16:59:46 -0400] "GET /wp-includes/plf56b4b/edit.php HTTP/1.1" 301 795 "http://creativefinishings.com/wp-includes/plf56b4b/edit.php" "Mozilla/5.0 (Windows NT 10.0; Win64; x64) AppleWebKit/537.36 (KHTML, like Gecko) Chrome/58.0.3029.110 Safari/537.3"
63.141.249.210 - - [26/Oct/2025:17:06:46 -0400] "GET /wp-includes/plf56b4b/edit.php HTTP/1.1" 301 795 "http://creativefinishings.com/wp-includes/plf56b4b/edit.php" "Mozilla/5.0 (Windows NT 10.0; Win64; x64) AppleWebKit/537.36 (KHTML, like Gecko) Chrome/58.0.3029.110 Safari/537.3"
63.141.249.210 - - [26/Oct/2025:17:13:47 -0400] "GET /wp-includes/plf56b4b/edit.php HTTP/1.1" 301 795 "http://creativefinishings.com/wp-includes/plf56b4b/edit.php" "Mozilla/5.0 (Windows NT 10.0; Win64; x64) AppleWebKit/537.36 (KHTML, like Gecko) Chrome/58.0.3029.110 Safari/537.3"
63.141.249.210 - - [26/Oct/2025:17:20:47 -0400] "GET /wp-includes/plf56b4b/edit.php HTTP/1.1" 301 795 "http://creativefinishings.com/wp-includes/plf56b4b/edit.php" "Mozilla/5.0 (Windows NT 10.0; Win64; x64) AppleWebKit/537.36 (KHTML, like Gecko) Chrome/58.0.3029.110 Safari/537.3"
63.141.249.210 - - [26/Oct/2025:17:27:46 -0400] "GET /wp-includes/plf56b4b/edit.php HTTP/1.1" 301 795 "http://creativefinishings.com/wp-includes/plf56b4b/edit.php" "Mozilla/5.0 (Windows NT 10.0; Win64; x64) AppleWebKit/537.36 (KHTML, like Gecko) Chrome/58.0.3029.110 Safari/537.3"
63.141.249.210 - - [26/Oct/2025:17:34:46 -0400] "GET /wp-includes/plf56b4b/edit.php HTTP/1.1" 301 795 "http://creativefinishings.com/wp-includes/plf56b4b/edit.php" "Mozilla/5.0 (Windows NT 10.0; Win64; x64) AppleWebKit/537.36 (KHTML, like Gecko) Chrome/58.0.3029.110 Safari/537.3"
63.141.249.210 - - [26/Oct/2025:17:41:46 -0400] "GET /wp-includes/plf56b4b/edit.php HTTP/1.1" 301 795 "http://creativefinishings.com/wp-includes/plf56b4b/edit.php" "Mozilla/5.0 (Windows NT 10.0; Win64; x64) AppleWebKit/537.36 (KHTML, like Gecko) Chrome/58.0.3029.110 Safari/537.3"
89.248.172.183 - - [26/Oct/2025:17:41:58 -0400] "POST /wp-json/litespeed/v1/cdn_status HTTP/1.1" 301 795 "-" "Mozilla/5.0 (X11; Linux x86_64; rv:109.0) Gecko/20100101 Firefox/114.3"
63.141.249.210 - - [26/Oct/2025:17:48:47 -0400] "GET /wp-includes/plf56b4b/edit.php HTTP/1.1" 301 795 "http://creativefinishings.com/wp-includes/plf56b4b/edit.php" "Mozilla/5.0 (Windows NT 10.0; Win64; x64) AppleWebKit/537.36 (KHTML, like Gecko) Chrome/58.0.3029.110 Safari/537.3"
63.141.249.210 - - [26/Oct/2025:17:55:47 -0400] "GET /wp-includes/plf56b4b/edit.php HTTP/1.1" 301 795 "http://creativefinishings.com/wp-includes/plf56b4b/edit.php" "Mozilla/5.0 (Windows NT 10.0; Win64; x64) AppleWebKit/537.36 (KHTML, like Gecko) Chrome/58.0.3029.110 Safari/537.3"
63.141.249.210 - - [26/Oct/2025:18:02:47 -0400] "GET /wp-includes/plf56b4b/edit.php HTTP/1.1" 301 795 "http://creativefinishings.com/wp-includes/plf56b4b/edit.php" "Mozilla/5.0 (Windows NT 10.0; Win64; x64) AppleWebKit/537.36 (KHTML, like Gecko) Chrome/58.0.3029.110 Safari/537.3"
63.141.249.210 - - [26/Oct/2025:18:09:59 -0400] "GET /wp-includes/plf56b4b/edit.php HTTP/1.1" 301 795 "http://creativefinishings.com/wp-includes/plf56b4b/edit.php" "Mozilla/5.0 (Windows NT 10.0; Win64; x64) AppleWebKit/537.36 (KHTML, like Gecko) Chrome/58.0.3029.110 Safari/537.3"
63.141.249.210 - - [26/Oct/2025:18:16:56 -0400] "GET /wp-includes/plf56b4b/edit.php HTTP/1.1" 301 795 "http://creativefinishings.com/wp-includes/plf56b4b/edit.php" "Mozilla/5.0 (Windows NT 10.0; Win64; x64) AppleWebKit/537.36 (KHTML, like Gecko) Chrome/58.0.3029.110 Safari/537.3"
89.248.172.183 - - [26/Oct/2025:18:22:51 -0400] "POST /wp-json/litespeed/v1/cdn_status HTTP/1.1" 301 795 "-" "Mozilla/5.0 (X11; Linux x86_64; rv:109.0) Gecko/20100101 Firefox/114.3"
63.141.249.210 - - [26/Oct/2025:18:24:46 -0400] "GET /wp-includes/plf56b4b/edit.php HTTP/1.1" 301 795 "http://creativefinishings.com/wp-includes/plf56b4b/edit.php" "Mozilla/5.0 (Windows NT 10.0; Win64; x64) AppleWebKit/537.36 (KHTML, like Gecko) Chrome/58.0.3029.110 Safari/537.3"
43.173.175.189 - - [26/Oct/2025:18:26:21 -0400] "GET / HTTP/1.1" 301 795 "-" "Mozilla/5.0 (Windows NT 6.1; Win64; x64) AppleWebKit/537.36 (KHTML, like Gecko) Chrome/126.0.6478.114 Safari/537.36"
63.141.249.210 - - [26/Oct/2025:18:32:47 -0400] "GET /wp-includes/plf56b4b/edit.php HTTP/1.1" 301 795 "http://creativefinishings.com/wp-includes/plf56b4b/edit.php" "Mozilla/5.0 (Windows NT 10.0; Win64; x64) AppleWebKit/537.36 (KHTML, like Gecko) Chrome/58.0.3029.110 Safari/537.3"
63.141.249.210 - - [26/Oct/2025:18:39:47 -0400] "GET /wp-includes/plf56b4b/edit.php HTTP/1.1" 301 795 "http://creativefinishings.com/wp-includes/plf56b4b/edit.php" "Mozilla/5.0 (Windows NT 10.0; Win64; x64) AppleWebKit/537.36 (KHTML, like Gecko) Chrome/58.0.3029.110 Safari/537.3"
63.141.249.210 - - [26/Oct/2025:18:46:47 -0400] "GET /wp-includes/plf56b4b/edit.php HTTP/1.1" 301 795 "http://creativefinishings.com/wp-includes/plf56b4b/edit.php" "Mozilla/5.0 (Windows NT 10.0; Win64; x64) AppleWebKit/537.36 (KHTML, like Gecko) Chrome/58.0.3029.110 Safari/537.3"
63.141.249.210 - - [26/Oct/2025:18:53:46 -0400] "GET /wp-includes/plf56b4b/edit.php HTTP/1.1" 301 795 "http://creativefinishings.com/wp-includes/plf56b4b/edit.php" "Mozilla/5.0 (Windows NT 10.0; Win64; x64) AppleWebKit/537.36 (KHTML, like Gecko) Chrome/58.0.3029.110 Safari/537.3"
63.141.249.210 - - [26/Oct/2025:19:00:47 -0400] "GET /wp-includes/plf56b4b/edit.php HTTP/1.1" 301 795 "http://creativefinishings.com/wp-includes/plf56b4b/edit.php" "Mozilla/5.0 (Windows NT 10.0; Win64; x64) AppleWebKit/537.36 (KHTML, like Gecko) Chrome/58.0.3029.110 Safari/537.3"
63.141.249.210 - - [26/Oct/2025:19:07:47 -0400] "GET /wp-includes/plf56b4b/edit.php HTTP/1.1" 301 795 "http://creativefinishings.com/wp-includes/plf56b4b/edit.php" "Mozilla/5.0 (Windows NT 10.0; Win64; x64) AppleWebKit/537.36 (KHTML, like Gecko) Chrome/58.0.3029.110 Safari/537.3"
89.248.172.183 - - [26/Oct/2025:19:13:16 -0400] "POST /wp-json/litespeed/v1/cdn_status HTTP/1.1" 301 795 "-" "Mozilla/5.0 (X11; Linux x86_64; rv:109.0) Gecko/20100101 Firefox/114.3"
198.204.224.34 - - [26/Oct/2025:19:14:48 -0400] "GET /wp-includes/plf56b4b/edit.php HTTP/1.1" 301 795 "http://creativefinishings.com/wp-includes/plf56b4b/edit.php" "Mozilla/5.0 (Windows NT 10.0; Win64; x64) AppleWebKit/537.36 (KHTML, like Gecko) Chrome/58.0.3029.110 Safari/537.3"
63.141.249.210 - - [26/Oct/2025:19:21:46 -0400] "GET /wp-includes/plf56b4b/edit.php HTTP/1.1" 301 795 "http://creativefinishings.com/wp-includes/plf56b4b/edit.php" "Mozilla/5.0 (Windows NT 10.0; Win64; x64) AppleWebKit/537.36 (KHTML, like Gecko) Chrome/58.0.3029.110 Safari/537.3"
63.141.249.210 - - [26/Oct/2025:19:28:47 -0400] "GET /wp-includes/plf56b4b/edit.php HTTP/1.1" 301 795 "http://creativefinishings.com/wp-includes/plf56b4b/edit.php" "Mozilla/5.0 (Windows NT 10.0; Win64; x64) AppleWebKit/537.36 (KHTML, like Gecko) Chrome/58.0.3029.110 Safari/537.3"
63.141.249.210 - - [26/Oct/2025:19:35:46 -0400] "GET /wp-includes/plf56b4b/edit.php HTTP/1.1" 301 795 "http://creativefinishings.com/wp-includes/plf56b4b/edit.php" "Mozilla/5.0 (Windows NT 10.0; Win64; x64) AppleWebKit/537.36 (KHTML, like Gecko) Chrome/58.0.3029.110 Safari/537.3"
63.141.249.210 - - [26/Oct/2025:19:42:46 -0400] "GET /wp-includes/plf56b4b/edit.php HTTP/1.1" 301 795 "http://creativefinishings.com/wp-includes/plf56b4b/edit.php" "Mozilla/5.0 (Windows NT 10.0; Win64; x64) AppleWebKit/537.36 (KHTML, like Gecko) Chrome/58.0.3029.110 Safari/537.3"
196.251.88.40 - - [26/Oct/2025:19:45:15 -0400] "GET /about.php?action=p&api=p&path=p&token= HTTP/1.1" 301 795 "www.google.com" "Mozlila/5.0 (Linux; Android 7.0; SM-G892A Bulid/NRD90M; wv) AppleWebKit/537.36 (KHTML, like Gecko) Version/4.0 Chrome/60.0.3112.107 Moblie Safari/537.36"
63.141.249.210 - - [26/Oct/2025:19:49:46 -0400] "GET /wp-includes/plf56b4b/edit.php HTTP/1.1" 301 795 "http://creativefinishings.com/wp-includes/plf56b4b/edit.php" "Mozilla/5.0 (Windows NT 10.0; Win64; x64) AppleWebKit/537.36 (KHTML, like Gecko) Chrome/58.0.3029.110 Safari/537.3"
103.186.31.44 - - [26/Oct/2025:19:51:43 -0400] "GET /style.php HTTP/1.1" 301 795 "-" "Go-http-client/1.1"
103.186.31.44 - - [26/Oct/2025:19:51:45 -0400] "GET /wp-content/style.php HTTP/1.1" 301 795 "-" "Go-http-client/1.1"
103.186.31.44 - - [26/Oct/2025:19:51:46 -0400] "GET /wp-content/themes/style.php HTTP/1.1" 301 795 "-" "Go-http-client/1.1"
103.186.31.44 - - [26/Oct/2025:19:51:48 -0400] "GET /wp-admin/style.php HTTP/1.1" 301 795 "-" "Go-http-client/1.1"
103.186.31.44 - - [26/Oct/2025:19:51:50 -0400] "GET /wp-includes/style.php HTTP/1.1" 301 795 "-" "Go-http-client/1.1"
103.186.31.44 - - [26/Oct/2025:19:51:51 -0400] "GET /chosen.php?p= HTTP/1.1" 301 795 "-" "Go-http-client/1.1"
103.186.31.44 - - [26/Oct/2025:19:51:53 -0400] "GET /file.php HTTP/1.1" 301 795 "-" "Go-http-client/1.1"
198.204.224.34 - - [26/Oct/2025:19:58:57 -0400] "GET /wp-includes/plf56b4b/edit.php HTTP/1.1" 301 795 "http://creativefinishings.com/wp-includes/plf56b4b/edit.php" "Mozilla/5.0 (Windows NT 10.0; Win64; x64) AppleWebKit/537.36 (KHTML, like Gecko) Chrome/58.0.3029.110 Safari/537.3"
198.204.224.34 - - [26/Oct/2025:20:05:47 -0400] "GET /wp-includes/plf56b4b/edit.php HTTP/1.1" 301 795 "http://creativefinishings.com/wp-includes/plf56b4b/edit.php" "Mozilla/5.0 (Windows NT 10.0; Win64; x64) AppleWebKit/537.36 (KHTML, like Gecko) Chrome/58.0.3029.110 Safari/537.3"
51.159.15.12 - - [26/Oct/2025:20:10:20 -0400] "GET /chosen.php HTTP/1.1" 301 795 "-" "Mozilla/5.0 (Windows NT 10.0; Win64; x64) AppleWebKit/537.36 (KHTML, like Gecko) Chrome/141.0.0.0 Safari/537.36 Edg/141.0.0.0"
198.204.224.34 - - [26/Oct/2025:20:12:48 -0400] "GET /wp-includes/plf56b4b/edit.php HTTP/1.1" 301 795 "http://creativefinishings.com/wp-includes/plf56b4b/edit.php" "Mozilla/5.0 (Windows NT 10.0; Win64; x64) AppleWebKit/537.36 (KHTML, like Gecko) Chrome/58.0.3029.110 Safari/537.3"
194.79.5.172 - - [26/Oct/2025:20:16:23 -0400] "GET /wp-content/themes/alone/css/sermone.css HTTP/1.1" 301 795 "-" "Mozilla/5.0 (Macintosh; Intel Mac OS X 10_15_7) AppleWebKit/537.36 (KHTML, like Gecko) obsidian/1.8.10 Chrome/132.0.6834.196 Electron/34.2.0 Safari/537.36"
198.204.224.34 - - [26/Oct/2025:20:19:50 -0400] "GET /wp-includes/plf56b4b/edit.php HTTP/1.1" 301 795 "http://creativefinishings.com/wp-includes/plf56b4b/edit.php" "Mozilla/5.0 (Windows NT 10.0; Win64; x64) AppleWebKit/537.36 (KHTML, like Gecko) Chrome/58.0.3029.110 Safari/537.3"
63.141.249.210 - - [26/Oct/2025:20:26:46 -0400] "GET /wp-includes/plf56b4b/edit.php HTTP/1.1" 301 795 "http://creativefinishings.com/wp-includes/plf56b4b/edit.php" "Mozilla/5.0 (Windows NT 10.0; Win64; x64) AppleWebKit/537.36 (KHTML, like Gecko) Chrome/58.0.3029.110 Safari/537.3"
63.141.249.210 - - [26/Oct/2025:20:33:47 -0400] "GET /wp-includes/plf56b4b/edit.php HTTP/1.1" 301 795 "http://creativefinishings.com/wp-includes/plf56b4b/edit.php" "Mozilla/5.0 (Windows NT 10.0; Win64; x64) AppleWebKit/537.36 (KHTML, like Gecko) Chrome/58.0.3029.110 Safari/537.3"
119.96.24.54 - - [26/Oct/2025:20:39:10 -0400] "GET / HTTP/1.1" 301 795 "-" "Mozilla/5.0 (iPhone; CPU iPhone OS 13_2_3 like Mac OS X) AppleWebKit/605.1.15 (KHTML, like Gecko) Version/13.0.3 Mobile/15E148 Safari/604.1"
63.141.249.210 - - [26/Oct/2025:20:41:47 -0400] "GET /wp-includes/plf56b4b/edit.php HTTP/1.1" 301 795 "http://creativefinishings.com/wp-includes/plf56b4b/edit.php" "Mozilla/5.0 (Windows NT 10.0; Win64; x64) AppleWebKit/537.36 (KHTML, like Gecko) Chrome/58.0.3029.110 Safari/537.3"
89.248.172.183 - - [26/Oct/2025:20:43:36 -0400] "POST /wp-json/litespeed/v1/cdn_status HTTP/1.1" 301 795 "-" "Mozilla/5.0 (X11; Linux x86_64; rv:109.0) Gecko/20100101 Firefox/114.3"
192.95.91.72 - - [26/Oct/2025:20:44:41 -0400] "GET /product001 HTTP/1.1" 301 795 "-" "Mozilla/5.0 (compatible; Googlebot/2.1; +http://www.google.com/bot.html)"
192.95.91.72 - - [26/Oct/2025:20:44:43 -0400] "GET / HTTP/1.1" 301 795 "-" "Mozilla/5.0 (compatible; Googlebot/2.1; +http://www.google.com/bot.html)"
63.141.249.210 - - [26/Oct/2025:20:48:47 -0400] "GET /wp-includes/plf56b4b/edit.php HTTP/1.1" 301 795 "http://creativefinishings.com/wp-includes/plf56b4b/edit.php" "Mozilla/5.0 (Windows NT 10.0; Win64; x64) AppleWebKit/537.36 (KHTML, like Gecko) Chrome/58.0.3029.110 Safari/537.3"
23.26.61.171 - - [26/Oct/2025:20:50:02 -0400] "GET /product001 HTTP/1.1" 301 795 "-" "Mozilla/5.0 (compatible; Googlebot/2.1; +http://www.google.com/bot.html)"
23.26.61.171 - - [26/Oct/2025:20:50:05 -0400] "GET / HTTP/1.1" 301 795 "-" "Mozilla/5.0 (compatible; Googlebot/2.1; +http://www.google.com/bot.html)"
104.168.124.242 - - [26/Oct/2025:20:52:33 -0400] "HEAD / HTTP/1.1" 301 0 "-" "Mozilla/5.0 (Windows NT 10.0; Win64; x64) AppleWebKit/537.36 (KHTML, like Gecko) Chrome/60.0.3112.113 Safari/537.36"
104.168.124.242 - - [26/Oct/2025:20:52:34 -0400] "GET / HTTP/1.1" 301 795 "-" "Mozilla/5.0 (Windows NT 10.0; Win64; x64) AppleWebKit/537.36 (KHTML, like Gecko) Chrome/60.0.3112.113 Safari/537.36"
172.121.220.241 - - [26/Oct/2025:20:52:39 -0400] "HEAD / HTTP/1.1" 301 0 "-" "Mozilla/5.0 (Windows NT 6.3; Win64; x64) AppleWebKit/537.36 (KHTML, like Gecko) Chrome/60.0.3112.113 Safari/537.36"
172.121.220.241 - - [26/Oct/2025:20:52:41 -0400] "GET / HTTP/1.1" 301 795 "-" "Mozilla/5.0 (Windows NT 6.3; Win64; x64) AppleWebKit/537.36 (KHTML, like Gecko) Chrome/60.0.3112.113 Safari/537.36"
63.141.249.210 - - [26/Oct/2025:20:55:47 -0400] "GET /wp-includes/plf56b4b/edit.php HTTP/1.1" 301 795 "http://creativefinishings.com/wp-includes/plf56b4b/edit.php" "Mozilla/5.0 (Windows NT 10.0; Win64; x64) AppleWebKit/537.36 (KHTML, like Gecko) Chrome/58.0.3029.110 Safari/537.3"
63.141.249.210 - - [26/Oct/2025:21:02:47 -0400] "GET /wp-includes/plf56b4b/edit.php HTTP/1.1" 301 795 "http://creativefinishings.com/wp-includes/plf56b4b/edit.php" "Mozilla/5.0 (Windows NT 10.0; Win64; x64) AppleWebKit/537.36 (KHTML, like Gecko) Chrome/58.0.3029.110 Safari/537.3"
63.141.249.210 - - [26/Oct/2025:21:09:47 -0400] "GET /wp-includes/plf56b4b/edit.php HTTP/1.1" 301 795 "http://creativefinishings.com/wp-includes/plf56b4b/edit.php" "Mozilla/5.0 (Windows NT 10.0; Win64; x64) AppleWebKit/537.36 (KHTML, like Gecko) Chrome/58.0.3029.110 Safari/537.3"
101.99.88.90 - - [26/Oct/2025:21:14:38 -0400] "GET / HTTP/1.1" 301 795 "-" "Mozilla/5.0 (compatible; Googlebot/2.1; +http://www.google.com/bot.html)"
101.99.88.90 - - [26/Oct/2025:21:16:24 -0400] "GET / HTTP/1.1" 301 795 "-" "Mozilla/5.0 (compatible; Googlebot/2.1; +http://www.google.com/bot.html)"
63.141.249.210 - - [26/Oct/2025:21:16:47 -0400] "GET /wp-includes/plf56b4b/edit.php HTTP/1.1" 301 795 "http://creativefinishings.com/wp-includes/plf56b4b/edit.php" "Mozilla/5.0 (Windows NT 10.0; Win64; x64) AppleWebKit/537.36 (KHTML, like Gecko) Chrome/58.0.3029.110 Safari/537.3"
101.99.88.90 - - [26/Oct/2025:21:18:34 -0400] "GET / HTTP/1.1" 301 795 "-" "Mozilla/5.0 (compatible; Googlebot/2.1; +http://www.google.com/bot.html)"
101.99.88.90 - - [26/Oct/2025:21:20:25 -0400] "GET / HTTP/1.1" 301 795 "-" "Mozilla/5.0 (compatible; Googlebot/2.1; +http://www.google.com/bot.html)"
101.99.88.90 - - [26/Oct/2025:21:22:21 -0400] "GET / HTTP/1.1" 301 795 "-" "Mozilla/5.0 (compatible; Googlebot/2.1; +http://www.google.com/bot.html)"
63.141.249.210 - - [26/Oct/2025:21:23:47 -0400] "GET /wp-includes/plf56b4b/edit.php HTTP/1.1" 301 795 "http://creativefinishings.com/wp-includes/plf56b4b/edit.php" "Mozilla/5.0 (Windows NT 10.0; Win64; x64) AppleWebKit/537.36 (KHTML, like Gecko) Chrome/58.0.3029.110 Safari/537.3"
101.99.88.90 - - [26/Oct/2025:21:24:26 -0400] "GET / HTTP/1.1" 301 795 "-" "Mozilla/5.0 (compatible; Googlebot/2.1; +http://www.google.com/bot.html)"
80.97.160.132 - - [26/Oct/2025:21:28:30 -0400] "GET /wp-content/plugins/elementor/core/admin/list-grid/index.php HTTP/1.1" 301 795 "http://creativefinishings.com/wp-content/plugins/elementor/core/admin/list-grid/index.php" "Mozilla/5.0 (Windows NT 10.0; Win64; x64) AppleWebKit/537.36 (KHTML, like Gecko) Chrome/58.0.3029.110 Safari/537.3"
80.97.160.132 - - [26/Oct/2025:21:28:33 -0400] "POST /wp-content/plugins/elementor/core/admin/list-grid/index.php HTTP/1.1" 301 795 "http://creativefinishings.com/wp-content/plugins/elementor/core/admin/list-grid/index.php" "Mozilla/5.0 (Windows NT 10.0; Win64; x64) AppleWebKit/537.36 (KHTML, like Gecko) Chrome/58.0.3029.110 Safari/537.3"
80.97.160.132 - - [26/Oct/2025:21:28:36 -0400] "GET /wp-includes/js/tinymce/plugins/wpeditimage/post-catalog/index.php HTTP/1.1" 301 795 "http://creativefinishings.com/wp-includes/js/tinymce/plugins/wpeditimage/post-catalog/index.php" "Mozilla/5.0 (Windows NT 10.0; Win64; x64) AppleWebKit/537.36 (KHTML, like Gecko) Chrome/58.0.3029.110 Safari/537.3"
80.97.160.132 - - [26/Oct/2025:21:28:40 -0400] "POST /wp-includes/js/tinymce/plugins/wpeditimage/post-catalog/index.php HTTP/1.1" 301 795 "http://creativefinishings.com/wp-includes/js/tinymce/plugins/wpeditimage/post-catalog/index.php" "Mozilla/5.0 (Windows NT 10.0; Win64; x64) AppleWebKit/537.36 (KHTML, like Gecko) Chrome/58.0.3029.110 Safari/537.3"
80.97.160.132 - - [26/Oct/2025:21:28:49 -0400] "GET /wp-content/plugins/wordpress-seo-premium/vendor/composer/embeds/index.php HTTP/1.1" 301 795 "http://creativefinishings.com/wp-content/plugins/wordpress-seo-premium/vendor/composer/embeds/index.php" "Mozilla/5.0 (Windows NT 10.0; Win64; x64) AppleWebKit/537.36 (KHTML, like Gecko) Chrome/58.0.3029.110 Safari/537.3"
80.97.160.132 - - [26/Oct/2025:21:28:58 -0400] "POST /wp-content/plugins/wordpress-seo-premium/vendor/composer/embeds/index.php HTTP/1.1" 301 795 "http://creativefinishings.com/wp-content/plugins/wordpress-seo-premium/vendor/composer/embeds/index.php" "Mozilla/5.0 (Windows NT 10.0; Win64; x64) AppleWebKit/537.36 (KHTML, like Gecko) Chrome/58.0.3029.110 Safari/537.3"
80.97.160.132 - - [26/Oct/2025:21:29:08 -0400] "GET /wp-content/plugins/royal-elementor-addons/modules/business-hours/nextjs/index.php HTTP/1.1" 301 795 "http://creativefinishings.com/wp-content/plugins/royal-elementor-addons/modules/business-hours/nextjs/index.php" "Mozilla/5.0 (Windows NT 10.0; Win64; x64) AppleWebKit/537.36 (KHTML, like Gecko) Chrome/58.0.3029.110 Safari/537.3"
80.97.160.132 - - [26/Oct/2025:21:29:15 -0400] "POST /wp-content/plugins/royal-elementor-addons/modules/business-hours/nextjs/index.php HTTP/1.1" 301 795 "http://creativefinishings.com/wp-content/plugins/royal-elementor-addons/modules/business-hours/nextjs/index.php" "Mozilla/5.0 (Windows NT 10.0; Win64; x64) AppleWebKit/537.36 (KHTML, like Gecko) Chrome/58.0.3029.110 Safari/537.3"
80.97.160.132 - - [26/Oct/2025:21:29:22 -0400] "GET /wp-content/plugins/essential-blocks/includes/Utils/cssjs/index.php HTTP/1.1" 301 795 "http://creativefinishings.com/wp-content/plugins/essential-blocks/includes/Utils/cssjs/index.php" "Mozilla/5.0 (Windows NT 10.0; Win64; x64) AppleWebKit/537.36 (KHTML, like Gecko) Chrome/58.0.3029.110 Safari/537.3"
80.97.160.132 - - [26/Oct/2025:21:29:27 -0400] "POST /wp-content/plugins/essential-blocks/includes/Utils/cssjs/index.php HTTP/1.1" 301 795 "http://creativefinishings.com/wp-content/plugins/essential-blocks/includes/Utils/cssjs/index.php" "Mozilla/5.0 (Windows NT 10.0; Win64; x64) AppleWebKit/537.36 (KHTML, like Gecko) Chrome/58.0.3029.110 Safari/537.3"
80.97.160.132 - - [26/Oct/2025:21:29:33 -0400] "GET /wp-content/plugins/gtm-kit/src/scss/comment-editor/index.php HTTP/1.1" 301 795 "http://creativefinishings.com/wp-content/plugins/gtm-kit/src/scss/comment-editor/index.php" "Mozilla/5.0 (Windows NT 10.0; Win64; x64) AppleWebKit/537.36 (KHTML, like Gecko) Chrome/58.0.3029.110 Safari/537.3"
80.97.160.132 - - [26/Oct/2025:21:29:50 -0400] "POST /wp-content/plugins/gtm-kit/src/scss/comment-editor/index.php HTTP/1.1" 301 795 "http://creativefinishings.com/wp-content/plugins/gtm-kit/src/scss/comment-editor/index.php" "Mozilla/5.0 (Windows NT 10.0; Win64; x64) AppleWebKit/537.36 (KHTML, like Gecko) Chrome/58.0.3029.110 Safari/537.3"
80.97.160.132 - - [26/Oct/2025:21:29:56 -0400] "POST /wp-content/plugins/gtm-kit/src/scss/comment-editor/index.php HTTP/1.1" 301 795 "http://creativefinishings.com/wp-content/plugins/gtm-kit/src/scss/comment-editor/index.php" "Mozilla/5.0 (Windows NT 10.0; Win64; x64) AppleWebKit/537.36 (KHTML, like Gecko) Chrome/58.0.3029.110 Safari/537.3"
80.97.160.132 - - [26/Oct/2025:21:30:01 -0400] "GET /wp-content/plugins/gtm-kit/src/scss/comment-editor/ex.php HTTP/1.1" 301 795 "http://creativefinishings.com/wp-content/plugins/gtm-kit/src/scss/comment-editor/ex.php" "Mozilla/5.0 (Windows NT 10.0; Win64; x64) AppleWebKit/537.36 (KHTML, like Gecko) Chrome/58.0.3029.110 Safari/537.3"
80.97.160.132 - - [26/Oct/2025:21:30:11 -0400] "POST /wp-content/plugins/gtm-kit/src/scss/comment-editor/index.php HTTP/1.1" 301 795 "http://creativefinishings.com/wp-content/plugins/gtm-kit/src/scss/comment-editor/index.php" "Mozilla/5.0 (Windows NT 10.0; Win64; x64) AppleWebKit/537.36 (KHTML, like Gecko) Chrome/58.0.3029.110 Safari/537.3"
80.97.160.132 - - [26/Oct/2025:21:30:20 -0400] "GET /wp-content/plugins/gtm-kit/src/scss/comment-editor/radio.php HTTP/1.1" 301 795 "http://creativefinishings.com/wp-content/plugins/gtm-kit/src/scss/comment-editor/radio.php" "Mozilla/5.0 (Windows NT 10.0; Win64; x64) AppleWebKit/537.36 (KHTML, like Gecko) Chrome/58.0.3029.110 Safari/537.3"
80.97.160.132 - - [26/Oct/2025:21:30:25 -0400] "POST /wp-content/plugins/gtm-kit/src/scss/comment-editor/index.php HTTP/1.1" 301 795 "http://creativefinishings.com/wp-content/plugins/gtm-kit/src/scss/comment-editor/index.php" "Mozilla/5.0 (Windows NT 10.0; Win64; x64) AppleWebKit/537.36 (KHTML, like Gecko) Chrome/58.0.3029.110 Safari/537.3"
80.97.160.132 - - [26/Oct/2025:21:30:29 -0400] "GET /wp-content/plugins/gtm-kit/src/scss/comment-editor/inputs.php HTTP/1.1" 301 795 "http://creativefinishings.com/wp-content/plugins/gtm-kit/src/scss/comment-editor/inputs.php" "Mozilla/5.0 (Windows NT 10.0; Win64; x64) AppleWebKit/537.36 (KHTML, like Gecko) Chrome/58.0.3029.110 Safari/537.3"
80.97.160.132 - - [26/Oct/2025:21:30:34 -0400] "POST /wp-content/plugins/gtm-kit/src/scss/comment-editor/index.php HTTP/1.1" 301 795 "http://creativefinishings.com/wp-content/plugins/gtm-kit/src/scss/comment-editor/index.php" "Mozilla/5.0 (Windows NT 10.0; Win64; x64) AppleWebKit/537.36 (KHTML, like Gecko) Chrome/58.0.3029.110 Safari/537.3"
80.97.160.132 - - [26/Oct/2025:21:30:38 -0400] "GET /wp-content/plugins/gtm-kit/src/scss/comment-editor/about.php HTTP/1.1" 301 795 "http://creativefinishings.com/wp-content/plugins/gtm-kit/src/scss/comment-editor/about.php" "Mozilla/5.0 (Windows NT 10.0; Win64; x64) AppleWebKit/537.36 (KHTML, like Gecko) Chrome/58.0.3029.110 Safari/537.3"
