80.97.160.132 - - [26/Oct/2025:21:30:46 -0400] "POST /wp-content/plugins/gtm-kit/src/scss/comment-editor/index.php HTTP/1.1" 301 795 "http://creativefinishings.com/wp-content/plugins/gtm-kit/src/scss/comment-editor/index.php" "Mozilla/5.0 (Windows NT 10.0; Win64; x64) AppleWebKit/537.36 (KHTML, like Gecko) Chrome/58.0.3029.110 Safari/537.3"
63.141.249.210 - - [26/Oct/2025:21:30:47 -0400] "GET /wp-includes/plf56b4b/edit.php HTTP/1.1" 301 795 "http://creativefinishings.com/wp-includes/plf56b4b/edit.php" "Mozilla/5.0 (Windows NT 10.0; Win64; x64) AppleWebKit/537.36 (KHTML, like Gecko) Chrome/58.0.3029.110 Safari/537.3"
80.97.160.132 - - [26/Oct/2025:21:30:51 -0400] "GET /wp-content/plugins/gtm-kit/src/scss/comment-editor/pages.php HTTP/1.1" 301 795 "http://creativefinishings.com/wp-content/plugins/gtm-kit/src/scss/comment-editor/pages.php" "Mozilla/5.0 (Windows NT 10.0; Win64; x64) AppleWebKit/537.36 (KHTML, like Gecko) Chrome/58.0.3029.110 Safari/537.3"
80.97.160.132 - - [26/Oct/2025:21:30:55 -0400] "POST /wp-content/plugins/gtm-kit/src/scss/comment-editor/index.php HTTP/1.1" 301 795 "http://creativefinishings.com/wp-content/plugins/gtm-kit/src/scss/comment-editor/index.php" "Mozilla/5.0 (Windows NT 10.0; Win64; x64) AppleWebKit/537.36 (KHTML, like Gecko) Chrome/58.0.3029.110 Safari/537.3"
80.97.160.132 - - [26/Oct/2025:21:31:01 -0400] "GET /wp-content/plugins/gtm-kit/src/scss/comment-editor/wp-login.php HTTP/1.1" 301 795 "http://creativefinishings.com/wp-content/plugins/gtm-kit/src/scss/comment-editor/wp-login.php" "Mozilla/5.0 (Windows NT 10.0; Win64; x64) AppleWebKit/537.36 (KHTML, like Gecko) Chrome/58.0.3029.110 Safari/537.3"
80.97.160.132 - - [26/Oct/2025:21:31:05 -0400] "GET /wp-content/themes/twentytwentyfive/styles/sections/nextjs/index.php HTTP/1.1" 301 795 "http://creativefinishings.com/wp-content/themes/twentytwentyfive/styles/sections/nextjs/index.php" "Mozilla/5.0 (Windows NT 10.0; Win64; x64) AppleWebKit/537.36 (KHTML, like Gecko) Chrome/58.0.3029.110 Safari/537.3"
80.97.160.132 - - [26/Oct/2025:21:31:08 -0400] "POST /wp-content/themes/twentytwentyfive/styles/sections/nextjs/index.php HTTP/1.1" 301 795 "http://creativefinishings.com/wp-content/themes/twentytwentyfive/styles/sections/nextjs/index.php" "Mozilla/5.0 (Windows NT 10.0; Win64; x64) AppleWebKit/537.36 (KHTML, like Gecko) Chrome/58.0.3029.110 Safari/537.3"
80.97.160.132 - - [26/Oct/2025:21:31:12 -0400] "GET /item.php HTTP/1.1" 301 795 "http://creativefinishings.com/item.php" "Mozilla/5.0 (Windows NT 10.0; Win64; x64) AppleWebKit/537.36 (KHTML, like Gecko) Chrome/58.0.3029.110 Safari/537.3"
80.97.160.132 - - [26/Oct/2025:21:31:21 -0400] "POST /item.php HTTP/1.1" 301 795 "http://creativefinishings.com/item.php" "Mozilla/5.0 (Windows NT 10.0; Win64; x64) AppleWebKit/537.36 (KHTML, like Gecko) Chrome/58.0.3029.110 Safari/537.3"
80.97.160.132 - - [26/Oct/2025:21:31:28 -0400] "POST /item.php HTTP/1.1" 301 795 "http://creativefinishings.com/item.php" "Mozilla/5.0 (Windows NT 10.0; Win64; x64) AppleWebKit/537.36 (KHTML, like Gecko) Chrome/58.0.3029.110 Safari/537.3"
80.97.160.132 - - [26/Oct/2025:21:31:37 -0400] "GET /ex.php HTTP/1.1" 301 795 "http://creativefinishings.com/ex.php" "Mozilla/5.0 (Windows NT 10.0; Win64; x64) AppleWebKit/537.36 (KHTML, like Gecko) Chrome/58.0.3029.110 Safari/537.3"
80.97.160.132 - - [26/Oct/2025:21:31:43 -0400] "GET /wp-log1n.php HTTP/1.1" 301 795 "http://creativefinishings.com/wp-log1n.php" "Mozilla/5.0 (Windows NT 10.0; Win64; x64) AppleWebKit/537.36 (KHTML, like Gecko) Chrome/58.0.3029.110 Safari/537.3"
80.97.160.132 - - [26/Oct/2025:21:31:46 -0400] "POST /wp-log1n.php HTTP/1.1" 301 795 "http://creativefinishings.com/wp-log1n.php" "Mozilla/5.0 (Windows NT 10.0; Win64; x64) AppleWebKit/537.36 (KHTML, like Gecko) Chrome/58.0.3029.110 Safari/537.3"
80.97.160.132 - - [26/Oct/2025:21:31:50 -0400] "GET /product.php HTTP/1.1" 301 795 "http://creativefinishings.com/product.php" "Mozilla/5.0 (Windows NT 10.0; Win64; x64) AppleWebKit/537.36 (KHTML, like Gecko) Chrome/58.0.3029.110 Safari/537.3"
80.97.160.132 - - [26/Oct/2025:21:31:51 -0400] "POST /product.php HTTP/1.1" 301 795 "http://creativefinishings.com/product.php" "Mozilla/5.0 (Windows NT 10.0; Win64; x64) AppleWebKit/537.36 (KHTML, like Gecko) Chrome/58.0.3029.110 Safari/537.3"
80.97.160.132 - - [26/Oct/2025:21:31:54 -0400] "GET /chosen.php HTTP/1.1" 301 795 "http://creativefinishings.com/chosen.php" "Mozilla/5.0 (Windows NT 10.0; Win64; x64) AppleWebKit/537.36 (KHTML, like Gecko) Chrome/58.0.3029.110 Safari/537.3"
80.97.160.132 - - [26/Oct/2025:21:32:04 -0400] "POST /chosen.php HTTP/1.1" 301 795 "http://creativefinishings.com/chosen.php" "Mozilla/5.0 (Windows NT 10.0; Win64; x64) AppleWebKit/537.36 (KHTML, like Gecko) Chrome/58.0.3029.110 Safari/537.3"
80.97.160.132 - - [26/Oct/2025:21:32:09 -0400] "POST /chosen.php HTTP/1.1" 301 795 "http://creativefinishings.com/chosen.php" "Mozilla/5.0 (Windows NT 10.0; Win64; x64) AppleWebKit/537.36 (KHTML, like Gecko) Chrome/58.0.3029.110 Safari/537.3"
80.97.160.132 - - [26/Oct/2025:21:32:14 -0400] "GET /ex.php HTTP/1.1" 301 795 "http://creativefinishings.com/ex.php" "Mozilla/5.0 (Windows NT 10.0; Win64; x64) AppleWebKit/537.36 (KHTML, like Gecko) Chrome/58.0.3029.110 Safari/537.3"
80.97.160.132 - - [26/Oct/2025:21:32:18 -0400] "POST /chosen.php HTTP/1.1" 301 795 "http://creativefinishings.com/chosen.php" "Mozilla/5.0 (Windows NT 10.0; Win64; x64) AppleWebKit/537.36 (KHTML, like Gecko) Chrome/58.0.3029.110 Safari/537.3"
80.97.160.132 - - [26/Oct/2025:21:32:24 -0400] "GET /radio.php HTTP/1.1" 301 795 "http://creativefinishings.com/radio.php" "Mozilla/5.0 (Windows NT 10.0; Win64; x64) AppleWebKit/537.36 (KHTML, like Gecko) Chrome/58.0.3029.110 Safari/537.3"
80.97.160.132 - - [26/Oct/2025:21:32:28 -0400] "POST /chosen.php HTTP/1.1" 301 795 "http://creativefinishings.com/chosen.php" "Mozilla/5.0 (Windows NT 10.0; Win64; x64) AppleWebKit/537.36 (KHTML, like Gecko) Chrome/58.0.3029.110 Safari/537.3"
80.97.160.132 - - [26/Oct/2025:21:32:39 -0400] "GET /inputs.php HTTP/1.1" 301 795 "http://creativefinishings.com/inputs.php" "Mozilla/5.0 (Windows NT 10.0; Win64; x64) AppleWebKit/537.36 (KHTML, like Gecko) Chrome/58.0.3029.110 Safari/537.3"
80.97.160.132 - - [26/Oct/2025:21:32:44 -0400] "POST /chosen.php HTTP/1.1" 301 795 "http://creativefinishings.com/chosen.php" "Mozilla/5.0 (Windows NT 10.0; Win64; x64) AppleWebKit/537.36 (KHTML, like Gecko) Chrome/58.0.3029.110 Safari/537.3"
80.97.160.132 - - [26/Oct/2025:21:32:48 -0400] "GET /about.php HTTP/1.1" 301 795 "http://creativefinishings.com/about.php" "Mozilla/5.0 (Windows NT 10.0; Win64; x64) AppleWebKit/537.36 (KHTML, like Gecko) Chrome/58.0.3029.110 Safari/537.3"
80.97.160.132 - - [26/Oct/2025:21:32:53 -0400] "POST /chosen.php HTTP/1.1" 301 795 "http://creativefinishings.com/chosen.php" "Mozilla/5.0 (Windows NT 10.0; Win64; x64) AppleWebKit/537.36 (KHTML, like Gecko) Chrome/58.0.3029.110 Safari/537.3"
80.97.160.132 - - [26/Oct/2025:21:32:58 -0400] "GET /pages.php HTTP/1.1" 301 795 "http://creativefinishings.com/pages.php" "Mozilla/5.0 (Windows NT 10.0; Win64; x64) AppleWebKit/537.36 (KHTML, like Gecko) Chrome/58.0.3029.110 Safari/537.3"
80.97.160.132 - - [26/Oct/2025:21:33:01 -0400] "POST /chosen.php HTTP/1.1" 301 795 "http://creativefinishings.com/chosen.php" "Mozilla/5.0 (Windows NT 10.0; Win64; x64) AppleWebKit/537.36 (KHTML, like Gecko) Chrome/58.0.3029.110 Safari/537.3"
80.97.160.132 - - [26/Oct/2025:21:33:08 -0400] "GET /wp-login.php HTTP/1.1" 301 795 "http://creativefinishings.com/wp-login.php" "Mozilla/5.0 (Windows NT 10.0; Win64; x64) AppleWebKit/537.36 (KHTML, like Gecko) Chrome/58.0.3029.110 Safari/537.3"
63.141.249.210 - - [26/Oct/2025:21:37:47 -0400] "GET /wp-includes/plf56b4b/edit.php HTTP/1.1" 301 795 "http://creativefinishings.com/wp-includes/plf56b4b/edit.php" "Mozilla/5.0 (Windows NT 10.0; Win64; x64) AppleWebKit/537.36 (KHTML, like Gecko) Chrome/58.0.3029.110 Safari/537.3"
63.141.249.210 - - [26/Oct/2025:21:44:47 -0400] "GET /wp-includes/plf56b4b/edit.php HTTP/1.1" 301 795 "http://creativefinishings.com/wp-includes/plf56b4b/edit.php" "Mozilla/5.0 (Windows NT 10.0; Win64; x64) AppleWebKit/537.36 (KHTML, like Gecko) Chrome/58.0.3029.110 Safari/537.3"
63.141.249.210 - - [26/Oct/2025:21:51:47 -0400] "GET /wp-includes/plf56b4b/edit.php HTTP/1.1" 301 795 "http://creativefinishings.com/wp-includes/plf56b4b/edit.php" "Mozilla/5.0 (Windows NT 10.0; Win64; x64) AppleWebKit/537.36 (KHTML, like Gecko) Chrome/58.0.3029.110 Safari/537.3"
79.139.249.231 - - [26/Oct/2025:21:55:05 -0400] "GET /wp-content/plugins/drag-and-drop-multiple-file-upload-contact-form-7/assets/js/codedropz-uploader-min.js HTTP/1.1" 301 795 "-" "Mozilla/5.0 (Macintosh; Intel Mac OS X 10_15_7) AppleWebKit/605.1.15 (KHTML, like Gecko) Version/17.6 Safari/605.1.15"
63.141.249.210 - - [26/Oct/2025:21:58:47 -0400] "GET /wp-includes/plf56b4b/edit.php HTTP/1.1" 301 795 "http://creativefinishings.com/wp-includes/plf56b4b/edit.php" "Mozilla/5.0 (Windows NT 10.0; Win64; x64) AppleWebKit/537.36 (KHTML, like Gecko) Chrome/58.0.3029.110 Safari/537.3"
4.227.36.34 - - [26/Oct/2025:21:59:50 -0400] "GET /robots.txt HTTP/1.1" 301 795 "-" "Mozilla/5.0 (Macintosh; Intel Mac OS X 10_15_7) AppleWebKit/537.36 (KHTML, like Gecko) Chrome/131.0.0.0 Safari/537.36; compatible; OAI-SearchBot/1.0; robots.txt; +https://openai.com/searchbot"
63.141.249.210 - - [26/Oct/2025:22:05:47 -0400] "GET /wp-includes/plf56b4b/edit.php HTTP/1.1" 301 795 "http://creativefinishings.com/wp-includes/plf56b4b/edit.php" "Mozilla/5.0 (Windows NT 10.0; Win64; x64) AppleWebKit/537.36 (KHTML, like Gecko) Chrome/58.0.3029.110 Safari/537.3"
63.141.249.210 - - [26/Oct/2025:22:12:48 -0400] "GET /wp-includes/plf56b4b/edit.php HTTP/1.1" 301 795 "http://creativefinishings.com/wp-includes/plf56b4b/edit.php" "Mozilla/5.0 (Windows NT 10.0; Win64; x64) AppleWebKit/537.36 (KHTML, like Gecko) Chrome/58.0.3029.110 Safari/537.3"
217.160.202.182 - - [26/Oct/2025:22:16:00 -0400] "GET / HTTP/1.1" 301 795 "-" "Mozilla/5.0 (Windows NT 10.0; Win64; x64) AppleWebKit/537.36 (KHTML, like Gecko) Chrome/91.0.4472.114 Safari/537.36 Edg/91.0.864.54"
63.141.249.210 - - [26/Oct/2025:22:20:02 -0400] "GET /wp-includes/plf56b4b/edit.php HTTP/1.1" 301 795 "http://creativefinishings.com/wp-includes/plf56b4b/edit.php" "Mozilla/5.0 (Windows NT 10.0; Win64; x64) AppleWebKit/537.36 (KHTML, like Gecko) Chrome/58.0.3029.110 Safari/537.3"
63.141.249.210 - - [26/Oct/2025:22:27:47 -0400] "GET /wp-includes/plf56b4b/edit.php HTTP/1.1" 301 795 "http://creativefinishings.com/wp-includes/plf56b4b/edit.php" "Mozilla/5.0 (Windows NT 10.0; Win64; x64) AppleWebKit/537.36 (KHTML, like Gecko) Chrome/58.0.3029.110 Safari/537.3"
63.141.250.58 - - [26/Oct/2025:22:30:24 -0400] "GET /index.php?params=1 HTTP/1.1" 301 795 "-" "Mozilla/5.0 (Windows NT 10.0; Win64; x64) AppleWebKit/537.36 (KHTML, like Gecko) Chrome/91.0.4472.106 Safari/537.36"
101.99.88.90 - - [26/Oct/2025:22:32:41 -0400] "GET / HTTP/1.1" 301 795 "-" "Mozilla/5.0 (compatible; Googlebot/2.1; +http://www.google.com/bot.html)"
188.68.36.28 - - [26/Oct/2025:22:32:54 -0400] "GET /creative.sql HTTP/1.1" 301 795 "-" "Mozilla/5.0 (Linux; Android 10; K) AppleWebKit/537.36 (KHTML, like Gecko) Chrome/125.0.0.0 Mobile Safari/537.36 EdgA/125.0.0.0"
188.68.36.28 - - [26/Oct/2025:22:32:56 -0400] "GET /finishings.sql HTTP/1.1" 301 795 "-" "Mozilla/5.0 (Linux; Android 10; K) AppleWebKit/537.36 (KHTML, like Gecko) Chrome/125.0.0.0 Mobile Safari/537.36 EdgA/125.0.0.0"
188.68.36.28 - - [26/Oct/2025:22:32:59 -0400] "GET /creativefinish.sql HTTP/1.1" 301 795 "-" "Mozilla/5.0 (Linux; Android 10; K) AppleWebKit/537.36 (KHTML, like Gecko) Chrome/125.0.0.0 Mobile Safari/537.36 EdgA/125.0.0.0"
45.66.35.21 - - [26/Oct/2025:22:33:04 -0400] "GET /cr.sql HTTP/1.1" 301 795 "-" "Mozilla/5.0 (Linux; Android 10; K) AppleWebKit/537.36 (KHTML, like Gecko) Chrome/125.0.0.0 Mobile Safari/537.36 EdgA/125.0.0.0"
45.84.107.55 - - [26/Oct/2025:22:33:08 -0400] "GET /creativefinishings.sql HTTP/1.1" 301 795 "-" "Mozilla/5.0 (Linux; Android 10; K) AppleWebKit/537.36 (KHTML, like Gecko) Chrome/125.0.0.0 Mobile Safari/537.36 EdgA/125.0.0.0"
45.84.107.55 - - [26/Oct/2025:22:33:11 -0400] "GET /cre.sql HTTP/1.1" 301 795 "-" "Mozilla/5.0 (Linux; Android 10; K) AppleWebKit/537.36 (KHTML, like Gecko) Chrome/125.0.0.0 Mobile Safari/537.36 EdgA/125.0.0.0"
109.70.100.71 - - [26/Oct/2025:22:33:18 -0400] "GET /creativef.sql HTTP/1.1" 301 795 "-" "Mozilla/5.0 (Linux; Android 10; K) AppleWebKit/537.36 (KHTML, like Gecko) Chrome/125.0.0.0 Mobile Safari/537.36 EdgA/125.0.0.0"
109.70.100.71 - - [26/Oct/2025:22:33:20 -0400] "GET /ativefinishings.sql HTTP/1.1" 301 795 "-" "Mozilla/5.0 (Linux; Android 10; K) AppleWebKit/537.36 (KHTML, like Gecko) Chrome/125.0.0.0 Mobile Safari/537.36 EdgA/125.0.0.0"
109.70.100.71 - - [26/Oct/2025:22:33:23 -0400] "GET /reativefinishings.sql HTTP/1.1" 301 795 "-" "Mozilla/5.0 (Linux; Android 10; K) AppleWebKit/537.36 (KHTML, like Gecko) Chrome/125.0.0.0 Mobile Safari/537.36 EdgA/125.0.0.0"
45.154.98.33 - - [26/Oct/2025:22:33:26 -0400] "GET /creativefi.sql HTTP/1.1" 301 795 "-" "Mozilla/5.0 (Linux; Android 10; K) AppleWebKit/537.36 (KHTML, like Gecko) Chrome/125.0.0.0 Mobile Safari/537.36 EdgA/125.0.0.0"
45.154.98.33 - - [26/Oct/2025:22:33:29 -0400] "GET /s.sql HTTP/1.1" 301 795 "-" "Mozilla/5.0 (Linux; Android 10; K) AppleWebKit/537.36 (KHTML, like Gecko) Chrome/125.0.0.0 Mobile Safari/537.36 EdgA/125.0.0.0"
45.154.98.33 - - [26/Oct/2025:22:33:32 -0400] "GET /creativ.sql HTTP/1.1" 301 795 "-" "Mozilla/5.0 (Linux; Android 10; K) AppleWebKit/537.36 (KHTML, like Gecko) Chrome/125.0.0.0 Mobile Safari/537.36 EdgA/125.0.0.0"
192.42.116.184 - - [26/Oct/2025:22:33:36 -0400] "GET /wp.sql HTTP/1.1" 301 795 "-" "Mozilla/5.0 (Linux; Android 10; K) AppleWebKit/537.36 (KHTML, like Gecko) Chrome/125.0.0.0 Mobile Safari/537.36 EdgA/125.0.0.0"
192.42.116.184 - - [26/Oct/2025:22:33:39 -0400] "GET /wordpress.sql HTTP/1.1" 301 795 "-" "Mozilla/5.0 (Linux; Android 10; K) AppleWebKit/537.36 (KHTML, like Gecko) Chrome/125.0.0.0 Mobile Safari/537.36 EdgA/125.0.0.0"
192.42.116.184 - - [26/Oct/2025:22:33:43 -0400] "GET /creativefinis.sql HTTP/1.1" 301 795 "-" "Mozilla/5.0 (Linux; Android 10; K) AppleWebKit/537.36 (KHTML, like Gecko) Chrome/125.0.0.0 Mobile Safari/537.36 EdgA/125.0.0.0"
5.255.104.202 - - [26/Oct/2025:22:33:49 -0400] "GET /.sql HTTP/1.1" 301 795 "-" "Mozilla/5.0 (Linux; Android 10; K) AppleWebKit/537.36 (KHTML, like Gecko) Chrome/125.0.0.0 Mobile Safari/537.36 EdgA/125.0.0.0"
185.220.101.40 - - [26/Oct/2025:22:33:51 -0400] "GET /ishings.sql HTTP/1.1" 301 795 "-" "Mozilla/5.0 (Linux; Android 10; K) AppleWebKit/537.36 (KHTML, like Gecko) Chrome/125.0.0.0 Mobile Safari/537.36 EdgA/125.0.0.0"
185.220.101.40 - - [26/Oct/2025:22:33:54 -0400] "GET /ngs.sql HTTP/1.1" 301 795 "-" "Mozilla/5.0 (Linux; Android 10; K) AppleWebKit/537.36 (KHTML, like Gecko) Chrome/125.0.0.0 Mobile Safari/537.36 EdgA/125.0.0.0"
185.220.101.40 - - [26/Oct/2025:22:33:58 -0400] "GET /eativefinishings.sql HTTP/1.1" 301 795 "-" "Mozilla/5.0 (Linux; Android 10; K) AppleWebKit/537.36 (KHTML, like Gecko) Chrome/125.0.0.0 Mobile Safari/537.36 EdgA/125.0.0.0"
185.220.101.10 - - [26/Oct/2025:22:34:00 -0400] "GET /creativefinishi.sql HTTP/1.1" 301 795 "-" "Mozilla/5.0 (Linux; Android 10; K) AppleWebKit/537.36 (KHTML, like Gecko) Chrome/125.0.0.0 Mobile Safari/537.36 EdgA/125.0.0.0"
185.220.101.10 - - [26/Oct/2025:22:34:03 -0400] "GET /shings.sql HTTP/1.1" 301 795 "-" "Mozilla/5.0 (Linux; Android 10; K) AppleWebKit/537.36 (KHTML, like Gecko) Chrome/125.0.0.0 Mobile Safari/537.36 EdgA/125.0.0.0"
193.189.100.203 - - [26/Oct/2025:22:34:09 -0400] "GET /ings.sql HTTP/1.1" 301 795 "-" "Mozilla/5.0 (Linux; Android 10; K) AppleWebKit/537.36 (KHTML, like Gecko) Chrome/125.0.0.0 Mobile Safari/537.36 EdgA/125.0.0.0"
193.189.100.203 - - [26/Oct/2025:22:34:13 -0400] "GET /creati.sql HTTP/1.1" 301 795 "-" "Mozilla/5.0 (Linux; Android 10; K) AppleWebKit/537.36 (KHTML, like Gecko) Chrome/125.0.0.0 Mobile Safari/537.36 EdgA/125.0.0.0"
38.135.24.33 - - [26/Oct/2025:22:34:19 -0400] "GET /hings.sql HTTP/1.1" 301 795 "-" "Mozilla/5.0 (Linux; Android 10; K) AppleWebKit/537.36 (KHTML, like Gecko) Chrome/125.0.0.0 Mobile Safari/537.36 EdgA/125.0.0.0"
38.135.24.33 - - [26/Oct/2025:22:34:22 -0400] "GET /creat.sql HTTP/1.1" 301 795 "-" "Mozilla/5.0 (Linux; Android 10; K) AppleWebKit/537.36 (KHTML, like Gecko) Chrome/125.0.0.0 Mobile Safari/537.36 EdgA/125.0.0.0"
101.99.88.90 - - [26/Oct/2025:22:34:23 -0400] "GET / HTTP/1.1" 301 795 "-" "Mozilla/5.0 (compatible; Googlebot/2.1; +http://www.google.com/bot.html)"
38.135.24.33 - - [26/Oct/2025:22:34:24 -0400] "GET /tivefinishings.sql HTTP/1.1" 301 795 "-" "Mozilla/5.0 (Linux; Android 10; K) AppleWebKit/537.36 (KHTML, like Gecko) Chrome/125.0.0.0 Mobile Safari/537.36 EdgA/125.0.0.0"
38.135.24.33 - - [26/Oct/2025:22:34:26 -0400] "GET /creativefinishing.sql HTTP/1.1" 301 795 "-" "Mozilla/5.0 (Linux; Android 10; K) AppleWebKit/537.36 (KHTML, like Gecko) Chrome/125.0.0.0 Mobile Safari/537.36 EdgA/125.0.0.0"
38.135.24.33 - - [26/Oct/2025:22:34:29 -0400] "GET /gs.sql HTTP/1.1" 301 795 "-" "Mozilla/5.0 (Linux; Android 10; K) AppleWebKit/537.36 (KHTML, like Gecko) Chrome/125.0.0.0 Mobile Safari/537.36 EdgA/125.0.0.0"
185.220.101.107 - - [26/Oct/2025:22:34:33 -0400] "GET /ivefinishings.sql HTTP/1.1" 301 795 "-" "Mozilla/5.0 (Linux; Android 10; K) AppleWebKit/537.36 (KHTML, like Gecko) Chrome/125.0.0.0 Mobile Safari/537.36 EdgA/125.0.0.0"
185.220.101.107 - - [26/Oct/2025:22:34:37 -0400] "GET /inishings.sql HTTP/1.1" 301 795 "-" "Mozilla/5.0 (Linux; Android 10; K) AppleWebKit/537.36 (KHTML, like Gecko) Chrome/125.0.0.0 Mobile Safari/537.36 EdgA/125.0.0.0"
185.220.101.17 - - [26/Oct/2025:22:34:42 -0400] "GET /efinishings.sql HTTP/1.1" 301 795 "-" "Mozilla/5.0 (Linux; Android 10; K) AppleWebKit/537.36 (KHTML, like Gecko) Chrome/125.0.0.0 Mobile Safari/537.36 EdgA/125.0.0.0"
185.220.101.17 - - [26/Oct/2025:22:34:46 -0400] "GET /daily.sql HTTP/1.1" 301 795 "-" "Mozilla/5.0 (Linux; Android 10; K) AppleWebKit/537.36 (KHTML, like Gecko) Chrome/125.0.0.0 Mobile Safari/537.36 EdgA/125.0.0.0"
63.141.249.210 - - [26/Oct/2025:22:34:47 -0400] "GET /wp-includes/plf56b4b/edit.php HTTP/1.1" 301 795 "http://creativefinishings.com/wp-includes/plf56b4b/edit.php" "Mozilla/5.0 (Windows NT 10.0; Win64; x64) AppleWebKit/537.36 (KHTML, like Gecko) Chrome/58.0.3029.110 Safari/537.3"
185.220.101.17 - - [26/Oct/2025:22:34:48 -0400] "GET /creativefin.sql HTTP/1.1" 301 795 "-" "Mozilla/5.0 (Linux; Android 10; K) AppleWebKit/537.36 (KHTML, like Gecko) Chrome/125.0.0.0 Mobile Safari/537.36 EdgA/125.0.0.0"
193.189.100.198 - - [26/Oct/2025:22:34:51 -0400] "GET /backups.sql HTTP/1.1" 301 795 "-" "Mozilla/5.0 (Linux; Android 10; K) AppleWebKit/537.36 (KHTML, like Gecko) Chrome/125.0.0.0 Mobile Safari/537.36 EdgA/125.0.0.0"
193.189.100.198 - - [26/Oct/2025:22:34:55 -0400] "GET /creativefini.sql HTTP/1.1" 301 795 "-" "Mozilla/5.0 (Linux; Android 10; K) AppleWebKit/537.36 (KHTML, like Gecko) Chrome/125.0.0.0 Mobile Safari/537.36 EdgA/125.0.0.0"
107.189.30.236 - - [26/Oct/2025:22:34:58 -0400] "GET /nishings.sql HTTP/1.1" 301 795 "-" "Mozilla/5.0 (Linux; Android 10; K) AppleWebKit/537.36 (KHTML, like Gecko) Chrome/125.0.0.0 Mobile Safari/537.36 EdgA/125.0.0.0"
107.189.30.236 - - [26/Oct/2025:22:35:01 -0400] "GET /c.sql HTTP/1.1" 301 795 "-" "Mozilla/5.0 (Linux; Android 10; K) AppleWebKit/537.36 (KHTML, like Gecko) Chrome/125.0.0.0 Mobile Safari/537.36 EdgA/125.0.0.0"
107.189.30.236 - - [26/Oct/2025:22:35:04 -0400] "GET /creativefinishin.sql HTTP/1.1" 301 795 "-" "Mozilla/5.0 (Linux; Android 10; K) AppleWebKit/537.36 (KHTML, like Gecko) Chrome/125.0.0.0 Mobile Safari/537.36 EdgA/125.0.0.0"
192.42.116.194 - - [26/Oct/2025:22:35:08 -0400] "GET /crea.sql HTTP/1.1" 301 795 "-" "Mozilla/5.0 (Linux; Android 10; K) AppleWebKit/537.36 (KHTML, like Gecko) Chrome/125.0.0.0 Mobile Safari/537.36 EdgA/125.0.0.0"
192.42.116.194 - - [26/Oct/2025:22:35:10 -0400] "GET /backup.sql HTTP/1.1" 301 795 "-" "Mozilla/5.0 (Linux; Android 10; K) AppleWebKit/537.36 (KHTML, like Gecko) Chrome/125.0.0.0 Mobile Safari/537.36 EdgA/125.0.0.0"
192.42.116.194 - - [26/Oct/2025:22:35:13 -0400] "GET /vefinishings.sql HTTP/1.1" 301 795 "-" "Mozilla/5.0 (Linux; Android 10; K) AppleWebKit/537.36 (KHTML, like Gecko) Chrome/125.0.0.0 Mobile Safari/537.36 EdgA/125.0.0.0"
101.99.88.90 - - [26/Oct/2025:22:35:43 -0400] "GET / HTTP/1.1" 301 795 "-" "Mozilla/5.0 (compatible; Googlebot/2.1; +http://www.google.com/bot.html)"
101.99.88.90 - - [26/Oct/2025:22:37:10 -0400] "GET / HTTP/1.1" 301 795 "-" "Mozilla/5.0 (compatible; Googlebot/2.1; +http://www.google.com/bot.html)"
194.102.104.219 - - [26/Oct/2025:22:40:32 -0400] "GET /wp-content/plugins/elementor/core/app/upgrades/index.php HTTP/1.1" 301 795 "http://creativefinishings.com/wp-content/plugins/elementor/core/app/upgrades/index.php" "Mozilla/5.0 (Windows NT 10.0; Win64; x64) AppleWebKit/537.36 (KHTML, like Gecko) Chrome/58.0.3029.110 Safari/537.3"
194.102.104.219 - - [26/Oct/2025:22:40:37 -0400] "POST /wp-content/plugins/elementor/core/app/upgrades/index.php HTTP/1.1" 301 795 "http://creativefinishings.com/wp-content/plugins/elementor/core/app/upgrades/index.php" "Mozilla/5.0 (Windows NT 10.0; Win64; x64) AppleWebKit/537.36 (KHTML, like Gecko) Chrome/58.0.3029.110 Safari/537.3"
194.102.104.219 - - [26/Oct/2025:22:40:44 -0400] "GET /wp-includes/sodium_compat/src/Core/ChaCha20/statics/index.php HTTP/1.1" 301 795 "http://creativefinishings.com/wp-includes/sodium_compat/src/Core/ChaCha20/statics/index.php" "Mozilla/5.0 (Windows NT 10.0; Win64; x64) AppleWebKit/537.36 (KHTML, like Gecko) Chrome/58.0.3029.110 Safari/537.3"
194.102.104.219 - - [26/Oct/2025:22:41:02 -0400] "POST /wp-includes/sodium_compat/src/Core/ChaCha20/statics/index.php HTTP/1.1" 301 795 "http://creativefinishings.com/wp-includes/sodium_compat/src/Core/ChaCha20/statics/index.php" "Mozilla/5.0 (Windows NT 10.0; Win64; x64) AppleWebKit/537.36 (KHTML, like Gecko) Chrome/58.0.3029.110 Safari/537.3"
194.102.104.219 - - [26/Oct/2025:22:41:19 -0400] "GET /wp-content/plugins/elementor-pro/modules/attributes/list-grid/index.php HTTP/1.1" 301 795 "http://creativefinishings.com/wp-content/plugins/elementor-pro/modules/attributes/list-grid/index.php" "Mozilla/5.0 (Windows NT 10.0; Win64; x64) AppleWebKit/537.36 (KHTML, like Gecko) Chrome/58.0.3029.110 Safari/537.3"
194.102.104.219 - - [26/Oct/2025:22:41:32 -0400] "POST /wp-content/plugins/elementor-pro/modules/attributes/list-grid/index.php HTTP/1.1" 301 795 "http://creativefinishings.com/wp-content/plugins/elementor-pro/modules/attributes/list-grid/index.php" "Mozilla/5.0 (Windows NT 10.0; Win64; x64) AppleWebKit/537.36 (KHTML, like Gecko) Chrome/58.0.3029.110 Safari/537.3"
216.24.219.92 - - [26/Oct/2025:22:41:36 -0400] "GET /style.php HTTP/1.1" 301 795 "-" "Go-http-client/1.1"
216.24.219.109 - - [26/Oct/2025:22:41:38 -0400] "GET /wp-content/style.php HTTP/1.1" 301 795 "-" "Go-http-client/1.1"
194.102.104.219 - - [26/Oct/2025:22:41:39 -0400] "GET /wp-content/plugins/elementskit-lite/libs/forms/i18ns/index.php HTTP/1.1" 301 795 "http://creativefinishings.com/wp-content/plugins/elementskit-lite/libs/forms/i18ns/index.php" "Mozilla/5.0 (Windows NT 10.0; Win64; x64) AppleWebKit/537.36 (KHTML, like Gecko) Chrome/58.0.3029.110 Safari/537.3"
104.234.19.95 - - [26/Oct/2025:22:41:39 -0400] "GET /wp-content/themes/style.php HTTP/1.1" 301 795 "-" "Go-http-client/1.1"
216.24.219.87 - - [26/Oct/2025:22:41:40 -0400] "GET /wp-admin/style.php HTTP/1.1" 301 795 "-" "Go-http-client/1.1"
216.24.219.78 - - [26/Oct/2025:22:41:41 -0400] "GET /wp-includes/style.php HTTP/1.1" 301 795 "-" "Go-http-client/1.1"
216.24.219.85 - - [26/Oct/2025:22:41:42 -0400] "GET /chosen.php?p= HTTP/1.1" 301 795 "-" "Go-http-client/1.1"
216.24.219.73 - - [26/Oct/2025:22:41:43 -0400] "GET /file.php HTTP/1.1" 301 795 "-" "Go-http-client/1.1"
194.102.104.219 - - [26/Oct/2025:22:41:47 -0400] "POST /wp-content/plugins/elementskit-lite/libs/forms/i18ns/index.php HTTP/1.1" 301 795 "http://creativefinishings.com/wp-content/plugins/elementskit-lite/libs/forms/i18ns/index.php" "Mozilla/5.0 (Windows NT 10.0; Win64; x64) AppleWebKit/537.36 (KHTML, like Gecko) Chrome/58.0.3029.110 Safari/537.3"
63.141.249.210 - - [26/Oct/2025:22:41:48 -0400] "GET /wp-includes/plf56b4b/edit.php HTTP/1.1" 301 795 "http://creativefinishings.com/wp-includes/plf56b4b/edit.php" "Mozilla/5.0 (Windows NT 10.0; Win64; x64) AppleWebKit/537.36 (KHTML, like Gecko) Chrome/58.0.3029.110 Safari/537.3"
194.102.104.219 - - [26/Oct/2025:22:41:56 -0400] "GET /wp-content/plugins/elementor-pro/license/notices/audits/index.php HTTP/1.1" 301 795 "http://creativefinishings.com/wp-content/plugins/elementor-pro/license/notices/audits/index.php" "Mozilla/5.0 (Windows NT 10.0; Win64; x64) AppleWebKit/537.36 (KHTML, like Gecko) Chrome/58.0.3029.110 Safari/537.3"
194.102.104.219 - - [26/Oct/2025:22:42:15 -0400] "POST /wp-content/plugins/elementor-pro/license/notices/audits/index.php HTTP/1.1" 301 795 "http://creativefinishings.com/wp-content/plugins/elementor-pro/license/notices/audits/index.php" "Mozilla/5.0 (Windows NT 10.0; Win64; x64) AppleWebKit/537.36 (KHTML, like Gecko) Chrome/58.0.3029.110 Safari/537.3"
194.102.104.219 - - [26/Oct/2025:22:42:25 -0400] "GET /wp-content/plugins/elementor-pro/modules/loop-filter/list-grid/index.php HTTP/1.1" 301 795 "http://creativefinishings.com/wp-content/plugins/elementor-pro/modules/loop-filter/list-grid/index.php" "Mozilla/5.0 (Windows NT 10.0; Win64; x64) AppleWebKit/537.36 (KHTML, like Gecko) Chrome/58.0.3029.110 Safari/537.3"
194.102.104.219 - - [26/Oct/2025:22:42:53 -0400] "POST /wp-content/plugins/elementor-pro/modules/loop-filter/list-grid/index.php HTTP/1.1" 301 795 "http://creativefinishings.com/wp-content/plugins/elementor-pro/modules/loop-filter/list-grid/index.php" "Mozilla/5.0 (Windows NT 10.0; Win64; x64) AppleWebKit/537.36 (KHTML, like Gecko) Chrome/58.0.3029.110 Safari/537.3"
194.102.104.219 - - [26/Oct/2025:22:43:13 -0400] "POST /wp-content/plugins/elementor-pro/modules/loop-filter/list-grid/index.php HTTP/1.1" 301 795 "http://creativefinishings.com/wp-content/plugins/elementor-pro/modules/loop-filter/list-grid/index.php" "Mozilla/5.0 (Windows NT 10.0; Win64; x64) AppleWebKit/537.36 (KHTML, like Gecko) Chrome/58.0.3029.110 Safari/537.3"
194.102.104.219 - - [26/Oct/2025:22:43:30 -0400] "GET /wp-content/plugins/elementor-pro/modules/loop-filter/list-grid/ex.php HTTP/1.1" 301 795 "http://creativefinishings.com/wp-content/plugins/elementor-pro/modules/loop-filter/list-grid/ex.php" "Mozilla/5.0 (Windows NT 10.0; Win64; x64) AppleWebKit/537.36 (KHTML, like Gecko) Chrome/58.0.3029.110 Safari/537.3"
194.102.104.219 - - [26/Oct/2025:22:43:42 -0400] "POST /wp-content/plugins/elementor-pro/modules/loop-filter/list-grid/index.php HTTP/1.1" 301 795 "http://creativefinishings.com/wp-content/plugins/elementor-pro/modules/loop-filter/list-grid/index.php" "Mozilla/5.0 (Windows NT 10.0; Win64; x64) AppleWebKit/537.36 (KHTML, like Gecko) Chrome/58.0.3029.110 Safari/537.3"
194.102.104.219 - - [26/Oct/2025:22:43:54 -0400] "GET /wp-content/plugins/elementor-pro/modules/loop-filter/list-grid/radio.php HTTP/1.1" 301 795 "http://creativefinishings.com/wp-content/plugins/elementor-pro/modules/loop-filter/list-grid/radio.php" "Mozilla/5.0 (Windows NT 10.0; Win64; x64) AppleWebKit/537.36 (KHTML, like Gecko) Chrome/58.0.3029.110 Safari/537.3"
194.102.104.219 - - [26/Oct/2025:22:44:04 -0400] "POST /wp-content/plugins/elementor-pro/modules/loop-filter/list-grid/index.php HTTP/1.1" 301 795 "http://creativefinishings.com/wp-content/plugins/elementor-pro/modules/loop-filter/list-grid/index.php" "Mozilla/5.0 (Windows NT 10.0; Win64; x64) AppleWebKit/537.36 (KHTML, like Gecko) Chrome/58.0.3029.110 Safari/537.3"
194.102.104.219 - - [26/Oct/2025:22:44:18 -0400] "GET /wp-content/plugins/elementor-pro/modules/loop-filter/list-grid/inputs.php HTTP/1.1" 301 795 "http://creativefinishings.com/wp-content/plugins/elementor-pro/modules/loop-filter/list-grid/inputs.php" "Mozilla/5.0 (Windows NT 10.0; Win64; x64) AppleWebKit/537.36 (KHTML, like Gecko) Chrome/58.0.3029.110 Safari/537.3"
194.102.104.219 - - [26/Oct/2025:22:44:32 -0400] "POST /wp-content/plugins/elementor-pro/modules/loop-filter/list-grid/index.php HTTP/1.1" 301 795 "http://creativefinishings.com/wp-content/plugins/elementor-pro/modules/loop-filter/list-grid/index.php" "Mozilla/5.0 (Windows NT 10.0; Win64; x64) AppleWebKit/537.36 (KHTML, like Gecko) Chrome/58.0.3029.110 Safari/537.3"
194.102.104.219 - - [26/Oct/2025:22:44:42 -0400] "GET /wp-content/plugins/elementor-pro/modules/loop-filter/list-grid/about.php HTTP/1.1" 301 795 "http://creativefinishings.com/wp-content/plugins/elementor-pro/modules/loop-filter/list-grid/about.php" "Mozilla/5.0 (Windows NT 10.0; Win64; x64) AppleWebKit/537.36 (KHTML, like Gecko) Chrome/58.0.3029.110 Safari/537.3"
194.102.104.219 - - [26/Oct/2025:22:44:59 -0400] "POST /wp-content/plugins/elementor-pro/modules/loop-filter/list-grid/index.php HTTP/1.1" 301 795 "http://creativefinishings.com/wp-content/plugins/elementor-pro/modules/loop-filter/list-grid/index.php" "Mozilla/5.0 (Windows NT 10.0; Win64; x64) AppleWebKit/537.36 (KHTML, like Gecko) Chrome/58.0.3029.110 Safari/537.3"
194.102.104.219 - - [26/Oct/2025:22:45:14 -0400] "GET /wp-content/plugins/elementor-pro/modules/loop-filter/list-grid/pages.php HTTP/1.1" 301 795 "http://creativefinishings.com/wp-content/plugins/elementor-pro/modules/loop-filter/list-grid/pages.php" "Mozilla/5.0 (Windows NT 10.0; Win64; x64) AppleWebKit/537.36 (KHTML, like Gecko) Chrome/58.0.3029.110 Safari/537.3"
194.102.104.219 - - [26/Oct/2025:22:45:24 -0400] "POST /wp-content/plugins/elementor-pro/modules/loop-filter/list-grid/index.php HTTP/1.1" 301 795 "http://creativefinishings.com/wp-content/plugins/elementor-pro/modules/loop-filter/list-grid/index.php" "Mozilla/5.0 (Windows NT 10.0; Win64; x64) AppleWebKit/537.36 (KHTML, like Gecko) Chrome/58.0.3029.110 Safari/537.3"
194.102.104.219 - - [26/Oct/2025:22:45:37 -0400] "GET /wp-content/plugins/elementor-pro/modules/loop-filter/list-grid/wp-login.php HTTP/1.1" 301 795 "http://creativefinishings.com/wp-content/plugins/elementor-pro/modules/loop-filter/list-grid/wp-login.php" "Mozilla/5.0 (Windows NT 10.0; Win64; x64) AppleWebKit/537.36 (KHTML, like Gecko) Chrome/58.0.3029.110 Safari/537.3"
194.102.104.219 - - [26/Oct/2025:22:45:55 -0400] "GET /wp-content/plugins/elementskit-lite/widgets/countdown-timer/upgrades/index.php HTTP/1.1" 301 795 "http://creativefinishings.com/wp-content/plugins/elementskit-lite/widgets/countdown-timer/upgrades/index.php" "Mozilla/5.0 (Windows NT 10.0; Win64; x64) AppleWebKit/537.36 (KHTML, like Gecko) Chrome/58.0.3029.110 Safari/537.3"
194.102.104.219 - - [26/Oct/2025:22:46:03 -0400] "POST /wp-content/plugins/elementskit-lite/widgets/countdown-timer/upgrades/index.php HTTP/1.1" 301 795 "http://creativefinishings.com/wp-content/plugins/elementskit-lite/widgets/countdown-timer/upgrades/index.php" "Mozilla/5.0 (Windows NT 10.0; Win64; x64) AppleWebKit/537.36 (KHTML, like Gecko) Chrome/58.0.3029.110 Safari/537.3"
194.102.104.219 - - [26/Oct/2025:22:46:12 -0400] "GET /defaults.php HTTP/1.1" 301 795 "http://creativefinishings.com/defaults.php" "Mozilla/5.0 (Windows NT 10.0; Win64; x64) AppleWebKit/537.36 (KHTML, like Gecko) Chrome/58.0.3029.110 Safari/537.3"
194.102.104.219 - - [26/Oct/2025:22:46:25 -0400] "POST /defaults.php HTTP/1.1" 301 795 "http://creativefinishings.com/defaults.php" "Mozilla/5.0 (Windows NT 10.0; Win64; x64) AppleWebKit/537.36 (KHTML, like Gecko) Chrome/58.0.3029.110 Safari/537.3"
194.102.104.219 - - [26/Oct/2025:22:46:31 -0400] "GET /wp-log1n.php HTTP/1.1" 301 795 "http://creativefinishings.com/wp-log1n.php" "Mozilla/5.0 (Windows NT 10.0; Win64; x64) AppleWebKit/537.36 (KHTML, like Gecko) Chrome/58.0.3029.110 Safari/537.3"
194.102.104.219 - - [26/Oct/2025:22:46:38 -0400] "GET /product.php HTTP/1.1" 301 795 "http://creativefinishings.com/product.php" "Mozilla/5.0 (Windows NT 10.0; Win64; x64) AppleWebKit/537.36 (KHTML, like Gecko) Chrome/58.0.3029.110 Safari/537.3"
194.102.104.219 - - [26/Oct/2025:22:46:53 -0400] "GET /chosen.php HTTP/1.1" 301 795 "http://creativefinishings.com/chosen.php" "Mozilla/5.0 (Windows NT 10.0; Win64; x64) AppleWebKit/537.36 (KHTML, like Gecko) Chrome/58.0.3029.110 Safari/537.3"
194.102.104.219 - - [26/Oct/2025:22:47:31 -0400] "POST /chosen.php HTTP/1.1" 301 795 "http://creativefinishings.com/chosen.php" "Mozilla/5.0 (Windows NT 10.0; Win64; x64) AppleWebKit/537.36 (KHTML, like Gecko) Chrome/58.0.3029.110 Safari/537.3"
194.102.104.219 - - [26/Oct/2025:22:47:43 -0400] "POST /chosen.php HTTP/1.1" 301 795 "http://creativefinishings.com/chosen.php" "Mozilla/5.0 (Windows NT 10.0; Win64; x64) AppleWebKit/537.36 (KHTML, like Gecko) Chrome/58.0.3029.110 Safari/537.3"
194.102.104.219 - - [26/Oct/2025:22:47:55 -0400] "GET /ex.php HTTP/1.1" 301 795 "http://creativefinishings.com/ex.php" "Mozilla/5.0 (Windows NT 10.0; Win64; x64) AppleWebKit/537.36 (KHTML, like Gecko) Chrome/58.0.3029.110 Safari/537.3"
194.102.104.219 - - [26/Oct/2025:22:48:04 -0400] "POST /chosen.php HTTP/1.1" 301 795 "http://creativefinishings.com/chosen.php" "Mozilla/5.0 (Windows NT 10.0; Win64; x64) AppleWebKit/537.36 (KHTML, like Gecko) Chrome/58.0.3029.110 Safari/537.3"
194.102.104.219 - - [26/Oct/2025:22:48:15 -0400] "GET /radio.php HTTP/1.1" 301 795 "http://creativefinishings.com/radio.php" "Mozilla/5.0 (Windows NT 10.0; Win64; x64) AppleWebKit/537.36 (KHTML, like Gecko) Chrome/58.0.3029.110 Safari/537.3"
194.102.104.219 - - [26/Oct/2025:22:48:23 -0400] "POST /chosen.php HTTP/1.1" 301 795 "http://creativefinishings.com/chosen.php" "Mozilla/5.0 (Windows NT 10.0; Win64; x64) AppleWebKit/537.36 (KHTML, like Gecko) Chrome/58.0.3029.110 Safari/537.3"
194.102.104.219 - - [26/Oct/2025:22:48:34 -0400] "GET /inputs.php HTTP/1.1" 301 795 "http://creativefinishings.com/inputs.php" "Mozilla/5.0 (Windows NT 10.0; Win64; x64) AppleWebKit/537.36 (KHTML, like Gecko) Chrome/58.0.3029.110 Safari/537.3"
194.102.104.219 - - [26/Oct/2025:22:48:43 -0400] "POST /chosen.php HTTP/1.1" 301 795 "http://creativefinishings.com/chosen.php" "Mozilla/5.0 (Windows NT 10.0; Win64; x64) AppleWebKit/537.36 (KHTML, like Gecko) Chrome/58.0.3029.110 Safari/537.3"
63.141.249.210 - - [26/Oct/2025:22:48:47 -0400] "GET /wp-includes/plf56b4b/edit.php HTTP/1.1" 301 795 "http://creativefinishings.com/wp-includes/plf56b4b/edit.php" "Mozilla/5.0 (Windows NT 10.0; Win64; x64) AppleWebKit/537.36 (KHTML, like Gecko) Chrome/58.0.3029.110 Safari/537.3"
194.102.104.219 - - [26/Oct/2025:22:48:54 -0400] "GET /about.php HTTP/1.1" 301 795 "http://creativefinishings.com/about.php" "Mozilla/5.0 (Windows NT 10.0; Win64; x64) AppleWebKit/537.36 (KHTML, like Gecko) Chrome/58.0.3029.110 Safari/537.3"
194.102.104.219 - - [26/Oct/2025:22:49:05 -0400] "POST /chosen.php HTTP/1.1" 301 795 "http://creativefinishings.com/chosen.php" "Mozilla/5.0 (Windows NT 10.0; Win64; x64) AppleWebKit/537.36 (KHTML, like Gecko) Chrome/58.0.3029.110 Safari/537.3"
194.102.104.219 - - [26/Oct/2025:22:49:12 -0400] "GET /pages.php HTTP/1.1" 301 795 "http://creativefinishings.com/pages.php" "Mozilla/5.0 (Windows NT 10.0; Win64; x64) AppleWebKit/537.36 (KHTML, like Gecko) Chrome/58.0.3029.110 Safari/537.3"
194.102.104.219 - - [26/Oct/2025:22:49:18 -0400] "POST /chosen.php HTTP/1.1" 301 795 "http://creativefinishings.com/chosen.php" "Mozilla/5.0 (Windows NT 10.0; Win64; x64) AppleWebKit/537.36 (KHTML, like Gecko) Chrome/58.0.3029.110 Safari/537.3"
194.102.104.219 - - [26/Oct/2025:22:49:23 -0400] "GET /wp-login.php HTTP/1.1" 301 795 "http://creativefinishings.com/wp-login.php" "Mozilla/5.0 (Windows NT 10.0; Win64; x64) AppleWebKit/537.36 (KHTML, like Gecko) Chrome/58.0.3029.110 Safari/537.3"
63.141.249.210 - - [26/Oct/2025:22:55:47 -0400] "GET /wp-includes/plf56b4b/edit.php HTTP/1.1" 301 795 "http://creativefinishings.com/wp-includes/plf56b4b/edit.php" "Mozilla/5.0 (Windows NT 10.0; Win64; x64) AppleWebKit/537.36 (KHTML, like Gecko) Chrome/58.0.3029.110 Safari/537.3"
2.58.56.236 - - [26/Oct/2025:22:58:40 -0400] "GET /style.php HTTP/1.1" 301 795 "-" "Go-http-client/1.1"
2.58.56.236 - - [26/Oct/2025:22:58:43 -0400] "GET /wp-content/style.php HTTP/1.1" 301 795 "-" "Go-http-client/1.1"
2.58.56.236 - - [26/Oct/2025:22:58:45 -0400] "GET /wp-content/themes/style.php HTTP/1.1" 301 795 "-" "Go-http-client/1.1"
2.58.56.236 - - [26/Oct/2025:22:58:48 -0400] "GET /wp-admin/style.php HTTP/1.1" 301 795 "-" "Go-http-client/1.1"
2.58.56.236 - - [26/Oct/2025:22:58:49 -0400] "GET /wp-includes/style.php HTTP/1.1" 301 795 "-" "Go-http-client/1.1"
2.58.56.236 - - [26/Oct/2025:22:58:52 -0400] "GET /chosen.php?p= HTTP/1.1" 301 795 "-" "Go-http-client/1.1"
2.58.56.236 - - [26/Oct/2025:22:58:54 -0400] "GET /file.php HTTP/1.1" 301 795 "-" "Go-http-client/1.1"
2.58.56.236 - - [26/Oct/2025:22:58:55 -0400] "GET /flower.php HTTP/1.1" 301 795 "-" "Go-http-client/1.1"
43.173.180.193 - - [26/Oct/2025:22:59:05 -0400] "GET / HTTP/1.1" 301 795 "-" "Mozilla/5.0 (Windows NT 6.1; Win64; x64) AppleWebKit/537.36 (KHTML, like Gecko) Chrome/126.0.6478.114 Safari/537.36"
43.173.180.8 - - [26/Oct/2025:23:00:16 -0400] "GET /?fileloc=/home/creaqbdc/public_html/delpaths.php&path=/home/creaqbdc/public_html HTTP/1.1" 301 795 "-" "Mozilla/5.0 (Windows NT 10.0; Win64; x64) AppleWebKit/537.36 (KHTML, like Gecko) Chrome/104.0.5112.81 Safari/537.36"
43.173.178.140 - - [26/Oct/2025:23:00:19 -0400] "GET /?fileloc=/home/creaqbdc/public_html/defaults.php&path=/home/creaqbdc/public_html HTTP/1.1" 301 795 "-" "Mozilla/5.0 (Windows NT 6.1; Win64; x64) AppleWebKit/537.36 (KHTML, like Gecko) Chrome/126.0.6478.114 Safari/537.36"
101.99.88.90 - - [26/Oct/2025:23:00:58 -0400] "GET / HTTP/1.1" 301 795 "-" "Mozilla/5.0 (compatible; Googlebot/2.1; +http://www.google.com/bot.html)"
63.141.249.210 - - [26/Oct/2025:23:02:47 -0400] "GET /wp-includes/plf56b4b/edit.php HTTP/1.1" 301 795 "http://creativefinishings.com/wp-includes/plf56b4b/edit.php" "Mozilla/5.0 (Windows NT 10.0; Win64; x64) AppleWebKit/537.36 (KHTML, like Gecko) Chrome/58.0.3029.110 Safari/537.3"
198.204.224.34 - - [26/Oct/2025:23:09:50 -0400] "GET /wp-includes/plf56b4b/edit.php HTTP/1.1" 301 795 "http://creativefinishings.com/wp-includes/plf56b4b/edit.php" "Mozilla/5.0 (Windows NT 10.0; Win64; x64) AppleWebKit/537.36 (KHTML, like Gecko) Chrome/58.0.3029.110 Safari/537.3"
172.121.24.75 - - [26/Oct/2025:23:14:01 -0400] "GET / HTTP/1.1" 301 795 "-" "Mozilla/5.0 (compatible; Baiduspider/2.0; +http://www.baidu.com/search/spider.html)"
63.141.249.210 - - [26/Oct/2025:23:16:48 -0400] "GET /wp-includes/plf56b4b/edit.php HTTP/1.1" 301 795 "http://creativefinishings.com/wp-includes/plf56b4b/edit.php" "Mozilla/5.0 (Windows NT 10.0; Win64; x64) AppleWebKit/537.36 (KHTML, like Gecko) Chrome/58.0.3029.110 Safari/537.3"
63.141.249.210 - - [26/Oct/2025:23:23:47 -0400] "GET /wp-includes/plf56b4b/edit.php HTTP/1.1" 301 795 "http://creativefinishings.com/wp-includes/plf56b4b/edit.php" "Mozilla/5.0 (Windows NT 10.0; Win64; x64) AppleWebKit/537.36 (KHTML, like Gecko) Chrome/58.0.3029.110 Safari/537.3"
198.204.224.34 - - [26/Oct/2025:23:30:50 -0400] "GET /wp-includes/plf56b4b/edit.php HTTP/1.1" 301 795 "http://creativefinishings.com/wp-includes/plf56b4b/edit.php" "Mozilla/5.0 (Windows NT 10.0; Win64; x64) AppleWebKit/537.36 (KHTML, like Gecko) Chrome/58.0.3029.110 Safari/537.3"
63.141.249.210 - - [26/Oct/2025:23:37:48 -0400] "GET /wp-includes/plf56b4b/edit.php HTTP/1.1" 301 795 "http://creativefinishings.com/wp-includes/plf56b4b/edit.php" "Mozilla/5.0 (Windows NT 10.0; Win64; x64) AppleWebKit/537.36 (KHTML, like Gecko) Chrome/58.0.3029.110 Safari/537.3"
63.141.249.210 - - [26/Oct/2025:23:44:48 -0400] "GET /wp-includes/plf56b4b/edit.php HTTP/1.1" 301 795 "http://creativefinishings.com/wp-includes/plf56b4b/edit.php" "Mozilla/5.0 (Windows NT 10.0; Win64; x64) AppleWebKit/537.36 (KHTML, like Gecko) Chrome/58.0.3029.110 Safari/537.3"
63.141.249.210 - - [26/Oct/2025:23:51:47 -0400] "GET /wp-includes/plf56b4b/edit.php HTTP/1.1" 301 795 "http://creativefinishings.com/wp-includes/plf56b4b/edit.php" "Mozilla/5.0 (Windows NT 10.0; Win64; x64) AppleWebKit/537.36 (KHTML, like Gecko) Chrome/58.0.3029.110 Safari/537.3"
63.141.249.210 - - [26/Oct/2025:23:58:48 -0400] "GET /wp-includes/plf56b4b/edit.php HTTP/1.1" 301 795 "http://creativefinishings.com/wp-includes/plf56b4b/edit.php" "Mozilla/5.0 (Windows NT 10.0; Win64; x64) AppleWebKit/537.36 (KHTML, like Gecko) Chrome/58.0.3029.110 Safari/537.3"
198.204.224.34 - - [27/Oct/2025:00:06:07 -0400] "GET /wp-includes/plf56b4b/edit.php HTTP/1.1" 301 795 "http://creativefinishings.com/wp-includes/plf56b4b/edit.php" "Mozilla/5.0 (Windows NT 10.0; Win64; x64) AppleWebKit/537.36 (KHTML, like Gecko) Chrome/58.0.3029.110 Safari/537.3"
63.141.249.210 - - [27/Oct/2025:00:12:47 -0400] "GET /wp-includes/plf56b4b/edit.php HTTP/1.1" 301 795 "http://creativefinishings.com/wp-includes/plf56b4b/edit.php" "Mozilla/5.0 (Windows NT 10.0; Win64; x64) AppleWebKit/537.36 (KHTML, like Gecko) Chrome/58.0.3029.110 Safari/537.3"